-- Dumping data for table cpdb.client_user_invites: ~2 rows (approximately)
INSERT INTO `client_user_invites` (`id`, `client_id`, `role_id`, `email`, `token`, `status`, `expired_at`, `created_at`, `created_by`, `updated_at`, `updated_by`, `deleted_at`, `deleted_by`) VALUES
	(8, 43, 5, 'syazwan.an@protonmail.com', 'e09d6a3e-4a57-4842-bdc9-5e489a09f1d7-1715064786', 0, '2024-05-14 14:53:06', '2024-05-07 14:53:06', NULL, '2024-05-07 14:54:07', NULL, NULL, NULL),
	(9, 59, 4, 'syazwan.an@outlook.com', '308dd7fa-7630-43ed-a7d0-3e293bb781ca-1742523957', 0, '2025-03-28 02:25:57', '2025-03-21 02:25:57', NULL, '2025-03-21 02:29:23', NULL, NULL, NULL);

-- Dumping structure for table cpdb.client_users
CREATE TABLE IF NOT EXISTS `client_users` (
  `id` bigint unsigned NOT NULL AUTO_INCREMENT,
  `client_id` bigint NOT NULL,
  `role_id` bigint unsigned NOT NULL,
  `user_id` char(36) CHARACTER SET utf8mb4 COLLATE utf8mb4_unicode_ci NOT NULL,
  `status` tinyint(1) NOT NULL DEFAULT '1' COMMENT '0/1 - inactive/active',
  `created_at` timestamp NOT NULL DEFAULT CURRENT_TIMESTAMP ON UPDATE CURRENT_TIMESTAMP,
  `created_by` char(36) CHARACTER SET utf8mb4 COLLATE utf8mb4_unicode_ci DEFAULT NULL,
  `updated_at` timestamp NULL DEFAULT NULL,
  `updated_by` char(36) CHARACTER SET utf8mb4 COLLATE utf8mb4_unicode_ci DEFAULT NULL,
  `deleted_at` timestamp NULL DEFAULT NULL,
  `deleted_by` char(36) CHARACTER SET utf8mb4 COLLATE utf8mb4_unicode_ci DEFAULT NULL,
  PRIMARY KEY (`id`),
  KEY `client_users_roles_FK` (`role_id`),
  KEY `client_users_users_FK` (`user_id`),
  CONSTRAINT `client_users_roles_FK` FOREIGN KEY (`role_id`) REFERENCES `roles` (`id`),
  CONSTRAINT `client_users_users_FK` FOREIGN KEY (`user_id`) REFERENCES `users` (`id`)
) ENGINE=InnoDB AUTO_INCREMENT=42 DEFAULT CHARSET=utf8mb4 COLLATE=utf8mb4_unicode_ci;

-- Dumping data for table cpdb.client_users: ~24 rows (approximately)
INSERT INTO `client_users` (`id`, `client_id`, `role_id`, `user_id`, `status`, `created_at`, `created_by`, `updated_at`, `updated_by`, `deleted_at`, `deleted_by`) VALUES
	(6, 43, 4, '6781fbaa-2061-487e-a4a3-d3e15e7c632d', 0, '2023-07-10 03:25:19', NULL, '2023-07-10 04:37:23', NULL, NULL, NULL),
	(8, 43, 5, '6781fbaa-2061-487e-a4a3-d3e15e7c632d', 0, '2023-07-10 04:37:23', NULL, '2023-07-10 04:37:46', NULL, NULL, NULL),
	(9, 43, 4, '6781fbaa-2061-487e-a4a3-d3e15e7c632d', 1, '2023-07-10 04:37:46', NULL, '2023-07-10 04:37:46', NULL, NULL, NULL),
	(10, 323, 5, '6781fbaa-2061-487e-a4a3-d3e15e7c632d', 1, '2023-07-10 04:39:02', NULL, '2023-07-10 04:39:02', NULL, NULL, NULL),
	(13, 43, 5, '16e13786-77b2-4be5-b4f1-20d4d13b2041', 0, '2023-07-11 02:12:28', NULL, '2023-07-11 02:12:28', NULL, NULL, NULL),
	(14, 43, 5, 'ebe6afe4-d74a-439f-bafd-cf6bccf3e533', 0, '2023-07-11 07:14:16', NULL, '2023-07-14 06:56:18', NULL, NULL, NULL),
	(15, 43, 5, 'ebe6afe4-d74a-439f-bafd-cf6bccf3e533', 0, '2023-07-14 06:56:18', NULL, '2023-07-14 06:56:18', NULL, NULL, NULL),
	(16, 323, 5, '1', 1, '2023-11-07 03:30:58', NULL, '2023-11-07 03:30:58', NULL, NULL, NULL),
	(17, 1200, 4, '6781fbaa-2061-487e-a4a3-d3e15e7c632d', 1, '2023-11-07 03:37:14', NULL, '2023-11-07 03:37:14', NULL, NULL, NULL),
	(23, 615, 4, '6781fbaa-2061-487e-a4a3-d3e15e7c632d', 1, '2024-01-29 12:19:27', NULL, '2024-01-29 12:19:27', NULL, NULL, NULL),
	(24, 861, 4, '6781fbaa-2061-487e-a4a3-d3e15e7c632d', 1, '2024-02-02 10:49:55', NULL, '2024-02-02 10:49:55', NULL, NULL, NULL),
	(25, 223, 4, '6781fbaa-2061-487e-a4a3-d3e15e7c632d', 1, '2024-02-02 16:47:16', NULL, '2024-02-02 16:47:16', NULL, NULL, NULL),
	(26, 1771, 4, '6781fbaa-2061-487e-a4a3-d3e15e7c632d', 1, '2023-07-10 04:37:46', NULL, '2023-07-10 04:37:46', NULL, NULL, NULL),
	(27, 1761, 4, '6781fbaa-2061-487e-a4a3-d3e15e7c632d', 1, '2023-07-10 04:37:46', NULL, '2023-07-10 04:37:46', NULL, NULL, NULL),
	(29, 43, 5, '0b1fed35-a836-4bcc-b28d-383f168e7249', 0, '2024-05-07 14:54:07', NULL, '2024-09-05 06:56:02', NULL, NULL, NULL),
	(30, 43, 5, '8fc36aed-ff96-4d58-aaf5-355f1766b8f8', 1, '2024-05-07 14:54:56', NULL, '2024-05-07 14:54:56', NULL, NULL, NULL),
	(31, 43, 5, 'f6944240-5650-4ea6-a1c5-33f1e9ea8f71', 1, '2024-05-07 14:57:51', NULL, '2024-05-07 14:57:51', NULL, NULL, NULL),
	(32, 3623, 4, '6781fbaa-2061-487e-a4a3-d3e15e7c632d', 1, '2024-05-07 15:12:43', NULL, '2024-05-07 15:12:43', NULL, NULL, NULL),
	(35, 3575, 4, '6781fbaa-2061-487e-a4a3-d3e15e7c632d', 0, '2024-09-04 07:42:22', NULL, '2024-09-04 08:05:59', NULL, NULL, NULL),
	(36, 3575, 4, '6781fbaa-2061-487e-a4a3-d3e15e7c632d', 0, '2024-09-04 08:07:27', NULL, '2024-09-04 08:51:51', NULL, NULL, NULL),
	(37, 3575, 4, '6781fbaa-2061-487e-a4a3-d3e15e7c632d', 1, '2024-09-04 09:12:26', NULL, '2024-09-04 09:12:26', NULL, NULL, NULL),
	(38, 467, 4, '6781fbaa-2061-487e-a4a3-d3e15e7c632d', 1, '2024-09-05 04:38:58', NULL, '2024-09-05 04:38:58', NULL, NULL, NULL),
	(40, 59, 4, 'c2ff5f42-7847-4b54-a32c-d47a612d918f', 1, '2025-03-21 02:29:23', NULL, '2025-03-21 02:29:23', NULL, NULL, NULL),
	(41, 67, 4, 'a8761930-dbfa-4600-9d85-aa4f0e34c125', 1, '2026-02-25 04:19:12', NULL, '2025-03-21 02:29:23', NULL, NULL, NULL);

-- Dumping structure for table cpdb.clients
CREATE TABLE IF NOT EXISTS `clients` (
  `id` bigint unsigned NOT NULL AUTO_INCREMENT,
  `client_id` bigint unsigned NOT NULL COMMENT 'crm id',
  `client_uuid` char(36) CHARACTER SET utf8mb4 COLLATE utf8mb4_unicode_ci NOT NULL,
  `def_lang` varchar(191) CHARACTER SET utf8mb4 COLLATE utf8mb4_unicode_ci DEFAULT NULL,
  `def_currency` varchar(191) CHARACTER SET utf8mb4 COLLATE utf8mb4_unicode_ci DEFAULT NULL,
  `status` tinyint(1) NOT NULL DEFAULT '1' COMMENT '0/1 - inactive/active',
  `created_at` timestamp NOT NULL DEFAULT CURRENT_TIMESTAMP ON UPDATE CURRENT_TIMESTAMP,
  `created_by` char(36) CHARACTER SET utf8mb4 COLLATE utf8mb4_unicode_ci DEFAULT NULL,
  `updated_at` timestamp NULL DEFAULT NULL,
  `updated_by` char(36) CHARACTER SET utf8mb4 COLLATE utf8mb4_unicode_ci DEFAULT NULL,
  `deleted_at` timestamp NULL DEFAULT NULL,
  `deleted_by` char(36) CHARACTER SET utf8mb4 COLLATE utf8mb4_unicode_ci DEFAULT NULL,
  PRIMARY KEY (`id`)
) ENGINE=InnoDB AUTO_INCREMENT=5 DEFAULT CHARSET=utf8mb4 COLLATE=utf8mb4_unicode_ci;

-- Dumping data for table cpdb.clients: ~4 rows (approximately)
INSERT INTO `clients` (`id`, `client_id`, `client_uuid`, `def_lang`, `def_currency`, `status`, `created_at`, `created_by`, `updated_at`, `updated_by`, `deleted_at`, `deleted_by`) VALUES
	(1, 43, 'f77a48bf-d4ba-4238-af81-44d43fbe0312', NULL, NULL, 1, '2023-12-06 07:18:13', NULL, '2023-12-06 07:18:13', NULL, NULL, NULL),
	(2, 615, 'a87059e3-fd5d-4d14-a2b2-831b5f3572ed', NULL, NULL, 1, '2024-01-29 13:40:19', NULL, '2024-01-29 13:40:19', NULL, NULL, NULL),
	(3, 1771, 'aba79158-af21-448b-a3e9-8639f9a69e52', NULL, NULL, 1, '2024-01-29 13:40:19', NULL, '2024-01-29 13:40:19', NULL, NULL, NULL),
	(4, 1761, '96e7d1aa-1349-4eb4-9c58-a91392b86815', NULL, NULL, 1, '2024-01-29 13:40:19', NULL, '2024-01-29 13:40:19', NULL, NULL, NULL);

-- Dumping structure for table cpdb.document_requests
CREATE TABLE IF NOT EXISTS `document_requests` (
  `id` bigint unsigned NOT NULL AUTO_INCREMENT,
  `uuid` char(36) CHARACTER SET utf8mb4 COLLATE utf8mb4_unicode_ci NOT NULL,
  `provider_id` bigint unsigned NOT NULL COMMENT 'be id',
  `job_id` bigint unsigned DEFAULT NULL COMMENT 'mgs id',
  `client_id` bigint unsigned NOT NULL COMMENT 'crm id',
  `engagement_id` bigint unsigned DEFAULT NULL,
  `display_id` char(16) CHARACTER SET utf8mb4 COLLATE utf8mb4_unicode_ci DEFAULT NULL COMMENT 'for client. dr context. e.g. 1,2,DR1',
  `title` varchar(191) CHARACTER SET utf8mb4 COLLATE utf8mb4_unicode_ci NOT NULL,
  `description` text CHARACTER SET utf8mb4 COLLATE utf8mb4_unicode_ci,
  `description_editor` text CHARACTER SET utf8mb4 COLLATE utf8mb4_unicode_ci,
  `due_date` datetime NOT NULL,
  `is_open` tinyint(1) NOT NULL DEFAULT '1',
  `status` tinyint(1) NOT NULL DEFAULT '1' COMMENT '0/1 - inactive/active',
  `created_at` timestamp NOT NULL DEFAULT CURRENT_TIMESTAMP ON UPDATE CURRENT_TIMESTAMP,
  `created_by` char(36) CHARACTER SET utf8mb4 COLLATE utf8mb4_unicode_ci DEFAULT NULL,
  `updated_at` timestamp NULL DEFAULT NULL,
  `updated_by` char(36) CHARACTER SET utf8mb4 COLLATE utf8mb4_unicode_ci DEFAULT NULL,
  `deleted_at` timestamp NULL DEFAULT NULL,
  `deleted_by` char(36) CHARACTER SET utf8mb4 COLLATE utf8mb4_unicode_ci DEFAULT NULL,
  PRIMARY KEY (`id`),
  KEY `document_requests_engagements_FK` (`engagement_id`),
  CONSTRAINT `document_requests_engagements_FK` FOREIGN KEY (`engagement_id`) REFERENCES `engagements` (`id`)
) ENGINE=InnoDB AUTO_INCREMENT=65 DEFAULT CHARSET=utf8mb4 COLLATE=utf8mb4_unicode_ci;

-- Dumping data for table cpdb.document_requests: ~37 rows (approximately)
INSERT INTO `document_requests` (`id`, `uuid`, `provider_id`, `job_id`, `client_id`, `engagement_id`, `display_id`, `title`, `description`, `description_editor`, `due_date`, `is_open`, `status`, `created_at`, `created_by`, `updated_at`, `updated_by`, `deleted_at`, `deleted_by`) VALUES
	(8, '34ae05f0-cd7e-46fc-af82-46c5a777146b', 13, 1415, 43, NULL, '1', 'Account docs', '<ol><li>Follow template	</li><li>Reupload</li></ol>', '{"ops":[{"insert":"Follow template\\t"},{"attributes":{"list":"ordered"},"insert":"\\n"},{"insert":"Reupload"},{"attributes":{"list":"ordered"},"insert":"\\n"}]}', '2023-12-31 00:00:00', 1, 0, '2023-12-06 08:30:16', 'db80e024-b11c-4ca2-94f1-61965048061b', '2023-12-06 08:30:16', 'db80e024-b11c-4ca2-94f1-61965048061b', NULL, NULL),
	(9, 'a224d655-aa50-4ef4-873b-c1c159bc50ac', 13, 1415, 43, NULL, '2', 'Addiitonal documents', '<ol><li>Approved SRS</li></ol>', '{"ops":[{"insert":"Approved SRS"},{"attributes":{"list":"ordered"},"insert":"\\n"}]}', '2023-12-31 00:00:00', 1, 0, '2023-12-06 08:35:29', 'db80e024-b11c-4ca2-94f1-61965048061b', '2023-12-06 08:35:29', 'db80e024-b11c-4ca2-94f1-61965048061b', NULL, NULL),
	(10, '09c280a1-33de-46bf-9e08-cb7a7d8e46a8', 13, 1415, 43, NULL, '3', 'Spreadsheets', '<ol><li>Please use provided template</li></ol>', '{"ops":[{"insert":"Please use provided template"},{"attributes":{"list":"ordered"},"insert":"\\n"}]}', '2023-12-22 00:00:00', 1, 0, '2023-12-06 08:38:09', 'db80e024-b11c-4ca2-94f1-61965048061b', '2023-12-06 08:38:09', 'db80e024-b11c-4ca2-94f1-61965048061b', NULL, NULL),
	(12, '76319e65-cc52-49bd-a602-658ab3026dc1', 13, 1415, 43, NULL, '4', 'Spreadsheets 2', '<ol><li>Please use provided template</li></ol>', '{"ops":[{"insert":"Please use provided template"},{"attributes":{"list":"ordered"},"insert":"\\n"}]}', '2023-12-22 00:00:00', 1, 0, '2023-12-06 08:47:06', 'db80e024-b11c-4ca2-94f1-61965048061b', '2023-12-06 08:47:06', 'db80e024-b11c-4ca2-94f1-61965048061b', NULL, NULL),
	(13, 'fca7a60d-2613-40b2-b681-2868001e1da5', 13, 1415, 43, NULL, '5', 'Spreadsheets 3', '<ol><li>Please use provided template</li></ol>', '{"ops":[{"insert":"Please use provided template"},{"attributes":{"list":"ordered"},"insert":"\\n"}]}', '2023-12-22 00:00:00', 1, 0, '2023-12-06 08:48:10', 'db80e024-b11c-4ca2-94f1-61965048061b', '2023-12-06 08:48:10', 'db80e024-b11c-4ca2-94f1-61965048061b', NULL, NULL),
	(17, 'bd9bbb66-ddb0-4f9b-af4b-65dc9fd69c81', 13, 1415, 43, NULL, '6', 'Spreadsheets 4', '<ol><li>Please use provided template</li></ol>', '{"ops":[{"insert":"Please use provided template"},{"attributes":{"list":"ordered"},"insert":"\\n"}]}', '2023-12-18 00:00:00', 1, 0, '2023-12-06 09:25:11', 'db80e024-b11c-4ca2-94f1-61965048061b', '2023-12-06 09:25:11', 'db80e024-b11c-4ca2-94f1-61965048061b', NULL, NULL),
	(27, 'd53d7f33-2926-414a-9196-67857e471894', 13, 1415, 43, NULL, 'CT01', 'Acc Doc', '<ol><li>one</li><li>two</li><li>three</li></ol>', '{"ops":[{"insert":"one"},{"attributes":{"list":"ordered"},"insert":"\\n"},{"insert":"two"},{"attributes":{"list":"ordered"},"insert":"\\n"},{"insert":"three"},{"attributes":{"list":"ordered"},"insert":"\\n"}]}', '2023-12-31 00:00:00', 1, 0, '2023-12-15 06:35:23', '64c63d37-4ac5-4756-a300-82b69451206a', '2023-12-15 06:35:23', '64c63d37-4ac5-4756-a300-82b69451206a', NULL, NULL),
	(28, 'a2897448-1957-4a93-b765-f330a7d058a5', 13, 1415, 43, NULL, 'CT02', 'Acc doc', '<ul><li>ok</li><li>ok</li><li>ok</li></ul>', '{"ops":[{"insert":"ok"},{"attributes":{"list":"bullet"},"insert":"\\n"},{"insert":"ok"},{"attributes":{"list":"bullet"},"insert":"\\n"},{"insert":"ok"},{"attributes":{"list":"bullet"},"insert":"\\n"}]}', '2023-12-31 00:00:00', 1, 1, '2023-12-15 06:46:14', '64c63d37-4ac5-4756-a300-82b69451206a', '2023-12-15 06:46:14', '64c63d37-4ac5-4756-a300-82b69451206a', NULL, NULL),
	(29, 'ab85d210-b6dd-4c37-9a3c-3456b568d5bd', 13, 1415, 43, NULL, 'CT03', 'Acc doc', '<ul><li>ok</li><li>ok</li><li>ok</li></ul>', '{"ops":[{"insert":"ok"},{"attributes":{"list":"bullet"},"insert":"\\n"},{"insert":"ok"},{"attributes":{"list":"bullet"},"insert":"\\n"},{"insert":"ok"},{"attributes":{"list":"bullet"},"insert":"\\n"}]}', '2023-12-31 00:00:00', 1, 1, '2023-12-15 06:54:10', '64c63d37-4ac5-4756-a300-82b69451206a', '2023-12-15 06:54:10', '64c63d37-4ac5-4756-a300-82b69451206a', NULL, NULL),
	(30, '8e8950c3-2559-493a-ba3d-7444efa5a5f5', 13, 1415, 43, NULL, 'CT04', 'Acc Doc2', '<p>Ok la. Give you more time</p>', '{"ops":[{"insert":"Ok la. Give you more time\\n"}]}', '2023-12-31 00:00:00', 1, 1, '2023-12-15 06:56:53', '64c63d37-4ac5-4756-a300-82b69451206a', '2023-12-15 06:56:53', '64c63d37-4ac5-4756-a300-82b69451206a', NULL, NULL),
	(31, 'd9d15dd6-f895-4024-bca8-ed0ad4b33b84', 13, 1415, 43, NULL, 'CT05', 'Acc Doc2', '<p>Ok la. Give you more time</p>', '{"ops":[{"insert":"Ok la. Give you more time\\n"}]}', '2023-12-31 00:00:00', 1, 1, '2023-12-15 06:57:59', '64c63d37-4ac5-4756-a300-82b69451206a', '2023-12-15 06:57:59', '64c63d37-4ac5-4756-a300-82b69451206a', NULL, NULL),
	(32, 'b69c7aef-e002-4fe3-8709-bafc1a040732', 13, 1415, 43, NULL, 'CT1000', 'Asdsadsad', '<p>asdasdsdasdd</p>', '{"ops":[{"insert":"asdasdsdasdd\\n"}]}', '2023-12-17 00:00:00', 1, 1, '2023-12-15 08:10:01', '64c63d37-4ac5-4756-a300-82b69451206a', '2023-12-15 08:10:01', '64c63d37-4ac5-4756-a300-82b69451206a', NULL, NULL),
	(33, 'c20c6248-41d6-4dce-92e6-71927500e1e7', 13, 1415, 43, NULL, 'CT2323', 'Acdfsdf', '<p>sdfsdfsdfsdfsf sdfsdfdsf sdf dsfs dfgdgdfg</p>', '{"ops":[{"insert":"sdfsdfsdfsdfsf sdfsdfdsf sdf dsfs dfgdgdfg\\n"}]}', '2023-12-27 00:00:00', 1, 1, '2023-12-15 08:19:56', '64c63d37-4ac5-4756-a300-82b69451206a', '2023-12-15 08:19:56', '64c63d37-4ac5-4756-a300-82b69451206a', NULL, NULL),
	(34, '9ed7540d-be0e-4986-909f-2980fb31d392', 13, 1415, 43, NULL, 'CT1234', 'Some docs', '<p>Some docs</p>', '{"ops":[{"insert":"Some docs\\n"}]}', '2023-12-28 00:00:00', 1, 1, '2023-12-15 08:40:33', '64c63d37-4ac5-4756-a300-82b69451206a', '2023-12-15 08:40:33', '64c63d37-4ac5-4756-a300-82b69451206a', NULL, NULL),
	(37, 'b617c56d-5822-4424-ad8d-1bc91b156312', 13, 1415, 43, NULL, 'CT230001', 'Doc Request ', '<ol><li>First</li><li>Second</li><li>Third</li></ol>', '{"ops":[{"insert":"First"},{"attributes":{"list":"ordered"},"insert":"\\n"},{"insert":"Second"},{"attributes":{"list":"ordered"},"insert":"\\n"},{"insert":"Third"},{"attributes":{"list":"ordered"},"insert":"\\n"}]}', '2023-12-31 00:00:00', 1, 1, '2023-12-26 07:58:44', '2f10ffb2-304b-402d-9286-4d4b785874df', '2023-12-26 07:58:44', '2f10ffb2-304b-402d-9286-4d4b785874df', NULL, NULL),
	(38, '05d14dfd-70f2-43f0-8ecd-59bda1eb069e', 13, 1423, 43, NULL, 'CT230003', 'Scope Elicitation Documents', '<ol><li><span style="color: rgb(0, 0, 0);">Lorem Ipsum has been the industry\'s standard dummy text ever since the 1500s, when an unknown printer took a galley of type and scrambled it to make a type specimen book. </span></li><li><span style="color: rgb(0, 0, 0);">It has survived not only five centuries, but also the leap into electronic typesetting, remaining essentially unchanged. It was popularised in the 1960s with the release of Letraset sheets containing Lorem Ipsum passages, and more recently with desktop publishing software like Aldus PageMaker including versions of Lorem Ipsum.</span></li></ol>', '{"ops":[{"attributes":{"color":"#000000"},"insert":"Lorem Ipsum has been the industry\'s standard dummy text ever since the 1500s, when an unknown printer took a galley of type and scrambled it to make a type specimen book. "},{"attributes":{"list":"ordered"},"insert":"\\n"},{"attributes":{"color":"#000000"},"insert":"It has survived not only five centuries, but also the leap into electronic typesetting, remaining essentially unchanged. It was popularised in the 1960s with the release of Letraset sheets containing Lorem Ipsum passages, and more recently with desktop publishing software like Aldus PageMaker including versions of Lorem Ipsum."},{"attributes":{"list":"ordered"},"insert":"\\n"}]}', '2023-12-31 00:00:00', 1, 1, '2023-12-26 09:07:41', '2f10ffb2-304b-402d-9286-4d4b785874df', '2023-12-26 09:07:41', '2f10ffb2-304b-402d-9286-4d4b785874df', NULL, NULL),
	(39, '6356f754-bb32-4c22-9701-ef5c3ea3844c', 13, 1423, 43, NULL, 'CT230004', 'Scope Docs v2', '<p><span style="color: rgb(0, 0, 0);">Sed ut perspiciatis unde omnis iste natus error sit voluptatem accusantium doloremque laudantium, totam rem aperiam, </span></p><p><span style="color: rgb(0, 0, 0);">Eaque ipsa quae ab illo inventore veritatis et quasi architecto beatae vitae dicta sunt explicabo. Nemo enim ipsam voluptatem quia voluptas sit aspernatur aut odit aut fugit</span></p><ol><li><span style="color: rgb(0, 0, 0);">sed quia consequuntur magni dolores eos qui ratione voluptatem sequi nesciunt. </span></li><li><span style="color: rgb(0, 0, 0);">Neque porro quisquam est, qui dolorem ipsum quia dolor sit amet, consectetur, adipisci velit, sed quia non numquam eius modi tempora incidunt ut labore et dolore magnam aliquam quaerat voluptatem. Ut enim ad minima veniam, quis nostrum exercitationem ullam corporis suscipit laboriosam, nisi ut aliquid ex ea commodi consequatur? </span></li><li><span style="color: rgb(0, 0, 0);">Quis autem vel eum iure reprehenderit qui in ea voluptate velit esse quam nihil molestiae consequatur, </span></li></ol><p><span style="color: rgb(0, 0, 0);">Vel illum qui dolorem eum fugiat quo voluptas nulla pariatur</span></p>', '{"ops":[{"attributes":{"color":"#000000"},"insert":"Sed ut perspiciatis unde omnis iste natus error sit voluptatem accusantium doloremque laudantium, totam rem aperiam, "},{"insert":"\\n"},{"attributes":{"color":"#000000"},"insert":"Eaque ipsa quae ab illo inventore veritatis et quasi architecto beatae vitae dicta sunt explicabo. Nemo enim ipsam voluptatem quia voluptas sit aspernatur aut odit aut fugit"},{"insert":"\\n"},{"attributes":{"color":"#000000"},"insert":"sed quia consequuntur magni dolores eos qui ratione voluptatem sequi nesciunt. "},{"attributes":{"list":"ordered"},"insert":"\\n"},{"attributes":{"color":"#000000"},"insert":"Neque porro quisquam est, qui dolorem ipsum quia dolor sit amet, consectetur, adipisci velit, sed quia non numquam eius modi tempora incidunt ut labore et dolore magnam aliquam quaerat voluptatem. Ut enim ad minima veniam, quis nostrum exercitationem ullam corporis suscipit laboriosam, nisi ut aliquid ex ea commodi consequatur? "},{"attributes":{"list":"ordered"},"insert":"\\n"},{"attributes":{"color":"#000000"},"insert":"Quis autem vel eum iure reprehenderit qui in ea voluptate velit esse quam nihil molestiae consequatur, "},{"attributes":{"list":"ordered"},"insert":"\\n"},{"attributes":{"color":"#000000"},"insert":"Vel illum qui dolorem eum fugiat quo voluptas nulla pariatur"},{"insert":"\\n"}]}', '2023-12-31 00:00:00', 1, 1, '2023-12-26 09:30:03', '2f10ffb2-304b-402d-9286-4d4b785874df', '2023-12-26 09:30:03', '2f10ffb2-304b-402d-9286-4d4b785874df', NULL, NULL),
	(40, '8c7eae2e-4a25-4c02-b582-7b3202cbf84f', 13, 1423, 43, NULL, '40', 'Doc 1', '<p>okokok</p>', '{"ops":[{"insert":"okokok\\n"}]}', '2023-12-31 00:00:00', 1, 1, '2023-12-27 02:35:29', '555a0e93-456a-4fac-a046-8d46cdc168cb', '2023-12-27 02:35:29', '555a0e93-456a-4fac-a046-8d46cdc168cb', NULL, NULL),
	(41, 'a1e88a29-5f5b-4d6e-bb33-87cb818798be', 13, 1423, 43, NULL, '41', 'Doc 1', '<p>okokok</p>', '{"ops":[{"insert":"okokok\\n"}]}', '2023-12-31 00:00:00', 1, 1, '2023-12-27 02:36:02', '555a0e93-456a-4fac-a046-8d46cdc168cb', '2023-12-27 02:36:02', '555a0e93-456a-4fac-a046-8d46cdc168cb', NULL, NULL),
	(42, '596a0b39-ac1c-41e9-80bc-4620827a4d3f', 13, 1423, 43, NULL, '42', 'Doc 1', '<p>OKOKOK</p>', '{"ops":[{"insert":"OKOKOK\\n"}]}', '2023-12-31 00:00:00', 1, 1, '2023-12-27 02:36:52', '555a0e93-456a-4fac-a046-8d46cdc168cb', '2023-12-27 02:36:52', '555a0e93-456a-4fac-a046-8d46cdc168cb', NULL, NULL),
	(43, 'ea587208-3be5-4931-abf2-605b7d3b88fd', 13, 1423, 43, NULL, '43', 'Doc 3', '<ol><li>ok</li><li>ok</li><li>ok</li></ol>', '{"ops":[{"insert":"ok"},{"attributes":{"list":"ordered"},"insert":"\\n"},{"insert":"ok"},{"attributes":{"list":"ordered"},"insert":"\\n"},{"insert":"ok"},{"attributes":{"list":"ordered"},"insert":"\\n"}]}', '2023-12-31 00:00:00', 1, 1, '2023-12-27 02:39:09', '555a0e93-456a-4fac-a046-8d46cdc168cb', '2023-12-27 02:39:09', '555a0e93-456a-4fac-a046-8d46cdc168cb', NULL, NULL),
	(44, '1adb4737-20e8-4bd1-b4f9-ec981936a6c0', 13, 1423, 43, NULL, 'CT230001', 'Doc 2', '<p>okokkko</p>', '{"ops":[{"insert":"okokkko\\n"}]}', '2023-12-31 00:00:00', 1, 1, '2023-12-27 02:39:58', '555a0e93-456a-4fac-a046-8d46cdc168cb', '2023-12-27 02:39:58', '555a0e93-456a-4fac-a046-8d46cdc168cb', NULL, NULL),
	(45, '9b3688f7-6ccd-47c4-87e4-0efb248a9eb3', 13, 1423, 43, NULL, 'CT230002', 'Sdfdsfs', '<p>sdfsdfsdsgdfgsfgdf</p>', '{"ops":[{"insert":"sdfsdfsdsgdfgsfgdf\\n"}]}', '2023-12-31 00:00:00', 1, 1, '2023-12-27 02:48:16', '555a0e93-456a-4fac-a046-8d46cdc168cb', '2023-12-27 02:48:16', '555a0e93-456a-4fac-a046-8d46cdc168cb', NULL, NULL),
	(46, 'c03abd70-3997-42d9-8d18-4694ffd3e133', 13, 1423, 43, NULL, '46', 'Acc', '<p>Acc</p>', '{"ops":[{"insert":"Acc\\n"}]}', '2023-12-31 00:00:00', 1, 1, '2023-12-27 04:00:37', 'abde981c-2566-4974-9057-6ee825a5841e', '2023-12-27 04:00:37', 'abde981c-2566-4974-9057-6ee825a5841e', NULL, NULL),
	(47, '42233724-34a2-4d0f-94dc-215316759596', 13, 1423, 43, NULL, '47', 'Acc', '<p>Acc</p>', '{"ops":[{"insert":"Acc\\n"}]}', '2023-12-31 00:00:00', 1, 1, '2023-12-27 04:14:29', '961f5445-6293-48e5-b2be-207491741b50', '2023-12-27 04:14:29', '961f5445-6293-48e5-b2be-207491741b50', NULL, NULL),
	(48, 'b0ee47c4-38f2-4a5b-ba49-b41eea4d954f', 13, 1423, 43, NULL, '48', 'Acc2', '<p>asdasd</p>', '{"ops":[{"insert":"asdasd\\n"}]}', '2023-12-31 00:00:00', 1, 1, '2023-12-27 04:30:11', 'd4357e07-c2c3-4225-9102-883fc8d60055', '2023-12-27 04:30:11', 'd4357e07-c2c3-4225-9102-883fc8d60055', NULL, NULL),
	(49, '6cd0d7d7-54f9-42c4-9440-7e3b827b15d0', 13, 1423, 43, NULL, '49', 'Acc5', '<p>Acc5</p>', '{"ops":[{"insert":"Acc5\\n"}]}', '2023-12-31 00:00:00', 1, 1, '2023-12-27 04:33:13', 'd4357e07-c2c3-4225-9102-883fc8d60055', '2023-12-27 04:33:13', 'd4357e07-c2c3-4225-9102-883fc8d60055', NULL, NULL),
	(50, 'e22bbcb6-2086-44ad-b546-a199025e7fc4', 13, 1423, 43, NULL, '50', 'Acc12', '<p>Acc12</p>', '{"ops":[{"insert":"Acc12\\n"}]}', '2023-12-31 00:00:00', 1, 1, '2023-12-27 04:38:17', '46013dfb-1850-4cf9-a1fd-c91d1ca65af3', '2023-12-27 04:38:17', '46013dfb-1850-4cf9-a1fd-c91d1ca65af3', NULL, NULL),
	(51, '177541fa-8f18-4d88-86fe-695c555d98c4', 13, 1423, 43, NULL, '51', 'Acc123', '<p>Acc123</p>', '{"ops":[{"insert":"Acc123\\n"}]}', '2023-12-31 00:00:00', 1, 1, '2023-12-27 04:41:06', '46013dfb-1850-4cf9-a1fd-c91d1ca65af3', '2023-12-27 04:41:06', '46013dfb-1850-4cf9-a1fd-c91d1ca65af3', NULL, NULL),
	(52, '0d40bbd5-5b40-46ce-9df7-7349170d1b86', 13, 1423, 43, NULL, '52', 'Acc234', '<p>Acc234</p>', '{"ops":[{"insert":"Acc234\\n"}]}', '2023-12-31 00:00:00', 1, 1, '2023-12-27 04:42:58', '46013dfb-1850-4cf9-a1fd-c91d1ca65af3', '2023-12-27 04:42:58', '46013dfb-1850-4cf9-a1fd-c91d1ca65af3', NULL, NULL),
	(53, '0b9e2b60-808f-4dfd-a6bc-56ea8952348f', 13, 1423, 43, NULL, '53', 'Acc1212312', '<p>Acc1212312</p>', '{"ops":[{"insert":"Acc1212312\\n"}]}', '2023-12-31 00:00:00', 1, 1, '2023-12-27 04:45:28', '46013dfb-1850-4cf9-a1fd-c91d1ca65af3', '2023-12-27 04:45:28', '46013dfb-1850-4cf9-a1fd-c91d1ca65af3', NULL, NULL),
	(55, '1d0e9ac3-a474-4dc8-809c-eac4e7f9d6de', 13, 1423, 43, NULL, 'CT0001', 'Some doc request', '<ol><li>Some doc request</li><li>Some doc request Some doc request</li></ol>', '{"ops":[{"insert":"Some doc request"},{"attributes":{"list":"ordered"},"insert":"\\n"},{"insert":"Some doc request Some doc request"},{"attributes":{"list":"ordered"},"insert":"\\n"}]}', '2023-12-31 00:00:00', 1, 1, '2023-12-27 06:38:36', '649cc39b-fc5e-42f2-8b07-e30c2dd2cdf2', '2023-12-27 06:38:36', '649cc39b-fc5e-42f2-8b07-e30c2dd2cdf2', NULL, NULL),
	(59, 'd3c24a82-ca50-4764-bb8d-ba94a67d9ff7', 13, 1415, 43, NULL, 'CT240001', 'Doc req 1', '<p>Doc req 1</p>', '{"ops":[{"insert":"Doc req 1\\n"}]}', '2024-01-31 00:00:00', 1, 1, '2024-01-09 16:56:00', 'ad3d66ce-2290-4a58-a97d-64cd272cfb2d', '2024-01-09 16:56:00', 'ad3d66ce-2290-4a58-a97d-64cd272cfb2d', NULL, NULL),
	(61, '63b5e114-ad5f-4359-8c19-3e5252779dc3', 13, 1433, 615, NULL, 'MASRA24001', 'MASRA24001 v1', '<p>MASRA24001 description</p>', '{"ops":[{"insert":"MASRA24001 description\\n"}]}', '2024-03-31 00:00:00', 1, 1, '2024-01-29 13:40:19', '5c9aec35-3c1e-4b43-aab1-1bd26b995464', '2024-01-29 13:40:19', '5c9aec35-3c1e-4b43-aab1-1bd26b995464', NULL, NULL),
	(62, '591a7c0e-e173-4a1d-812f-30a6cf4f2bf3', 13, 1433, 615, NULL, 'MASRA24002', 'MASRA24002 v2', '<p>MASRA24002 desc</p>', '{"ops":[{"insert":"MASRA24002 desc\\n"}]}', '2024-04-30 00:00:00', 1, 1, '2024-01-29 14:01:25', '5c9aec35-3c1e-4b43-aab1-1bd26b995464', '2024-01-29 14:01:25', '5c9aec35-3c1e-4b43-aab1-1bd26b995464', NULL, NULL),
	(63, '7a7cafb4-7900-450c-b289-25d3a19b5a3b', 0, 1415, 43, NULL, 'R1415-01', 'Some file', '<p>Some file</p>', '{"ops":[{"insert":"Some file\\n"}]}', '2024-12-31 00:00:00', 1, 1, '2024-09-06 04:34:56', 'ff9eca97-e36d-4bb1-9885-c2ed9232e100', '2024-09-06 04:34:56', 'ff9eca97-e36d-4bb1-9885-c2ed9232e100', NULL, NULL),
	(64, 'fd31fb9c-32f8-4aac-b24e-703be80dd41e', 0, 1415, 43, NULL, 'R1415-03', 'Some file 2', '<p>Some file 2</p>', '{"ops":[{"insert":"Some file 2\\n"}]}', '2024-10-31 00:00:00', 1, 1, '2024-09-06 09:18:50', 'ff9eca97-e36d-4bb1-9885-c2ed9232e100', '2024-09-06 09:18:50', 'ff9eca97-e36d-4bb1-9885-c2ed9232e100', NULL, NULL);

-- Dumping structure for table cpdb.document_requests_attachments
CREATE TABLE IF NOT EXISTS `document_requests_attachments` (
  `id` bigint unsigned NOT NULL AUTO_INCREMENT,
  `document_request_id` bigint unsigned NOT NULL,
  `folder_name` text CHARACTER SET utf8mb4 COLLATE utf8mb4_unicode_ci NOT NULL,
  `file_name` text CHARACTER SET utf8mb4 COLLATE utf8mb4_unicode_ci NOT NULL,
  `original_name` text CHARACTER SET utf8mb4 COLLATE utf8mb4_unicode_ci NOT NULL,
  `file_size` varchar(191) CHARACTER SET utf8mb4 COLLATE utf8mb4_unicode_ci NOT NULL,
  `file_ext` varchar(191) CHARACTER SET utf8mb4 COLLATE utf8mb4_unicode_ci NOT NULL,
  `file_mimetype` varchar(191) CHARACTER SET utf8mb4 COLLATE utf8mb4_unicode_ci DEFAULT NULL,
  `file_hash` text CHARACTER SET utf8mb4 COLLATE utf8mb4_unicode_ci,
  `description` varchar(191) CHARACTER SET utf8mb4 COLLATE utf8mb4_unicode_ci DEFAULT NULL,
  `status` tinyint(1) NOT NULL DEFAULT '1' COMMENT '0/1 - inactive/active',
  `created_at` timestamp NOT NULL DEFAULT CURRENT_TIMESTAMP ON UPDATE CURRENT_TIMESTAMP,
  `created_by` char(36) CHARACTER SET utf8mb4 COLLATE utf8mb4_unicode_ci DEFAULT NULL,
  `updated_at` timestamp NULL DEFAULT NULL,
  `updated_by` char(36) CHARACTER SET utf8mb4 COLLATE utf8mb4_unicode_ci DEFAULT NULL,
  `deleted_at` timestamp NULL DEFAULT NULL,
  `deleted_by` char(36) CHARACTER SET utf8mb4 COLLATE utf8mb4_unicode_ci DEFAULT NULL,
  PRIMARY KEY (`id`),
  KEY `document_requests_attachments_document_requests_FK` (`document_request_id`),
  CONSTRAINT `document_requests_attachments_document_requests_FK` FOREIGN KEY (`document_request_id`) REFERENCES `document_requests` (`id`)
) ENGINE=InnoDB AUTO_INCREMENT=70 DEFAULT CHARSET=utf8mb4 COLLATE=utf8mb4_unicode_ci;

-- Dumping data for table cpdb.document_requests_attachments: ~37 rows (approximately)
INSERT INTO `document_requests_attachments` (`id`, `document_request_id`, `folder_name`, `file_name`, `original_name`, `file_size`, `file_ext`, `file_mimetype`, `file_hash`, `description`, `status`, `created_at`, `created_by`, `updated_at`, `updated_by`, `deleted_at`, `deleted_by`) VALUES
	(1, 12, 'clients/f77a48bf-d4ba-4238-af81-44d43fbe0312/document-requests/76319e65-cc52-49bd-a602-658ab3026dc1/documents/', 'f2f6cd83-d56e-46eb-9d6c-e8aa9cd0e326_1701852426.pdf', 'some-file-4.pdf', '99264', 'pdf', NULL, NULL, 'data', 1, '2023-12-06 08:47:06', 'db80e024-b11c-4ca2-94f1-61965048061b', '2023-12-06 08:47:06', 'db80e024-b11c-4ca2-94f1-61965048061b', NULL, NULL),
	(2, 13, 'clients/f77a48bf-d4ba-4238-af81-44d43fbe0312/document-requests/fca7a60d-2613-40b2-b681-2868001e1da5/documents/', '48e90832-7d2b-44da-b3e5-b2a7897af78a_1701852490.pdf', 'some-file-4.pdf', '99264', 'pdf', NULL, NULL, 'SOP 1 ', 1, '2023-12-06 08:48:10', 'db80e024-b11c-4ca2-94f1-61965048061b', '2023-12-06 08:48:10', 'db80e024-b11c-4ca2-94f1-61965048061b', NULL, NULL),
	(3, 13, 'clients/f77a48bf-d4ba-4238-af81-44d43fbe0312/document-requests/fca7a60d-2613-40b2-b681-2868001e1da5/documents/', '09132e99-32b1-4c7a-b87d-149570fca487_1701852490.pdf', 'some-file-7.pdf', '98872', 'pdf', NULL, NULL, 'SOP 2', 1, '2023-12-06 08:48:10', 'db80e024-b11c-4ca2-94f1-61965048061b', '2023-12-06 08:48:10', 'db80e024-b11c-4ca2-94f1-61965048061b', NULL, NULL),
	(10, 17, 'clients/f77a48bf-d4ba-4238-af81-44d43fbe0312/document-requests/bd9bbb66-ddb0-4f9b-af4b-65dc9fd69c81/documents/', 'de34395f-4d5f-4664-a3c9-54075a0606e2_1701854711.pdf', 'some-file-4.pdf', '99264', 'pdf', NULL, NULL, 'SOP 1 ', 1, '2023-12-06 09:25:11', 'db80e024-b11c-4ca2-94f1-61965048061b', '2023-12-06 09:25:11', 'db80e024-b11c-4ca2-94f1-61965048061b', NULL, NULL),
	(11, 17, 'clients/f77a48bf-d4ba-4238-af81-44d43fbe0312/document-requests/bd9bbb66-ddb0-4f9b-af4b-65dc9fd69c81/documents/', '8a734b31-358b-47cb-a90d-63c9a441b5c5_1701854711.pdf', 'some-file-7.pdf', '98872', 'pdf', NULL, NULL, 'SOP 2', 1, '2023-12-06 09:25:11', 'db80e024-b11c-4ca2-94f1-61965048061b', '2023-12-06 09:25:11', 'db80e024-b11c-4ca2-94f1-61965048061b', NULL, NULL),
	(31, 27, 'clients/f77a48bf-d4ba-4238-af81-44d43fbe0312/document-requests/d53d7f33-2926-414a-9196-67857e471894/documents/', '2c8d79cb-e1b3-4991-8fdc-8726cad6bf2e_1702622123.pdf', '05_Spesifikasi.pdf', '19439', 'pdf', NULL, NULL, 'Spec example', 1, '2023-12-15 06:35:23', '64c63d37-4ac5-4756-a300-82b69451206a', '2023-12-15 06:35:23', '64c63d37-4ac5-4756-a300-82b69451206a', NULL, NULL),
	(32, 27, 'clients/f77a48bf-d4ba-4238-af81-44d43fbe0312/document-requests/d53d7f33-2926-414a-9196-67857e471894/documents/', 'ee02139f-c3da-4e8b-9c71-fe887b1179ac_1702622123.xlsx', 'INTERCOM 558.xlsx', '62194', 'xlsx', NULL, NULL, 'Spec template', 1, '2023-12-15 06:35:23', '64c63d37-4ac5-4756-a300-82b69451206a', '2023-12-15 06:35:23', '64c63d37-4ac5-4756-a300-82b69451206a', NULL, NULL),
	(33, 28, 'clients/f77a48bf-d4ba-4238-af81-44d43fbe0312/document-requests/a2897448-1957-4a93-b765-f330a7d058a5/documents/', '0e73733d-7c47-42c0-887d-a8cd7eb7c00a_1702622774.pdf', '05_Spesifikasi.pdf', '19439', 'pdf', NULL, NULL, 'Spec to follow', 1, '2023-12-15 06:46:14', '64c63d37-4ac5-4756-a300-82b69451206a', '2023-12-15 06:46:14', '64c63d37-4ac5-4756-a300-82b69451206a', NULL, NULL),
	(34, 29, 'clients/f77a48bf-d4ba-4238-af81-44d43fbe0312/document-requests/ab85d210-b6dd-4c37-9a3c-3456b568d5bd/documents/', 'fd73d112-4f46-4709-a481-d6cf147380d5_1702623250.pdf', '05_Spesifikasi.pdf', '19439', 'pdf', NULL, NULL, 'Spec to follow', 1, '2023-12-15 06:54:10', '64c63d37-4ac5-4756-a300-82b69451206a', '2023-12-15 06:54:10', '64c63d37-4ac5-4756-a300-82b69451206a', NULL, NULL),
	(35, 30, 'clients/f77a48bf-d4ba-4238-af81-44d43fbe0312/document-requests/8e8950c3-2559-493a-ba3d-7444efa5a5f5/documents/', '89de28a1-3390-4c7c-8520-c292a7c2536c_1702623413.pdf', '05_Spesifikasi.pdf', '19439', 'pdf', NULL, NULL, 'Spec', 1, '2023-12-15 06:56:53', '64c63d37-4ac5-4756-a300-82b69451206a', '2023-12-15 06:56:53', '64c63d37-4ac5-4756-a300-82b69451206a', NULL, NULL),
	(36, 31, 'clients/f77a48bf-d4ba-4238-af81-44d43fbe0312/document-requests/d9d15dd6-f895-4024-bca8-ed0ad4b33b84/documents/', 'aa7fc39d-d50b-4838-8bc4-c88072a501cb_1702623479.pdf', '05_Spesifikasi.pdf', '19439', 'pdf', NULL, NULL, 'Spec', 1, '2023-12-15 06:57:59', '64c63d37-4ac5-4756-a300-82b69451206a', '2023-12-15 06:57:59', '64c63d37-4ac5-4756-a300-82b69451206a', NULL, NULL),
	(37, 31, 'clients/f77a48bf-d4ba-4238-af81-44d43fbe0312/document-requests/d9d15dd6-f895-4024-bca8-ed0ad4b33b84/documents/', 'c935658a-101d-4cf6-9bb5-4a0ef2d1f593_1702623480.xlsx', 'Chart_of_accounts.xlsx', '7130', 'xlsx', NULL, NULL, 'CoA', 1, '2023-12-15 06:58:00', '64c63d37-4ac5-4756-a300-82b69451206a', '2023-12-15 06:58:00', '64c63d37-4ac5-4756-a300-82b69451206a', NULL, NULL),
	(38, 31, 'clients/f77a48bf-d4ba-4238-af81-44d43fbe0312/document-requests/d9d15dd6-f895-4024-bca8-ed0ad4b33b84/documents/', 'ee5b7807-ef13-4d4b-bd5d-eaaed3c5cc0c_1702623480.pdf', 'Cost Saving Seminar_Mavisco_10th_Oct_23 (1).pdf', '1307036', 'pdf', NULL, NULL, 'Reference', 1, '2023-12-15 06:58:00', '64c63d37-4ac5-4756-a300-82b69451206a', '2023-12-15 06:58:00', '64c63d37-4ac5-4756-a300-82b69451206a', NULL, NULL),
	(39, 32, 'clients/f77a48bf-d4ba-4238-af81-44d43fbe0312/document-requests/b69c7aef-e002-4fe3-8709-bafc1a040732/documents/', '6b572f4b-75ba-49c2-b0eb-ff4bfae0c6f0_1702627801.pdf', '05_Spesifikasi.pdf', '19439', 'pdf', NULL, NULL, 'Specs', 1, '2023-12-15 08:10:01', '64c63d37-4ac5-4756-a300-82b69451206a', '2023-12-15 08:10:01', '64c63d37-4ac5-4756-a300-82b69451206a', NULL, NULL),
	(40, 33, 'clients/f77a48bf-d4ba-4238-af81-44d43fbe0312/document-requests/c20c6248-41d6-4dce-92e6-71927500e1e7/documents/', '834c8bdf-de06-466a-b165-32a542d59e57_1702628396.pdf', '05_Spesifikasi.pdf', '19439', 'pdf', NULL, NULL, 'Spec', 1, '2023-12-15 08:19:56', '64c63d37-4ac5-4756-a300-82b69451206a', '2023-12-15 08:19:56', '64c63d37-4ac5-4756-a300-82b69451206a', NULL, NULL),
	(41, 33, 'clients/f77a48bf-d4ba-4238-af81-44d43fbe0312/document-requests/c20c6248-41d6-4dce-92e6-71927500e1e7/documents/', '54b4ee17-9ab0-4518-849b-ff4e36b9b47c_1702628396.jpg', '1.JPG', '9658909', 'jpg', NULL, NULL, 'Pic', 1, '2023-12-15 08:19:56', '64c63d37-4ac5-4756-a300-82b69451206a', '2023-12-15 08:19:56', '64c63d37-4ac5-4756-a300-82b69451206a', NULL, NULL),
	(42, 34, 'clients/f77a48bf-d4ba-4238-af81-44d43fbe0312/document-requests/9ed7540d-be0e-4986-909f-2980fb31d392/documents/', '34327cc7-cd70-4b0f-9fda-ff243283cc15_1702629636.pdf', '(Salihin)_-_Collector_Training_Module_v1_1_(1).pdf', '8111973', 'pdf', NULL, NULL, 'Doc 1', 1, '2023-12-15 08:40:36', '64c63d37-4ac5-4756-a300-82b69451206a', '2023-12-15 08:40:36', '64c63d37-4ac5-4756-a300-82b69451206a', NULL, NULL),
	(43, 34, 'clients/f77a48bf-d4ba-4238-af81-44d43fbe0312/document-requests/9ed7540d-be0e-4986-909f-2980fb31d392/documents/', '39736c34-7faf-4b96-a2fc-b2fc6f2cfeab_1702629636.pdf', 'Audit Document.pdf', '13828814', 'pdf', NULL, NULL, 'Doc 2', 1, '2023-12-15 08:40:36', '64c63d37-4ac5-4756-a300-82b69451206a', '2023-12-15 08:40:36', '64c63d37-4ac5-4756-a300-82b69451206a', NULL, NULL),
	(44, 37, 'clients/f77a48bf-d4ba-4238-af81-44d43fbe0312/document-requests/b617c56d-5822-4424-ad8d-1bc91b156312/documents/', '540c0e5d-19c4-4100-b0bd-9eb5055c9484_1703577524.pdf', '05_Spesifikasi.pdf', '19439', 'pdf', NULL, '6b37e8f50333084ca59672fee11ff2cb', 'Specifications', 1, '2023-12-26 07:58:46', '2f10ffb2-304b-402d-9286-4d4b785874df', '2023-12-26 07:58:46', '2f10ffb2-304b-402d-9286-4d4b785874df', NULL, NULL),
	(45, 37, 'clients/f77a48bf-d4ba-4238-af81-44d43fbe0312/document-requests/b617c56d-5822-4424-ad8d-1bc91b156312/documents/', '41119148-72b3-411e-ae59-353d053e78d3_1703577526.csv', 'devices.csv', '2887340', 'csv', NULL, 'ed0c5578fb8f960a1153da14d884f6af', 'Template', 1, '2023-12-26 07:58:47', '2f10ffb2-304b-402d-9286-4d4b785874df', '2023-12-26 07:58:47', '2f10ffb2-304b-402d-9286-4d4b785874df', NULL, NULL),
	(46, 38, 'clients/f77a48bf-d4ba-4238-af81-44d43fbe0312/document-requests/05d14dfd-70f2-43f0-8ecd-59bda1eb069e/documents/', '26526acf-1002-44c7-8fa6-c3f269fcad77_1703581661.pdf', 'MALAYSIA INDUSTRY ESG FRAMEWORK.pdf', '16930416', 'pdf', NULL, 'e9d4ec2eb3c178b6dc4cb82ff6d0accb', 'Specifications example 1', 1, '2023-12-26 09:07:42', '2f10ffb2-304b-402d-9286-4d4b785874df', '2023-12-26 09:07:42', '2f10ffb2-304b-402d-9286-4d4b785874df', NULL, NULL),
	(47, 38, 'clients/f77a48bf-d4ba-4238-af81-44d43fbe0312/document-requests/05d14dfd-70f2-43f0-8ecd-59bda1eb069e/documents/', '9f62160b-e5d5-48c3-a46c-cbd996d0e015_1703581662.pdf', 'internal-auditors-guide-to-blockchain.pdf', '3704463', 'pdf', NULL, '357768dc7fe0ddb799a89195255543d6', 'Specifications example 2', 1, '2023-12-26 09:07:42', '2f10ffb2-304b-402d-9286-4d4b785874df', '2023-12-26 09:07:42', '2f10ffb2-304b-402d-9286-4d4b785874df', NULL, NULL),
	(48, 38, 'clients/f77a48bf-d4ba-4238-af81-44d43fbe0312/document-requests/05d14dfd-70f2-43f0-8ecd-59bda1eb069e/documents/', 'c8d53436-6491-4486-bc12-0063e43d6a8b_1703581662.html', 'some-file.xls', '274720', 'html', NULL, '6d2dd7c1da6f05965fd8ee5f1d248209', 'Template', 1, '2023-12-26 09:07:42', '2f10ffb2-304b-402d-9286-4d4b785874df', '2023-12-26 09:07:42', '2f10ffb2-304b-402d-9286-4d4b785874df', NULL, NULL),
	(49, 39, 'clients/f77a48bf-d4ba-4238-af81-44d43fbe0312/document-requests/6356f754-bb32-4c22-9701-ef5c3ea3844c/documents/', 'd7dfeb0d-14cc-4616-a3c0-80b75a1466a0_1703583003.docx', 'Draft_SRS_CLIENT PORTAL (07.03.2023).docx', '2945290', 'docx', 'application/vnd.openxmlformats-officedocument.wordprocessingml.document', '21a2051f07d05165d19a7556e34c91c6', 'Template 1', 1, '2023-12-26 09:30:04', '2f10ffb2-304b-402d-9286-4d4b785874df', '2023-12-26 09:30:04', '2f10ffb2-304b-402d-9286-4d4b785874df', NULL, NULL),
	(50, 39, 'clients/f77a48bf-d4ba-4238-af81-44d43fbe0312/document-requests/6356f754-bb32-4c22-9701-ef5c3ea3844c/documents/', '4bda5c13-fc5d-4244-a9f7-3eb449623761_1703583004.pdf', 'us-risk-blockchain-for-internal-auditors (1).pdf', '2484057', 'pdf', 'application/pdf', 'fad47583e154c15f057521ce51a0d48e', 'Specs', 1, '2023-12-26 09:30:04', '2f10ffb2-304b-402d-9286-4d4b785874df', '2023-12-26 09:30:04', '2f10ffb2-304b-402d-9286-4d4b785874df', NULL, NULL),
	(51, 39, 'clients/f77a48bf-d4ba-4238-af81-44d43fbe0312/document-requests/6356f754-bb32-4c22-9701-ef5c3ea3844c/documents/', '1255508a-d23f-4055-a132-6f80eaaa4f3a_1703583004.xls', 'some-file.xls', '274720', 'xls', 'text/html', '6d2dd7c1da6f05965fd8ee5f1d248209', 'Template 2', 1, '2023-12-26 09:30:04', '2f10ffb2-304b-402d-9286-4d4b785874df', '2023-12-26 09:30:04', '2f10ffb2-304b-402d-9286-4d4b785874df', NULL, NULL),
	(52, 39, 'clients/f77a48bf-d4ba-4238-af81-44d43fbe0312/document-requests/6356f754-bb32-4c22-9701-ef5c3ea3844c/documents/', 'bfd29956-e3ee-4a0f-ad7c-c85e023ad26f_1703583004.xlsx', 'test_file.xlsx', '13925', 'xlsx', 'application/vnd.openxmlformats-officedocument.spreadsheetml.sheet', 'd330f7028c7d714670c3186793a421a7', 'Template 3', 1, '2023-12-26 09:30:04', '2f10ffb2-304b-402d-9286-4d4b785874df', '2023-12-26 09:30:04', '2f10ffb2-304b-402d-9286-4d4b785874df', NULL, NULL),
	(54, 55, 'clients/f77a48bf-d4ba-4238-af81-44d43fbe0312/document-requests/1d0e9ac3-a474-4dc8-809c-eac4e7f9d6de/documents/', '69bb3fd9-8fc5-4823-b4c5-ae76c7d17c6f_1703659116.pdf', 'some-file-2.pdf', '20072751', 'pdf', 'application/pdf', 'ff3e50a378557c3920c80fcca9a32d77', 'Specifications', 1, '2023-12-27 06:38:38', '649cc39b-fc5e-42f2-8b07-e30c2dd2cdf2', '2023-12-27 06:38:38', '649cc39b-fc5e-42f2-8b07-e30c2dd2cdf2', NULL, NULL),
	(59, 59, 'clients/f77a48bf-d4ba-4238-af81-44d43fbe0312/document-requests/d3c24a82-ca50-4764-bb8d-ba94a67d9ff7/documents/', '7a7c2855-1460-4560-8710-083c57495005_1704790560.xlsx', 'Financial Sample.xlsx', '83418', 'xlsx', 'application/vnd.openxmlformats-officedocument.spreadsheetml.sheet', '2144cb2ec4ebbc8cd508d8cf02c04bd2', 'FIn sample', 1, '2024-01-09 16:56:01', 'ad3d66ce-2290-4a58-a97d-64cd272cfb2d', '2024-01-09 16:56:01', 'ad3d66ce-2290-4a58-a97d-64cd272cfb2d', NULL, NULL),
	(60, 59, 'clients/f77a48bf-d4ba-4238-af81-44d43fbe0312/document-requests/d3c24a82-ca50-4764-bb8d-ba94a67d9ff7/documents/', 'e5d5e24d-3045-441a-9668-48e42abe496c_1704790561.xlsx', 'Chart_of_accounts.xlsx', '7130', 'xlsx', 'application/vnd.openxmlformats-officedocument.spreadsheetml.sheet', 'c761c4ede66ac26ba56776f5af957a22', 'coa', 1, '2024-01-09 16:56:01', 'ad3d66ce-2290-4a58-a97d-64cd272cfb2d', '2024-01-09 16:56:01', 'ad3d66ce-2290-4a58-a97d-64cd272cfb2d', NULL, NULL),
	(63, 61, 'clients/a87059e3-fd5d-4d14-a2b2-831b5f3572ed/document-requests/63b5e114-ad5f-4359-8c19-3e5252779dc3/documents/', '664494ed-5afb-4a6d-91b5-fea44798135b_1706506819.pdf', '356915.pdf', '7157906', 'pdf', 'application/pdf', '0632819682653a38075df311ca45e1e5', '', 1, '2024-01-29 13:40:20', '5c9aec35-3c1e-4b43-aab1-1bd26b995464', '2024-01-29 13:40:20', '5c9aec35-3c1e-4b43-aab1-1bd26b995464', NULL, NULL),
	(64, 62, 'clients/a87059e3-fd5d-4d14-a2b2-831b5f3572ed/document-requests/591a7c0e-e173-4a1d-812f-30a6cf4f2bf3/documents/', '2b4b7d5e-0d40-4e04-bf44-1339d5c6668a_1706508085.pptx', 'CLIENT_PRESENTATION_SLIDE.pptx', '11159412', 'pptx', 'application/vnd.openxmlformats-officedocument.presentationml.presentation', '3740cd1cae3af1c522ef20dfed91a764', '', 1, '2024-01-29 14:01:26', '5c9aec35-3c1e-4b43-aab1-1bd26b995464', '2024-01-29 14:01:26', '5c9aec35-3c1e-4b43-aab1-1bd26b995464', NULL, NULL),
	(65, 63, 'clients/f77a48bf-d4ba-4238-af81-44d43fbe0312/document-requests/7a7cafb4-7900-450c-b289-25d3a19b5a3b/documents/', '8ba785bd-e610-4be7-8663-ede181c15281_1725597296.xlsx', 'ToC e-Invoicing -Version V4.0.xlsx', '58119', 'xlsx', 'application/vnd.openxmlformats-officedocument.spreadsheetml.sheet', '679f429125b8a824a17a3901a8b34a33', 'Template 1', 1, '2024-09-06 04:34:57', 'ff9eca97-e36d-4bb1-9885-c2ed9232e100', '2024-09-06 04:34:57', 'ff9eca97-e36d-4bb1-9885-c2ed9232e100', NULL, NULL),
	(66, 63, 'clients/f77a48bf-d4ba-4238-af81-44d43fbe0312/document-requests/7a7cafb4-7900-450c-b289-25d3a19b5a3b/documents/', '08bf229f-c09e-4c9d-8465-1f42e2423494_1725597297.xlsm', 'LAMPIRANACMS.xlsm', '50778', 'xlsm', 'application/vnd.openxmlformats-officedocument.spreadsheetml.sheet', '50ea0f55fa2d13ff42d2f333d4fb4154', 'Template 1', 1, '2024-09-06 04:34:57', 'ff9eca97-e36d-4bb1-9885-c2ed9232e100', '2024-09-06 04:34:57', 'ff9eca97-e36d-4bb1-9885-c2ed9232e100', NULL, NULL),
	(67, 64, 'clients/f77a48bf-d4ba-4238-af81-44d43fbe0312/document-requests/fd31fb9c-32f8-4aac-b24e-703be80dd41e/documents/', 'a0c4253a-6cda-4ce7-82e6-c138e8bac6f7_1725614330.xlsx', 'ToC e-Invoicing -Version V4.0.xlsx', '58119', 'xlsx', 'application/vnd.openxmlformats-officedocument.spreadsheetml.sheet', '679f429125b8a824a17a3901a8b34a33', 'Template 1', 1, '2024-09-06 09:18:51', 'ff9eca97-e36d-4bb1-9885-c2ed9232e100', '2024-09-06 09:18:52', 'ff9eca97-e36d-4bb1-9885-c2ed9232e100', NULL, NULL),
	(68, 64, 'clients/f77a48bf-d4ba-4238-af81-44d43fbe0312/document-requests/fd31fb9c-32f8-4aac-b24e-703be80dd41e/documents/', 'd799ee66-cc01-4c89-b046-9e0fa0389bd2_1725614332.xlsm', 'LAMPIRANACMS.xlsm', '50778', 'xlsm', 'application/vnd.openxmlformats-officedocument.spreadsheetml.sheet', '50ea0f55fa2d13ff42d2f333d4fb4154', 'Template 2', 1, '2024-09-06 09:18:52', 'ff9eca97-e36d-4bb1-9885-c2ed9232e100', '2024-09-06 09:18:52', 'ff9eca97-e36d-4bb1-9885-c2ed9232e100', NULL, NULL),
	(69, 64, 'clients/f77a48bf-d4ba-4238-af81-44d43fbe0312/document-requests/fd31fb9c-32f8-4aac-b24e-703be80dd41e/documents/', 'b733794e-4e25-4489-b82b-819ada3eff67_1725614332.pdf', 'Statement-of-Account_ACF-2024-01-01_1724991608.pdf', '69422', 'pdf', 'application/pdf', '14f551f84c6d5dc33b6a1247173b6023', 'Statement', 1, '2024-09-06 09:18:52', 'ff9eca97-e36d-4bb1-9885-c2ed9232e100', '2024-09-06 09:18:52', 'ff9eca97-e36d-4bb1-9885-c2ed9232e100', NULL, NULL);

-- Dumping structure for table cpdb.document_requests_categories
CREATE TABLE IF NOT EXISTS `document_requests_categories` (
  `id` bigint unsigned NOT NULL AUTO_INCREMENT,
  `code` varchar(8) CHARACTER SET utf8mb4 COLLATE utf8mb4_unicode_ci DEFAULT NULL,
  `name` varchar(191) CHARACTER SET utf8mb4 COLLATE utf8mb4_unicode_ci NOT NULL,
  `description` varchar(191) CHARACTER SET utf8mb4 COLLATE utf8mb4_unicode_ci DEFAULT NULL,
  `status` tinyint(1) NOT NULL DEFAULT '1' COMMENT '0/1 - inactive/active',
  `created_at` timestamp NOT NULL DEFAULT CURRENT_TIMESTAMP ON UPDATE CURRENT_TIMESTAMP,
  `created_by` char(36) CHARACTER SET utf8mb4 COLLATE utf8mb4_unicode_ci DEFAULT NULL,
  `updated_at` timestamp NULL DEFAULT NULL,
  `updated_by` char(36) CHARACTER SET utf8mb4 COLLATE utf8mb4_unicode_ci DEFAULT NULL,
  `deleted_at` timestamp NULL DEFAULT NULL,
  `deleted_by` char(36) CHARACTER SET utf8mb4 COLLATE utf8mb4_unicode_ci DEFAULT NULL,
  PRIMARY KEY (`id`)
) ENGINE=InnoDB DEFAULT CHARSET=utf8mb4 COLLATE=utf8mb4_unicode_ci;

-- Dumping data for table cpdb.document_requests_categories: ~0 rows (approximately)

-- Dumping structure for table cpdb.document_requests_details
CREATE TABLE IF NOT EXISTS `document_requests_details` (
  `id` bigint unsigned NOT NULL AUTO_INCREMENT,
  `document_request_id` bigint unsigned NOT NULL,
  `description` text CHARACTER SET utf8mb4 COLLATE utf8mb4_unicode_ci NOT NULL COMMENT 'html',
  `status` tinyint(1) NOT NULL DEFAULT '1' COMMENT '0/1 - inactive/active',
  `created_at` timestamp NOT NULL DEFAULT CURRENT_TIMESTAMP ON UPDATE CURRENT_TIMESTAMP,
  `created_by` char(36) CHARACTER SET utf8mb4 COLLATE utf8mb4_unicode_ci DEFAULT NULL,
  `updated_at` timestamp NULL DEFAULT NULL,
  `updated_by` char(36) CHARACTER SET utf8mb4 COLLATE utf8mb4_unicode_ci DEFAULT NULL,
  `deleted_at` timestamp NULL DEFAULT NULL,
  `deleted_by` char(36) CHARACTER SET utf8mb4 COLLATE utf8mb4_unicode_ci DEFAULT NULL,
  PRIMARY KEY (`id`),
  KEY `document_requests_details_document_requests_FK` (`document_request_id`),
  CONSTRAINT `document_requests_details_document_requests_FK` FOREIGN KEY (`document_request_id`) REFERENCES `document_requests` (`id`)
) ENGINE=InnoDB DEFAULT CHARSET=utf8mb4 COLLATE=utf8mb4_unicode_ci;

-- Dumping data for table cpdb.document_requests_details: ~0 rows (approximately)

-- Dumping structure for table cpdb.document_requests_discussions
CREATE TABLE IF NOT EXISTS `document_requests_discussions` (
  `id` bigint unsigned NOT NULL AUTO_INCREMENT,
  `parent_id` bigint unsigned DEFAULT NULL,
  `document_request_id` bigint unsigned NOT NULL,
  `content` text CHARACTER SET utf8mb4 COLLATE utf8mb4_unicode_ci NOT NULL COMMENT 'html',
  `status` tinyint(1) NOT NULL DEFAULT '1' COMMENT '0/1 - inactive/active',
  `created_at` timestamp NOT NULL DEFAULT CURRENT_TIMESTAMP ON UPDATE CURRENT_TIMESTAMP,
  `created_by` char(36) CHARACTER SET utf8mb4 COLLATE utf8mb4_unicode_ci DEFAULT NULL,
  `updated_at` timestamp NULL DEFAULT NULL,
  `updated_by` char(36) CHARACTER SET utf8mb4 COLLATE utf8mb4_unicode_ci DEFAULT NULL,
  `deleted_at` timestamp NULL DEFAULT NULL,
  `deleted_by` char(36) CHARACTER SET utf8mb4 COLLATE utf8mb4_unicode_ci DEFAULT NULL,
  PRIMARY KEY (`id`),
  KEY `document_requests_discussions_document_requests_FK` (`document_request_id`),
  CONSTRAINT `document_requests_discussions_document_requests_FK` FOREIGN KEY (`document_request_id`) REFERENCES `document_requests` (`id`)
) ENGINE=InnoDB DEFAULT CHARSET=utf8mb4 COLLATE=utf8mb4_unicode_ci;

-- Dumping data for table cpdb.document_requests_discussions: ~0 rows (approximately)

-- Dumping structure for table cpdb.document_requests_files
CREATE TABLE IF NOT EXISTS `document_requests_files` (
  `id` bigint unsigned NOT NULL AUTO_INCREMENT,
  `document_request_id` bigint unsigned NOT NULL,
  `folder_name` text CHARACTER SET utf8mb4 COLLATE utf8mb4_unicode_ci NOT NULL,
  `file_name` text CHARACTER SET utf8mb4 COLLATE utf8mb4_unicode_ci NOT NULL,
  `original_name` text CHARACTER SET utf8mb4 COLLATE utf8mb4_unicode_ci NOT NULL,
  `file_size` varchar(191) CHARACTER SET utf8mb4 COLLATE utf8mb4_unicode_ci NOT NULL,
  `file_ext` varchar(191) CHARACTER SET utf8mb4 COLLATE utf8mb4_unicode_ci NOT NULL,
  `file_mimetype` varchar(191) CHARACTER SET utf8mb4 COLLATE utf8mb4_unicode_ci DEFAULT NULL,
  `file_hash` text CHARACTER SET utf8mb4 COLLATE utf8mb4_unicode_ci,
  `description` varchar(191) CHARACTER SET utf8mb4 COLLATE utf8mb4_unicode_ci DEFAULT NULL,
  `status` tinyint(1) NOT NULL DEFAULT '1' COMMENT '0/1 - inactive/active',
  `created_at` timestamp NOT NULL DEFAULT CURRENT_TIMESTAMP ON UPDATE CURRENT_TIMESTAMP,
  `created_by` char(36) CHARACTER SET utf8mb4 COLLATE utf8mb4_unicode_ci DEFAULT NULL,
  `updated_at` timestamp NULL DEFAULT NULL,
  `updated_by` char(36) CHARACTER SET utf8mb4 COLLATE utf8mb4_unicode_ci DEFAULT NULL,
  `deleted_at` timestamp NULL DEFAULT NULL,
  `deleted_by` char(36) CHARACTER SET utf8mb4 COLLATE utf8mb4_unicode_ci DEFAULT NULL,
  PRIMARY KEY (`id`),
  KEY `document_requests_files_document_requests_FK` (`document_request_id`),
  CONSTRAINT `document_requests_files_document_requests_FK` FOREIGN KEY (`document_request_id`) REFERENCES `document_requests` (`id`)
) ENGINE=InnoDB DEFAULT CHARSET=utf8mb4 COLLATE=utf8mb4_unicode_ci;

-- Dumping data for table cpdb.document_requests_files: ~0 rows (approximately)

-- Dumping structure for table cpdb.document_requests_intnotes
CREATE TABLE IF NOT EXISTS `document_requests_intnotes` (
  `id` bigint unsigned NOT NULL AUTO_INCREMENT,
  `document_request_id` bigint unsigned NOT NULL,
  `notes` text CHARACTER SET utf8mb4 COLLATE utf8mb4_unicode_ci NOT NULL COMMENT 'html',
  `status` tinyint(1) NOT NULL DEFAULT '1' COMMENT '0/1 - inactive/active',
  `created_at` timestamp NOT NULL DEFAULT CURRENT_TIMESTAMP ON UPDATE CURRENT_TIMESTAMP,
  `created_by` char(36) CHARACTER SET utf8mb4 COLLATE utf8mb4_unicode_ci DEFAULT NULL,
  `updated_at` timestamp NULL DEFAULT NULL,
  `updated_by` char(36) CHARACTER SET utf8mb4 COLLATE utf8mb4_unicode_ci DEFAULT NULL,
  `deleted_at` timestamp NULL DEFAULT NULL,
  `deleted_by` char(36) CHARACTER SET utf8mb4 COLLATE utf8mb4_unicode_ci DEFAULT NULL,
  PRIMARY KEY (`id`),
  KEY `document_requests_intnotes_document_requests_FK` (`document_request_id`),
  CONSTRAINT `document_requests_intnotes_document_requests_FK` FOREIGN KEY (`document_request_id`) REFERENCES `document_requests` (`id`)
) ENGINE=InnoDB DEFAULT CHARSET=utf8mb4 COLLATE=utf8mb4_unicode_ci;

-- Dumping data for table cpdb.document_requests_intnotes: ~0 rows (approximately)

-- Dumping structure for table cpdb.document_requests_logs
CREATE TABLE IF NOT EXISTS `document_requests_logs` (
  `id` bigint unsigned NOT NULL AUTO_INCREMENT,
  `user_id` char(36) CHARACTER SET utf8mb4 COLLATE utf8mb4_unicode_ci NOT NULL,
  `action_type` varchar(191) CHARACTER SET utf8mb4 COLLATE utf8mb4_unicode_ci NOT NULL COMMENT 'key: update,create,add category',
  `note` text CHARACTER SET utf8mb4 COLLATE utf8mb4_unicode_ci COMMENT 'details action',
  `item_type` varchar(191) CHARACTER SET utf8mb4 COLLATE utf8mb4_unicode_ci NOT NULL,
  `item_id` bigint unsigned NOT NULL,
  `log_meta` text CHARACTER SET utf8mb4 COLLATE utf8mb4_unicode_ci,
  `status` tinyint(1) NOT NULL DEFAULT '1' COMMENT '0/1 - inactive/active',
  `created_at` timestamp NOT NULL DEFAULT CURRENT_TIMESTAMP ON UPDATE CURRENT_TIMESTAMP,
  `created_by` char(36) CHARACTER SET utf8mb4 COLLATE utf8mb4_unicode_ci DEFAULT NULL,
  `updated_at` timestamp NULL DEFAULT NULL,
  `updated_by` char(36) CHARACTER SET utf8mb4 COLLATE utf8mb4_unicode_ci DEFAULT NULL,
  `deleted_at` timestamp NULL DEFAULT NULL,
  `deleted_by` char(36) CHARACTER SET utf8mb4 COLLATE utf8mb4_unicode_ci DEFAULT NULL,
  PRIMARY KEY (`id`),
  KEY `document_requests_logs_users_FK` (`user_id`),
  CONSTRAINT `document_requests_logs_users_FK` FOREIGN KEY (`user_id`) REFERENCES `users` (`id`)
) ENGINE=InnoDB AUTO_INCREMENT=45 DEFAULT CHARSET=utf8mb4 COLLATE=utf8mb4_unicode_ci;

-- Dumping data for table cpdb.document_requests_logs: ~32 rows (approximately)
INSERT INTO `document_requests_logs` (`id`, `user_id`, `action_type`, `note`, `item_type`, `item_id`, `log_meta`, `status`, `created_at`, `created_by`, `updated_at`, `updated_by`, `deleted_at`, `deleted_by`) VALUES
	(1, '6781fbaa-2061-487e-a4a3-d3e15e7c632d', 'create', 'Created document request', 'App\\Models\\DocumentRequest', 17, NULL, 1, '2023-12-06 09:25:11', 'db80e024-b11c-4ca2-94f1-61965048061b', '2023-12-06 09:25:11', 'db80e024-b11c-4ca2-94f1-61965048061b', NULL, NULL),
	(11, '6781fbaa-2061-487e-a4a3-d3e15e7c632d', 'create', 'Created document request', 'App\\Models\\DocumentRequest', 27, NULL, 1, '2023-12-15 06:35:23', '64c63d37-4ac5-4756-a300-82b69451206a', '2023-12-15 06:35:23', '64c63d37-4ac5-4756-a300-82b69451206a', NULL, NULL),
	(12, '6781fbaa-2061-487e-a4a3-d3e15e7c632d', 'create', 'Created document request', 'App\\Models\\DocumentRequest', 28, NULL, 1, '2023-12-15 06:46:14', '64c63d37-4ac5-4756-a300-82b69451206a', '2023-12-15 06:46:14', '64c63d37-4ac5-4756-a300-82b69451206a', NULL, NULL),
	(13, '6781fbaa-2061-487e-a4a3-d3e15e7c632d', 'create', 'Created document request', 'App\\Models\\DocumentRequest', 29, NULL, 1, '2023-12-15 06:54:10', '64c63d37-4ac5-4756-a300-82b69451206a', '2023-12-15 06:54:10', '64c63d37-4ac5-4756-a300-82b69451206a', NULL, NULL),
	(14, '6781fbaa-2061-487e-a4a3-d3e15e7c632d', 'create', 'Created document request', 'App\\Models\\DocumentRequest', 30, NULL, 1, '2023-12-15 06:56:53', '64c63d37-4ac5-4756-a300-82b69451206a', '2023-12-15 06:56:53', '64c63d37-4ac5-4756-a300-82b69451206a', NULL, NULL),
	(15, '6781fbaa-2061-487e-a4a3-d3e15e7c632d', 'create', 'Created document request', 'App\\Models\\DocumentRequest', 31, NULL, 1, '2023-12-15 06:58:00', '64c63d37-4ac5-4756-a300-82b69451206a', '2023-12-15 06:58:00', '64c63d37-4ac5-4756-a300-82b69451206a', NULL, NULL),
	(16, '6781fbaa-2061-487e-a4a3-d3e15e7c632d', 'create', 'Created document request', 'App\\Models\\DocumentRequest', 32, NULL, 1, '2023-12-15 08:10:01', '64c63d37-4ac5-4756-a300-82b69451206a', '2023-12-15 08:10:01', '64c63d37-4ac5-4756-a300-82b69451206a', NULL, NULL),
	(17, '6781fbaa-2061-487e-a4a3-d3e15e7c632d', 'create', 'Created document request', 'App\\Models\\DocumentRequest', 33, NULL, 1, '2023-12-15 08:19:56', '64c63d37-4ac5-4756-a300-82b69451206a', '2023-12-15 08:19:56', '64c63d37-4ac5-4756-a300-82b69451206a', NULL, NULL),
	(18, '6781fbaa-2061-487e-a4a3-d3e15e7c632d', 'create', 'Created document request', 'App\\Models\\DocumentRequest', 34, NULL, 1, '2023-12-15 08:40:36', '64c63d37-4ac5-4756-a300-82b69451206a', '2023-12-15 08:40:36', '64c63d37-4ac5-4756-a300-82b69451206a', NULL, NULL),
	(19, '6781fbaa-2061-487e-a4a3-d3e15e7c632d', 'create', 'Created document request', 'App\\Models\\DocumentRequest', 37, NULL, 1, '2023-12-26 07:58:47', '2f10ffb2-304b-402d-9286-4d4b785874df', '2023-12-26 07:58:47', '2f10ffb2-304b-402d-9286-4d4b785874df', NULL, NULL),
	(20, '6781fbaa-2061-487e-a4a3-d3e15e7c632d', 'create', 'Created document request', 'App\\Models\\DocumentRequest', 38, NULL, 1, '2023-12-26 09:07:42', '2f10ffb2-304b-402d-9286-4d4b785874df', '2023-12-26 09:07:42', '2f10ffb2-304b-402d-9286-4d4b785874df', NULL, NULL),
	(21, '6781fbaa-2061-487e-a4a3-d3e15e7c632d', 'create', 'Created document request', 'App\\Models\\DocumentRequest', 39, NULL, 1, '2023-12-26 09:30:04', '2f10ffb2-304b-402d-9286-4d4b785874df', '2023-12-26 09:30:04', '2f10ffb2-304b-402d-9286-4d4b785874df', NULL, NULL),
	(22, '6781fbaa-2061-487e-a4a3-d3e15e7c632d', 'create', 'Created document request', 'App\\Models\\DocumentRequest', 40, NULL, 1, '2023-12-27 02:35:29', '555a0e93-456a-4fac-a046-8d46cdc168cb', '2023-12-27 02:35:29', '555a0e93-456a-4fac-a046-8d46cdc168cb', NULL, NULL),
	(23, '6781fbaa-2061-487e-a4a3-d3e15e7c632d', 'create', 'Created document request', 'App\\Models\\DocumentRequest', 41, NULL, 1, '2023-12-27 02:36:02', '555a0e93-456a-4fac-a046-8d46cdc168cb', '2023-12-27 02:36:02', '555a0e93-456a-4fac-a046-8d46cdc168cb', NULL, NULL),
	(24, '6781fbaa-2061-487e-a4a3-d3e15e7c632d', 'create', 'Created document request', 'App\\Models\\DocumentRequest', 42, NULL, 1, '2023-12-27 02:36:52', '555a0e93-456a-4fac-a046-8d46cdc168cb', '2023-12-27 02:36:52', '555a0e93-456a-4fac-a046-8d46cdc168cb', NULL, NULL),
	(25, '6781fbaa-2061-487e-a4a3-d3e15e7c632d', 'create', 'Created document request', 'App\\Models\\DocumentRequest', 43, NULL, 1, '2023-12-27 02:39:09', '555a0e93-456a-4fac-a046-8d46cdc168cb', '2023-12-27 02:39:09', '555a0e93-456a-4fac-a046-8d46cdc168cb', NULL, NULL),
	(26, '6781fbaa-2061-487e-a4a3-d3e15e7c632d', 'create', 'Created document request', 'App\\Models\\DocumentRequest', 44, NULL, 1, '2023-12-27 02:39:58', '555a0e93-456a-4fac-a046-8d46cdc168cb', '2023-12-27 02:39:58', '555a0e93-456a-4fac-a046-8d46cdc168cb', NULL, NULL),
	(27, '6781fbaa-2061-487e-a4a3-d3e15e7c632d', 'create', 'Created document request', 'App\\Models\\DocumentRequest', 45, NULL, 1, '2023-12-27 02:48:16', '555a0e93-456a-4fac-a046-8d46cdc168cb', '2023-12-27 02:48:16', '555a0e93-456a-4fac-a046-8d46cdc168cb', NULL, NULL),
	(28, '6781fbaa-2061-487e-a4a3-d3e15e7c632d', 'create', 'Created document request', 'App\\Models\\DocumentRequest', 46, NULL, 1, '2023-12-27 04:00:37', 'abde981c-2566-4974-9057-6ee825a5841e', '2023-12-27 04:00:37', 'abde981c-2566-4974-9057-6ee825a5841e', NULL, NULL),
	(29, '6781fbaa-2061-487e-a4a3-d3e15e7c632d', 'create', 'Created document request', 'App\\Models\\DocumentRequest', 47, NULL, 1, '2023-12-27 04:14:29', '961f5445-6293-48e5-b2be-207491741b50', '2023-12-27 04:14:29', '961f5445-6293-48e5-b2be-207491741b50', NULL, NULL),
	(30, '6781fbaa-2061-487e-a4a3-d3e15e7c632d', 'create', 'Created document request', 'App\\Models\\DocumentRequest', 48, NULL, 1, '2023-12-27 04:30:11', 'd4357e07-c2c3-4225-9102-883fc8d60055', '2023-12-27 04:30:11', 'd4357e07-c2c3-4225-9102-883fc8d60055', NULL, NULL),
	(31, '6781fbaa-2061-487e-a4a3-d3e15e7c632d', 'create', 'Created document request', 'App\\Models\\DocumentRequest', 49, NULL, 1, '2023-12-27 04:33:13', 'd4357e07-c2c3-4225-9102-883fc8d60055', '2023-12-27 04:33:13', 'd4357e07-c2c3-4225-9102-883fc8d60055', NULL, NULL),
	(32, '6781fbaa-2061-487e-a4a3-d3e15e7c632d', 'create', 'Created document request', 'App\\Models\\DocumentRequest', 50, NULL, 1, '2023-12-27 04:38:17', '46013dfb-1850-4cf9-a1fd-c91d1ca65af3', '2023-12-27 04:38:17', '46013dfb-1850-4cf9-a1fd-c91d1ca65af3', NULL, NULL),
	(33, '6781fbaa-2061-487e-a4a3-d3e15e7c632d', 'create', 'Created document request', 'App\\Models\\DocumentRequest', 51, NULL, 1, '2023-12-27 04:41:06', '46013dfb-1850-4cf9-a1fd-c91d1ca65af3', '2023-12-27 04:41:06', '46013dfb-1850-4cf9-a1fd-c91d1ca65af3', NULL, NULL),
	(34, '6781fbaa-2061-487e-a4a3-d3e15e7c632d', 'create', 'Created document request', 'App\\Models\\DocumentRequest', 52, NULL, 1, '2023-12-27 04:42:58', '46013dfb-1850-4cf9-a1fd-c91d1ca65af3', '2023-12-27 04:42:58', '46013dfb-1850-4cf9-a1fd-c91d1ca65af3', NULL, NULL),
	(35, '6781fbaa-2061-487e-a4a3-d3e15e7c632d', 'create', 'Created document request', 'App\\Models\\DocumentRequest', 53, NULL, 1, '2023-12-27 04:45:28', '46013dfb-1850-4cf9-a1fd-c91d1ca65af3', '2023-12-27 04:45:28', '46013dfb-1850-4cf9-a1fd-c91d1ca65af3', NULL, NULL),
	(37, '6781fbaa-2061-487e-a4a3-d3e15e7c632d', 'create', 'Created document request', 'App\\Models\\DocumentRequest', 55, NULL, 1, '2023-12-27 06:38:38', '649cc39b-fc5e-42f2-8b07-e30c2dd2cdf2', '2023-12-27 06:38:38', '649cc39b-fc5e-42f2-8b07-e30c2dd2cdf2', NULL, NULL),
	(40, '6781fbaa-2061-487e-a4a3-d3e15e7c632d', 'create', 'Created document request', 'App\\Models\\DocumentRequest', 59, NULL, 1, '2024-01-09 16:56:01', 'ad3d66ce-2290-4a58-a97d-64cd272cfb2d', '2024-01-09 16:56:01', 'ad3d66ce-2290-4a58-a97d-64cd272cfb2d', NULL, NULL),
	(41, '6781fbaa-2061-487e-a4a3-d3e15e7c632d', 'create', 'Created document request', 'App\\Models\\DocumentRequest', 61, NULL, 1, '2024-01-29 13:40:20', '5c9aec35-3c1e-4b43-aab1-1bd26b995464', '2024-01-29 13:40:20', '5c9aec35-3c1e-4b43-aab1-1bd26b995464', NULL, NULL),
	(42, '6781fbaa-2061-487e-a4a3-d3e15e7c632d', 'create', 'Created document request', 'App\\Models\\DocumentRequest', 62, NULL, 1, '2024-01-29 14:01:26', '5c9aec35-3c1e-4b43-aab1-1bd26b995464', '2024-01-29 14:01:26', '5c9aec35-3c1e-4b43-aab1-1bd26b995464', NULL, NULL),
	(43, '6781fbaa-2061-487e-a4a3-d3e15e7c632d', 'create', 'Created document request', 'App\\Models\\DocumentRequest', 63, NULL, 1, '2024-09-06 04:34:57', 'ff9eca97-e36d-4bb1-9885-c2ed9232e100', '2024-09-06 04:34:57', 'ff9eca97-e36d-4bb1-9885-c2ed9232e100', NULL, NULL),
	(44, '6781fbaa-2061-487e-a4a3-d3e15e7c632d', 'create', 'Created document request', 'App\\Models\\DocumentRequest', 64, NULL, 1, '2024-09-06 09:18:52', 'ff9eca97-e36d-4bb1-9885-c2ed9232e100', '2024-09-06 09:18:52', 'ff9eca97-e36d-4bb1-9885-c2ed9232e100', NULL, NULL);

-- Dumping structure for table cpdb.document_requests_progresses
CREATE TABLE IF NOT EXISTS `document_requests_progresses` (
  `id` bigint unsigned NOT NULL AUTO_INCREMENT,
  `document_request_id` bigint unsigned NOT NULL,
  `document_request_status_id` bigint unsigned NOT NULL,
  `display_remarks` text CHARACTER SET utf8mb4 COLLATE utf8mb4_unicode_ci,
  `internal_remarks` text CHARACTER SET utf8mb4 COLLATE utf8mb4_unicode_ci,
  `status` tinyint(1) NOT NULL DEFAULT '1' COMMENT '0/1 - inactive/active',
  `created_at` timestamp NOT NULL DEFAULT CURRENT_TIMESTAMP ON UPDATE CURRENT_TIMESTAMP,
  `created_by` char(36) CHARACTER SET utf8mb4 COLLATE utf8mb4_unicode_ci DEFAULT NULL,
  `updated_at` timestamp NULL DEFAULT NULL,
  `updated_by` char(36) CHARACTER SET utf8mb4 COLLATE utf8mb4_unicode_ci DEFAULT NULL,
  `deleted_at` timestamp NULL DEFAULT NULL,
  `deleted_by` char(36) CHARACTER SET utf8mb4 COLLATE utf8mb4_unicode_ci DEFAULT NULL,
  PRIMARY KEY (`id`),
  KEY `document_requests_progresses_document_requests_FK` (`document_request_id`),
  KEY `document_requests_progresses_document_requests_statuses_FK` (`document_request_status_id`),
  CONSTRAINT `document_requests_progresses_document_requests_FK` FOREIGN KEY (`document_request_id`) REFERENCES `document_requests` (`id`),
  CONSTRAINT `document_requests_progresses_document_requests_statuses_FK` FOREIGN KEY (`document_request_status_id`) REFERENCES `document_requests_statuses` (`id`)
) ENGINE=InnoDB AUTO_INCREMENT=45 DEFAULT CHARSET=utf8mb4 COLLATE=utf8mb4_unicode_ci;

-- Dumping data for table cpdb.document_requests_progresses: ~32 rows (approximately)
INSERT INTO `document_requests_progresses` (`id`, `document_request_id`, `document_request_status_id`, `display_remarks`, `internal_remarks`, `status`, `created_at`, `created_by`, `updated_at`, `updated_by`, `deleted_at`, `deleted_by`) VALUES
	(1, 17, 2, NULL, NULL, 1, '2023-12-06 09:25:11', 'db80e024-b11c-4ca2-94f1-61965048061b', '2023-12-06 09:25:11', 'db80e024-b11c-4ca2-94f1-61965048061b', NULL, NULL),
	(11, 27, 2, NULL, NULL, 1, '2023-12-15 06:35:23', '64c63d37-4ac5-4756-a300-82b69451206a', '2023-12-15 06:35:23', '64c63d37-4ac5-4756-a300-82b69451206a', NULL, NULL),
	(12, 28, 2, NULL, NULL, 1, '2023-12-15 06:46:14', '64c63d37-4ac5-4756-a300-82b69451206a', '2023-12-15 06:46:14', '64c63d37-4ac5-4756-a300-82b69451206a', NULL, NULL),
	(13, 29, 2, NULL, NULL, 1, '2023-12-15 06:54:10', '64c63d37-4ac5-4756-a300-82b69451206a', '2023-12-15 06:54:10', '64c63d37-4ac5-4756-a300-82b69451206a', NULL, NULL),
	(14, 30, 2, NULL, NULL, 1, '2023-12-15 06:56:53', '64c63d37-4ac5-4756-a300-82b69451206a', '2023-12-15 06:56:53', '64c63d37-4ac5-4756-a300-82b69451206a', NULL, NULL),
	(15, 31, 2, NULL, NULL, 1, '2023-12-15 06:58:00', '64c63d37-4ac5-4756-a300-82b69451206a', '2023-12-15 06:58:00', '64c63d37-4ac5-4756-a300-82b69451206a', NULL, NULL),
	(16, 32, 2, NULL, NULL, 1, '2023-12-15 08:10:01', '64c63d37-4ac5-4756-a300-82b69451206a', '2023-12-15 08:10:01', '64c63d37-4ac5-4756-a300-82b69451206a', NULL, NULL),
	(17, 33, 2, NULL, NULL, 1, '2023-12-15 08:19:56', '64c63d37-4ac5-4756-a300-82b69451206a', '2023-12-15 08:19:56', '64c63d37-4ac5-4756-a300-82b69451206a', NULL, NULL),
	(18, 34, 2, NULL, NULL, 1, '2023-12-15 08:40:36', '64c63d37-4ac5-4756-a300-82b69451206a', '2023-12-15 08:40:36', '64c63d37-4ac5-4756-a300-82b69451206a', NULL, NULL),
	(19, 37, 2, NULL, NULL, 1, '2023-12-26 07:58:47', '2f10ffb2-304b-402d-9286-4d4b785874df', '2023-12-26 07:58:47', '2f10ffb2-304b-402d-9286-4d4b785874df', NULL, NULL),
	(20, 38, 3, NULL, NULL, 1, '2023-12-26 09:07:42', '2f10ffb2-304b-402d-9286-4d4b785874df', '2023-12-26 09:07:42', '2f10ffb2-304b-402d-9286-4d4b785874df', NULL, NULL),
	(21, 39, 3, NULL, NULL, 1, '2023-12-26 09:30:04', '2f10ffb2-304b-402d-9286-4d4b785874df', '2023-12-26 09:30:04', '2f10ffb2-304b-402d-9286-4d4b785874df', NULL, NULL),
	(22, 40, 2, NULL, NULL, 1, '2023-12-27 02:35:29', '555a0e93-456a-4fac-a046-8d46cdc168cb', '2023-12-27 02:35:29', '555a0e93-456a-4fac-a046-8d46cdc168cb', NULL, NULL),
	(23, 41, 2, NULL, NULL, 1, '2023-12-27 02:36:02', '555a0e93-456a-4fac-a046-8d46cdc168cb', '2023-12-27 02:36:02', '555a0e93-456a-4fac-a046-8d46cdc168cb', NULL, NULL),
	(24, 42, 2, NULL, NULL, 1, '2023-12-27 02:36:52', '555a0e93-456a-4fac-a046-8d46cdc168cb', '2023-12-27 02:36:52', '555a0e93-456a-4fac-a046-8d46cdc168cb', NULL, NULL),
	(25, 43, 2, NULL, NULL, 1, '2023-12-27 02:39:09', '555a0e93-456a-4fac-a046-8d46cdc168cb', '2023-12-27 02:39:09', '555a0e93-456a-4fac-a046-8d46cdc168cb', NULL, NULL),
	(26, 44, 2, NULL, NULL, 1, '2023-12-27 02:39:58', '555a0e93-456a-4fac-a046-8d46cdc168cb', '2023-12-27 02:39:58', '555a0e93-456a-4fac-a046-8d46cdc168cb', NULL, NULL),
	(27, 45, 2, NULL, NULL, 1, '2023-12-27 02:48:16', '555a0e93-456a-4fac-a046-8d46cdc168cb', '2023-12-27 02:48:16', '555a0e93-456a-4fac-a046-8d46cdc168cb', NULL, NULL),
	(28, 46, 2, NULL, NULL, 1, '2023-12-27 04:00:37', 'abde981c-2566-4974-9057-6ee825a5841e', '2023-12-27 04:00:37', 'abde981c-2566-4974-9057-6ee825a5841e', NULL, NULL),
	(29, 47, 2, NULL, NULL, 1, '2023-12-27 04:14:29', '961f5445-6293-48e5-b2be-207491741b50', '2023-12-27 04:14:29', '961f5445-6293-48e5-b2be-207491741b50', NULL, NULL),
	(30, 48, 2, NULL, NULL, 1, '2023-12-27 04:30:11', 'd4357e07-c2c3-4225-9102-883fc8d60055', '2023-12-27 04:30:11', 'd4357e07-c2c3-4225-9102-883fc8d60055', NULL, NULL),
	(31, 49, 2, NULL, NULL, 1, '2023-12-27 04:33:13', 'd4357e07-c2c3-4225-9102-883fc8d60055', '2023-12-27 04:33:13', 'd4357e07-c2c3-4225-9102-883fc8d60055', NULL, NULL),
	(32, 50, 2, NULL, NULL, 1, '2023-12-27 04:38:17', '46013dfb-1850-4cf9-a1fd-c91d1ca65af3', '2023-12-27 04:38:17', '46013dfb-1850-4cf9-a1fd-c91d1ca65af3', NULL, NULL),
	(33, 51, 2, NULL, NULL, 1, '2023-12-27 04:41:06', '46013dfb-1850-4cf9-a1fd-c91d1ca65af3', '2023-12-27 04:41:06', '46013dfb-1850-4cf9-a1fd-c91d1ca65af3', NULL, NULL),
	(34, 52, 2, NULL, NULL, 1, '2023-12-27 04:42:58', '46013dfb-1850-4cf9-a1fd-c91d1ca65af3', '2023-12-27 04:42:58', '46013dfb-1850-4cf9-a1fd-c91d1ca65af3', NULL, NULL),
	(35, 53, 2, NULL, NULL, 1, '2023-12-27 04:45:28', '46013dfb-1850-4cf9-a1fd-c91d1ca65af3', '2023-12-27 04:45:28', '46013dfb-1850-4cf9-a1fd-c91d1ca65af3', NULL, NULL),
	(37, 55, 2, NULL, NULL, 1, '2023-12-27 06:38:38', '649cc39b-fc5e-42f2-8b07-e30c2dd2cdf2', '2023-12-27 06:38:38', '649cc39b-fc5e-42f2-8b07-e30c2dd2cdf2', NULL, NULL),
	(40, 59, 3, NULL, NULL, 1, '2024-01-09 16:56:01', 'ad3d66ce-2290-4a58-a97d-64cd272cfb2d', '2024-01-09 16:56:01', 'ad3d66ce-2290-4a58-a97d-64cd272cfb2d', NULL, NULL),
	(41, 61, 2, NULL, NULL, 1, '2024-01-29 13:40:20', '5c9aec35-3c1e-4b43-aab1-1bd26b995464', '2024-01-29 13:40:20', '5c9aec35-3c1e-4b43-aab1-1bd26b995464', NULL, NULL),
	(42, 62, 2, NULL, NULL, 1, '2024-01-29 14:01:26', '5c9aec35-3c1e-4b43-aab1-1bd26b995464', '2024-01-29 14:01:26', '5c9aec35-3c1e-4b43-aab1-1bd26b995464', NULL, NULL),
	(43, 63, 2, NULL, NULL, 1, '2024-09-06 04:34:57', 'ff9eca97-e36d-4bb1-9885-c2ed9232e100', '2024-09-06 04:34:57', 'ff9eca97-e36d-4bb1-9885-c2ed9232e100', NULL, NULL),
	(44, 64, 2, NULL, NULL, 1, '2024-09-06 09:18:52', 'ff9eca97-e36d-4bb1-9885-c2ed9232e100', '2024-09-06 09:18:52', 'ff9eca97-e36d-4bb1-9885-c2ed9232e100', NULL, NULL);

-- Dumping structure for table cpdb.document_requests_rules
CREATE TABLE IF NOT EXISTS `document_requests_rules` (
  `id` bigint unsigned NOT NULL AUTO_INCREMENT,
  `document_request_id` bigint unsigned NOT NULL,
  `max_document_count` bigint NOT NULL DEFAULT '0' COMMENT '0=unlimited',
  `max_file_size_mb` bigint NOT NULL DEFAULT '0' COMMENT 'each file size limit in MB. 0=unlimited',
  `accepted_file_types` text CHARACTER SET utf8mb4 COLLATE utf8mb4_unicode_ci COMMENT 'null=anyfile. comma separated',
  `status` tinyint(1) NOT NULL DEFAULT '1' COMMENT '0/1 - inactive/active',
  `created_at` timestamp NOT NULL DEFAULT CURRENT_TIMESTAMP ON UPDATE CURRENT_TIMESTAMP,
  `created_by` char(36) CHARACTER SET utf8mb4 COLLATE utf8mb4_unicode_ci DEFAULT NULL,
  `updated_at` timestamp NULL DEFAULT NULL,
  `updated_by` char(36) CHARACTER SET utf8mb4 COLLATE utf8mb4_unicode_ci DEFAULT NULL,
  `deleted_at` timestamp NULL DEFAULT NULL,
  `deleted_by` char(36) CHARACTER SET utf8mb4 COLLATE utf8mb4_unicode_ci DEFAULT NULL,
  PRIMARY KEY (`id`),
  KEY `document_requests_rules_document_requests_FK` (`document_request_id`),
  CONSTRAINT `document_requests_rules_document_requests_FK` FOREIGN KEY (`document_request_id`) REFERENCES `document_requests` (`id`)
) ENGINE=InnoDB AUTO_INCREMENT=48 DEFAULT CHARSET=utf8mb4 COLLATE=utf8mb4_unicode_ci;

-- Dumping data for table cpdb.document_requests_rules: ~31 rows (approximately)
INSERT INTO `document_requests_rules` (`id`, `document_request_id`, `max_document_count`, `max_file_size_mb`, `accepted_file_types`, `status`, `created_at`, `created_by`, `updated_at`, `updated_by`, `deleted_at`, `deleted_by`) VALUES
	(10, 27, 20, 50, '[{"selected":true,"disabled":false,"text":".pdf","id":"24","title":"","_resultId":"select2-dm-request-fileext-result-sfif-24","element":{}},{"selected":true,"disabled":false,"text":".xls","id":"27","title":"","_resultId":"select2-dm-request-fileext-result-4pgp-27","element":{}},{"selected":true,"disabled":false,"text":".xlsx","id":"28","title":"","_resultId":"select2-dm-request-fileext-result-ps4v-28","element":{}}]', 1, '2023-12-15 06:35:23', '64c63d37-4ac5-4756-a300-82b69451206a', '2023-12-15 06:35:23', '64c63d37-4ac5-4756-a300-82b69451206a', NULL, NULL),
	(11, 28, 3, 10, '["19","21","27","28"]', 1, '2023-12-15 06:46:14', '64c63d37-4ac5-4756-a300-82b69451206a', '2023-12-15 06:46:14', '64c63d37-4ac5-4756-a300-82b69451206a', NULL, NULL),
	(12, 29, 3, 10, '["19","21","27","28"]', 1, '2023-12-15 06:54:10', '64c63d37-4ac5-4756-a300-82b69451206a', '2023-12-15 06:54:10', '64c63d37-4ac5-4756-a300-82b69451206a', NULL, NULL),
	(13, 30, 1, 20, '["19","21","22","23","24","27"]', 1, '2023-12-15 06:56:53', '64c63d37-4ac5-4756-a300-82b69451206a', '2023-12-15 06:56:53', '64c63d37-4ac5-4756-a300-82b69451206a', NULL, NULL),
	(14, 31, 1, 20, '["19","21","22","23","24","27"]', 1, '2023-12-15 06:57:59', '64c63d37-4ac5-4756-a300-82b69451206a', '2023-12-15 06:57:59', '64c63d37-4ac5-4756-a300-82b69451206a', NULL, NULL),
	(15, 32, 0, 0, '["5","10","11","12","14","19","21","22","23","24","27","28"]', 1, '2023-12-15 08:10:01', '64c63d37-4ac5-4756-a300-82b69451206a', '2023-12-15 08:10:01', '64c63d37-4ac5-4756-a300-82b69451206a', NULL, NULL),
	(16, 33, 0, 0, '["5","10","11","12","14","19","21","22","23","24","27","28"]', 1, '2023-12-15 08:19:56', '64c63d37-4ac5-4756-a300-82b69451206a', '2023-12-15 08:19:56', '64c63d37-4ac5-4756-a300-82b69451206a', NULL, NULL),
	(17, 34, 3, 5, '["5","10","11","12","14","19","21","22","23","24","27","28"]', 1, '2023-12-15 08:40:33', '64c63d37-4ac5-4756-a300-82b69451206a', '2023-12-15 08:40:33', '64c63d37-4ac5-4756-a300-82b69451206a', NULL, NULL),
	(20, 37, 2, 10, '["27","28"]', 1, '2023-12-26 07:58:44', '2f10ffb2-304b-402d-9286-4d4b785874df', '2023-12-26 07:58:44', '2f10ffb2-304b-402d-9286-4d4b785874df', NULL, NULL),
	(21, 38, 1, 50, '["22","23","24"]', 1, '2023-12-26 09:07:41', '2f10ffb2-304b-402d-9286-4d4b785874df', '2023-12-26 09:07:41', '2f10ffb2-304b-402d-9286-4d4b785874df', NULL, NULL),
	(22, 39, 3, 50, '["22","23","24","27","28"]', 1, '2023-12-26 09:30:03', '2f10ffb2-304b-402d-9286-4d4b785874df', '2023-12-26 09:30:03', '2f10ffb2-304b-402d-9286-4d4b785874df', NULL, NULL),
	(23, 40, 0, 0, '["5","10","11","12","14","19","21","22","23","24","27","28"]', 1, '2023-12-27 02:35:29', '555a0e93-456a-4fac-a046-8d46cdc168cb', '2023-12-27 02:35:29', '555a0e93-456a-4fac-a046-8d46cdc168cb', NULL, NULL),
	(24, 41, 0, 0, '["5","10","11","12","14","19","21","22","23","24","27","28"]', 1, '2023-12-27 02:36:02', '555a0e93-456a-4fac-a046-8d46cdc168cb', '2023-12-27 02:36:02', '555a0e93-456a-4fac-a046-8d46cdc168cb', NULL, NULL),
	(25, 42, 0, 0, '["5","10","11","12","14","19","21","22","23","24","27","28"]', 1, '2023-12-27 02:36:52', '555a0e93-456a-4fac-a046-8d46cdc168cb', '2023-12-27 02:36:52', '555a0e93-456a-4fac-a046-8d46cdc168cb', NULL, NULL),
	(26, 43, 0, 0, '["5","10","11","12","14","19","21","22","23","24","27","28"]', 1, '2023-12-27 02:39:09', '555a0e93-456a-4fac-a046-8d46cdc168cb', '2023-12-27 02:39:09', '555a0e93-456a-4fac-a046-8d46cdc168cb', NULL, NULL),
	(27, 44, 0, 0, '["5","10","11","12","14","19","21","22","23","24","27","28"]', 1, '2023-12-27 02:39:58', '555a0e93-456a-4fac-a046-8d46cdc168cb', '2023-12-27 02:39:58', '555a0e93-456a-4fac-a046-8d46cdc168cb', NULL, NULL),
	(28, 45, 0, 0, '["5","10","11","12","14","19","21","22","23","24","27","28"]', 1, '2023-12-27 02:48:16', '555a0e93-456a-4fac-a046-8d46cdc168cb', '2023-12-27 02:48:16', '555a0e93-456a-4fac-a046-8d46cdc168cb', NULL, NULL),
	(29, 46, 0, 0, '["5","10","11","12","14","19","21","22","23","24","27","28"]', 1, '2023-12-27 04:00:37', 'abde981c-2566-4974-9057-6ee825a5841e', '2023-12-27 04:00:37', 'abde981c-2566-4974-9057-6ee825a5841e', NULL, NULL),
	(30, 47, 0, 0, '["5","10","11","12","14","19","21","22","23","24","27","28"]', 1, '2023-12-27 04:14:29', '961f5445-6293-48e5-b2be-207491741b50', '2023-12-27 04:14:29', '961f5445-6293-48e5-b2be-207491741b50', NULL, NULL),
	(31, 48, 0, 0, '["5","10","11","12","14","19","21","22","23","24","27","28"]', 1, '2023-12-27 04:30:11', 'd4357e07-c2c3-4225-9102-883fc8d60055', '2023-12-27 04:30:11', 'd4357e07-c2c3-4225-9102-883fc8d60055', NULL, NULL),
	(32, 49, 0, 0, '["5","10","11","12","14","19","21","22","23","24","27","28"]', 1, '2023-12-27 04:33:13', 'd4357e07-c2c3-4225-9102-883fc8d60055', '2023-12-27 04:33:13', 'd4357e07-c2c3-4225-9102-883fc8d60055', NULL, NULL),
	(33, 50, 0, 0, '["5","10","11","12","14","19","21","22","23","24","27","28"]', 1, '2023-12-27 04:38:17', '46013dfb-1850-4cf9-a1fd-c91d1ca65af3', '2023-12-27 04:38:17', '46013dfb-1850-4cf9-a1fd-c91d1ca65af3', NULL, NULL),
	(34, 51, 0, 0, '["5","10","11","12","14","19","21","22","23","24","27","28"]', 1, '2023-12-27 04:41:06', '46013dfb-1850-4cf9-a1fd-c91d1ca65af3', '2023-12-27 04:41:06', '46013dfb-1850-4cf9-a1fd-c91d1ca65af3', NULL, NULL),
	(35, 52, 0, 0, '["5","10","11","12","14","19","21","22","23","24","27","28"]', 1, '2023-12-27 04:42:58', '46013dfb-1850-4cf9-a1fd-c91d1ca65af3', '2023-12-27 04:42:58', '46013dfb-1850-4cf9-a1fd-c91d1ca65af3', NULL, NULL),
	(36, 53, 0, 0, '["5","10","11","12","14","19","21","22","23","24","27","28"]', 1, '2023-12-27 04:45:28', '46013dfb-1850-4cf9-a1fd-c91d1ca65af3', '2023-12-27 04:45:28', '46013dfb-1850-4cf9-a1fd-c91d1ca65af3', NULL, NULL),
	(38, 55, 5, 20, '["22","23","24"]', 1, '2023-12-27 06:38:36', '649cc39b-fc5e-42f2-8b07-e30c2dd2cdf2', '2023-12-27 06:38:36', '649cc39b-fc5e-42f2-8b07-e30c2dd2cdf2', NULL, NULL),
	(42, 59, 1, 4, '["19","27","28"]', 1, '2024-01-09 16:56:00', 'ad3d66ce-2290-4a58-a97d-64cd272cfb2d', '2024-01-09 16:56:00', 'ad3d66ce-2290-4a58-a97d-64cd272cfb2d', NULL, NULL),
	(44, 61, 1, 100, '["5"]', 1, '2024-01-29 13:40:19', '5c9aec35-3c1e-4b43-aab1-1bd26b995464', '2024-01-29 13:40:19', '5c9aec35-3c1e-4b43-aab1-1bd26b995464', NULL, NULL),
	(45, 62, 0, 0, '["5","10","11","12","14","19","21","22","23","24","27","28"]', 1, '2024-01-29 14:01:25', '5c9aec35-3c1e-4b43-aab1-1bd26b995464', '2024-01-29 14:01:25', '5c9aec35-3c1e-4b43-aab1-1bd26b995464', NULL, NULL),
	(46, 63, 0, 0, '["5","10","11","12","14","19","21","22","23","24","27","28"]', 1, '2024-09-06 04:34:56', 'ff9eca97-e36d-4bb1-9885-c2ed9232e100', '2024-09-06 04:34:56', 'ff9eca97-e36d-4bb1-9885-c2ed9232e100', NULL, NULL),
	(47, 64, 0, 0, '["5","10","11","12","14","19","21","22","23","24","27","28"]', 1, '2024-09-06 09:18:50', 'ff9eca97-e36d-4bb1-9885-c2ed9232e100', '2024-09-06 09:18:50', 'ff9eca97-e36d-4bb1-9885-c2ed9232e100', NULL, NULL);

-- Dumping structure for table cpdb.document_requests_statuses
CREATE TABLE IF NOT EXISTS `document_requests_statuses` (
  `id` bigint unsigned NOT NULL AUTO_INCREMENT,
  `viewable_by_type_ids` text CHARACTER SET utf8mb4 COLLATE utf8mb4_unicode_ci NOT NULL COMMENT 'comma separated',
  `code` varchar(8) CHARACTER SET utf8mb4 COLLATE utf8mb4_unicode_ci NOT NULL,
  `name` varchar(191) CHARACTER SET utf8mb4 COLLATE utf8mb4_unicode_ci NOT NULL,
  `to_label` varchar(191) CHARACTER SET utf8mb4 COLLATE utf8mb4_unicode_ci NOT NULL,
  `description` varchar(191) CHARACTER SET utf8mb4 COLLATE utf8mb4_unicode_ci DEFAULT NULL,
  `next_req_approval` tinyint(1) NOT NULL DEFAULT '0',
  `status` tinyint(1) NOT NULL DEFAULT '1' COMMENT '0/1 - inactive/active',
  `created_at` timestamp NOT NULL DEFAULT CURRENT_TIMESTAMP ON UPDATE CURRENT_TIMESTAMP,
  `created_by` char(36) CHARACTER SET utf8mb4 COLLATE utf8mb4_unicode_ci DEFAULT NULL,
  `updated_at` timestamp NULL DEFAULT NULL,
  `updated_by` char(36) CHARACTER SET utf8mb4 COLLATE utf8mb4_unicode_ci DEFAULT NULL,
  `deleted_at` timestamp NULL DEFAULT NULL,
  `deleted_by` char(36) CHARACTER SET utf8mb4 COLLATE utf8mb4_unicode_ci DEFAULT NULL,
  PRIMARY KEY (`id`)
) ENGINE=InnoDB AUTO_INCREMENT=10 DEFAULT CHARSET=utf8mb4 COLLATE=utf8mb4_unicode_ci;

-- Dumping data for table cpdb.document_requests_statuses: ~9 rows (approximately)
INSERT INTO `document_requests_statuses` (`id`, `viewable_by_type_ids`, `code`, `name`, `to_label`, `description`, `next_req_approval`, `status`, `created_at`, `created_by`, `updated_at`, `updated_by`, `deleted_at`, `deleted_by`) VALUES
	(1, '1', 'DT', 'Draft', 'Create', NULL, 0, 1, '2023-11-15 03:23:09', NULL, '2023-11-15 03:23:09', NULL, NULL, NULL),
	(2, '1', 'RD', 'Requested', 'Submit', NULL, 1, 1, '2023-11-15 03:23:09', NULL, '2023-11-15 03:23:09', NULL, NULL, NULL),
	(3, '1,2', 'IP', 'In Progress', 'Approve', NULL, 0, 1, '2023-11-15 03:23:09', NULL, '2023-11-15 03:23:09', NULL, NULL, NULL),
	(4, '1,2', 'OH', 'On Hold', 'Put on hold', NULL, 0, 1, '2023-11-15 03:23:09', NULL, '2023-11-15 03:23:09', NULL, NULL, NULL),
	(5, '1,2', 'WD', 'Withdrawn', 'Cancel', NULL, 0, 1, '2023-11-15 03:23:09', NULL, '2023-11-15 03:23:09', NULL, NULL, NULL),
	(6, '1,2', 'CD', 'Completed', 'Close', NULL, 1, 1, '2023-11-15 03:23:09', NULL, '2023-11-15 03:23:09', NULL, NULL, NULL),
	(7, '1,2', 'AD', 'Archived', 'Archive', NULL, 0, 1, '2023-11-15 03:23:09', NULL, '2023-11-15 03:23:09', NULL, NULL, NULL),
	(8, '1', 'RD', 'Rejected', 'Reject', NULL, 0, 1, '2023-11-15 03:23:09', NULL, '2023-11-15 03:23:09', NULL, NULL, NULL),
	(9, '1', 'DD', 'Discarded', 'Delete', 'Deleted', 0, 1, '2023-11-15 03:23:09', NULL, '2023-11-15 03:23:09', NULL, NULL, NULL);

-- Dumping structure for table cpdb.document_requests_statuses_approvers
CREATE TABLE IF NOT EXISTS `document_requests_statuses_approvers` (
  `id` bigint unsigned NOT NULL AUTO_INCREMENT,
  `document_request_status_id` bigint unsigned NOT NULL,
  `role_ids` text CHARACTER SET utf8mb4 COLLATE utf8mb4_unicode_ci NOT NULL,
  `status` tinyint(1) NOT NULL DEFAULT '1' COMMENT '0/1 - inactive/active',
  `created_at` timestamp NOT NULL DEFAULT CURRENT_TIMESTAMP ON UPDATE CURRENT_TIMESTAMP,
  `created_by` char(36) CHARACTER SET utf8mb4 COLLATE utf8mb4_unicode_ci DEFAULT NULL,
  `updated_at` timestamp NULL DEFAULT NULL,
  `updated_by` char(36) CHARACTER SET utf8mb4 COLLATE utf8mb4_unicode_ci DEFAULT NULL,
  `deleted_at` timestamp NULL DEFAULT NULL,
  `deleted_by` char(36) CHARACTER SET utf8mb4 COLLATE utf8mb4_unicode_ci DEFAULT NULL,
  PRIMARY KEY (`id`),
  KEY `doc_requests_statuses_approvers_doc_requests_statuses_FK` (`document_request_status_id`),
  CONSTRAINT `doc_requests_statuses_approvers_doc_requests_statuses_FK` FOREIGN KEY (`document_request_status_id`) REFERENCES `document_requests_statuses` (`id`)
) ENGINE=InnoDB AUTO_INCREMENT=3 DEFAULT CHARSET=utf8mb4 COLLATE=utf8mb4_unicode_ci;

-- Dumping data for table cpdb.document_requests_statuses_approvers: ~2 rows (approximately)
INSERT INTO `document_requests_statuses_approvers` (`id`, `document_request_status_id`, `role_ids`, `status`, `created_at`, `created_by`, `updated_at`, `updated_by`, `deleted_at`, `deleted_by`) VALUES
	(1, 2, '[7,1],[7,1]', 1, '2023-11-15 06:33:09', NULL, '2023-11-15 06:33:09', NULL, NULL, NULL),
	(2, 6, '[7]', 1, '2023-11-15 06:33:09', NULL, '2023-11-15 06:33:09', NULL, NULL, NULL);

-- Dumping structure for table cpdb.document_requests_users
CREATE TABLE IF NOT EXISTS `document_requests_users` (
  `id` bigint unsigned NOT NULL AUTO_INCREMENT,
  `document_request_id` bigint unsigned NOT NULL,
  `document_request_user_type_id` bigint unsigned NOT NULL,
  `user_id` char(36) CHARACTER SET utf8mb4 COLLATE utf8mb4_unicode_ci NOT NULL,
  `status` tinyint(1) NOT NULL DEFAULT '1' COMMENT '0/1 - inactive/active',
  `created_at` timestamp NOT NULL DEFAULT CURRENT_TIMESTAMP ON UPDATE CURRENT_TIMESTAMP,
  `created_by` char(36) CHARACTER SET utf8mb4 COLLATE utf8mb4_unicode_ci DEFAULT NULL,
  `updated_at` timestamp NULL DEFAULT NULL,
  `updated_by` char(36) CHARACTER SET utf8mb4 COLLATE utf8mb4_unicode_ci DEFAULT NULL,
  `deleted_at` timestamp NULL DEFAULT NULL,
  `deleted_by` char(36) CHARACTER SET utf8mb4 COLLATE utf8mb4_unicode_ci DEFAULT NULL,
  PRIMARY KEY (`id`),
  KEY `document_requests_users_document_requests_FK` (`document_request_id`),
  KEY `document_requests_users_document_requests_users_types_FK` (`document_request_user_type_id`),
  CONSTRAINT `document_requests_users_document_requests_FK` FOREIGN KEY (`document_request_id`) REFERENCES `document_requests` (`id`),
  CONSTRAINT `document_requests_users_document_requests_users_types_FK` FOREIGN KEY (`document_request_user_type_id`) REFERENCES `document_requests_users_types` (`id`)
) ENGINE=InnoDB AUTO_INCREMENT=131 DEFAULT CHARSET=utf8mb4 COLLATE=utf8mb4_unicode_ci;

-- Dumping data for table cpdb.document_requests_users: ~110 rows (approximately)
INSERT INTO `document_requests_users` (`id`, `document_request_id`, `document_request_user_type_id`, `user_id`, `status`, `created_at`, `created_by`, `updated_at`, `updated_by`, `deleted_at`, `deleted_by`) VALUES
	(7, 27, 1, 'f736ec71-fece-4850-80f5-9addff6d85e7', 1, '2023-12-15 06:35:26', NULL, '2023-12-15 06:35:26', NULL, NULL, NULL),
	(8, 27, 1, '414b5b83-cc63-4eb9-befa-20af6a1f0d3c', 1, '2023-12-15 06:35:26', NULL, '2023-12-15 06:35:26', NULL, NULL, NULL),
	(9, 27, 1, '6781fbaa-2061-487e-a4a3-d3e15e7c632d', 1, '2023-12-15 06:35:26', NULL, '2023-12-15 06:35:26', NULL, NULL, NULL),
	(10, 27, 2, '6781fbaa-2061-487e-a4a3-d3e15e7c632d', 1, '2023-12-15 06:35:26', NULL, '2023-12-15 06:35:26', NULL, NULL, NULL),
	(11, 28, 1, 'f736ec71-fece-4850-80f5-9addff6d85e7', 1, '2023-12-15 06:46:14', NULL, '2023-12-15 06:46:14', NULL, NULL, NULL),
	(12, 28, 1, '414b5b83-cc63-4eb9-befa-20af6a1f0d3c', 1, '2023-12-15 06:46:14', NULL, '2023-12-15 06:46:14', NULL, NULL, NULL),
	(13, 28, 1, '6781fbaa-2061-487e-a4a3-d3e15e7c632d', 1, '2023-12-15 06:46:14', NULL, '2023-12-15 06:46:14', NULL, NULL, NULL),
	(14, 28, 2, '6781fbaa-2061-487e-a4a3-d3e15e7c632d', 1, '2023-12-15 06:46:14', NULL, '2023-12-15 06:46:14', NULL, NULL, NULL),
	(15, 29, 1, 'f736ec71-fece-4850-80f5-9addff6d85e7', 1, '2023-12-15 06:54:10', NULL, '2023-12-15 06:54:10', NULL, NULL, NULL),
	(16, 29, 1, '414b5b83-cc63-4eb9-befa-20af6a1f0d3c', 1, '2023-12-15 06:54:10', NULL, '2023-12-15 06:54:10', NULL, NULL, NULL),
	(17, 29, 1, '6781fbaa-2061-487e-a4a3-d3e15e7c632d', 1, '2023-12-15 06:54:10', NULL, '2023-12-15 06:54:10', NULL, NULL, NULL),
	(18, 29, 2, '6781fbaa-2061-487e-a4a3-d3e15e7c632d', 1, '2023-12-15 06:54:10', NULL, '2023-12-15 06:54:10', NULL, NULL, NULL),
	(19, 30, 1, '414b5b83-cc63-4eb9-befa-20af6a1f0d3c', 1, '2023-12-15 06:56:53', NULL, '2023-12-15 06:56:53', NULL, NULL, NULL),
	(20, 30, 1, '6781fbaa-2061-487e-a4a3-d3e15e7c632d', 1, '2023-12-15 06:56:53', NULL, '2023-12-15 06:56:53', NULL, NULL, NULL),
	(21, 30, 2, '6781fbaa-2061-487e-a4a3-d3e15e7c632d', 1, '2023-12-15 06:56:53', NULL, '2023-12-15 06:56:53', NULL, NULL, NULL),
	(22, 30, 2, 'e7f4da85-6de5-49d7-afcc-cd5f3047e59e', 1, '2023-12-15 06:56:53', NULL, '2023-12-15 06:56:53', NULL, NULL, NULL),
	(23, 31, 1, '414b5b83-cc63-4eb9-befa-20af6a1f0d3c', 1, '2023-12-15 06:58:00', NULL, '2023-12-15 06:58:00', NULL, NULL, NULL),
	(24, 31, 1, '6781fbaa-2061-487e-a4a3-d3e15e7c632d', 1, '2023-12-15 06:58:00', NULL, '2023-12-15 06:58:00', NULL, NULL, NULL),
	(25, 31, 2, '6781fbaa-2061-487e-a4a3-d3e15e7c632d', 1, '2023-12-15 06:58:00', NULL, '2023-12-15 06:58:00', NULL, NULL, NULL),
	(26, 31, 2, 'e7f4da85-6de5-49d7-afcc-cd5f3047e59e', 1, '2023-12-15 06:58:00', NULL, '2023-12-15 06:58:00', NULL, NULL, NULL),
	(27, 32, 1, '6781fbaa-2061-487e-a4a3-d3e15e7c632d', 1, '2023-12-15 08:10:01', NULL, '2023-12-15 08:10:01', NULL, NULL, NULL),
	(28, 32, 2, '6781fbaa-2061-487e-a4a3-d3e15e7c632d', 1, '2023-12-15 08:10:01', NULL, '2023-12-15 08:10:01', NULL, NULL, NULL),
	(29, 33, 1, '6781fbaa-2061-487e-a4a3-d3e15e7c632d', 1, '2023-12-15 08:19:56', NULL, '2023-12-15 08:19:56', NULL, NULL, NULL),
	(30, 33, 2, '6781fbaa-2061-487e-a4a3-d3e15e7c632d', 1, '2023-12-15 08:19:56', NULL, '2023-12-15 08:19:56', NULL, NULL, NULL),
	(31, 34, 1, '414b5b83-cc63-4eb9-befa-20af6a1f0d3c', 1, '2023-12-15 08:40:36', NULL, '2023-12-15 08:40:36', NULL, NULL, NULL),
	(32, 34, 1, '6781fbaa-2061-487e-a4a3-d3e15e7c632d', 1, '2023-12-15 08:40:36', NULL, '2023-12-15 08:40:36', NULL, NULL, NULL),
	(33, 34, 2, '6781fbaa-2061-487e-a4a3-d3e15e7c632d', 1, '2023-12-15 08:40:36', NULL, '2023-12-15 08:40:36', NULL, NULL, NULL),
	(34, 34, 2, 'e7f4da85-6de5-49d7-afcc-cd5f3047e59e', 1, '2023-12-15 08:40:36', NULL, '2023-12-15 08:40:36', NULL, NULL, NULL),
	(35, 37, 1, 'f736ec71-fece-4850-80f5-9addff6d85e7', 1, '2023-12-26 07:58:47', NULL, '2023-12-26 07:58:47', NULL, NULL, NULL),
	(36, 37, 1, '414b5b83-cc63-4eb9-befa-20af6a1f0d3c', 1, '2023-12-26 07:58:47', NULL, '2023-12-26 07:58:47', NULL, NULL, NULL),
	(37, 37, 1, '6781fbaa-2061-487e-a4a3-d3e15e7c632d', 1, '2023-12-26 07:58:47', NULL, '2023-12-26 07:58:47', NULL, NULL, NULL),
	(38, 37, 2, '6781fbaa-2061-487e-a4a3-d3e15e7c632d', 1, '2023-12-26 07:58:47', NULL, '2023-12-26 07:58:47', NULL, NULL, NULL),
	(39, 37, 2, '16e13786-77b2-4be5-b4f1-20d4d13b2041', 1, '2023-12-26 07:58:47', NULL, '2023-12-26 07:58:47', NULL, NULL, NULL),
	(40, 38, 1, 'f736ec71-fece-4850-80f5-9addff6d85e7', 1, '2023-12-26 09:07:42', NULL, '2023-12-26 09:07:42', NULL, NULL, NULL),
	(41, 38, 1, '6781fbaa-2061-487e-a4a3-d3e15e7c632d', 1, '2023-12-26 09:07:42', NULL, '2023-12-26 09:07:42', NULL, NULL, NULL),
	(42, 38, 2, '6781fbaa-2061-487e-a4a3-d3e15e7c632d', 1, '2023-12-26 09:07:42', NULL, '2023-12-26 09:07:42', NULL, NULL, NULL),
	(43, 38, 2, '16e13786-77b2-4be5-b4f1-20d4d13b2041', 1, '2023-12-26 09:07:42', NULL, '2023-12-26 09:07:42', NULL, NULL, NULL),
	(44, 39, 1, 'f736ec71-fece-4850-80f5-9addff6d85e7', 1, '2023-12-26 09:30:04', NULL, '2023-12-26 09:30:04', NULL, NULL, NULL),
	(45, 39, 1, '6781fbaa-2061-487e-a4a3-d3e15e7c632d', 1, '2023-12-26 09:30:04', NULL, '2023-12-26 09:30:04', NULL, NULL, NULL),
	(46, 39, 2, '6781fbaa-2061-487e-a4a3-d3e15e7c632d', 1, '2023-12-26 09:30:04', NULL, '2023-12-26 09:30:04', NULL, NULL, NULL),
	(47, 39, 2, '16e13786-77b2-4be5-b4f1-20d4d13b2041', 1, '2023-12-26 09:30:04', NULL, '2023-12-26 09:30:04', NULL, NULL, NULL),
	(48, 40, 1, 'f736ec71-fece-4850-80f5-9addff6d85e7', 1, '2023-12-27 02:35:29', NULL, '2023-12-27 02:35:29', NULL, NULL, NULL),
	(49, 40, 1, '6781fbaa-2061-487e-a4a3-d3e15e7c632d', 1, '2023-12-27 02:35:29', NULL, '2023-12-27 02:35:29', NULL, NULL, NULL),
	(50, 40, 2, '6781fbaa-2061-487e-a4a3-d3e15e7c632d', 1, '2023-12-27 02:35:29', NULL, '2023-12-27 02:35:29', NULL, NULL, NULL),
	(51, 41, 1, 'f736ec71-fece-4850-80f5-9addff6d85e7', 1, '2023-12-27 02:36:02', NULL, '2023-12-27 02:36:02', NULL, NULL, NULL),
	(52, 41, 1, '6781fbaa-2061-487e-a4a3-d3e15e7c632d', 1, '2023-12-27 02:36:02', NULL, '2023-12-27 02:36:02', NULL, NULL, NULL),
	(53, 41, 2, '6781fbaa-2061-487e-a4a3-d3e15e7c632d', 1, '2023-12-27 02:36:02', NULL, '2023-12-27 02:36:02', NULL, NULL, NULL),
	(54, 42, 1, 'f736ec71-fece-4850-80f5-9addff6d85e7', 1, '2023-12-27 02:36:52', NULL, '2023-12-27 02:36:52', NULL, NULL, NULL),
	(55, 42, 1, '6781fbaa-2061-487e-a4a3-d3e15e7c632d', 1, '2023-12-27 02:36:52', NULL, '2023-12-27 02:36:52', NULL, NULL, NULL),
	(56, 42, 2, '6781fbaa-2061-487e-a4a3-d3e15e7c632d', 1, '2023-12-27 02:36:52', NULL, '2023-12-27 02:36:52', NULL, NULL, NULL),
	(57, 43, 1, 'f736ec71-fece-4850-80f5-9addff6d85e7', 1, '2023-12-27 02:39:09', NULL, '2023-12-27 02:39:09', NULL, NULL, NULL),
	(58, 43, 1, '6781fbaa-2061-487e-a4a3-d3e15e7c632d', 1, '2023-12-27 02:39:09', NULL, '2023-12-27 02:39:09', NULL, NULL, NULL),
	(59, 43, 2, '6781fbaa-2061-487e-a4a3-d3e15e7c632d', 1, '2023-12-27 02:39:09', NULL, '2023-12-27 02:39:09', NULL, NULL, NULL),
	(60, 43, 2, 'e7f4da85-6de5-49d7-afcc-cd5f3047e59e', 1, '2023-12-27 02:39:09', NULL, '2023-12-27 02:39:09', NULL, NULL, NULL),
	(61, 44, 1, 'f736ec71-fece-4850-80f5-9addff6d85e7', 1, '2023-12-27 02:39:58', NULL, '2023-12-27 02:39:58', NULL, NULL, NULL),
	(62, 44, 1, '6781fbaa-2061-487e-a4a3-d3e15e7c632d', 1, '2023-12-27 02:39:58', NULL, '2023-12-27 02:39:58', NULL, NULL, NULL),
	(63, 44, 2, '6781fbaa-2061-487e-a4a3-d3e15e7c632d', 1, '2023-12-27 02:39:58', NULL, '2023-12-27 02:39:58', NULL, NULL, NULL),
	(64, 44, 2, 'e7f4da85-6de5-49d7-afcc-cd5f3047e59e', 1, '2023-12-27 02:39:58', NULL, '2023-12-27 02:39:58', NULL, NULL, NULL),
	(65, 45, 1, '6781fbaa-2061-487e-a4a3-d3e15e7c632d', 1, '2023-12-27 02:48:16', NULL, '2023-12-27 02:48:16', NULL, NULL, NULL),
	(66, 45, 2, '6781fbaa-2061-487e-a4a3-d3e15e7c632d', 1, '2023-12-27 02:48:16', NULL, '2023-12-27 02:48:16', NULL, NULL, NULL),
	(67, 46, 1, 'f736ec71-fece-4850-80f5-9addff6d85e7', 1, '2023-12-27 04:00:37', NULL, '2023-12-27 04:00:37', NULL, NULL, NULL),
	(68, 46, 1, '6781fbaa-2061-487e-a4a3-d3e15e7c632d', 1, '2023-12-27 04:00:37', NULL, '2023-12-27 04:00:37', NULL, NULL, NULL),
	(69, 46, 2, '6781fbaa-2061-487e-a4a3-d3e15e7c632d', 1, '2023-12-27 04:00:37', NULL, '2023-12-27 04:00:37', NULL, NULL, NULL),
	(70, 46, 2, '16e13786-77b2-4be5-b4f1-20d4d13b2041', 1, '2023-12-27 04:00:37', NULL, '2023-12-27 04:00:37', NULL, NULL, NULL),
	(71, 47, 1, '6781fbaa-2061-487e-a4a3-d3e15e7c632d', 1, '2023-12-27 04:14:29', NULL, '2023-12-27 04:14:29', NULL, NULL, NULL),
	(72, 47, 2, '6781fbaa-2061-487e-a4a3-d3e15e7c632d', 1, '2023-12-27 04:14:29', NULL, '2023-12-27 04:14:29', NULL, NULL, NULL),
	(73, 47, 2, 'e7f4da85-6de5-49d7-afcc-cd5f3047e59e', 1, '2023-12-27 04:14:29', NULL, '2023-12-27 04:14:29', NULL, NULL, NULL),
	(74, 48, 1, '6781fbaa-2061-487e-a4a3-d3e15e7c632d', 1, '2023-12-27 04:30:11', NULL, '2023-12-27 04:30:11', NULL, NULL, NULL),
	(75, 48, 2, '6781fbaa-2061-487e-a4a3-d3e15e7c632d', 1, '2023-12-27 04:30:12', NULL, '2023-12-27 04:30:12', NULL, NULL, NULL),
	(76, 48, 2, '16e13786-77b2-4be5-b4f1-20d4d13b2041', 1, '2023-12-27 04:30:12', NULL, '2023-12-27 04:30:12', NULL, NULL, NULL),
	(77, 49, 1, '6781fbaa-2061-487e-a4a3-d3e15e7c632d', 1, '2023-12-27 04:33:13', NULL, '2023-12-27 04:33:13', NULL, NULL, NULL),
	(78, 49, 2, '6781fbaa-2061-487e-a4a3-d3e15e7c632d', 1, '2023-12-27 04:33:13', NULL, '2023-12-27 04:33:13', NULL, NULL, NULL),
	(79, 49, 2, '16e13786-77b2-4be5-b4f1-20d4d13b2041', 1, '2023-12-27 04:33:13', NULL, '2023-12-27 04:33:13', NULL, NULL, NULL),
	(80, 50, 1, '6781fbaa-2061-487e-a4a3-d3e15e7c632d', 1, '2023-12-27 04:38:17', NULL, '2023-12-27 04:38:17', NULL, NULL, NULL),
	(81, 50, 2, '6781fbaa-2061-487e-a4a3-d3e15e7c632d', 1, '2023-12-27 04:38:17', NULL, '2023-12-27 04:38:17', NULL, NULL, NULL),
	(82, 50, 2, '16e13786-77b2-4be5-b4f1-20d4d13b2041', 1, '2023-12-27 04:38:17', NULL, '2023-12-27 04:38:17', NULL, NULL, NULL),
	(83, 51, 1, '6781fbaa-2061-487e-a4a3-d3e15e7c632d', 1, '2023-12-27 04:41:06', NULL, '2023-12-27 04:41:06', NULL, NULL, NULL),
	(84, 51, 2, '6781fbaa-2061-487e-a4a3-d3e15e7c632d', 1, '2023-12-27 04:41:06', NULL, '2023-12-27 04:41:06', NULL, NULL, NULL),
	(85, 51, 2, '16e13786-77b2-4be5-b4f1-20d4d13b2041', 1, '2023-12-27 04:41:06', NULL, '2023-12-27 04:41:06', NULL, NULL, NULL),
	(86, 52, 1, 'f736ec71-fece-4850-80f5-9addff6d85e7', 1, '2023-12-27 04:42:58', NULL, '2023-12-27 04:42:58', NULL, NULL, NULL),
	(87, 52, 1, '6781fbaa-2061-487e-a4a3-d3e15e7c632d', 1, '2023-12-27 04:42:58', NULL, '2023-12-27 04:42:58', NULL, NULL, NULL),
	(88, 52, 2, '6781fbaa-2061-487e-a4a3-d3e15e7c632d', 1, '2023-12-27 04:42:58', NULL, '2023-12-27 04:42:58', NULL, NULL, NULL),
	(89, 52, 2, 'e7f4da85-6de5-49d7-afcc-cd5f3047e59e', 1, '2023-12-27 04:42:58', NULL, '2023-12-27 04:42:58', NULL, NULL, NULL),
	(90, 53, 1, 'f736ec71-fece-4850-80f5-9addff6d85e7', 1, '2023-12-27 04:45:28', NULL, '2023-12-27 04:45:28', NULL, NULL, NULL),
	(91, 53, 1, '6781fbaa-2061-487e-a4a3-d3e15e7c632d', 1, '2023-12-27 04:45:28', NULL, '2023-12-27 04:45:28', NULL, NULL, NULL),
	(92, 53, 2, '6781fbaa-2061-487e-a4a3-d3e15e7c632d', 1, '2023-12-27 04:45:28', NULL, '2023-12-27 04:45:28', NULL, NULL, NULL),
	(93, 53, 2, 'e7f4da85-6de5-49d7-afcc-cd5f3047e59e', 1, '2023-12-27 04:45:28', NULL, '2023-12-27 04:45:28', NULL, NULL, NULL),
	(98, 55, 1, 'f736ec71-fece-4850-80f5-9addff6d85e7', 1, '2023-12-27 06:38:38', NULL, '2023-12-27 06:38:38', NULL, NULL, NULL),
	(99, 55, 1, '6781fbaa-2061-487e-a4a3-d3e15e7c632d', 1, '2023-12-27 06:38:38', NULL, '2023-12-27 06:38:38', NULL, NULL, NULL),
	(100, 55, 2, '6781fbaa-2061-487e-a4a3-d3e15e7c632d', 1, '2023-12-27 06:38:38', NULL, '2023-12-27 06:38:38', NULL, NULL, NULL),
	(101, 55, 2, '16e13786-77b2-4be5-b4f1-20d4d13b2041', 1, '2023-12-27 06:38:38', NULL, '2023-12-27 06:38:38', NULL, NULL, NULL),
	(112, 59, 1, 'f6944240-5650-4ea6-a1c5-33f1e9ea8f71', 1, '2024-01-09 16:56:03', NULL, '2024-01-09 16:56:03', NULL, NULL, NULL),
	(113, 59, 1, 'cb14d4d5-429d-41d6-bfd0-1c2b91516e52', 1, '2024-01-09 16:56:05', NULL, '2024-01-09 16:56:05', NULL, NULL, NULL),
	(114, 59, 1, '6781fbaa-2061-487e-a4a3-d3e15e7c632d', 1, '2024-01-09 16:56:05', NULL, '2024-01-09 16:56:05', NULL, NULL, NULL),
	(115, 59, 2, '6781fbaa-2061-487e-a4a3-d3e15e7c632d', 1, '2024-01-09 16:56:05', NULL, '2024-01-09 16:56:05', NULL, NULL, NULL),
	(116, 59, 2, '16e13786-77b2-4be5-b4f1-20d4d13b2041', 1, '2024-01-09 16:56:05', NULL, '2024-01-09 16:56:05', NULL, NULL, NULL),
	(117, 61, 1, 'f6944240-5650-4ea6-a1c5-33f1e9ea8f71', 1, '2024-01-29 13:40:20', NULL, '2024-01-29 13:40:20', NULL, NULL, NULL),
	(118, 61, 1, '30214982-c345-457e-bb9c-d5a47180c579', 1, '2024-01-29 13:40:22', NULL, '2024-01-29 13:40:22', NULL, NULL, NULL),
	(119, 61, 1, '6781fbaa-2061-487e-a4a3-d3e15e7c632d', 1, '2024-01-29 13:40:22', NULL, '2024-01-29 13:40:22', NULL, NULL, NULL),
	(120, 61, 2, '6781fbaa-2061-487e-a4a3-d3e15e7c632d', 1, '2024-01-29 13:40:22', NULL, '2024-01-29 13:40:22', NULL, NULL, NULL),
	(121, 62, 1, 'f6944240-5650-4ea6-a1c5-33f1e9ea8f71', 1, '2024-01-29 14:01:26', NULL, '2024-01-29 14:01:26', NULL, NULL, NULL),
	(122, 62, 1, '30214982-c345-457e-bb9c-d5a47180c579', 1, '2024-01-29 14:01:26', NULL, '2024-01-29 14:01:26', NULL, NULL, NULL),
	(123, 62, 1, '6781fbaa-2061-487e-a4a3-d3e15e7c632d', 1, '2024-01-29 14:01:26', NULL, '2024-01-29 14:01:26', NULL, NULL, NULL),
	(124, 62, 2, '6781fbaa-2061-487e-a4a3-d3e15e7c632d', 1, '2024-01-29 14:01:26', NULL, '2024-01-29 14:01:26', NULL, NULL, NULL),
	(125, 63, 1, 'f6944240-5650-4ea6-a1c5-33f1e9ea8f71', 1, '2024-09-06 04:34:57', NULL, '2024-09-06 04:34:57', NULL, NULL, NULL),
	(126, 63, 1, '6781fbaa-2061-487e-a4a3-d3e15e7c632d', 1, '2024-09-06 04:34:57', NULL, '2024-09-06 04:34:57', NULL, NULL, NULL),
	(127, 63, 2, '6781fbaa-2061-487e-a4a3-d3e15e7c632d', 1, '2024-09-06 04:34:57', NULL, '2024-09-06 04:34:57', NULL, NULL, NULL),
	(128, 64, 1, 'f6944240-5650-4ea6-a1c5-33f1e9ea8f71', 1, '2024-09-06 09:18:52', NULL, '2024-09-06 09:18:52', NULL, NULL, NULL),
	(129, 64, 1, '6781fbaa-2061-487e-a4a3-d3e15e7c632d', 1, '2024-09-06 09:18:52', NULL, '2024-09-06 09:18:52', NULL, NULL, NULL),
	(130, 64, 2, '6781fbaa-2061-487e-a4a3-d3e15e7c632d', 1, '2024-09-06 09:18:52', NULL, '2024-09-06 09:18:52', NULL, NULL, NULL);

-- Dumping structure for table cpdb.document_requests_users_types
CREATE TABLE IF NOT EXISTS `document_requests_users_types` (
  `id` bigint unsigned NOT NULL AUTO_INCREMENT,
  `code` varchar(8) CHARACTER SET utf8mb4 COLLATE utf8mb4_unicode_ci NOT NULL,
  `name` varchar(191) CHARACTER SET utf8mb4 COLLATE utf8mb4_unicode_ci NOT NULL,
  `description` varchar(191) CHARACTER SET utf8mb4 COLLATE utf8mb4_unicode_ci DEFAULT NULL,
  `status` tinyint(1) NOT NULL DEFAULT '1' COMMENT '0/1 - inactive/active',
  `created_at` timestamp NOT NULL DEFAULT CURRENT_TIMESTAMP ON UPDATE CURRENT_TIMESTAMP,
  `created_by` char(36) CHARACTER SET utf8mb4 COLLATE utf8mb4_unicode_ci DEFAULT NULL,
  `updated_at` timestamp NULL DEFAULT NULL,
  `updated_by` char(36) CHARACTER SET utf8mb4 COLLATE utf8mb4_unicode_ci DEFAULT NULL,
  `deleted_at` timestamp NULL DEFAULT NULL,
  `deleted_by` char(36) CHARACTER SET utf8mb4 COLLATE utf8mb4_unicode_ci DEFAULT NULL,
  PRIMARY KEY (`id`)
) ENGINE=InnoDB AUTO_INCREMENT=3 DEFAULT CHARSET=utf8mb4 COLLATE=utf8mb4_unicode_ci;

-- Dumping data for table cpdb.document_requests_users_types: ~2 rows (approximately)
INSERT INTO `document_requests_users_types` (`id`, `code`, `name`, `description`, `status`, `created_at`, `created_by`, `updated_at`, `updated_by`, `deleted_at`, `deleted_by`) VALUES
	(1, 'RR', 'Requester', NULL, 1, '2023-11-15 02:21:21', NULL, '2023-11-15 02:21:21', NULL, NULL, NULL),
	(2, 'RE', 'Requestee', NULL, 1, '2023-11-15 02:21:21', NULL, '2023-11-15 02:21:21', NULL, NULL, NULL);

-- Dumping structure for table cpdb.engagements
CREATE TABLE IF NOT EXISTS `engagements` (
  `id` bigint unsigned NOT NULL AUTO_INCREMENT,
  `parent_id` bigint unsigned DEFAULT NULL,
  `uuid` char(36) CHARACTER SET utf8mb4 COLLATE utf8mb4_unicode_ci NOT NULL,
  `job_id` bigint unsigned DEFAULT NULL COMMENT 'mgs id',
  `client_id` bigint unsigned NOT NULL COMMENT 'crm id',
  `title` varchar(191) CHARACTER SET utf8mb4 COLLATE utf8mb4_unicode_ci NOT NULL,
  `description` text CHARACTER SET utf8mb4 COLLATE utf8mb4_unicode_ci,
  `provider_entity_id` bigint unsigned DEFAULT NULL,
  `provider_branch_id` bigint unsigned DEFAULT NULL,
  `provider_department_id` bigint unsigned DEFAULT NULL,
  `provider_division_id` bigint unsigned DEFAULT NULL,
  `status` tinyint(1) NOT NULL DEFAULT '1' COMMENT '0/1 - inactive/active',
  `created_at` timestamp NOT NULL DEFAULT CURRENT_TIMESTAMP ON UPDATE CURRENT_TIMESTAMP,
  `created_by` char(36) CHARACTER SET utf8mb4 COLLATE utf8mb4_unicode_ci DEFAULT NULL,
  `updated_at` timestamp NULL DEFAULT NULL,
  `updated_by` char(36) CHARACTER SET utf8mb4 COLLATE utf8mb4_unicode_ci DEFAULT NULL,
  `deleted_at` timestamp NULL DEFAULT NULL,
  `deleted_by` char(36) CHARACTER SET utf8mb4 COLLATE utf8mb4_unicode_ci DEFAULT NULL,
  PRIMARY KEY (`id`)
) ENGINE=InnoDB DEFAULT CHARSET=utf8mb4 COLLATE=utf8mb4_unicode_ci;

-- Dumping data for table cpdb.engagements: ~0 rows (approximately)

-- Dumping structure for table cpdb.engagements_settings
CREATE TABLE IF NOT EXISTS `engagements_settings` (
  `id` bigint unsigned NOT NULL AUTO_INCREMENT,
  `engagement_id` bigint unsigned NOT NULL,
  `use_linked_info` tinyint(1) NOT NULL DEFAULT '0' COMMENT 'use mgs info if job id is linked',
  `status` tinyint(1) NOT NULL DEFAULT '1' COMMENT '0/1 - inactive/active',
  `created_at` timestamp NOT NULL DEFAULT CURRENT_TIMESTAMP ON UPDATE CURRENT_TIMESTAMP,
  `created_by` char(36) CHARACTER SET utf8mb4 COLLATE utf8mb4_unicode_ci DEFAULT NULL,
  `updated_at` timestamp NULL DEFAULT NULL,
  `updated_by` char(36) CHARACTER SET utf8mb4 COLLATE utf8mb4_unicode_ci DEFAULT NULL,
  `deleted_at` timestamp NULL DEFAULT NULL,
  `deleted_by` char(36) CHARACTER SET utf8mb4 COLLATE utf8mb4_unicode_ci DEFAULT NULL,
  PRIMARY KEY (`id`),
  KEY `engagements_settings_engagements_FK` (`engagement_id`),
  CONSTRAINT `engagements_settings_engagements_FK` FOREIGN KEY (`engagement_id`) REFERENCES `engagements` (`id`)
) ENGINE=InnoDB DEFAULT CHARSET=utf8mb4 COLLATE=utf8mb4_unicode_ci;

-- Dumping data for table cpdb.engagements_settings: ~0 rows (approximately)

-- Dumping structure for table cpdb.failed_jobs
CREATE TABLE IF NOT EXISTS `failed_jobs` (
  `id` bigint unsigned NOT NULL AUTO_INCREMENT,
  `uuid` varchar(191) CHARACTER SET utf8mb4 COLLATE utf8mb4_unicode_ci NOT NULL,
  `connection` text CHARACTER SET utf8mb4 COLLATE utf8mb4_unicode_ci NOT NULL,
  `queue` text CHARACTER SET utf8mb4 COLLATE utf8mb4_unicode_ci NOT NULL,
  `payload` longtext CHARACTER SET utf8mb4 COLLATE utf8mb4_unicode_ci NOT NULL,
  `exception` longtext CHARACTER SET utf8mb4 COLLATE utf8mb4_unicode_ci NOT NULL,
  `failed_at` timestamp NOT NULL DEFAULT CURRENT_TIMESTAMP,
  PRIMARY KEY (`id`),
  UNIQUE KEY `failed_jobs_uuid_unique` (`uuid`)
) ENGINE=InnoDB DEFAULT CHARSET=utf8mb4 COLLATE=utf8mb4_unicode_ci;

-- Dumping data for table cpdb.failed_jobs: ~0 rows (approximately)

-- Dumping structure for view cpdb.invoice_activity_summary
-- Creating temporary table to overcome VIEW dependency errors
CREATE TABLE `invoice_activity_summary` (
	`invoice_uuid` INT NOT NULL,
	`is_sent` INT NOT NULL,
	`is_viewed` INT NOT NULL,
	`reminder_count` INT NOT NULL
);

-- Dumping structure for view cpdb.invoice_due_status
-- Creating temporary table to overcome VIEW dependency errors
CREATE TABLE `invoice_due_status` (
	`uuid` INT NOT NULL,
	`business_entity_id` INT NOT NULL,
	`qb_customer_id` INT NOT NULL,
	`qb_invoice_id` INT NOT NULL,
	`invoice_number` INT NOT NULL,
	`invoice_date` INT NOT NULL,
	`invoice_due_date` INT NOT NULL,
	`due_days` INT NOT NULL,
	`current_due` INT NOT NULL,
	`to_30_due` INT NOT NULL,
	`to_60_due` INT NOT NULL,
	`to_90_due` INT NOT NULL,
	`past_90_due` INT NOT NULL,
	`outstanding_amount` INT NOT NULL,
	`total_amount` INT NOT NULL
);

-- Dumping structure for view cpdb.invoice_due_status_homecurr
-- Creating temporary table to overcome VIEW dependency errors
CREATE TABLE `invoice_due_status_homecurr` (
	`uuid` INT NOT NULL,
	`business_entity_id` INT NOT NULL,
	`qb_customer_id` INT NOT NULL,
	`qb_invoice_id` INT NOT NULL,
	`invoice_number` INT NOT NULL,
	`invoice_date` INT NOT NULL,
	`invoice_due_date` INT NOT NULL,
	`due_days` INT NOT NULL,
	`current_due` INT NOT NULL,
	`to_30_due` INT NOT NULL,
	`to_60_due` INT NOT NULL,
	`to_90_due` INT NOT NULL,
	`past_90_due` INT NOT NULL,
	`homecurr_outstanding_amount` INT NOT NULL,
	`homecurr_total_amount` INT NOT NULL
);

-- Dumping structure for table cpdb.messaging_attachment_types
CREATE TABLE IF NOT EXISTS `messaging_attachment_types` (
  `id` bigint unsigned NOT NULL AUTO_INCREMENT,
  `name` varchar(191) CHARACTER SET utf8mb4 COLLATE utf8mb4_unicode_ci NOT NULL,
  `status` tinyint(1) NOT NULL DEFAULT '1' COMMENT '0/1=inactive/active',
  `created_at` timestamp NOT NULL DEFAULT CURRENT_TIMESTAMP ON UPDATE CURRENT_TIMESTAMP,
  `created_by` char(36) CHARACTER SET utf8mb4 COLLATE utf8mb4_unicode_ci DEFAULT NULL,
  `updated_at` timestamp NULL DEFAULT NULL,
  `updated_by` char(36) CHARACTER SET utf8mb4 COLLATE utf8mb4_unicode_ci DEFAULT NULL,
  `deleted_at` timestamp NULL DEFAULT NULL,
  `deleted_by` char(36) CHARACTER SET utf8mb4 COLLATE utf8mb4_unicode_ci DEFAULT NULL,
  PRIMARY KEY (`id`)
) ENGINE=InnoDB DEFAULT CHARSET=utf8mb4 COLLATE=utf8mb4_unicode_ci;

-- Dumping data for table cpdb.messaging_attachment_types: ~0 rows (approximately)

-- Dumping structure for table cpdb.messaging_attachments
CREATE TABLE IF NOT EXISTS `messaging_attachments` (
  `id` bigint unsigned NOT NULL AUTO_INCREMENT,
  `attachment_type_id` bigint unsigned NOT NULL,
  `messaging_chat_id` bigint unsigned NOT NULL,
  `attachment_data` text CHARACTER SET utf8mb4 COLLATE utf8mb4_unicode_ci NOT NULL,
  `status` tinyint(1) NOT NULL DEFAULT '1' COMMENT '0/1=inactive/active',
  `created_at` timestamp NOT NULL DEFAULT CURRENT_TIMESTAMP ON UPDATE CURRENT_TIMESTAMP,
  `created_by` char(36) CHARACTER SET utf8mb4 COLLATE utf8mb4_unicode_ci DEFAULT NULL,
  `updated_at` timestamp NULL DEFAULT NULL,
  `updated_by` char(36) CHARACTER SET utf8mb4 COLLATE utf8mb4_unicode_ci DEFAULT NULL,
  `deleted_at` timestamp NULL DEFAULT NULL,
  `deleted_by` char(36) CHARACTER SET utf8mb4 COLLATE utf8mb4_unicode_ci DEFAULT NULL,
  PRIMARY KEY (`id`),
  KEY `messaging_attachments_messaging_chats_FK` (`messaging_chat_id`),
  CONSTRAINT `messaging_attachments_messaging_chats_FK` FOREIGN KEY (`messaging_chat_id`) REFERENCES `messaging_chats` (`id`)
) ENGINE=InnoDB DEFAULT CHARSET=utf8mb4 COLLATE=utf8mb4_unicode_ci;

-- Dumping data for table cpdb.messaging_attachments: ~0 rows (approximately)

-- Dumping structure for table cpdb.messaging_chats
CREATE TABLE IF NOT EXISTS `messaging_chats` (
  `id` bigint unsigned NOT NULL AUTO_INCREMENT,
  `parent_id` bigint unsigned DEFAULT NULL,
  `title` varchar(191) CHARACTER SET utf8mb4 COLLATE utf8mb4_unicode_ci DEFAULT NULL,
  `content` text CHARACTER SET utf8mb4 COLLATE utf8mb4_unicode_ci NOT NULL,
  `to_entity_type` varchar(191) CHARACTER SET utf8mb4 COLLATE utf8mb4_unicode_ci NOT NULL COMMENT 'just constant string like user/provider/client',
  `to_entity_id` char(36) CHARACTER SET utf8mb4 COLLATE utf8mb4_unicode_ci NOT NULL,
  `from_entity_type` varchar(191) CHARACTER SET utf8mb4 COLLATE utf8mb4_unicode_ci NOT NULL COMMENT 'just constant string like user/provider/client',
  `from_entity_id` char(36) CHARACTER SET utf8mb4 COLLATE utf8mb4_unicode_ci NOT NULL,
  `is_read` tinyint(1) NOT NULL DEFAULT '0',
  `status` tinyint(1) NOT NULL DEFAULT '1' COMMENT '0/1/2=failed/pending/success',
  `created_at` timestamp NOT NULL DEFAULT CURRENT_TIMESTAMP ON UPDATE CURRENT_TIMESTAMP,
  `created_by` char(36) CHARACTER SET utf8mb4 COLLATE utf8mb4_unicode_ci DEFAULT NULL,
  `updated_at` timestamp NULL DEFAULT NULL,
  `updated_by` char(36) CHARACTER SET utf8mb4 COLLATE utf8mb4_unicode_ci DEFAULT NULL,
  `deleted_at` timestamp NULL DEFAULT NULL,
  `deleted_by` char(36) CHARACTER SET utf8mb4 COLLATE utf8mb4_unicode_ci DEFAULT NULL,
  PRIMARY KEY (`id`)
) ENGINE=InnoDB DEFAULT CHARSET=utf8mb4 COLLATE=utf8mb4_unicode_ci;

-- Dumping data for table cpdb.messaging_chats: ~0 rows (approximately)

-- Dumping structure for table cpdb.messaging_linked_items
CREATE TABLE IF NOT EXISTS `messaging_linked_items` (
  `id` bigint unsigned NOT NULL AUTO_INCREMENT,
  `messaging_chat_id` bigint unsigned NOT NULL,
  `item_url` varchar(191) CHARACTER SET utf8mb4 COLLATE utf8mb4_unicode_ci NOT NULL,
  `status` tinyint(1) NOT NULL DEFAULT '1' COMMENT '0/1=inactive/active',
  `created_at` timestamp NOT NULL DEFAULT CURRENT_TIMESTAMP ON UPDATE CURRENT_TIMESTAMP,
  `created_by` char(36) CHARACTER SET utf8mb4 COLLATE utf8mb4_unicode_ci DEFAULT NULL,
  `updated_at` timestamp NULL DEFAULT NULL,
  `updated_by` char(36) CHARACTER SET utf8mb4 COLLATE utf8mb4_unicode_ci DEFAULT NULL,
  `deleted_at` timestamp NULL DEFAULT NULL,
  `deleted_by` char(36) CHARACTER SET utf8mb4 COLLATE utf8mb4_unicode_ci DEFAULT NULL,
  PRIMARY KEY (`id`),
  KEY `messaging_linked_items_messaging_chats_FK` (`messaging_chat_id`),
  CONSTRAINT `messaging_linked_items_messaging_chats_FK` FOREIGN KEY (`messaging_chat_id`) REFERENCES `messaging_chats` (`id`)
) ENGINE=InnoDB DEFAULT CHARSET=utf8mb4 COLLATE=utf8mb4_unicode_ci;

-- Dumping data for table cpdb.messaging_linked_items: ~0 rows (approximately)

-- Dumping structure for table cpdb.migrations
CREATE TABLE IF NOT EXISTS `migrations` (
  `id` int unsigned NOT NULL AUTO_INCREMENT,
  `migration` varchar(191) CHARACTER SET utf8mb4 COLLATE utf8mb4_unicode_ci NOT NULL,
  `batch` int NOT NULL,
  PRIMARY KEY (`id`)
) ENGINE=InnoDB AUTO_INCREMENT=4 DEFAULT CHARSET=utf8mb4 COLLATE=utf8mb4_unicode_ci;

-- Dumping data for table cpdb.migrations: ~3 rows (approximately)
INSERT INTO `migrations` (`id`, `migration`, `batch`) VALUES
	(1, '2014_10_12_000000_create_users_table', 1),
	(2, '2014_10_12_100000_create_password_resets_table', 1),
	(3, '2019_08_19_000000_create_failed_jobs_table', 1);

-- Dumping structure for table cpdb.modes
CREATE TABLE IF NOT EXISTS `modes` (
  `id` bigint unsigned NOT NULL AUTO_INCREMENT,
  `name` varchar(32) CHARACTER SET utf8mb4 COLLATE utf8mb4_unicode_ci NOT NULL,
  `description` varchar(191) CHARACTER SET utf8mb4 COLLATE utf8mb4_unicode_ci DEFAULT NULL,
  `rank_order` bigint NOT NULL DEFAULT '0' COMMENT 'if user has multiple mode  roles. this will determine which mode will be loaded unless user default mode is set. bigger=higher',
  `access_type` varchar(191) CHARACTER SET utf8mb4 COLLATE utf8mb4_unicode_ci NOT NULL COMMENT 'internal/external',
  `status` tinyint(1) NOT NULL DEFAULT '1' COMMENT '0/1 - inactive/active',
  `created_at` timestamp NULL DEFAULT NULL,
  `updated_at` timestamp NULL DEFAULT NULL,
  `deleted_at` timestamp NULL DEFAULT NULL,
  `created_by` char(36) CHARACTER SET utf8mb4 COLLATE utf8mb4_unicode_ci DEFAULT NULL,
  `updated_by` char(36) CHARACTER SET utf8mb4 COLLATE utf8mb4_unicode_ci DEFAULT NULL,
  `deleted_by` char(36) CHARACTER SET utf8mb4 COLLATE utf8mb4_unicode_ci DEFAULT NULL,
  PRIMARY KEY (`id`)
) ENGINE=InnoDB AUTO_INCREMENT=5 DEFAULT CHARSET=utf8mb4 COLLATE=utf8mb4_unicode_ci;

-- Dumping data for table cpdb.modes: ~4 rows (approximately)
INSERT INTO `modes` (`id`, `name`, `description`, `rank_order`, `access_type`, `status`, `created_at`, `updated_at`, `deleted_at`, `created_by`, `updated_by`, `deleted_by`) VALUES
	(1, 'administrator', 'administrator', 99999, 'internal', 1, '2023-05-19 08:43:29', '2023-05-19 08:43:29', NULL, NULL, NULL, NULL),
	(2, 'provider', 'provider', 9999, 'internal', 1, '2023-05-19 08:43:29', '2023-05-19 08:43:29', NULL, NULL, NULL, NULL),
	(3, 'consumer', 'consumer', 999, 'external', 1, '2023-05-19 08:43:29', '2023-05-19 08:43:29', NULL, NULL, NULL, NULL),
	(4, 'document-request', 'document request', 99, 'external', 1, '2023-05-19 08:43:29', '2023-05-19 08:43:29', NULL, NULL, NULL, NULL);

-- Dumping structure for table cpdb.module_categories
CREATE TABLE IF NOT EXISTS `module_categories` (
  `id` bigint unsigned NOT NULL AUTO_INCREMENT,
  `name` varchar(191) CHARACTER SET utf8mb4 COLLATE utf8mb4_unicode_ci NOT NULL,
  `visible_header` tinyint(1) NOT NULL DEFAULT '1',
  `description` varchar(191) CHARACTER SET utf8mb4 COLLATE utf8mb4_unicode_ci DEFAULT NULL,
  `icon` varchar(191) CHARACTER SET utf8mb4 COLLATE utf8mb4_unicode_ci DEFAULT NULL,
  `order_sequence` bigint NOT NULL,
  `status` tinyint(1) NOT NULL DEFAULT '1' COMMENT '0/1 - inactive/active',
  `created_at` timestamp NULL DEFAULT NULL,
  `updated_at` timestamp NULL DEFAULT NULL,
  `deleted_at` timestamp NULL DEFAULT NULL,
  PRIMARY KEY (`id`)
) ENGINE=InnoDB AUTO_INCREMENT=4 DEFAULT CHARSET=utf8mb4 COLLATE=utf8mb4_unicode_ci;

-- Dumping data for table cpdb.module_categories: ~3 rows (approximately)
INSERT INTO `module_categories` (`id`, `name`, `visible_header`, `description`, `icon`, `order_sequence`, `status`, `created_at`, `updated_at`, `deleted_at`) VALUES
	(1, 'Management', 1, '', '', 2, 1, '2023-07-07 01:47:18', '2023-07-07 01:47:18', NULL),
	(2, 'Settings', 1, '', '', 3, 1, '2023-07-07 01:47:18', '2023-07-07 01:47:18', NULL),
	(3, 'Main', 0, '', '', 1, 1, '2023-07-07 01:47:18', '2023-07-07 01:47:18', NULL);

-- Dumping structure for table cpdb.modules
CREATE TABLE IF NOT EXISTS `modules` (
  `id` bigint unsigned NOT NULL AUTO_INCREMENT,
  `module_category_id` bigint unsigned NOT NULL DEFAULT '0',
  `mode_id` bigint unsigned NOT NULL,
  `parent_id` bigint unsigned NOT NULL,
  `with_child` tinyint(1) NOT NULL DEFAULT '0',
  `order_sequence` bigint NOT NULL DEFAULT '0',
  `name` varchar(191) CHARACTER SET utf8mb4 COLLATE utf8mb4_unicode_ci NOT NULL,
  `description` varchar(191) CHARACTER SET utf8mb4 COLLATE utf8mb4_unicode_ci DEFAULT NULL,
  `icon` varchar(191) CHARACTER SET utf8mb4 COLLATE utf8mb4_unicode_ci DEFAULT NULL COMMENT 'line awesome. just the name like la-tachometer',
  `as_menu` tinyint(1) NOT NULL DEFAULT '1',
  `external` tinyint(1) NOT NULL DEFAULT '0' COMMENT '0/1 - inactive/active',
  `url` varchar(191) CHARACTER SET utf8mb4 COLLATE utf8mb4_unicode_ci DEFAULT NULL,
  `slug` text CHARACTER SET utf8mb4 COLLATE utf8mb4_unicode_ci COMMENT 'route name',
  `target_blank` tinyint unsigned NOT NULL DEFAULT '0',
  `status` tinyint(1) NOT NULL DEFAULT '1' COMMENT '0/1 - inactive/active',
  `created_at` timestamp NULL DEFAULT NULL,
  `updated_at` timestamp NULL DEFAULT NULL,
  `deleted_at` timestamp NULL DEFAULT NULL,
  `created_by` char(36) CHARACTER SET utf8mb4 COLLATE utf8mb4_unicode_ci DEFAULT NULL,
  `updated_by` char(36) CHARACTER SET utf8mb4 COLLATE utf8mb4_unicode_ci DEFAULT NULL,
  `deleted_by` char(36) CHARACTER SET utf8mb4 COLLATE utf8mb4_unicode_ci DEFAULT NULL,
  PRIMARY KEY (`id`),
  KEY `modules_module_categories_FK` (`module_category_id`),
  KEY `modules_modes_FK` (`mode_id`),
  CONSTRAINT `modules_modes_FK` FOREIGN KEY (`mode_id`) REFERENCES `modes` (`id`),
  CONSTRAINT `modules_module_categories_FK` FOREIGN KEY (`module_category_id`) REFERENCES `module_categories` (`id`)
) ENGINE=InnoDB AUTO_INCREMENT=46 DEFAULT CHARSET=utf8mb4 COLLATE=utf8mb4_unicode_ci;

-- Dumping data for table cpdb.modules: ~42 rows (approximately)
INSERT INTO `modules` (`id`, `module_category_id`, `mode_id`, `parent_id`, `with_child`, `order_sequence`, `name`, `description`, `icon`, `as_menu`, `external`, `url`, `slug`, `target_blank`, `status`, `created_at`, `updated_at`, `deleted_at`, `created_by`, `updated_by`, `deleted_by`) VALUES
	(1, 3, 1, 0, 0, 0, 'Dashboard', NULL, 'menu-icon tf-icons ti ti-layout-dashboard', 1, 0, 'dashboard', 'dashboard.index', 0, 0, '2023-05-19 09:14:31', '2023-05-19 09:14:31', NULL, NULL, NULL, NULL),
	(2, 3, 1, 0, 1, 2, 'Tasks / Jobs', NULL, 'menu-icon tf-icons ti ti-subtask', 1, 0, 'tasks-and-jobs', 'tasks-and-jobs', 0, 0, '2023-05-19 09:14:31', '2023-05-19 09:14:31', NULL, NULL, NULL, NULL),
	(3, 3, 1, 0, 0, 4, 'Billing', NULL, 'menu-icon tf-icons ti ti-report-money', 1, 0, 'finances', 'finances', 0, 1, '2023-05-19 09:14:31', '2023-05-19 09:14:31', NULL, NULL, NULL, NULL),
	(4, 3, 1, 0, 0, 6, 'Documents', NULL, 'menu-icon tf-icons ti ti-files', 1, 0, 'documents', 'documents', 0, 1, '2023-05-19 09:14:31', '2023-05-19 09:14:31', NULL, NULL, NULL, NULL),
	(6, 3, 1, 0, 0, 3, 'Clients', NULL, 'menu-icon tf-icons ti ti-building-factory-2', 1, 0, 'clients', 'company.index', 0, 1, '2023-05-19 09:14:31', '2023-05-19 09:14:31', NULL, NULL, NULL, NULL),
	(7, 1, 1, 0, 0, 7, 'Users', NULL, 'menu-icon tf-icons ti ti-users', 1, 0, 'users', 'users.index', 0, 1, '2023-05-19 09:14:31', '2023-05-19 09:14:31', NULL, NULL, NULL, NULL),
	(8, 1, 1, 0, 1, 8, 'Marketplace', NULL, 'menu-icon tf-icons ti ti-components', 1, 0, 'marketplace', 'marketplace', 0, 1, '2023-05-19 09:14:31', '2023-05-19 09:14:31', NULL, NULL, NULL, NULL),
	(9, 1, 1, 0, 1, 9, 'Supports', NULL, 'menu-icon tf-icons ti ti-progress-help', 1, 0, 'supports', 'supports', 0, 1, '2023-05-19 09:14:31', '2023-05-19 09:14:31', NULL, NULL, NULL, NULL),
	(11, 2, 1, 0, 0, 11, 'System', NULL, 'menu-icon tf-icons ti ti-settings', 1, 0, 'system', 'system.settings', 0, 1, '2023-05-19 09:14:31', '2023-05-19 09:14:31', NULL, NULL, NULL, NULL),
	(12, 2, 1, 0, 0, 12, 'Modules', NULL, 'menu-icon tf-icons ti ti-square', 1, 0, 'modules', 'modules', 0, 0, '2023-05-19 09:49:10', '2023-05-19 09:49:10', NULL, NULL, NULL, NULL),
	(14, 2, 1, 0, 1, 14, 'API', NULL, 'menu-icon tf-icons ti ti-id', 1, 0, 'apis', 'apis', 0, 1, '2023-05-19 09:49:10', '2023-05-19 09:49:10', NULL, NULL, NULL, NULL),
	(15, 3, 1, 2, 0, 1, 'Active / In Progress', NULL, NULL, 1, 0, 'tasks-and-jobs/active', 'tasks-and-jobs-active', 0, 1, '2023-05-19 09:49:35', '2023-05-19 09:49:35', NULL, NULL, NULL, NULL),
	(16, 3, 1, 2, 0, 2, 'Quotations / Proposals', NULL, NULL, 1, 0, 'tasks-and-jobs/quotations-and-proposals', 'tasks-and-jobs-quotations-and-proposals', 0, 1, '2023-05-19 09:49:35', '2023-05-19 09:49:35', NULL, NULL, NULL, NULL),
	(17, 3, 1, 2, 0, 3, 'Requests', NULL, NULL, 1, 0, 'tasks-and-jobs/requests', 'tasks-and-jobs-requests', 0, 1, '2023-05-19 09:49:35', '2023-05-19 09:49:35', NULL, NULL, NULL, NULL),
	(18, 3, 1, 3, 0, 1, 'Invoices', NULL, NULL, 1, 0, 'billings/invoices', 'billings.invoices.index', 0, 1, '2023-05-19 09:49:35', '2023-05-19 09:49:35', NULL, NULL, NULL, NULL),
	(19, 3, 1, 4, 0, 1, 'Requests', NULL, NULL, 1, 0, 'billings/requests', 'billings-requests', 0, 0, '2023-05-19 09:49:35', '2023-05-19 09:49:35', NULL, NULL, NULL, NULL),
	(20, 1, 1, 6, 0, 1, 'Listing', NULL, NULL, 1, 0, 'companies/listing', 'company.index', 0, 0, '2023-05-19 09:49:35', '2023-05-19 09:49:35', NULL, NULL, NULL, NULL),
	(21, 1, 1, 7, 0, 1, 'Listing', NULL, NULL, 1, 0, 'users/listing', 'users-listing', 0, 0, '2023-05-19 09:49:35', '2023-05-19 09:49:35', NULL, NULL, NULL, NULL),
	(22, 1, 1, 8, 0, 1, 'Providers', NULL, NULL, 1, 0, 'marketplace/providers', 'marketplace.providers', 0, 1, '2023-05-19 09:49:35', '2023-05-19 09:49:35', NULL, NULL, NULL, NULL),
	(23, 1, 1, 8, 0, 2, 'Offerings', NULL, NULL, 1, 0, 'marketplace/offerings', 'marketplace.offerings', 0, 1, '2023-05-19 09:49:35', '2023-05-19 09:49:35', NULL, NULL, NULL, NULL),
	(24, 1, 1, 9, 0, 1, 'FAQ', NULL, NULL, 1, 0, 'supports/faq', 'supports.faq.index', 0, 1, '2023-05-19 09:49:35', '2023-05-19 09:49:35', NULL, NULL, NULL, NULL),
	(25, 1, 1, 9, 0, 2, 'Manuals', NULL, NULL, 1, 0, 'supports/manuals', 'supports-manuals', 0, 0, '2023-05-19 09:49:35', '2023-05-19 09:49:35', NULL, NULL, NULL, NULL),
	(26, 1, 1, 9, 0, 3, 'Helpdesk', NULL, NULL, 1, 1, 'http://salihin.noip.me/spsperp.dev/helpdesk', NULL, 1, 0, '2023-05-19 09:49:35', '2023-05-19 09:49:35', NULL, NULL, NULL, NULL),
	(27, 2, 1, 11, 0, 1, 'Site', NULL, NULL, 1, 0, 'system/site', 'system-site', 0, 0, '2023-05-19 09:49:35', '2023-05-19 09:49:35', NULL, NULL, NULL, NULL),
	(28, 2, 1, 11, 0, 2, 'Notifications', NULL, NULL, 1, 0, 'system/notifications', 'system-notifications', 0, 0, '2023-05-19 09:49:35', '2023-05-19 09:49:35', NULL, NULL, NULL, NULL),
	(29, 2, 1, 11, 0, 3, 'Allowed access', NULL, NULL, 1, 0, 'system/allowed-access', 'system-allowed-access', 0, 0, '2023-05-19 09:49:35', '2023-05-19 09:49:35', NULL, NULL, NULL, NULL),
	(30, 1, 1, 6, 0, 2, 'CRM-Quickbooks Mapping', NULL, NULL, 1, 0, 'companies/mapping', 'companies-mapping', 0, 0, '2023-05-19 09:49:35', '2023-05-19 09:49:35', NULL, NULL, NULL, NULL),
	(31, 3, 1, 0, 0, 10, 'Reminders', NULL, 'menu-icon tf-icons ti ti-messages', 0, 0, 'reminders', 'reminders.index', 0, 1, '2023-05-19 09:49:35', '2023-05-19 09:49:35', NULL, NULL, NULL, NULL),
	(32, 3, 1, 0, 0, 5, 'Reports', NULL, 'menu-icon tf-icons ti ti-chart-pie', 1, 0, 'document-manager', 'document-manager', 0, 0, '2023-05-19 09:14:31', '2023-05-19 09:14:31', NULL, NULL, NULL, NULL),
	(33, 3, 1, 0, 0, 1, 'My Company', NULL, 'menu-icon tf-icons ti ti-layout-grid', 1, 0, 'my-company', 'myc', 0, 1, '2023-05-19 09:14:31', '2023-05-19 09:14:31', NULL, NULL, NULL, NULL),
	(34, 2, 1, 14, 0, 2, 'QuickBooks', NULL, NULL, 1, 0, 'apis/quickbooks', 'apis.qb.index', 0, 1, '2023-05-19 09:14:31', '2023-05-19 09:14:31', NULL, NULL, NULL, NULL),
	(35, 2, 1, 14, 0, 1, 'SPSERP', NULL, NULL, 1, 0, 'apis/erp', 'apis.erp.index', 0, 1, '2023-05-19 09:14:31', '2023-05-19 09:14:31', NULL, NULL, NULL, NULL),
	(36, 2, 1, 0, 0, 13, 'User Access Control', NULL, 'menu-icon tf-icons ti ti-lock', 1, 0, 'uac', 'uac.roles', 0, 1, '2023-05-19 09:49:10', '2023-05-19 09:49:10', NULL, NULL, NULL, NULL),
	(37, 1, 1, 0, 1, 10, 'Broadcasting', NULL, 'menu-icon tf-icons ti ti-broadcast', 1, 0, 'broadcasting', 'broadcasting', 0, 1, '2023-05-19 09:14:31', '2023-05-19 09:14:31', NULL, NULL, NULL, NULL),
	(38, 1, 1, 37, 0, 1, 'Reminders', NULL, NULL, 0, 0, 'broadcasting/reminders', 'broadcasting.reminders', 0, 1, '2023-05-19 09:49:10', '2023-05-19 09:49:10', NULL, NULL, NULL, NULL),
	(39, 1, 1, 37, 0, 2, 'Notifications', NULL, NULL, 1, 0, 'broadcasting/notifications', 'broadcasting.notifications', 0, 1, '2023-05-19 09:49:10', '2023-05-19 09:49:10', NULL, NULL, NULL, NULL),
	(40, 1, 1, 37, 0, 3, 'Templates', NULL, NULL, 1, 0, 'broadcasting/templates', 'broadcasting.templates', 0, 1, '2023-05-19 09:49:10', '2023-05-19 09:49:10', NULL, NULL, NULL, NULL),
	(41, 1, 1, 37, 0, 4, 'Schedules', NULL, NULL, 1, 0, 'broadcasting/schedules', 'broadcasting.schedules', 0, 1, '2023-05-19 09:49:10', '2023-05-19 09:49:10', NULL, NULL, NULL, NULL),
	(42, 2, 1, 0, 0, 15, 'Chatbot', NULL, 'menu-icon tf-icons ti ti-robot', 1, 0, 'chatbot', 'chatbot.settings', 0, 1, '2023-05-19 09:49:10', '2023-05-19 09:49:10', NULL, NULL, NULL, NULL),
	(43, 3, 1, 3, 0, 1, 'Payments', NULL, NULL, 1, 0, 'billings/payments', 'billings.payments.index', 0, 1, '2023-05-19 09:49:35', '2023-05-19 09:49:35', NULL, NULL, NULL, NULL),
	(44, 3, 1, 3, 0, 1, 'Credit Notes', NULL, NULL, 1, 0, 'billings/credit-notes', 'billings.credit-notes.index', 0, 1, '2023-05-19 09:49:35', '2023-05-19 09:49:35', NULL, NULL, NULL, NULL),
	(45, 3, 1, 3, 0, 1, 'Statement of Account', NULL, NULL, 1, 0, 'billings/statement-of-account', 'billings.soa.index', 0, 1, '2023-05-19 09:49:35', '2023-05-19 09:49:35', NULL, NULL, NULL, NULL);

-- Dumping structure for table cpdb.notification_broadcasts
CREATE TABLE IF NOT EXISTS `notification_broadcasts` (
  `id` bigint NOT NULL AUTO_INCREMENT,
  `notification_id` bigint NOT NULL,
  `notification_type_id` bigint NOT NULL,
  `recipients` text CHARACTER SET utf8mb4 COLLATE utf8mb4_unicode_ci NOT NULL,
  `broadcast_data` text CHARACTER SET utf8mb4 COLLATE utf8mb4_unicode_ci,
  `status` tinyint(1) NOT NULL DEFAULT '1' COMMENT '0/1/2=failed/pending/success',
  `status_data` text CHARACTER SET utf8mb4 COLLATE utf8mb4_unicode_ci,
  `created_at` timestamp NOT NULL DEFAULT CURRENT_TIMESTAMP ON UPDATE CURRENT_TIMESTAMP,
  `created_by` char(36) CHARACTER SET utf8mb4 COLLATE utf8mb4_unicode_ci DEFAULT NULL,
  `updated_at` timestamp NULL DEFAULT NULL,
  `updated_by` char(36) CHARACTER SET utf8mb4 COLLATE utf8mb4_unicode_ci DEFAULT NULL,
  `deleted_at` timestamp NULL DEFAULT NULL,
  `deleted_by` char(36) CHARACTER SET utf8mb4 COLLATE utf8mb4_unicode_ci DEFAULT NULL,
  PRIMARY KEY (`id`),
  KEY `notification_broadcasts_notifications_FK` (`notification_id`),
  KEY `notification_broadcasts_notification_types_FK` (`notification_type_id`),
  CONSTRAINT `notification_broadcasts_notification_types_FK` FOREIGN KEY (`notification_type_id`) REFERENCES `notification_types` (`id`),
  CONSTRAINT `notification_broadcasts_notifications_FK` FOREIGN KEY (`notification_id`) REFERENCES `notifications` (`id`)
) ENGINE=InnoDB DEFAULT CHARSET=utf8mb4 COLLATE=utf8mb4_unicode_ci;

-- Dumping data for table cpdb.notification_broadcasts: ~0 rows (approximately)

-- Dumping structure for table cpdb.notification_types
CREATE TABLE IF NOT EXISTS `notification_types` (
  `id` bigint NOT NULL AUTO_INCREMENT,
  `name` varchar(191) CHARACTER SET utf8mb4 COLLATE utf8mb4_unicode_ci NOT NULL,
  `status` tinyint(1) NOT NULL DEFAULT '1',
  `created_at` timestamp NOT NULL DEFAULT CURRENT_TIMESTAMP ON UPDATE CURRENT_TIMESTAMP,
  `created_by` char(36) CHARACTER SET utf8mb4 COLLATE utf8mb4_unicode_ci DEFAULT NULL,
  `updated_at` timestamp NULL DEFAULT NULL,
  `updated_by` char(36) CHARACTER SET utf8mb4 COLLATE utf8mb4_unicode_ci DEFAULT NULL,
  `deleted_at` timestamp NULL DEFAULT NULL,
  `deleted_by` char(36) CHARACTER SET utf8mb4 COLLATE utf8mb4_unicode_ci DEFAULT NULL,
  PRIMARY KEY (`id`)
) ENGINE=InnoDB AUTO_INCREMENT=7 DEFAULT CHARSET=utf8mb4 COLLATE=utf8mb4_unicode_ci;

-- Dumping data for table cpdb.notification_types: ~6 rows (approximately)
INSERT INTO `notification_types` (`id`, `name`, `status`, `created_at`, `created_by`, `updated_at`, `updated_by`, `deleted_at`, `deleted_by`) VALUES
	(1, 'web', 1, '2023-07-17 08:11:30', NULL, '2023-07-17 08:11:30', NULL, NULL, NULL),
	(2, 'app', 1, '2023-07-17 08:11:30', NULL, '2023-07-17 08:11:30', NULL, NULL, NULL),
	(3, 'emails', 1, '2023-07-17 08:11:30', NULL, '2023-07-17 08:11:30', NULL, NULL, NULL),
	(4, 'ws', 1, '2023-07-17 08:11:30', NULL, '2023-07-17 08:11:30', NULL, NULL, NULL),
	(5, 'fcm-tokens', 1, '2023-07-17 08:11:30', NULL, '2023-07-17 08:11:30', NULL, NULL, NULL),
	(6, 'fcm-subscriptions', 1, '2023-07-17 08:11:30', NULL, '2023-07-17 08:11:30', NULL, NULL, NULL);

-- Dumping structure for table cpdb.notifications
CREATE TABLE IF NOT EXISTS `notifications` (
  `id` bigint NOT NULL AUTO_INCREMENT,
  `module_id` bigint unsigned DEFAULT NULL,
  `title` varchar(191) CHARACTER SET utf8mb4 COLLATE utf8mb4_unicode_ci NOT NULL,
  `content` text CHARACTER SET utf8mb4 COLLATE utf8mb4_unicode_ci NOT NULL,
  `content_link` varchar(191) CHARACTER SET utf8mb4 COLLATE utf8mb4_unicode_ci DEFAULT NULL,
  `icon` varchar(191) CHARACTER SET utf8mb4 COLLATE utf8mb4_unicode_ci DEFAULT NULL,
  `is_read` tinyint(1) NOT NULL DEFAULT '0',
  `status` tinyint(1) NOT NULL DEFAULT '1',
  `created_at` timestamp NOT NULL DEFAULT CURRENT_TIMESTAMP ON UPDATE CURRENT_TIMESTAMP,
  `created_by` char(36) CHARACTER SET utf8mb4 COLLATE utf8mb4_unicode_ci DEFAULT NULL,
  `updated_at` timestamp NULL DEFAULT NULL,
  `updated_by` char(36) CHARACTER SET utf8mb4 COLLATE utf8mb4_unicode_ci DEFAULT NULL,
  `deleted_at` timestamp NULL DEFAULT NULL,
  `deleted_by` char(36) CHARACTER SET utf8mb4 COLLATE utf8mb4_unicode_ci DEFAULT NULL,
  PRIMARY KEY (`id`),
  KEY `notifications_modules_FK` (`module_id`),
  CONSTRAINT `notifications_modules_FK` FOREIGN KEY (`module_id`) REFERENCES `modules` (`id`)
) ENGINE=InnoDB DEFAULT CHARSET=utf8mb4 COLLATE=utf8mb4_unicode_ci;

-- Dumping data for table cpdb.notifications: ~0 rows (approximately)

-- Dumping structure for table cpdb.pages
CREATE TABLE IF NOT EXISTS `pages` (
  `id` bigint unsigned NOT NULL AUTO_INCREMENT,
  `slug` varchar(191) CHARACTER SET utf8mb4 COLLATE utf8mb4_unicode_ci NOT NULL COMMENT 'e.g. privacy-policy',
  `url` varchar(191) CHARACTER SET utf8mb4 COLLATE utf8mb4_unicode_ci DEFAULT NULL,
  `title` varchar(191) CHARACTER SET utf8mb4 COLLATE utf8mb4_unicode_ci NOT NULL,
  `snippet` varchar(191) CHARACTER SET utf8mb4 COLLATE utf8mb4_unicode_ci DEFAULT NULL,
  `content` text CHARACTER SET utf8mb4 COLLATE utf8mb4_unicode_ci NOT NULL,
  `status` tinyint(1) NOT NULL DEFAULT '1' COMMENT '0/1 - inactive/active',
  `created_at` timestamp NOT NULL DEFAULT CURRENT_TIMESTAMP ON UPDATE CURRENT_TIMESTAMP,
  `created_by` char(36) CHARACTER SET utf8mb4 COLLATE utf8mb4_unicode_ci DEFAULT NULL,
  `updated_at` timestamp NULL DEFAULT NULL,
  `updated_by` char(36) CHARACTER SET utf8mb4 COLLATE utf8mb4_unicode_ci DEFAULT NULL,
  `deleted_at` timestamp NULL DEFAULT NULL,
  `deleted_by` char(36) CHARACTER SET utf8mb4 COLLATE utf8mb4_unicode_ci DEFAULT NULL,
  PRIMARY KEY (`id`)
) ENGINE=InnoDB AUTO_INCREMENT=3 DEFAULT CHARSET=utf8mb4 COLLATE=utf8mb4_unicode_ci;

-- Dumping data for table cpdb.pages: ~2 rows (approximately)
INSERT INTO `pages` (`id`, `slug`, `url`, `title`, `snippet`, `content`, `status`, `created_at`, `created_by`, `updated_at`, `updated_by`, `deleted_at`, `deleted_by`) VALUES
	(1, 'privacy', NULL, 'Privacy Policy', NULL, '<p>My Website one of our main priorities is the privacy of our visitors. This Privacy Policy document contains types of information that is collected and recorded by My Website and how we use it.</p>\r\n<p><br></p>\r\n<p>If you have additional questions or require more information about our Privacy Policy, do not hesitate to contact us.</p>\r\n<p><br></p>\r\n<p>This privacy policy applies only to our online activities and is valid for visitors to our website with regards to the information that they shared and/or collect in&My Website. This policy is not applicable to any information collected offline or via channels other than this website.</p>\r\n<p>Consent</p>\r\n<p><br></p>\r\n<p>By using our website, you hereby consent to our Privacy Policy and agree to its terms. This Privacy Policy has been generated with the <a href="https://www.privacypolicygenerator.info/"><span class="s1">Privacy Policy Generator</span></a> which is available from <a href="https://www.privacypolicygenerator.info/"><span class="s1">https://www.privacypolicygenerator.info/</span></a><span class="Apple-converted-space">&</span></p>\r\n<p><br></p>\r\n<p><strong>Information we collect</strong></p>\r\n<p><br></p>\r\n<p>The personal information that you are asked to provide, and the reasons why you are asked to provide it, will be made clear to you at the point we ask you to provide your personal information.</p>\r\n<p><br></p>\r\n<p>If you contact us directly, we may receive additional information about you such as your name, email address, phone number, the contents of the message and/or attachments you may send us, and any other information you may choose to provide.</p>\r\n<p><br></p>\r\n<p>When you register for an Account, we may ask for your contact information, including items such as name, company name, address, email address, and telephone number.</p>\r\n<p><br></p>\r\n<p><strong>How we use your information</strong></p>\r\n<p><br></p>\r\n<p>We use the information we collect in various ways, including to:</p>\r\n<p><br></p>\r\n<ul>\r\n    <li>Provide, operate, and maintain our website</li>\r\n    <li>Improve, personalize, and expand our website</li>\r\n    <li>Understand and analyze how you use our website</li>\r\n    <li>Develop new products, services, features, and functionality</li>\r\n    <li>Communicate with you, either directly or through one of our partners, including for customer service, to provide you with updates and other information relating to the website, and for marketing and promotional purposes</li>\r\n    <li>Send you emails</li>\r\n    <li>Find and prevent fraud</li>\r\n    <li>Log Files</li>\r\n</ul>\r\n<p><br></p>\r\n<p>My Website follows a standard procedure of using log files. These files log visitors when they visit websites. All hosting companies do this and a part of hosting services\' analytics. The information collected by log files include internet protocol (IP) addresses, browser type, Internet Service Provider (ISP), date and time stamp, referring/exit pages, and possibly the number of clicks. These are not linked to any information that is personally identifiable. The purpose of the information is for analyzing trends, administering the site, tracking users\' movement on the website, and gathering demographic information.</p>\r\n<p><br></p>\r\n<p><strong>Cookies and Web Beacons</strong></p>\r\n<p><br></p>\r\n<p>Like any other website, My Website uses "cookies". These cookies are used to store information including visitors\' preferences, and the pages on the website that the visitor accessed or visited. The information is used to optimize the users\' experience by customizing our web page content based on visitors\' browser type and/or other information.</p>\r\n<p><br></p>\r\n<p><strong>DoubleClick DART Cookie</strong></p>\r\n<p><br></p>\r\n<p>Google is one of a third-party vendor on our site. It also uses cookies, known as DART cookies, to serve ads to our site visitors based upon their visit to www.website.com and other sites on the internet. However, visitors may choose to decline the use of DART cookies by visiting the Google ad and content network Privacy Policy at the following URL &ndash; <a href="https://policies.google.com/technologies/ads"><span class="s1">https://policies.google.com/technologies/ads</span></a><span class="Apple-converted-space">&</span></p>\r\n<p><br></p>\r\n<p>Some of advertisers on our site may use cookies and web beacons. Our advertising partners are listed below. Each of our advertising partners has their own Privacy Policy for their policies on user data. For easier access, we hyperlinked to their Privacy Policies below.</p>\r\n<p><br></p>\r\n<ul>\r\n    <li>Google: <a href="https://policies.google.com/technologies/ads"><span class="s1">https://policies.google.com/technologies/ads</span></a></li>\r\n</ul>\r\n<p><strong>Advertising Partners Privacy Policies</strong></p>\r\n<p><br></p>\r\n<p>You may consult this list to find the Privacy Policy for each of the advertising partners of&My Website.</p>\r\n<p><br></p>\r\n<p>Third-party ad servers or ad networks uses technologies like cookies, JavaScript, or Web Beacons that are used in their respective advertisements and links that appear on&My Website, which are sent directly to users\' browser. They automatically receive your IP address when this occurs. These technologies are used to measure the effectiveness of their advertising campaigns and/or to personalize the advertising content that you see on websites that you visit.</p>\r\n<p><br></p>\r\n<p>Note that My Website has no access to or control over these cookies that are used by third-party advertisers.</p>\r\n<p><br></p>\r\n<p><strong>Third-Party Privacy Policies</strong></p>\r\n<p><br></p>\r\n<p>My Website\'s Privacy Policy does not apply to other advertisers or websites. Thus, we are advising you to consult the respective Privacy Policies of these third-party ad servers for more detailed information. It may include their practices and instructions about how to opt-out of certain options. You may find a complete list of these Privacy Policies and their links here: Privacy Policy Links.</p>\r\n<p><br></p>\r\n<p>You can choose to disable cookies through your individual browser options. To know more detailed information about cookie management with specific web browsers, it can be found at the browsers\' respective websites. <a href="https://www.privacypolicygenerator.info/privacy-policy-cookies-clauses/"><span class="s1">What Are Cookies?</span></a></p>\r\n<p><br></p>\r\n<p><strong>CCPA Privacy Policy (Do Not Sell My Personal Information)</strong></p>\r\n<p><br></p>\r\n<p>Under the CCPA, among other rights, California consumers have the right to:</p>\r\n<p><br></p>\r\n<ul>\r\n    <li>Request that a business that collects a consumer\'s personal data disclose the categories and specific pieces of personal data that a business has collected about consumers.</li>\r\n    <li>Request that a business delete any personal data about the consumer that a business has collected.</li>\r\n    <li>Request that a business that sells a consumer\'s personal data, not sell the consumer\'s personal data.</li>\r\n</ul>\r\n<p><br></p>\r\n<p>If you make a request, we have one month to respond to you. If you would like to exercise any of these rights, please contact us.</p>\r\n<p><br></p>\r\n<p><strong>GDPR Privacy Policy (Data Protection Rights)</strong></p>\r\n<p><br></p>\r\n<p>We would like to make sure you are fully aware of all of your data protection rights. Every user is entitled to the following:</p>\r\n<p><br></p>\r\n<ul>\r\n    <li>The right to access &ndash; You have the right to request copies of your personal data. We may charge you a small fee for this service.</li>\r\n    <li>The right to rectification &ndash; You have the right to request that we correct any information you believe is inaccurate. You also have the right to request that we complete the information you believe is incomplete.</li>\r\n    <li>The right to erasure &ndash; You have the right to request that we erase your personal data, under certain conditions.</li>\r\n    <li>The right to restrict processing &ndash; You have the right to request that we restrict the processing of your personal data, under certain conditions.</li>\r\n    <li>The right to object to processing &ndash; You have the right to object to our processing of your personal data, under certain conditions.</li>\r\n    <li>The right to data portability &ndash; You have the right to request that we transfer the data that we have collected to another organization, or directly to you, under certain conditions.</li>\r\n</ul>\r\n<p><br></p>\r\n<p>If you make a request, we have one month to respond to you. If you would like to exercise any of these rights, please contact us.</p>\r\n<p><br></p>\r\n<p><strong>Children\'s Information</strong></p>\r\n<p><br></p>\r\n<p>Another part of our priority is adding protection for children while using the internet. We encourage parents and guardians to observe, participate in, and/or monitor and guide their online activity.</p>\r\n<p><br></p>\r\n<p>My Website does not knowingly collect any Personal Identifiable Information from children under the age of 13. If you think that your child provided this kind of information on our website, we strongly encourage you to contact us immediately and we will do our best efforts to promptly remove such information from our records.</p>\r\n<p><br></p>\r\n<p><strong>Questions</strong></p>\r\n<p><br></p>\r\n<p>If you have any questions about this Privacy Policy, please contact us.</p>  ', 1, '2023-11-08 23:06:56', NULL, '2023-11-08 23:07:03', NULL, NULL, NULL),
	(2, 'terms', NULL, 'Terms of Use', NULL, '<p><strong>Privacy Policy for My Website</strong></p>\r\n<p><br></p>\r\n<p>My Website one of our main priorities is the privacy of our visitors. This Privacy Policy document contains types of information that is collected and recorded by My Website and how we use it.</p>\r\n<p><br></p>\r\n<p>If you have additional questions or require more information about our Privacy Policy, do not hesitate to contact us.</p>\r\n<p><br></p>\r\n<p>This privacy policy applies only to our online activities and is valid for visitors to our website with regards to the information that they shared and/or collect in&My Website. This policy is not applicable to any information collected offline or via channels other than this website.</p>\r\n<p>Consent</p>\r\n<p><br></p>\r\n<p>By using our website, you hereby consent to our Privacy Policy and agree to its terms. This Privacy Policy has been generated with the <a href="https://www.privacypolicygenerator.info/"><span class="s1">Privacy Policy Generator</span></a> which is available from <a href="https://www.privacypolicygenerator.info/"><span class="s1">https://www.privacypolicygenerator.info/</span></a><span class="Apple-converted-space">&</span></p>\r\n<p><br></p>\r\n<p><strong>Information we collect</strong></p>\r\n<p><br></p>\r\n<p>The personal information that you are asked to provide, and the reasons why you are asked to provide it, will be made clear to you at the point we ask you to provide your personal information.</p>\r\n<p><br></p>\r\n<p>If you contact us directly, we may receive additional information about you such as your name, email address, phone number, the contents of the message and/or attachments you may send us, and any other information you may choose to provide.</p>\r\n<p><br></p>\r\n<p>When you register for an Account, we may ask for your contact information, including items such as name, company name, address, email address, and telephone number.</p>\r\n<p><br></p>\r\n<p><strong>How we use your information</strong></p>\r\n<p><br></p>\r\n<p>We use the information we collect in various ways, including to:</p>\r\n<p><br></p>\r\n<ul>\r\n    <li>Provide, operate, and maintain our website</li>\r\n    <li>Improve, personalize, and expand our website</li>\r\n    <li>Understand and analyze how you use our website</li>\r\n    <li>Develop new products, services, features, and functionality</li>\r\n    <li>Communicate with you, either directly or through one of our partners, including for customer service, to provide you with updates and other information relating to the website, and for marketing and promotional purposes</li>\r\n    <li>Send you emails</li>\r\n    <li>Find and prevent fraud</li>\r\n    <li>Log Files</li>\r\n</ul>\r\n<p><br></p>\r\n<p>My Website follows a standard procedure of using log files. These files log visitors when they visit websites. All hosting companies do this and a part of hosting services\' analytics. The information collected by log files include internet protocol (IP) addresses, browser type, Internet Service Provider (ISP), date and time stamp, referring/exit pages, and possibly the number of clicks. These are not linked to any information that is personally identifiable. The purpose of the information is for analyzing trends, administering the site, tracking users\' movement on the website, and gathering demographic information.</p>\r\n<p><br></p>\r\n<p><strong>Cookies and Web Beacons</strong></p>\r\n<p><br></p>\r\n<p>Like any other website, My Website uses "cookies". These cookies are used to store information including visitors\' preferences, and the pages on the website that the visitor accessed or visited. The information is used to optimize the users\' experience by customizing our web page content based on visitors\' browser type and/or other information.</p>\r\n<p><br></p>\r\n<p><strong>DoubleClick DART Cookie</strong></p>\r\n<p><br></p>\r\n<p>Google is one of a third-party vendor on our site. It also uses cookies, known as DART cookies, to serve ads to our site visitors based upon their visit to www.website.com and other sites on the internet. However, visitors may choose to decline the use of DART cookies by visiting the Google ad and content network Privacy Policy at the following URL &ndash; <a href="https://policies.google.com/technologies/ads"><span class="s1">https://policies.google.com/technologies/ads</span></a><span class="Apple-converted-space">&</span></p>\r\n<p><br></p>\r\n<p>Some of advertisers on our site may use cookies and web beacons. Our advertising partners are listed below. Each of our advertising partners has their own Privacy Policy for their policies on user data. For easier access, we hyperlinked to their Privacy Policies below.</p>\r\n<p><br></p>\r\n<ul>\r\n    <li>Google: <a href="https://policies.google.com/technologies/ads"><span class="s1">https://policies.google.com/technologies/ads</span></a></li>\r\n</ul>\r\n<p><strong>Advertising Partners Privacy Policies</strong></p>\r\n<p><br></p>\r\n<p>You may consult this list to find the Privacy Policy for each of the advertising partners of&My Website.</p>\r\n<p><br></p>\r\n<p>Third-party ad servers or ad networks uses technologies like cookies, JavaScript, or Web Beacons that are used in their respective advertisements and links that appear on&My Website, which are sent directly to users\' browser. They automatically receive your IP address when this occurs. These technologies are used to measure the effectiveness of their advertising campaigns and/or to personalize the advertising content that you see on websites that you visit.</p>\r\n<p><br></p>\r\n<p>Note that My Website has no access to or control over these cookies that are used by third-party advertisers.</p>\r\n<p><br></p>\r\n<p><strong>Third-Party Privacy Policies</strong></p>\r\n<p><br></p>\r\n<p>My Website\'s Privacy Policy does not apply to other advertisers or websites. Thus, we are advising you to consult the respective Privacy Policies of these third-party ad servers for more detailed information. It may include their practices and instructions about how to opt-out of certain options. You may find a complete list of these Privacy Policies and their links here: Privacy Policy Links.</p>\r\n<p><br></p>\r\n<p>You can choose to disable cookies through your individual browser options. To know more detailed information about cookie management with specific web browsers, it can be found at the browsers\' respective websites. <a href="https://www.privacypolicygenerator.info/privacy-policy-cookies-clauses/"><span class="s1">What Are Cookies?</span></a></p>\r\n<p><br></p>\r\n<p><strong>CCPA Privacy Policy (Do Not Sell My Personal Information)</strong></p>\r\n<p><br></p>\r\n<p>Under the CCPA, among other rights, California consumers have the right to:</p>\r\n<p><br></p>\r\n<ul>\r\n    <li>Request that a business that collects a consumer\'s personal data disclose the categories and specific pieces of personal data that a business has collected about consumers.</li>\r\n    <li>Request that a business delete any personal data about the consumer that a business has collected.</li>\r\n    <li>Request that a business that sells a consumer\'s personal data, not sell the consumer\'s personal data.</li>\r\n</ul>\r\n<p><br></p>\r\n<p>If you make a request, we have one month to respond to you. If you would like to exercise any of these rights, please contact us.</p>\r\n<p><br></p>\r\n<p><strong>GDPR Privacy Policy (Data Protection Rights)</strong></p>\r\n<p><br></p>\r\n<p>We would like to make sure you are fully aware of all of your data protection rights. Every user is entitled to the following:</p>\r\n<p><br></p>\r\n<ul>\r\n    <li>The right to access &ndash; You have the right to request copies of your personal data. We may charge you a small fee for this service.</li>\r\n    <li>The right to rectification &ndash; You have the right to request that we correct any information you believe is inaccurate. You also have the right to request that we complete the information you believe is incomplete.</li>\r\n    <li>The right to erasure &ndash; You have the right to request that we erase your personal data, under certain conditions.</li>\r\n    <li>The right to restrict processing &ndash; You have the right to request that we restrict the processing of your personal data, under certain conditions.</li>\r\n    <li>The right to object to processing &ndash; You have the right to object to our processing of your personal data, under certain conditions.</li>\r\n    <li>The right to data portability &ndash; You have the right to request that we transfer the data that we have collected to another organization, or directly to you, under certain conditions.</li>\r\n</ul>\r\n<p><br></p>\r\n<p>If you make a request, we have one month to respond to you. If you would like to exercise any of these rights, please contact us.</p>\r\n<p><br></p>\r\n<p><strong>Children\'s Information</strong></p>\r\n<p><br></p>\r\n<p>Another part of our priority is adding protection for children while using the internet. We encourage parents and guardians to observe, participate in, and/or monitor and guide their online activity.</p>\r\n<p><br></p>\r\n<p>My Website does not knowingly collect any Personal Identifiable Information from children under the age of 13. If you think that your child provided this kind of information on our website, we strongly encourage you to contact us immediately and we will do our best efforts to promptly remove such information from our records.</p>\r\n<p><br></p>\r\n<p><strong>Questions</strong></p>\r\n<p><br></p>\r\n<p>If you have any questions about this Privacy Policy, please contact us.</p>  ', 1, '2023-11-08 23:06:56', NULL, '2023-11-08 23:07:03', NULL, NULL, NULL);

-- Dumping structure for table cpdb.password_resets
CREATE TABLE IF NOT EXISTS `password_resets` (
  `email` varchar(191) CHARACTER SET utf8mb4 COLLATE utf8mb4_unicode_ci NOT NULL,
  `token` varchar(191) CHARACTER SET utf8mb4 COLLATE utf8mb4_unicode_ci NOT NULL,
  `created_at` timestamp NULL DEFAULT NULL,
  KEY `password_resets_email_index` (`email`)
) ENGINE=InnoDB DEFAULT CHARSET=utf8mb4 COLLATE=utf8mb4_unicode_ci;

-- Dumping data for table cpdb.password_resets: ~0 rows (approximately)

-- Dumping structure for view cpdb.payment_due_status_homecurr
-- Creating temporary table to overcome VIEW dependency errors
CREATE TABLE `payment_due_status_homecurr` (
	`uuid` INT NOT NULL,
	`business_entity_id` INT NOT NULL,
	`qb_customer_id` INT NOT NULL,
	`qb_payment_id` INT NOT NULL,
	`payment_number` INT NOT NULL,
	`payment_date` INT NOT NULL,
	`payment_due_date` INT NOT NULL,
	`due_days` INT NOT NULL,
	`current_due` INT NOT NULL,
	`to_30_due` INT NOT NULL,
	`to_60_due` INT NOT NULL,
	`to_90_due` INT NOT NULL,
	`past_90_due` INT NOT NULL,
	`homecurr_unapplied_amount` INT NOT NULL,
	`homecurr_total_amount` INT NOT NULL
);

-- Dumping structure for table cpdb.privileges
CREATE TABLE IF NOT EXISTS `privileges` (
  `id` bigint unsigned NOT NULL AUTO_INCREMENT,
  `name` varchar(191) CHARACTER SET utf8mb4 COLLATE utf8mb4_unicode_ci NOT NULL,
  `description` varchar(191) CHARACTER SET utf8mb4 COLLATE utf8mb4_unicode_ci DEFAULT NULL,
  `status` tinyint(1) NOT NULL DEFAULT '1' COMMENT '0/1 - inactive/active',
  `created_at` timestamp NOT NULL DEFAULT CURRENT_TIMESTAMP ON UPDATE CURRENT_TIMESTAMP,
  `updated_at` timestamp NULL DEFAULT NULL,
  `deleted_at` timestamp NULL DEFAULT NULL,
  `created_by` char(36) CHARACTER SET utf8mb4 COLLATE utf8mb4_unicode_ci DEFAULT NULL,
  `updated_by` char(36) CHARACTER SET utf8mb4 COLLATE utf8mb4_unicode_ci DEFAULT NULL,
  `deleted_by` char(36) CHARACTER SET utf8mb4 COLLATE utf8mb4_unicode_ci DEFAULT NULL,
  PRIMARY KEY (`id`)
) ENGINE=InnoDB AUTO_INCREMENT=4 DEFAULT CHARSET=utf8mb4 COLLATE=utf8mb4_unicode_ci;

-- Dumping data for table cpdb.privileges: ~3 rows (approximately)
INSERT INTO `privileges` (`id`, `name`, `description`, `status`, `created_at`, `updated_at`, `deleted_at`, `created_by`, `updated_by`, `deleted_by`) VALUES
	(1, 'viewer', 'R', 1, '2023-07-05 09:25:29', NULL, NULL, NULL, NULL, NULL),
	(2, 'editor', 'CRUD', 1, '2023-07-05 09:25:29', NULL, NULL, NULL, NULL, NULL),
	(3, 'moderator', 'CRUD and approval', 1, '2023-07-05 09:25:29', NULL, NULL, NULL, NULL, NULL);

-- Dumping structure for table cpdb.produce_types
CREATE TABLE IF NOT EXISTS `produce_types` (
  `id` bigint unsigned NOT NULL AUTO_INCREMENT,
  `name` varchar(191) CHARACTER SET utf8mb4 COLLATE utf8mb4_unicode_ci NOT NULL,
  `description` varchar(191) CHARACTER SET utf8mb4 COLLATE utf8mb4_unicode_ci DEFAULT NULL,
  `icon` varchar(191) CHARACTER SET utf8mb4 COLLATE utf8mb4_unicode_ci DEFAULT NULL,
  `as_menu` tinyint(1) NOT NULL,
  `order_sequence` bigint NOT NULL DEFAULT '0' COMMENT '0...n. bigger = higher',
  `status` tinyint(1) NOT NULL DEFAULT '1' COMMENT '0/1 - inactive/active',
  `created_at` timestamp NOT NULL DEFAULT CURRENT_TIMESTAMP ON UPDATE CURRENT_TIMESTAMP,
  `created_by` char(36) CHARACTER SET utf8mb4 COLLATE utf8mb4_unicode_ci DEFAULT NULL,
  `updated_at` timestamp NULL DEFAULT NULL,
  `updated_by` char(36) CHARACTER SET utf8mb4 COLLATE utf8mb4_unicode_ci DEFAULT NULL,
  `deleted_at` timestamp NULL DEFAULT NULL,
  `deleted_by` char(36) CHARACTER SET utf8mb4 COLLATE utf8mb4_unicode_ci DEFAULT NULL,
  PRIMARY KEY (`id`)
) ENGINE=InnoDB DEFAULT CHARSET=utf8mb4 COLLATE=utf8mb4_unicode_ci;

-- Dumping data for table cpdb.produce_types: ~0 rows (approximately)

-- Dumping structure for table cpdb.providers_accesses
CREATE TABLE IF NOT EXISTS `providers_accesses` (
  `id` bigint unsigned NOT NULL AUTO_INCREMENT,
  `provider_id` bigint unsigned NOT NULL COMMENT 'spserp business entity id',
  `entity_type` varchar(191) CHARACTER SET utf8mb4 COLLATE utf8mb4_unicode_ci NOT NULL COMMENT 'department/user',
  `entity_id` bigint unsigned NOT NULL,
  `access_type` varchar(191) CHARACTER SET utf8mb4 COLLATE utf8mb4_unicode_ci NOT NULL COMMENT 'include/exclude',
  `status` tinyint(1) NOT NULL DEFAULT '1' COMMENT '0/1 - inactive/active',
  `created_at` timestamp NOT NULL DEFAULT CURRENT_TIMESTAMP ON UPDATE CURRENT_TIMESTAMP,
  `created_by` char(36) CHARACTER SET utf8mb4 COLLATE utf8mb4_unicode_ci DEFAULT NULL,
  `updated_at` timestamp NULL DEFAULT NULL,
  `updated_by` char(36) CHARACTER SET utf8mb4 COLLATE utf8mb4_unicode_ci DEFAULT NULL,
  `deleted_at` timestamp NULL DEFAULT NULL,
  `deleted_by` char(36) CHARACTER SET utf8mb4 COLLATE utf8mb4_unicode_ci DEFAULT NULL,
  PRIMARY KEY (`id`)
) ENGINE=InnoDB AUTO_INCREMENT=64 DEFAULT CHARSET=utf8mb4 COLLATE=utf8mb4_unicode_ci;

-- Dumping data for table cpdb.providers_accesses: ~62 rows (approximately)
INSERT INTO `providers_accesses` (`id`, `provider_id`, `entity_type`, `entity_id`, `access_type`, `status`, `created_at`, `created_by`, `updated_at`, `updated_by`, `deleted_at`, `deleted_by`) VALUES
	(1, 7, 'department', 13, 'include', 1, '2023-11-20 04:43:42', NULL, '2023-11-20 04:43:42', NULL, NULL, NULL),
	(2, 7, 'user', 19, 'include', 1, '2023-11-20 04:43:42', NULL, '2023-11-20 04:43:42', NULL, NULL, NULL),
	(3, 13, 'department', 1, 'include', 1, '2023-11-20 04:43:42', NULL, '2023-11-20 04:43:42', NULL, NULL, NULL),
	(4, 13, 'department', 25, 'include', 1, '2023-11-20 04:43:42', NULL, '2023-11-20 04:43:42', NULL, NULL, NULL),
	(5, 14, 'department', 4, 'include', 1, '2023-11-20 04:43:42', NULL, '2023-11-20 04:43:42', NULL, NULL, NULL),
	(6, 14, 'user', 19, 'include', 1, '2023-11-20 04:43:42', NULL, '2023-11-20 04:43:42', NULL, NULL, NULL),
	(7, 13, 'user', 1, 'include', 1, '2023-11-20 04:43:42', NULL, '2023-11-20 04:43:42', NULL, NULL, NULL),
	(8, 3, 'user', 19, 'include', 1, '2023-11-20 04:43:42', NULL, '2023-11-20 04:43:42', NULL, NULL, NULL),
	(9, 4, 'user', 19, 'include', 1, '2023-11-20 04:43:42', NULL, '2023-11-20 04:43:42', NULL, NULL, NULL),
	(10, 1, 'department', 7, 'include', 1, '2024-03-26 05:05:43', NULL, '2024-03-26 05:05:43', NULL, NULL, NULL),
	(11, 1, 'department', 16, 'include', 1, '2024-03-26 05:05:43', NULL, '2024-03-26 05:05:43', NULL, NULL, NULL),
	(12, 1, 'department', 23, 'include', 1, '2024-03-26 05:05:43', NULL, '2024-03-26 05:05:43', NULL, NULL, NULL),
	(13, 2, 'department', 10, 'include', 1, '2024-03-26 05:05:43', NULL, '2024-03-26 05:05:43', NULL, NULL, NULL),
	(14, 2, 'user', 490, 'include', 1, '2024-03-26 05:05:43', NULL, '2024-03-26 05:05:43', NULL, NULL, NULL),
	(15, 2, 'user', 216, 'include', 1, '2024-03-26 05:05:43', NULL, '2024-03-26 05:05:43', NULL, NULL, NULL),
	(16, 3, 'department', 8, 'include', 1, '2024-03-26 05:05:43', NULL, '2024-03-26 05:05:43', NULL, NULL, NULL),
	(17, 3, 'department', 10, 'include', 1, '2024-03-26 05:05:43', NULL, '2024-03-26 05:05:43', NULL, NULL, NULL),
	(18, 3, 'department', 11, 'include', 1, '2024-03-26 05:05:43', NULL, '2024-03-26 05:05:43', NULL, NULL, NULL),
	(19, 3, 'department', 14, 'include', 1, '2024-03-26 05:05:43', NULL, '2024-03-26 05:05:43', NULL, NULL, NULL),
	(20, 4, 'department', 3, 'include', 1, '2024-03-26 05:05:43', NULL, '2024-03-26 05:05:43', NULL, NULL, NULL),
	(21, 4, 'department', 20, 'include', 1, '2024-03-26 05:05:43', NULL, '2024-03-26 05:05:43', NULL, NULL, NULL),
	(22, 4, 'department', 21, 'include', 1, '2024-03-26 05:05:43', NULL, '2024-03-26 05:05:43', NULL, NULL, NULL),
	(23, 5, 'department', 12, 'include', 1, '2024-03-26 05:05:43', NULL, '2024-03-26 05:05:43', NULL, NULL, NULL),
	(24, 5, 'department', 24, 'include', 1, '2024-03-26 05:05:43', NULL, '2024-03-26 05:05:43', NULL, NULL, NULL),
	(25, 5, 'user', 726, 'include', 1, '2024-03-26 05:05:43', NULL, '2024-03-26 05:05:43', NULL, NULL, NULL),
	(26, 3, 'user', 103, 'include', 1, '2024-03-26 05:05:43', NULL, '2024-03-26 05:05:43', NULL, NULL, NULL),
	(27, 4, 'user', 103, 'include', 1, '2024-03-26 05:05:43', NULL, '2024-03-26 05:05:43', NULL, NULL, NULL),
	(28, 7, 'department', 5, 'include', 1, '2023-11-20 04:43:42', NULL, '2023-11-20 04:43:42', NULL, NULL, NULL),
	(29, 7, 'user', 103, 'include', 1, '2024-03-26 05:05:43', NULL, '2024-03-26 05:05:43', NULL, NULL, NULL),
	(30, 13, 'user', 103, 'include', 1, '2024-03-26 05:05:43', NULL, '2024-03-26 05:05:43', NULL, NULL, NULL),
	(31, 14, 'user', 103, 'include', 1, '2024-03-26 05:05:43', NULL, '2024-03-26 05:05:43', NULL, NULL, NULL),
	(32, 1, 'user', 103, 'include', 1, '2024-03-26 05:05:43', NULL, '2024-03-26 05:05:43', NULL, NULL, NULL),
	(33, 2, 'user', 103, 'include', 1, '2024-03-26 05:05:43', NULL, '2024-03-26 05:05:43', NULL, NULL, NULL),
	(34, 5, 'user', 103, 'include', 1, '2024-03-26 05:05:43', NULL, '2024-03-26 05:05:43', NULL, NULL, NULL),
	(35, 8, 'user', 103, 'include', 1, '2024-03-26 05:05:43', NULL, '2024-03-26 05:05:43', NULL, NULL, NULL),
	(36, 3, 'user', 298, 'include', 1, '2024-03-26 05:05:43', NULL, '2024-03-26 05:05:43', NULL, NULL, NULL),
	(37, 4, 'user', 298, 'include', 1, '2024-03-26 05:05:43', NULL, '2024-03-26 05:05:43', NULL, NULL, NULL),
	(38, 7, 'user', 298, 'include', 1, '2024-03-26 05:05:43', NULL, '2024-03-26 05:05:43', NULL, NULL, NULL),
	(39, 13, 'user', 298, 'include', 1, '2024-03-26 05:05:43', NULL, '2024-03-26 05:05:43', NULL, NULL, NULL),
	(40, 14, 'user', 298, 'include', 1, '2024-03-26 05:05:43', NULL, '2024-03-26 05:05:43', NULL, NULL, NULL),
	(41, 1, 'user', 298, 'include', 1, '2024-03-26 05:05:43', NULL, '2024-03-26 05:05:43', NULL, NULL, NULL),
	(42, 2, 'user', 298, 'include', 1, '2024-03-26 05:05:43', NULL, '2024-03-26 05:05:43', NULL, NULL, NULL),
	(43, 5, 'user', 298, 'include', 1, '2024-03-26 05:05:43', NULL, '2024-03-26 05:05:43', NULL, NULL, NULL),
	(44, 8, 'user', 298, 'include', 1, '2024-03-26 05:05:43', NULL, '2024-03-26 05:05:43', NULL, NULL, NULL),
	(45, 13, 'department', 28, 'include', 1, '2024-03-26 05:05:43', NULL, '2024-03-26 05:05:43', NULL, NULL, NULL),
	(46, 3, 'user', 539, 'include', 1, '2023-11-20 04:43:42', NULL, '2023-11-20 04:43:42', NULL, NULL, NULL),
	(47, 4, 'user', 539, 'include', 1, '2023-11-20 04:43:42', NULL, '2023-11-20 04:43:42', NULL, NULL, NULL),
	(48, 1, 'business-entity', 1, 'include', 1, '2024-04-18 06:31:42', NULL, '2024-04-18 06:31:42', NULL, NULL, NULL),
	(49, 2, 'business-entity', 2, 'include', 1, '2024-04-18 06:31:42', NULL, '2024-04-18 06:31:42', NULL, NULL, NULL),
	(50, 3, 'business-entity', 3, 'include', 1, '2024-04-18 06:31:42', NULL, '2024-04-18 06:31:42', NULL, NULL, NULL),
	(51, 4, 'business-entity', 4, 'include', 1, '2024-04-18 06:31:42', NULL, '2024-04-18 06:31:42', NULL, NULL, NULL),
	(52, 5, 'business-entity', 5, 'include', 1, '2024-04-18 06:31:42', NULL, '2024-04-18 06:31:42', NULL, NULL, NULL),
	(53, 6, 'business-entity', 6, 'include', 1, '2024-04-18 06:31:42', NULL, '2024-04-18 06:31:42', NULL, NULL, NULL),
	(54, 7, 'business-entity', 7, 'include', 1, '2024-04-18 06:31:42', NULL, '2024-04-18 06:31:42', NULL, NULL, NULL),
	(55, 8, 'business-entity', 8, 'include', 1, '2024-04-18 06:31:42', NULL, '2024-04-18 06:31:42', NULL, NULL, NULL),
	(56, 13, 'business-entity', 13, 'include', 1, '2024-04-18 06:31:42', NULL, '2024-04-18 06:31:42', NULL, NULL, NULL),
	(57, 14, 'business-entity', 14, 'include', 1, '2024-04-18 06:31:42', NULL, '2024-04-18 06:31:42', NULL, NULL, NULL),
	(58, 15, 'business-entity', 15, 'include', 1, '2024-04-18 06:31:42', NULL, '2024-04-18 06:31:42', NULL, NULL, NULL),
	(59, 16, 'business-entity', 16, 'include', 1, '2024-04-18 06:31:42', NULL, '2024-04-18 06:31:42', NULL, NULL, NULL),
	(60, 17, 'business-entity', 17, 'include', 1, '2024-04-18 06:31:42', NULL, '2024-04-18 06:31:42', NULL, NULL, NULL),
	(61, 18, 'business-entity', 18, 'include', 1, '2024-04-18 06:31:42', NULL, '2024-04-18 06:31:42', NULL, NULL, NULL),
	(62, 18, 'user', 539, 'include', 0, '2024-04-18 06:31:42', NULL, '2024-04-18 06:31:42', NULL, NULL, NULL),
	(63, 18, 'user', 921, 'include', 0, '2024-04-18 06:31:42', NULL, '2024-04-18 06:31:42', NULL, NULL, NULL);

-- Dumping structure for table cpdb.providers_heads
CREATE TABLE IF NOT EXISTS `providers_heads` (
  `id` bigint unsigned NOT NULL AUTO_INCREMENT,
  `provider_id` bigint unsigned NOT NULL COMMENT 'spserp business entity id',
  `provider_user_id` bigint unsigned NOT NULL COMMENT 'spserp user id',
  `status` tinyint(1) NOT NULL DEFAULT '1' COMMENT '0/1 - inactive/active',
  `created_at` timestamp NOT NULL DEFAULT CURRENT_TIMESTAMP ON UPDATE CURRENT_TIMESTAMP,
  `created_by` char(36) CHARACTER SET utf8mb4 COLLATE utf8mb4_unicode_ci DEFAULT NULL,
  `updated_at` timestamp NULL DEFAULT NULL,
  `updated_by` char(36) CHARACTER SET utf8mb4 COLLATE utf8mb4_unicode_ci DEFAULT NULL,
  `deleted_at` timestamp NULL DEFAULT NULL,
  `deleted_by` char(36) CHARACTER SET utf8mb4 COLLATE utf8mb4_unicode_ci DEFAULT NULL,
  PRIMARY KEY (`id`)
) ENGINE=InnoDB AUTO_INCREMENT=4 DEFAULT CHARSET=utf8mb4 COLLATE=utf8mb4_unicode_ci;

-- Dumping data for table cpdb.providers_heads: ~3 rows (approximately)
INSERT INTO `providers_heads` (`id`, `provider_id`, `provider_user_id`, `status`, `created_at`, `created_by`, `updated_at`, `updated_by`, `deleted_at`, `deleted_by`) VALUES
	(1, 7, 21, 1, '2023-12-28 02:30:06', NULL, '2023-12-28 02:30:06', NULL, NULL, NULL),
	(2, 13, 19, 1, '2023-12-28 02:30:06', NULL, '2023-12-28 02:30:06', NULL, NULL, NULL),
	(3, 14, 22, 1, '2023-12-28 02:30:06', NULL, '2023-12-28 02:30:06', NULL, NULL, NULL);

-- Dumping structure for table cpdb.providers_moderators
CREATE TABLE IF NOT EXISTS `providers_moderators` (
  `id` bigint unsigned NOT NULL AUTO_INCREMENT,
  `provider_id` bigint unsigned NOT NULL COMMENT 'spserp business entity id',
  `provider_user_id` bigint unsigned NOT NULL COMMENT 'spserp user id',
  `job_type_ids` text CHARACTER SET utf8mb4 COLLATE utf8mb4_unicode_ci NOT NULL COMMENT 'comma separated id, 0=all, not null',
  `status` tinyint(1) NOT NULL DEFAULT '1' COMMENT '0/1 - inactive/active',
  `created_at` timestamp NOT NULL DEFAULT CURRENT_TIMESTAMP ON UPDATE CURRENT_TIMESTAMP,
  `created_by` char(36) CHARACTER SET utf8mb4 COLLATE utf8mb4_unicode_ci DEFAULT NULL,
  `updated_at` timestamp NULL DEFAULT NULL,
  `updated_by` char(36) CHARACTER SET utf8mb4 COLLATE utf8mb4_unicode_ci DEFAULT NULL,
  `deleted_at` timestamp NULL DEFAULT NULL,
  `deleted_by` char(36) CHARACTER SET utf8mb4 COLLATE utf8mb4_unicode_ci DEFAULT NULL,
  PRIMARY KEY (`id`)
) ENGINE=InnoDB AUTO_INCREMENT=7 DEFAULT CHARSET=utf8mb4 COLLATE=utf8mb4_unicode_ci;

-- Dumping data for table cpdb.providers_moderators: ~6 rows (approximately)
INSERT INTO `providers_moderators` (`id`, `provider_id`, `provider_user_id`, `job_type_ids`, `status`, `created_at`, `created_by`, `updated_at`, `updated_by`, `deleted_at`, `deleted_by`) VALUES
	(1, 13, 19, '61,62,63,64,65,66,67,68,69,70,71,72,73', 1, '2023-12-28 02:58:59', NULL, '2023-12-28 02:58:59', NULL, NULL, NULL),
	(2, 13, 18, '61,64,65,67,68,71,72,73', 1, '2023-12-28 02:58:59', NULL, '2023-12-28 02:58:59', NULL, NULL, NULL),
	(3, 13, 80, '67,73', 1, '2023-12-28 02:58:59', NULL, '2023-12-28 02:58:59', NULL, NULL, NULL),
	(4, 13, 669, '69', 1, '2023-12-28 02:58:59', NULL, '2023-12-28 02:58:59', NULL, NULL, NULL),
	(5, 13, 670, '65,68', 1, '2023-12-28 02:58:59', NULL, '2023-12-28 02:58:59', NULL, NULL, NULL),
	(6, 13, 539, '61,62,63,64,65,66,67,68,69,70,71,72,73', 1, '2023-12-28 02:58:59', NULL, '2023-12-28 02:58:59', NULL, NULL, NULL);

-- Dumping structure for table cpdb.providers_settings
CREATE TABLE IF NOT EXISTS `providers_settings` (
  `id` bigint unsigned NOT NULL AUTO_INCREMENT,
  `uuid` char(36) CHARACTER SET utf8mb4 COLLATE utf8mb4_unicode_ci DEFAULT NULL,
  `provider_id` bigint unsigned NOT NULL COMMENT 'spserp business entity id',
  `display_name` text CHARACTER SET utf8mb4 COLLATE utf8mb4_unicode_ci,
  `code_name` varchar(100) CHARACTER SET utf8mb4 COLLATE utf8mb4_unicode_ci DEFAULT NULL,
  `use_display_name` tinyint(1) NOT NULL DEFAULT '0',
  `using_default_moderators` tinyint(1) NOT NULL DEFAULT '1' COMMENT '0=use from providers_moderators table, 1=use from default moderator groupd column',
  `qb_currency` varchar(8) CHARACTER SET utf8mb4 COLLATE utf8mb4_unicode_ci DEFAULT NULL,
  `status` tinyint(1) NOT NULL DEFAULT '1' COMMENT '0/1 - inactive/active',
  `created_at` timestamp NOT NULL DEFAULT CURRENT_TIMESTAMP ON UPDATE CURRENT_TIMESTAMP,
  `created_by` char(36) CHARACTER SET utf8mb4 COLLATE utf8mb4_unicode_ci DEFAULT NULL,
  `updated_at` timestamp NULL DEFAULT NULL,
  `updated_by` char(36) CHARACTER SET utf8mb4 COLLATE utf8mb4_unicode_ci DEFAULT NULL,
  `deleted_at` timestamp NULL DEFAULT NULL,
  `deleted_by` char(36) CHARACTER SET utf8mb4 COLLATE utf8mb4_unicode_ci DEFAULT NULL,
  PRIMARY KEY (`id`),
  KEY `providers_settings_provider_id_IDX` (`provider_id`) USING BTREE,
  KEY `providers_settings_uuid_IDX` (`uuid`) USING BTREE
) ENGINE=InnoDB AUTO_INCREMENT=16 DEFAULT CHARSET=utf8mb4 COLLATE=utf8mb4_unicode_ci;

-- Dumping data for table cpdb.providers_settings: ~14 rows (approximately)
INSERT INTO `providers_settings` (`id`, `uuid`, `provider_id`, `display_name`, `code_name`, `use_display_name`, `using_default_moderators`, `qb_currency`, `status`, `created_at`, `created_by`, `updated_at`, `updated_by`, `deleted_at`, `deleted_by`) VALUES
	(2, 'e73ea92e-643a-4942-ad8b-cba792bc4493', 7, 'MYSA Business Management Sdn Bhd', 'MYBM', 1, 1, 'MYR', 1, '2023-11-20 04:29:31', NULL, '2023-11-20 04:29:31', NULL, NULL, NULL),
	(3, '3e5a3353-5afd-483b-8a3e-a6498ab25e81', 13, 'SALIHIN IT Curation Sdn Bhd', 'SITC', 1, 0, 'MYR', 1, '2023-11-20 04:29:31', NULL, '2023-11-20 04:29:31', NULL, NULL, NULL),
	(4, '7f2a3a7c-e03a-451c-8bdf-180078e591dd', 14, 'MYSA Corporate Services Sdn. Bhd.', 'MYSA', 1, 1, 'MYR', 1, '2023-11-20 04:29:31', NULL, '2023-11-20 04:29:31', NULL, NULL, NULL),
	(5, '9661530e-4856-4759-a646-7e4439843ff4', 1, 'SALIHIN Consulting Group Sdn Bhd', 'SCG', 1, 1, 'MYR', 1, '2023-11-20 04:29:31', NULL, '2023-11-20 04:29:31', NULL, NULL, NULL),
	(6, '9661530e-4856-4759-a646-7e4439843ff4', 2, 'SALIHIN', 'SN', 1, 1, 'MYR', 1, '2023-11-20 04:29:31', NULL, '2023-11-20 04:29:31', NULL, NULL, NULL),
	(7, '2dac8e25-808f-42e4-9d36-f8335d353503', 3, 'Aljafree Salihin Kuzaimi ', 'ASK', 1, 1, 'MYR', 1, '2023-11-20 04:29:31', NULL, '2023-11-20 04:29:31', NULL, NULL, NULL),
	(8, '39cb4010-d39f-4eef-a476-02befb5cb9ca', 4, 'SALIHIN Tax Advisory Sdn Bhd', 'STA', 1, 1, 'MYR', 1, '2023-11-20 04:29:31', NULL, '2023-11-20 04:29:31', NULL, NULL, NULL),
	(9, '1a145668-ed9e-402f-a836-0391effd3da0', 5, 'SALIHIN Shariah Advisory Sdn Bhd', 'SSA', 1, 1, 'MYR', 1, '2023-11-20 04:29:31', NULL, '2023-11-20 04:29:31', NULL, NULL, NULL),
	(10, '148a1610-9f8a-4a38-9bd0-000c24ffa50f', 8, 'SALIHIN Training and Consultancy Sdn Bhd', 'STC', 1, 1, 'MYR', 1, '2023-11-20 04:29:31', NULL, '2023-11-20 04:29:31', NULL, NULL, NULL),
	(11, 'ef3a017e-79f3-4012-9743-8b1731a931cf', 6, 'SALIHIN Corporate Advisory Sdn Bhd', 'SCA', 1, 1, 'MYR', 1, '2024-04-18 07:04:34', NULL, '2024-04-18 07:04:34', NULL, NULL, NULL),
	(12, '0187a495-0772-4f90-a7ed-a567f74054a4', 15, 'Yayasan Salihin', 'YS', 1, 1, 'MYR', 1, '2024-04-18 07:04:34', NULL, '2024-04-18 07:04:34', NULL, NULL, NULL),
	(13, 'e51945b6-070e-4261-9207-d9c32ef9d5fb', 16, 'Assuring Consulting Sdn Bhd', 'ACSB', 1, 1, 'MYR', 1, '2024-04-18 07:04:34', NULL, '2024-04-18 07:04:34', NULL, NULL, NULL),
	(14, 'a5b61ff5-5669-4a7a-b4b2-3b2b8bd0ab25', 17, 'SALIHIN Academy Sdn Bhd', 'SASB', 1, 1, 'MYR', 1, '2024-04-18 07:04:34', NULL, '2024-04-18 07:04:34', NULL, NULL, NULL),
	(15, '977f4277-1eeb-43bf-8a9f-4d292940b198', 18, 'SALIHIN Publication Sdn Bhd', 'SPSB', 1, 1, 'MYR', 1, '2024-04-18 07:04:34', NULL, '2024-04-18 07:04:34', NULL, NULL, NULL);

-- Dumping structure for table cpdb.qb_crm_mappings
CREATE TABLE IF NOT EXISTS `qb_crm_mappings` (
  `id` bigint unsigned NOT NULL AUTO_INCREMENT,
  `uuid` char(36) CHARACTER SET utf8mb4 COLLATE utf8mb4_unicode_ci NOT NULL,
  `mapped_count` bigint unsigned DEFAULT NULL,
  `error` text CHARACTER SET utf8mb4 COLLATE utf8mb4_unicode_ci,
  `cut_off_time` datetime DEFAULT NULL,
  `status` tinyint(1) NOT NULL DEFAULT '1' COMMENT '0/1/2 - fail/pending/success',
  `created_at` timestamp NULL DEFAULT NULL,
  `completed_at` timestamp NULL DEFAULT NULL,
  `deleted_at` timestamp NULL DEFAULT NULL,
  PRIMARY KEY (`id`)
) ENGINE=InnoDB AUTO_INCREMENT=1224 DEFAULT CHARSET=utf8mb4 COLLATE=utf8mb4_unicode_ci;

-- Dumping data for table cpdb.qb_crm_mappings: ~1,223 rows (approximately)
INSERT INTO `qb_crm_mappings` (`id`, `uuid`, `mapped_count`, `error`, `cut_off_time`, `status`, `created_at`, `completed_at`, `deleted_at`) VALUES
	(1, 'b394f609-5f5a-4a18-bfbb-c9697e502d11', 5524, NULL, NULL, 2, '2024-04-04 11:50:02', '2024-04-04 11:50:02', NULL),
	(2, '220cdd11-fb09-41fa-96dc-ffe41dc09cdf', 28, NULL, '2024-04-04 11:50:02', 2, '2024-04-04 18:00:02', '2024-04-04 18:00:02', NULL),
	(3, 'e38a2959-992f-420b-8e60-13c49c6cd52f', 0, NULL, '2024-04-04 18:00:02', 2, '2024-04-04 18:05:02', '2024-04-04 18:05:02', NULL),
	(4, '060d2fd4-0820-4b83-9882-3d206f2119f7', 0, NULL, '2024-04-04 18:05:02', 2, '2024-04-04 18:10:02', '2024-04-04 18:10:02', NULL),
	(5, 'ee507a38-e90b-40ca-9283-0afd74dc4dca', 0, NULL, '2024-04-04 18:10:02', 2, '2024-04-04 18:15:02', '2024-04-04 18:15:02', NULL),
	(6, '740c47a6-2f9c-4cea-8247-b419a96da539', 0, NULL, '2024-04-04 18:15:02', 2, '2024-04-04 18:20:02', '2024-04-04 18:20:02', NULL),
	(7, '7a5398ac-4cbe-4087-b6bb-af632b78f942', 0, NULL, '2024-04-04 18:20:02', 2, '2024-04-04 18:25:02', '2024-04-04 18:25:02', NULL),
	(8, '755130d6-ce6d-4208-81a0-7f638a635aec', 0, NULL, '2024-04-04 18:25:02', 2, '2024-04-04 18:30:02', '2024-04-04 18:30:02', NULL),
	(9, 'bbc9dd99-f18e-4c2d-9e37-29c107407cf1', 0, NULL, '2024-04-04 18:30:02', 2, '2024-04-04 18:35:02', '2024-04-04 18:35:02', NULL),
	(10, 'f43d7265-b86e-451b-b1a3-afe6768ab504', 0, NULL, '2024-04-04 18:35:02', 2, '2024-04-04 18:40:02', '2024-04-04 18:40:02', NULL),
	(11, '2f6578a7-1b01-4e66-8db7-a549eb4416aa', 0, NULL, '2024-04-04 18:40:02', 2, '2024-04-04 18:45:02', '2024-04-04 18:45:02', NULL),
	(12, 'a343a725-fc7b-4177-a0f1-04832dc1aefe', 0, NULL, '2024-04-04 18:45:02', 2, '2024-04-04 18:50:03', '2024-04-04 18:50:03', NULL),
	(13, '42903038-031f-4375-bfc1-abfc3b6a6a5c', 0, NULL, '2024-04-04 18:50:03', 2, '2024-04-04 18:55:01', '2024-04-04 18:55:01', NULL),
	(14, '90f90df5-47cc-4784-ae7b-e9b65c22ea38', 0, NULL, '2024-04-04 18:55:01', 2, '2024-04-04 19:00:02', '2024-04-04 19:00:02', NULL),
	(15, 'fd2f3251-cad0-4e6c-be07-93c52c07abe9', 0, NULL, '2024-04-04 19:00:02', 2, '2024-04-04 19:05:02', '2024-04-04 19:05:02', NULL),
	(16, 'a4cb2620-0aee-4327-800f-dee69b7f03b0', 0, NULL, '2024-04-04 19:05:02', 2, '2024-04-04 19:10:02', '2024-04-04 19:10:02', NULL),
	(17, '98ee9d88-3953-4b21-b5fc-746800368ef2', 0, NULL, '2024-04-04 19:10:02', 2, '2024-04-04 19:15:02', '2024-04-04 19:15:02', NULL),
	(18, '6b6b1142-56bb-4721-9835-5333d7bdcef1', 0, NULL, '2024-04-04 19:15:02', 2, '2024-04-04 19:20:02', '2024-04-04 19:20:02', NULL),
	(19, '0e3d6d40-6c93-4140-90e8-efc1c22b103d', 0, NULL, '2024-04-04 19:20:02', 2, '2024-04-04 19:25:02', '2024-04-04 19:25:02', NULL),
	(20, '81383112-9f51-4a0b-83c5-89dc6327cae2', 0, NULL, '2024-04-04 19:25:02', 2, '2024-04-04 19:30:02', '2024-04-04 19:30:02', NULL),
	(21, 'f5c97597-bafb-40d8-8720-854cd7a13400', 0, NULL, '2024-04-04 19:30:02', 2, '2024-04-04 19:35:02', '2024-04-04 19:35:02', NULL),
	(22, '0432f842-8e82-4845-9233-c32d7a5176c6', 0, NULL, '2024-04-04 19:35:02', 2, '2024-04-04 19:40:02', '2024-04-04 19:40:02', NULL),
	(23, 'eaa7a4c3-e383-49d4-85a6-b4fce24725f4', 0, NULL, '2024-04-04 19:40:02', 2, '2024-04-04 19:45:02', '2024-04-04 19:45:02', NULL),
	(24, 'ca5f336d-e9dc-4bb3-9790-d7f7e1e23588', 0, NULL, '2024-04-04 19:45:02', 2, '2024-04-04 19:50:02', '2024-04-04 19:50:02', NULL),
	(25, 'e3e7198d-bbec-42ba-93fb-1c4c07c6cd56', 0, NULL, '2024-04-04 19:50:02', 2, '2024-04-04 19:55:02', '2024-04-04 19:55:02', NULL),
	(26, '95c19ce7-d65f-4ca6-896d-37d046b238a6', 0, NULL, '2024-04-04 19:55:02', 2, '2024-04-04 20:00:02', '2024-04-04 20:00:02', NULL),
	(27, '82d7eaea-cddd-4ccf-89ab-622a057ad525', 0, NULL, '2024-04-04 20:00:02', 2, '2024-04-04 20:05:02', '2024-04-04 20:05:02', NULL),
	(28, '156788c7-307a-41ef-8d65-3ea2192f02ae', 0, NULL, '2024-04-04 20:05:02', 2, '2024-04-04 20:10:02', '2024-04-04 20:10:02', NULL),
	(29, '7e9eb8ce-f528-42b2-a98e-cba9ca0e09fb', 0, NULL, '2024-04-04 20:10:02', 2, '2024-04-04 20:15:02', '2024-04-04 20:15:02', NULL),
	(30, '1b0a4229-f146-4d84-8922-d1dbaec579ed', 0, NULL, '2024-04-04 20:15:02', 2, '2024-04-04 20:20:02', '2024-04-04 20:20:02', NULL),
	(31, '185dab0e-c67d-47da-b389-7bdd68d4db3f', 0, NULL, '2024-04-04 20:20:02', 2, '2024-04-04 20:25:02', '2024-04-04 20:25:02', NULL),
	(32, '23b725f9-f13e-44af-bf13-1102bfb171fe', 0, NULL, '2024-04-04 20:25:02', 2, '2024-04-04 20:30:03', '2024-04-04 20:30:03', NULL),
	(33, '3a8148bf-3618-4d14-83b8-26773f4e28f8', 0, NULL, '2024-04-04 20:30:03', 2, '2024-04-04 20:35:02', '2024-04-04 20:35:02', NULL),
	(34, 'ba4b02cc-0b8a-403a-97b6-9e9d3596dab9', 0, NULL, '2024-04-04 20:35:02', 2, '2024-04-04 20:40:02', '2024-04-04 20:40:02', NULL),
	(35, 'e4940197-c304-4578-b7a7-1c0f164097fb', 0, NULL, '2024-04-04 20:40:02', 2, '2024-04-04 20:45:02', '2024-04-04 20:45:02', NULL),
	(36, '5bf92e1f-2ba0-4760-95d7-159cb12f3cfe', 0, NULL, '2024-04-04 20:45:02', 2, '2024-04-04 20:50:03', '2024-04-04 20:50:03', NULL),
	(37, '93bc9e62-ba90-40b7-b1c0-54d4d41e90f2', 0, NULL, '2024-04-04 20:50:03', 2, '2024-04-04 20:55:02', '2024-04-04 20:55:02', NULL),
	(38, 'b5cab2b5-5a0b-433c-b218-ae133b2614be', 0, NULL, '2024-04-04 20:55:02', 2, '2024-04-04 21:00:02', '2024-04-04 21:00:02', NULL),
	(39, '5f490bb4-d06d-46d2-a115-6af98f458f22', 0, NULL, '2024-04-04 21:00:02', 2, '2024-04-04 21:05:02', '2024-04-04 21:05:02', NULL),
	(40, '0237b57c-b3ff-416c-97d7-e4c48af0320a', 0, NULL, '2024-04-04 21:05:02', 2, '2024-04-04 21:10:02', '2024-04-04 21:10:02', NULL),
	(41, 'fd6e6cd9-ccf7-4885-be3e-3bacc5b1e01d', 0, NULL, '2024-04-04 21:10:02', 2, '2024-04-04 21:15:01', '2024-04-04 21:15:01', NULL),
	(42, 'af088e4d-b752-4c63-89fd-1d18e361231a', 0, NULL, '2024-04-04 21:15:01', 2, '2024-04-04 21:20:02', '2024-04-04 21:20:02', NULL),
	(43, '66bf9cb5-98e5-4538-a781-9a15c144a345', 0, NULL, '2024-04-04 21:20:02', 2, '2024-04-04 21:25:02', '2024-04-04 21:25:02', NULL),
	(44, 'b5176d85-82ba-4f8e-8ce1-a94104f37bd2', 0, NULL, '2024-04-04 21:25:02', 2, '2024-04-04 21:30:02', '2024-04-04 21:30:02', NULL),
	(45, 'b24df731-b773-4866-a786-0f66fe37bdc6', 0, NULL, '2024-04-04 21:30:02', 2, '2024-04-04 21:35:02', '2024-04-04 21:35:02', NULL),
	(46, '8411c7d6-c1ee-4e8a-a2bc-8d080002ed48', 0, NULL, '2024-04-04 21:35:02', 2, '2024-04-04 21:40:02', '2024-04-04 21:40:02', NULL),
	(47, '7ac85e6a-23a7-4290-be6b-7bee55e7f20e', 0, NULL, '2024-04-04 21:40:02', 2, '2024-04-04 21:45:02', '2024-04-04 21:45:02', NULL),
	(48, 'ac48180a-5bc7-4645-8989-5361451053e0', 0, NULL, '2024-04-04 21:45:02', 2, '2024-04-04 21:50:02', '2024-04-04 21:50:02', NULL),
	(49, '8861a6cd-809e-4dcd-b66f-7626eb487396', 0, NULL, '2024-04-04 21:50:02', 2, '2024-04-04 21:55:02', '2024-04-04 21:55:02', NULL),
	(50, '3260a147-6158-4c47-9c05-7ae054f0152e', 0, NULL, '2024-04-04 21:55:02', 2, '2024-04-04 22:00:02', '2024-04-04 22:00:02', NULL),
	(51, 'edd22a33-33dc-45af-88d6-3b14ae55d9d9', 0, NULL, '2024-04-04 22:00:02', 2, '2024-04-04 22:05:02', '2024-04-04 22:05:02', NULL),
	(52, '8aba05fc-1a2d-44ee-9500-c7c604ae499a', 0, NULL, '2024-04-04 22:05:02', 2, '2024-04-04 22:10:02', '2024-04-04 22:10:02', NULL),
	(53, 'cbd46cfa-a837-435e-be4e-f5ec83d01a65', 0, NULL, '2024-04-04 22:10:02', 2, '2024-04-04 22:15:02', '2024-04-04 22:15:02', NULL),
	(54, 'e8a75e01-330d-4f50-9f26-2f12014aa3d0', 0, NULL, '2024-04-04 22:15:02', 2, '2024-04-04 22:20:02', '2024-04-04 22:20:02', NULL),
	(55, 'f7bf7928-1d76-496d-b937-95402cc91b74', 0, NULL, '2024-04-04 22:20:02', 2, '2024-04-04 22:25:03', '2024-04-04 22:25:03', NULL),
	(56, '688f727d-4877-44dd-8a0a-cc00cba14037', 0, NULL, '2024-04-04 22:25:03', 2, '2024-04-04 22:30:02', '2024-04-04 22:30:02', NULL),
	(57, '6215a0b3-0b6b-47a4-93a3-5f1145175a09', 0, NULL, '2024-04-04 22:30:02', 2, '2024-04-04 22:35:02', '2024-04-04 22:35:02', NULL),
	(58, '2aa11713-aa3d-4d9b-941a-720a7f588a84', 0, NULL, '2024-04-04 22:35:02', 2, '2024-04-04 22:40:02', '2024-04-04 22:40:02', NULL),
	(59, 'bd813d4d-3932-43de-ab91-af63eff7d2fd', 0, NULL, '2024-04-04 22:40:02', 2, '2024-04-04 22:45:02', '2024-04-04 22:45:02', NULL),
	(60, 'e0f4bdc0-f24d-4ac5-a32c-732641104fad', 0, NULL, '2024-04-04 22:45:02', 2, '2024-04-04 22:50:02', '2024-04-04 22:50:02', NULL),
	(61, '5c99214f-570d-46d3-b640-3a46279b6bf7', 0, NULL, '2024-04-04 22:50:02', 2, '2024-04-04 22:55:02', '2024-04-04 22:55:02', NULL),
	(62, '0d5efa29-f492-48e0-856b-6bfc5f9ce61a', 0, NULL, '2024-04-04 22:55:02', 2, '2024-04-04 23:00:02', '2024-04-04 23:00:02', NULL),
	(63, '9b9122c5-0c00-4779-9ca4-57eeab8f8ada', 0, NULL, '2024-04-04 23:00:02', 2, '2024-04-04 23:05:02', '2024-04-04 23:05:02', NULL),
	(64, '9e8d8b69-eada-4876-9efa-46bd7e4c93c8', 0, NULL, '2024-04-04 23:05:02', 2, '2024-04-04 23:10:03', '2024-04-04 23:10:03', NULL),
	(65, '3db13c24-3386-436e-8a2b-4b8da548963b', 0, NULL, '2024-04-04 23:10:03', 2, '2024-04-04 23:15:02', '2024-04-04 23:15:02', NULL),
	(66, '30362038-76be-4628-b4d9-ed86a69595a6', 0, NULL, '2024-04-04 23:15:02', 2, '2024-04-04 23:20:01', '2024-04-04 23:20:01', NULL),
	(67, '73a0a302-12d0-4507-afc7-0e9583763208', 0, NULL, '2024-04-04 23:20:01', 2, '2024-04-04 23:25:02', '2024-04-04 23:25:02', NULL),
	(68, 'ba373f83-d8f4-416d-8304-03d9e56e2efc', 0, NULL, '2024-04-04 23:25:02', 2, '2024-04-04 23:30:02', '2024-04-04 23:30:02', NULL),
	(69, '5fde462b-8b2f-43f4-8cb4-9c15ab4e8bdb', 0, NULL, '2024-04-04 23:30:02', 2, '2024-04-04 23:35:02', '2024-04-04 23:35:02', NULL),
	(70, '56126ff8-45b0-4d17-9434-64a0a7018834', 0, NULL, '2024-04-04 23:35:02', 2, '2024-04-04 23:40:02', '2024-04-04 23:40:02', NULL),
	(71, '2630ba06-f50f-4b29-a9ac-a5d931bda424', 0, NULL, '2024-04-04 23:40:02', 2, '2024-04-04 23:45:02', '2024-04-04 23:45:02', NULL),
	(72, '95ace7fe-aee6-49b6-af3c-79cf1594d187', 0, NULL, '2024-04-04 23:45:02', 2, '2024-04-04 23:50:02', '2024-04-04 23:50:02', NULL),
	(73, '335fa846-4fd8-4e3a-a484-e7adcd9b0d68', 0, NULL, '2024-04-04 23:50:02', 2, '2024-04-04 23:55:02', '2024-04-04 23:55:02', NULL),
	(74, 'dd7fc4ac-82ce-4b44-b3f0-c7d3cf3b64e4', 0, NULL, '2024-04-04 23:55:02', 2, '2024-04-05 00:00:02', '2024-04-05 00:00:02', NULL),
	(75, 'c47f73fb-5b11-42d9-8d3b-47302aa534d7', 0, NULL, '2024-04-05 00:00:02', 2, '2024-04-05 00:05:02', '2024-04-05 00:05:02', NULL),
	(76, '94e6fc91-0406-4e87-ae88-93dbb5fd5e25', 0, NULL, '2024-04-05 00:05:02', 2, '2024-04-05 00:10:02', '2024-04-05 00:10:02', NULL),
	(77, '33038247-51db-492d-b70a-bcbc2b2bc07a', 0, NULL, '2024-04-05 00:10:02', 2, '2024-04-05 00:15:02', '2024-04-05 00:15:02', NULL),
	(78, '4c9ee445-5919-4132-b61a-3869e4735997', 0, NULL, '2024-04-05 00:15:02', 2, '2024-04-05 00:20:02', '2024-04-05 00:20:02', NULL),
	(79, 'e5340fa8-9327-42eb-859e-f7e51fc9bae8', 0, NULL, '2024-04-05 00:20:02', 2, '2024-04-05 00:25:02', '2024-04-05 00:25:02', NULL),
	(80, 'c1635079-f9da-46bd-9778-2e13068c8357', 0, NULL, '2024-04-05 00:25:02', 2, '2024-04-05 00:30:02', '2024-04-05 00:30:02', NULL),
	(81, 'abdf7ae4-37eb-436a-a8fe-f452419b24cf', 0, NULL, '2024-04-05 00:30:02', 2, '2024-04-05 00:35:02', '2024-04-05 00:35:02', NULL),
	(82, '35a805d8-3746-4e24-9ebc-e6689b020a0c', 0, NULL, '2024-04-05 00:35:02', 2, '2024-04-05 00:40:02', '2024-04-05 00:40:02', NULL),
	(83, 'ad756526-b998-451d-a44b-735efd47c5c8', 0, NULL, '2024-04-05 00:40:02', 2, '2024-04-05 00:45:02', '2024-04-05 00:45:02', NULL),
	(84, '9b21a56d-db28-49f9-93c0-57b93437c0b3', 0, NULL, '2024-04-05 00:45:02', 2, '2024-04-05 00:50:02', '2024-04-05 00:50:02', NULL),
	(85, '8bfe5ff0-74b5-4a06-93bd-75d23b780b23', 0, NULL, '2024-04-05 00:50:02', 2, '2024-04-05 00:55:02', '2024-04-05 00:55:02', NULL),
	(86, '5a963210-858d-4f5c-8740-40294952372e', 0, NULL, '2024-04-05 00:55:02', 2, '2024-04-05 01:00:02', '2024-04-05 01:00:02', NULL),
	(87, '3365efc9-9417-4788-99b6-8448172555cd', 0, NULL, '2024-04-05 01:00:02', 2, '2024-04-05 01:05:02', '2024-04-05 01:05:02', NULL),
	(88, '4c9ad378-4a3f-4825-a5cb-ef3aa45fd182', 0, NULL, '2024-04-05 01:05:02', 2, '2024-04-05 01:10:02', '2024-04-05 01:10:02', NULL),
	(89, '9b839ba0-f943-4427-9a0d-c56d28667993', 0, NULL, '2024-04-05 01:10:02', 2, '2024-04-05 01:15:03', '2024-04-05 01:15:03', NULL),
	(90, 'c5d12c63-6566-47c6-889f-077caab83c12', 0, NULL, '2024-04-05 01:15:03', 2, '2024-04-05 01:20:02', '2024-04-05 01:20:02', NULL),
	(91, '5e5667d2-3ad8-4e39-bdf7-c798cdecbc9e', 0, NULL, '2024-04-05 01:20:02', 2, '2024-04-05 01:25:02', '2024-04-05 01:25:02', NULL),
	(92, '99a6199b-5eb1-430e-850e-a47d7a9042a3', 0, NULL, '2024-04-05 01:25:02', 2, '2024-04-05 01:30:02', '2024-04-05 01:30:02', NULL),
	(93, '2d14e980-df52-423a-8e2e-0b151e9a1ae0', 0, NULL, '2024-04-05 01:30:02', 2, '2024-04-05 01:35:02', '2024-04-05 01:35:02', NULL),
	(94, 'd8e3b98f-e732-4051-bec1-94296df39477', 0, NULL, '2024-04-05 01:35:02', 2, '2024-04-05 01:40:02', '2024-04-05 01:40:02', NULL),
	(95, '68fe77ea-cd1e-4881-b85d-2ba1e0ec4388', 0, NULL, '2024-04-05 01:40:02', 2, '2024-04-05 01:45:02', '2024-04-05 01:45:02', NULL),
	(96, '54c9ace9-8536-4c28-92b9-ff245c36d467', 0, NULL, '2024-04-05 01:45:02', 2, '2024-04-05 01:50:02', '2024-04-05 01:50:02', NULL),
	(97, 'a38c402f-2d44-4ec3-8e8f-780877c1c10e', 0, NULL, '2024-04-05 01:50:02', 2, '2024-04-05 01:55:02', '2024-04-05 01:55:02', NULL),
	(98, '75abfb56-f8a3-488a-9198-7cb86afc1445', 0, NULL, '2024-04-05 01:55:02', 2, '2024-04-05 02:00:02', '2024-04-05 02:00:02', NULL),
	(99, '073f8f5b-dacd-4bff-b28d-c3751baab9f8', 0, NULL, '2024-04-05 02:00:02', 2, '2024-04-05 02:05:02', '2024-04-05 02:05:02', NULL),
	(100, '16555edd-f66f-4a20-9ffd-3252884b184f', 0, NULL, '2024-04-05 02:05:02', 2, '2024-04-05 02:10:02', '2024-04-05 02:10:02', NULL),
	(101, 'd1e94816-d71b-49f8-a21f-a757285d8443', 0, NULL, '2024-04-05 02:10:02', 2, '2024-04-05 02:15:02', '2024-04-05 02:15:02', NULL),
	(102, 'ba7ef4db-d99a-44d8-a075-6ae200cac59a', 0, NULL, '2024-04-05 02:15:02', 2, '2024-04-05 02:20:02', '2024-04-05 02:20:02', NULL),
	(103, 'bad2bdce-c628-486b-a9c9-adf390615f6c', 0, NULL, '2024-04-05 02:20:02', 2, '2024-04-05 02:25:02', '2024-04-05 02:25:02', NULL),
	(104, '39b19270-25e9-4210-9cce-69cc54bacece', 0, NULL, '2024-04-05 02:25:02', 2, '2024-04-05 02:30:02', '2024-04-05 02:30:02', NULL),
	(105, '37cde9cc-b555-4fd7-89ae-97fd5ccf9837', 0, NULL, '2024-04-05 02:30:02', 2, '2024-04-05 02:35:02', '2024-04-05 02:35:02', NULL),
	(106, '2435bd3b-2047-4672-9883-056ccf884aae', 0, NULL, '2024-04-05 02:35:02', 2, '2024-04-05 02:40:02', '2024-04-05 02:40:02', NULL),
	(107, 'e1bdffb2-b723-47dd-99e4-62f97c8ef951', 0, NULL, '2024-04-05 02:40:02', 2, '2024-04-05 02:45:02', '2024-04-05 02:45:02', NULL),
	(108, '59021e7e-6fcd-40be-bb80-1c50c560685d', 0, NULL, '2024-04-05 02:45:02', 2, '2024-04-05 02:50:02', '2024-04-05 02:50:02', NULL),
	(109, '8ee9a492-6a2f-47e7-8e4e-d35cd0614825', 0, NULL, '2024-04-05 02:50:02', 2, '2024-04-05 02:55:03', '2024-04-05 02:55:03', NULL),
	(110, '46164b5e-12d9-45e4-ba2d-229a2a8cf362', 0, NULL, '2024-04-05 02:55:03', 2, '2024-04-05 03:00:02', '2024-04-05 03:00:02', NULL),
	(111, '078cea06-1e4a-4c0f-b76d-791d4fee20ab', 0, NULL, '2024-04-05 03:00:02', 2, '2024-04-05 03:05:02', '2024-04-05 03:05:02', NULL),
	(112, '5fb61903-5417-4c71-a3bd-bb47cf9d1b9c', 0, NULL, '2024-04-05 03:05:02', 2, '2024-04-05 03:10:02', '2024-04-05 03:10:02', NULL),
	(113, '0affb119-b587-4d39-889b-5c0085508d6a', 0, NULL, '2024-04-05 03:10:02', 2, '2024-04-05 03:15:02', '2024-04-05 03:15:02', NULL),
	(114, 'a2306584-f0a8-4ad8-8656-2521b9361125', 0, NULL, '2024-04-05 03:15:02', 2, '2024-04-05 03:20:02', '2024-04-05 03:20:02', NULL),
	(115, '1028d3dc-af00-45d6-b152-939370714cca', 0, NULL, '2024-04-05 03:20:02', 2, '2024-04-05 03:25:02', '2024-04-05 03:25:02', NULL),
	(116, '8206bc8b-6a68-49da-a8f5-545366a6f774', 0, NULL, '2024-04-05 03:25:02', 2, '2024-04-05 03:30:02', '2024-04-05 03:30:02', NULL),
	(117, 'c4b0b51c-7eb8-4c88-a65d-cefbe67649ff', 0, NULL, '2024-04-05 03:30:02', 2, '2024-04-05 03:35:02', '2024-04-05 03:35:02', NULL),
	(118, 'bb967077-5b73-4c49-87b4-618c80912c76', 0, NULL, '2024-04-05 03:35:02', 2, '2024-04-05 03:40:02', '2024-04-05 03:40:02', NULL),
	(119, 'c2682c09-65df-41ed-986b-008f25e1931e', 0, NULL, '2024-04-05 03:40:02', 2, '2024-04-05 03:45:02', '2024-04-05 03:45:02', NULL),
	(120, '857168b4-53dd-4007-9bbe-200b4446be94', 0, NULL, '2024-04-05 03:45:02', 2, '2024-04-05 03:50:02', '2024-04-05 03:50:02', NULL),
	(121, '0a30a751-0de1-45bc-a3cd-f6f1b8f58d26', 0, NULL, '2024-04-05 03:50:02', 2, '2024-04-05 03:55:02', '2024-04-05 03:55:02', NULL),
	(122, 'ea8da154-443a-4fcd-b26e-0a9284cee3e0', 0, NULL, '2024-04-05 03:55:02', 2, '2024-04-05 04:00:02', '2024-04-05 04:00:02', NULL),
	(123, 'ebf705f9-9831-4b0b-be88-1f130197bf0c', 0, NULL, '2024-04-05 04:00:02', 2, '2024-04-05 04:05:02', '2024-04-05 04:05:02', NULL),
	(124, '27169f94-fbea-438d-88d1-98e1c74f8877', 0, NULL, '2024-04-05 04:05:02', 2, '2024-04-05 04:10:02', '2024-04-05 04:10:02', NULL),
	(125, 'cd5b852a-76c2-4b69-b342-a6b22cb28de3', 0, NULL, '2024-04-05 04:10:02', 2, '2024-04-05 04:15:02', '2024-04-05 04:15:02', NULL),
	(126, '591c11d8-330b-4296-ac12-30d538d06232', 0, NULL, '2024-04-05 04:15:02', 2, '2024-04-05 04:20:02', '2024-04-05 04:20:02', NULL),
	(127, 'a69bbba7-4928-4a33-aa36-e1831d22e59e', 0, NULL, '2024-04-05 04:20:02', 2, '2024-04-05 04:25:02', '2024-04-05 04:25:02', NULL),
	(128, '8c91008e-eb01-4c06-bc62-cd6648eb700e', 0, NULL, '2024-04-05 04:25:02', 2, '2024-04-05 04:30:02', '2024-04-05 04:30:02', NULL),
	(129, 'ed6c48cf-2fc6-4d27-903d-924287eb0fe0', 0, NULL, '2024-04-05 04:30:02', 2, '2024-04-05 04:35:02', '2024-04-05 04:35:02', NULL),
	(130, 'cd9a020e-4906-4a61-9bf2-0d7d4e3a4adb', 0, NULL, '2024-04-05 04:35:02', 2, '2024-04-05 04:40:02', '2024-04-05 04:40:02', NULL),
	(131, 'a035231c-cf2f-4bbb-b999-f6c825ccea4d', 0, NULL, '2024-04-05 04:40:02', 2, '2024-04-05 04:45:02', '2024-04-05 04:45:02', NULL),
	(132, '6eaa0c00-ccf5-409a-9433-7b499e78c704', 0, NULL, '2024-04-05 04:45:02', 2, '2024-04-05 04:50:02', '2024-04-05 04:50:02', NULL),
	(133, '7a64f7e9-319b-498c-8002-dd23d6d833c8', 0, NULL, '2024-04-05 04:50:02', 2, '2024-04-05 04:55:02', '2024-04-05 04:55:02', NULL),
	(134, 'fe7b4ff2-fd9a-4b7d-b11f-6487d500efaa', 0, NULL, '2024-04-05 04:55:02', 2, '2024-04-05 05:00:02', '2024-04-05 05:00:02', NULL),
	(135, '989510f8-5cb7-4ae8-b680-5f2c8b01c36c', 0, NULL, '2024-04-05 05:00:02', 2, '2024-04-05 05:05:03', '2024-04-05 05:05:03', NULL),
	(136, 'b8a5100b-806e-491f-bce9-5886d6f74972', 0, NULL, '2024-04-05 05:05:03', 2, '2024-04-05 05:10:03', '2024-04-05 05:10:03', NULL),
	(137, '019c5853-3f2e-480d-a007-b8bab9a8aeb1', 0, NULL, '2024-04-05 05:10:03', 2, '2024-04-05 05:15:02', '2024-04-05 05:15:02', NULL),
	(138, '7144df67-fcb5-42cc-8af2-72ec2d9fd3cb', 0, NULL, '2024-04-05 05:15:02', 2, '2024-04-05 05:20:02', '2024-04-05 05:20:02', NULL),
	(139, 'c7f40f2e-b129-4849-801a-67ea023b97b4', 0, NULL, '2024-04-05 05:20:02', 2, '2024-04-05 05:25:02', '2024-04-05 05:25:02', NULL),
	(140, 'd95f82f9-fb99-4f7f-a5ca-733e165374b3', 0, NULL, '2024-04-05 05:25:02', 2, '2024-04-05 05:30:02', '2024-04-05 05:30:02', NULL),
	(141, 'd716aefb-65ef-448b-8a74-d6ebd4bd2e2e', 0, NULL, '2024-04-05 05:30:02', 2, '2024-04-05 05:35:02', '2024-04-05 05:35:02', NULL),
	(142, '059c37f6-d80d-41ff-b5ad-bf7d7f1061f8', 0, NULL, '2024-04-05 05:35:02', 2, '2024-04-05 05:40:02', '2024-04-05 05:40:02', NULL),
	(143, '87778179-612b-4ee8-b87f-639bf5af9bcc', 0, NULL, '2024-04-05 05:40:02', 2, '2024-04-05 05:45:02', '2024-04-05 05:45:02', NULL),
	(144, '9fc7760c-7a51-46f0-93ea-22ff85f48e63', 0, NULL, '2024-04-05 05:45:02', 2, '2024-04-05 05:50:02', '2024-04-05 05:50:02', NULL),
	(145, '395e2701-10a8-4c92-8eb1-6b09e38190bf', 0, NULL, '2024-04-05 05:50:02', 2, '2024-04-05 05:55:02', '2024-04-05 05:55:02', NULL),
	(146, '25400433-eef6-4ede-9bc0-bcd038d1b857', 0, NULL, '2024-04-05 05:55:02', 2, '2024-04-05 06:00:03', '2024-04-05 06:00:03', NULL),
	(147, 'f5f47edf-7f5a-45d7-b8b8-5147fcf2f364', 0, NULL, '2024-04-05 06:00:03', 2, '2024-04-05 06:05:02', '2024-04-05 06:05:02', NULL),
	(148, '1f1ab3ff-f8af-49b5-ac0c-b136b8a300ee', 0, NULL, '2024-04-05 06:05:02', 2, '2024-04-05 06:10:02', '2024-04-05 06:10:02', NULL),
	(149, '03fafcbb-55c3-4090-a97b-d56b8031638f', 0, NULL, '2024-04-05 06:10:02', 2, '2024-04-05 06:15:02', '2024-04-05 06:15:02', NULL),
	(150, 'd1ed912e-3856-4c3e-b1a7-0e722b5da38f', 0, NULL, '2024-04-05 06:15:02', 2, '2024-04-05 06:20:02', '2024-04-05 06:20:02', NULL),
	(151, '8c7fa76e-0d20-4b68-9a44-b9345d7aa3e9', 0, NULL, '2024-04-05 06:20:02', 2, '2024-04-05 06:25:02', '2024-04-05 06:25:02', NULL),
	(152, '41b39022-49ae-4b82-be55-558726df2b81', 0, NULL, '2024-04-05 06:25:02', 2, '2024-04-05 06:30:02', '2024-04-05 06:30:02', NULL),
	(153, 'e30f44c5-c09d-4efd-be7d-aef1aeed7c5d', 0, NULL, '2024-04-05 06:30:02', 2, '2024-04-05 06:35:02', '2024-04-05 06:35:02', NULL),
	(154, 'bfa90f8f-6964-4bae-bf6a-961c77ced4c9', 0, NULL, '2024-04-05 06:35:02', 2, '2024-04-05 06:40:02', '2024-04-05 06:40:02', NULL),
	(155, '1fc29074-ee78-4118-b906-5a1361007e53', 0, NULL, '2024-04-05 06:40:02', 2, '2024-04-05 06:45:02', '2024-04-05 06:45:02', NULL),
	(156, '6c5fb7c1-909d-4b2d-b30c-224f3c1cba64', 0, NULL, '2024-04-05 06:45:02', 2, '2024-04-05 06:50:02', '2024-04-05 06:50:02', NULL),
	(157, '08a8b21d-3615-4eaa-8d39-62fa1c90e651', 0, NULL, '2024-04-05 06:50:02', 2, '2024-04-05 06:55:02', '2024-04-05 06:55:02', NULL),
	(158, '0949269d-1c11-4143-8905-6c5b4d4dd3bf', 0, NULL, '2024-04-05 06:55:02', 2, '2024-04-05 07:00:02', '2024-04-05 07:00:02', NULL),
	(159, '472f1190-7c3c-46c9-962a-ae610fb246d1', 0, NULL, '2024-04-05 07:00:02', 2, '2024-04-05 07:05:02', '2024-04-05 07:05:02', NULL),
	(160, '91857a7f-2d1b-4f05-a8dd-a54174044125', 0, NULL, '2024-04-05 07:05:02', 2, '2024-04-05 07:10:02', '2024-04-05 07:10:02', NULL),
	(161, '9750fafd-2dde-4f64-907d-c8f31ae5a8e7', 0, NULL, '2024-04-05 07:10:02', 2, '2024-04-05 07:15:03', '2024-04-05 07:15:03', NULL),
	(162, 'b68cee0b-4d82-4eaa-9b98-9623ede32ce5', 0, NULL, '2024-04-05 07:15:03', 2, '2024-04-05 07:20:02', '2024-04-05 07:20:02', NULL),
	(163, 'd2829734-c1a3-4ae8-9838-d32a2dd84676', 0, NULL, '2024-04-05 07:20:02', 2, '2024-04-05 07:25:02', '2024-04-05 07:25:02', NULL),
	(164, '7aeb4083-f43b-4168-8875-a4d4b61c7155', 0, NULL, '2024-04-05 07:25:02', 2, '2024-04-05 07:30:02', '2024-04-05 07:30:02', NULL),
	(165, '2929c3a9-7c14-43a8-87ea-b9856af12b94', 0, NULL, '2024-04-05 07:30:02', 2, '2024-04-05 07:35:03', '2024-04-05 07:35:03', NULL),
	(166, 'be347dd7-052f-4697-aaeb-cd083842e87a', 0, NULL, '2024-04-05 07:35:03', 2, '2024-04-05 07:40:02', '2024-04-05 07:40:02', NULL),
	(167, '581eae44-bcb8-4c05-94d7-0036a5254ed3', 0, NULL, '2024-04-05 07:40:02', 2, '2024-04-05 07:45:03', '2024-04-05 07:45:03', NULL),
	(168, 'ab38a9df-0ca3-4c08-96cb-9ac89937ac09', 0, NULL, '2024-04-05 07:45:03', 2, '2024-04-05 07:50:02', '2024-04-05 07:50:02', NULL),
	(169, '6dc553e6-7348-477e-ae50-a5b03f69dc63', 0, NULL, '2024-04-05 07:50:02', 2, '2024-04-05 07:55:02', '2024-04-05 07:55:02', NULL),
	(170, '4e0ec3ce-9226-4696-9d02-2ad807f9a6f9', 0, NULL, '2024-04-05 07:55:02', 2, '2024-04-05 08:00:03', '2024-04-05 08:00:03', NULL),
	(171, '173a945f-f622-415d-ab97-2d60018d367d', 0, NULL, '2024-04-05 08:00:03', 2, '2024-04-05 08:05:02', '2024-04-05 08:05:02', NULL),
	(172, '811f62ab-c5fa-460a-afc3-b44113c5824e', 0, NULL, '2024-04-05 08:05:02', 2, '2024-04-05 08:10:02', '2024-04-05 08:10:02', NULL),
	(173, '034dfecb-fa01-44ba-961c-a2f86b74c9ed', 0, NULL, '2024-04-05 08:10:02', 2, '2024-04-05 08:15:02', '2024-04-05 08:15:02', NULL),
	(174, '992d0f2d-a645-4efe-865e-9b3c01ddfec5', 0, NULL, '2024-04-05 08:15:02', 2, '2024-04-05 08:20:02', '2024-04-05 08:20:02', NULL),
	(175, '7423abe2-aa23-4685-8dbe-536802ab57d8', 0, NULL, '2024-04-05 08:20:02', 2, '2024-04-05 08:25:03', '2024-04-05 08:25:03', NULL),
	(176, '6f47fa73-c9ce-47c8-a2d8-acbc6615237d', 0, NULL, '2024-04-05 08:25:03', 2, '2024-04-05 08:30:02', '2024-04-05 08:30:02', NULL),
	(177, '67a62bdc-8027-4434-9054-d1d7d57c353f', 0, NULL, '2024-04-05 08:30:02', 2, '2024-04-05 08:35:02', '2024-04-05 08:35:02', NULL),
	(178, 'b3d508ab-3cc6-4e22-8eed-605fe239a5c2', 0, NULL, '2024-04-05 08:35:02', 2, '2024-04-05 08:40:02', '2024-04-05 08:40:02', NULL),
	(179, '2e0f3c7f-0ea6-493d-9aeb-14099e03752d', 0, NULL, '2024-04-05 08:40:02', 2, '2024-04-05 08:45:02', '2024-04-05 08:45:02', NULL),
	(180, 'f9084ab3-f7c3-4cb0-bb30-ef52f4ee590b', 0, NULL, '2024-04-05 08:45:02', 2, '2024-04-05 08:50:02', '2024-04-05 08:50:02', NULL),
	(181, 'c863bfcd-19e0-49fa-af5b-289e72394e69', 0, NULL, '2024-04-05 08:50:02', 2, '2024-04-05 08:55:02', '2024-04-05 08:55:02', NULL),
	(182, '75d5fd87-38e1-450c-8fd4-852d482af986', 0, NULL, '2024-04-05 08:55:02', 2, '2024-04-05 09:00:02', '2024-04-05 09:00:02', NULL),
	(183, '3010e9f7-5e55-43a9-b18f-360876e0e3d9', 0, NULL, '2024-04-05 09:00:02', 2, '2024-04-05 09:05:02', '2024-04-05 09:05:02', NULL),
	(184, '1d6b8e0c-d96a-45f5-8912-c1a525da1000', 0, NULL, '2024-04-05 09:05:02', 2, '2024-04-05 09:10:02', '2024-04-05 09:10:02', NULL),
	(185, '93713f81-33b1-4e7b-9ce5-3b08cd411acf', 0, NULL, '2024-04-05 09:10:02', 2, '2024-04-05 09:15:02', '2024-04-05 09:15:02', NULL),
	(186, '604e183a-40c3-4a18-a185-bb0fa801e111', 0, NULL, '2024-04-05 09:15:02', 2, '2024-04-05 09:20:02', '2024-04-05 09:20:02', NULL),
	(187, '70ea2f7e-f82d-40a4-8c8c-a118a2c2e4d6', 0, NULL, '2024-04-05 09:20:02', 2, '2024-04-05 09:25:02', '2024-04-05 09:25:02', NULL),
	(188, '7e6c59d2-ecaa-4a53-b779-542aba8af00d', 0, NULL, '2024-04-05 09:25:02', 2, '2024-04-05 09:30:02', '2024-04-05 09:30:02', NULL),
	(189, 'bc1e9fed-bdeb-4192-a77c-a5a9ea811a28', 0, NULL, '2024-04-05 09:30:02', 2, '2024-04-05 09:35:02', '2024-04-05 09:35:02', NULL),
	(190, 'ffde5eab-b946-4cf8-b563-6bba9ca48a9c', 0, NULL, '2024-04-05 09:35:02', 2, '2024-04-05 09:40:01', '2024-04-05 09:40:01', NULL),
	(191, '9e1e5718-f803-4702-a5e0-922f7bf7c5fc', 0, NULL, '2024-04-05 09:40:01', 2, '2024-04-05 09:45:02', '2024-04-05 09:45:02', NULL),
	(192, '8ba36431-ff1e-4606-abd1-e5dc5698decb', 0, NULL, '2024-04-05 09:45:02', 2, '2024-04-05 09:50:02', '2024-04-05 09:50:02', NULL),
	(193, '516b4b8f-c5ec-492b-b2ea-7c176f85f9f5', 0, NULL, '2024-04-05 09:50:02', 2, '2024-04-05 09:55:02', '2024-04-05 09:55:02', NULL),
	(194, 'bd2c852e-6852-48de-82da-f63d4f8244b4', 0, NULL, '2024-04-05 09:55:02', 2, '2024-04-05 10:00:02', '2024-04-05 10:00:02', NULL),
	(195, '7df5e2c5-8ab8-4b29-8973-fa55e04fd300', 0, NULL, '2024-04-05 10:00:02', 2, '2024-04-05 10:05:02', '2024-04-05 10:05:02', NULL),
	(196, '247807f3-6d5d-4e42-9f47-105b2f48a27e', 0, NULL, '2024-04-05 10:05:02', 2, '2024-04-05 10:10:02', '2024-04-05 10:10:02', NULL),
	(197, '865011ce-a26f-4683-8f0a-ae4458179562', 0, NULL, '2024-04-05 10:10:02', 2, '2024-04-05 10:15:02', '2024-04-05 10:15:02', NULL),
	(198, '13fe6101-f912-4733-ad54-80ac9fd55ebc', 0, NULL, '2024-04-05 10:15:02', 2, '2024-04-05 10:20:02', '2024-04-05 10:20:02', NULL),
	(199, '0230f93d-8059-47bc-a6e0-f8f550152c60', 0, NULL, '2024-04-05 10:20:02', 2, '2024-04-05 10:25:02', '2024-04-05 10:25:02', NULL),
	(200, '43fa614a-2ea7-42dd-8f6d-f65bdee0dd8a', 0, NULL, '2024-04-05 10:25:02', 2, '2024-04-05 10:30:02', '2024-04-05 10:30:02', NULL),
	(201, '6ab5084e-4528-4b7d-934c-116869e42629', 0, NULL, '2024-04-05 10:30:02', 2, '2024-04-05 10:35:02', '2024-04-05 10:35:02', NULL),
	(202, '2b40ac8b-1aba-44fc-b862-4e83b3ebf4f7', 0, NULL, '2024-04-05 10:35:02', 2, '2024-04-05 10:40:02', '2024-04-05 10:40:02', NULL),
	(203, 'f4be16d4-de06-4a04-a79f-8671aa994159', 0, NULL, '2024-04-05 10:40:02', 2, '2024-04-05 10:45:02', '2024-04-05 10:45:02', NULL),
	(204, 'b277d685-8f05-4b33-a083-c76d08ebbbb3', 0, NULL, '2024-04-05 10:45:02', 2, '2024-04-05 10:50:02', '2024-04-05 10:50:02', NULL),
	(205, 'e15374c9-2333-4412-b9b7-4fc6990fd980', 0, NULL, '2024-04-05 10:50:02', 2, '2024-04-05 10:55:02', '2024-04-05 10:55:02', NULL),
	(206, 'b81026b2-84f7-4b90-b4a3-77dbaea76d32', 0, NULL, '2024-04-05 10:55:02', 2, '2024-04-05 11:00:02', '2024-04-05 11:00:02', NULL),
	(207, 'd4690822-5a1f-48e4-b74d-c9b9d3966f7a', 0, NULL, '2024-04-05 11:00:02', 2, '2024-04-05 11:05:02', '2024-04-05 11:05:02', NULL),
	(208, '965bb750-077b-44b2-a9d1-27cb89d404de', 0, NULL, '2024-04-05 11:05:02', 2, '2024-04-05 11:10:02', '2024-04-05 11:10:02', NULL),
	(209, '579cc15e-a553-4504-96a2-c55f08f83385', 0, NULL, '2024-04-05 11:10:02', 2, '2024-04-05 11:15:02', '2024-04-05 11:15:02', NULL),
	(210, 'e139fdad-7b7a-417d-a41f-4e30912c0b3c', 0, NULL, '2024-04-05 11:15:02', 2, '2024-04-05 11:20:02', '2024-04-05 11:20:02', NULL),
	(211, 'd832ee95-210c-4926-b7ba-d3058b20e472', 0, NULL, '2024-04-05 11:20:02', 2, '2024-04-05 11:25:03', '2024-04-05 11:25:03', NULL),
	(212, 'c50c744a-7767-4ded-8d4b-723891af9e6d', 0, NULL, '2024-04-05 11:25:03', 2, '2024-04-05 11:30:03', '2024-04-05 11:30:03', NULL),
	(213, '51365b1d-5b0f-4e13-8868-4d342d9c2c18', 0, NULL, '2024-04-05 11:30:03', 2, '2024-04-05 11:35:03', '2024-04-05 11:35:03', NULL),
	(214, '180ca6b3-23ab-467c-b518-2eac9f913e4c', 0, NULL, '2024-04-05 11:35:03', 2, '2024-04-05 11:40:03', '2024-04-05 11:40:03', NULL),
	(215, '1cd9d8a6-dbca-4f59-976b-64cd7630a988', 0, NULL, '2024-04-05 11:40:03', 2, '2024-04-05 11:45:03', '2024-04-05 11:45:03', NULL),
	(216, '0486c255-b1cc-4cda-b0cb-b5661ccee808', 0, NULL, '2024-04-05 11:45:03', 2, '2024-04-05 11:50:03', '2024-04-05 11:50:03', NULL),
	(217, '1f91b7d1-331d-48de-bd17-5a59051489f2', 0, NULL, '2024-04-05 11:50:03', 2, '2024-04-05 11:55:02', '2024-04-05 11:55:02', NULL),
	(218, '26462ed0-a92d-43a5-a56f-225746a1e298', 0, NULL, '2024-04-05 11:55:02', 2, '2024-04-05 12:00:02', '2024-04-05 12:00:02', NULL),
	(219, '5961419a-4259-4887-8e0b-b5de3d7b8804', 0, NULL, '2024-04-05 12:00:02', 2, '2024-04-05 12:05:02', '2024-04-05 12:05:02', NULL),
	(220, '5550a24e-fe9e-480b-a842-5acdf71a6ce4', 0, NULL, '2024-04-05 12:05:02', 2, '2024-04-05 12:10:02', '2024-04-05 12:10:02', NULL),
	(221, '7459978f-65a4-49fd-a2d7-d804b87e49dd', 0, NULL, '2024-04-05 12:10:02', 2, '2024-04-05 12:15:02', '2024-04-05 12:15:02', NULL),
	(222, 'a79c5506-9b08-4655-9089-1743145b2631', 0, NULL, '2024-04-05 12:15:02', 2, '2024-04-05 12:20:02', '2024-04-05 12:20:02', NULL),
	(223, '9061e4c4-faab-4184-9c42-5765d9c5f6f3', 0, NULL, '2024-04-05 12:20:02', 2, '2024-04-05 12:25:02', '2024-04-05 12:25:02', NULL),
	(224, '4498b430-69b4-4c96-8665-85417097d1dc', 0, NULL, '2024-04-05 12:25:02', 2, '2024-04-05 12:30:02', '2024-04-05 12:30:02', NULL),
	(225, '14cf5684-06f4-4ed8-8433-2b26b2f1a36c', 0, NULL, '2024-04-05 12:30:02', 2, '2024-04-05 12:35:02', '2024-04-05 12:35:02', NULL),
	(226, '74f2d658-c96f-4a50-b1c4-a10cd06f9229', 0, NULL, '2024-04-05 12:35:02', 2, '2024-04-05 12:40:02', '2024-04-05 12:40:02', NULL),
	(227, 'de1cf0b3-0e8e-4f13-b61c-47885451638e', 0, NULL, '2024-04-05 12:40:02', 2, '2024-04-05 12:45:02', '2024-04-05 12:45:02', NULL),
	(228, '2d00b7af-217f-435d-9837-f0635e61d923', 0, NULL, '2024-04-05 12:45:02', 2, '2024-04-05 12:50:02', '2024-04-05 12:50:02', NULL),
	(229, 'f0d8e379-40dd-48ed-a0ad-a51c51bac32c', 0, NULL, '2024-04-05 12:50:02', 2, '2024-04-05 12:55:02', '2024-04-05 12:55:02', NULL),
	(230, '63e263a8-6276-46be-81e9-66b41714508a', 0, NULL, '2024-04-05 12:55:02', 2, '2024-04-05 13:00:02', '2024-04-05 13:00:02', NULL),
	(231, '5e2d2e32-8c4a-472e-9cb6-b3868b82ec00', 0, NULL, '2024-04-05 13:00:02', 2, '2024-04-05 13:05:02', '2024-04-05 13:05:02', NULL),
	(232, '7029290c-4338-45d0-946e-a7e2f89b744c', 0, NULL, '2024-04-05 13:05:02', 2, '2024-04-05 13:10:02', '2024-04-05 13:10:02', NULL),
	(233, '1e7206e5-9cb8-40b7-b779-8bd8848e44e6', 0, NULL, '2024-04-05 13:10:02', 2, '2024-04-05 13:15:02', '2024-04-05 13:15:02', NULL),
	(234, 'f25a0718-c16d-4904-b4b9-8cb88ece7077', 0, NULL, '2024-04-05 13:15:02', 2, '2024-04-05 13:20:02', '2024-04-05 13:20:02', NULL),
	(235, '7288678f-9b59-4a16-8f43-e7c67c5e85bc', 0, NULL, '2024-04-05 13:20:02', 2, '2024-04-05 13:25:02', '2024-04-05 13:25:02', NULL),
	(236, '4174ca5c-4c1b-4e5d-a48b-c37cb7fbd647', 0, NULL, '2024-04-05 13:25:02', 2, '2024-04-05 13:30:03', '2024-04-05 13:30:03', NULL),
	(237, 'c60d9eba-663b-4347-bb1c-6bda4f9ca14a', 0, NULL, '2024-04-05 13:30:03', 2, '2024-04-05 13:35:02', '2024-04-05 13:35:02', NULL),
	(238, 'ff4ad1ff-abd8-4db2-a46b-aac34f9b5e39', 0, NULL, '2024-04-05 13:35:02', 2, '2024-04-05 13:40:01', '2024-04-05 13:40:01', NULL),
	(239, 'cf87180b-e943-491f-bcb3-03e71f269152', 0, NULL, '2024-04-05 13:40:01', 2, '2024-04-05 13:45:02', '2024-04-05 13:45:02', NULL),
	(240, 'ccf4eb14-c31e-465d-ab3a-3ce851849b3e', 0, NULL, '2024-04-05 13:45:02', 2, '2024-04-05 13:50:02', '2024-04-05 13:50:02', NULL),
	(241, '3940e5dd-d75d-4bdf-92ba-e9eed7da205d', 0, NULL, '2024-04-05 13:50:02', 2, '2024-04-05 13:55:02', '2024-04-05 13:55:02', NULL),
	(242, '88a1a7b4-7a48-4579-ad7e-7c4ebc8b9167', 0, NULL, '2024-04-05 13:55:02', 2, '2024-04-05 14:00:02', '2024-04-05 14:00:02', NULL),
	(243, 'cad45bf4-9ace-4c90-a07b-9042a3d523df', 0, NULL, '2024-04-05 14:00:02', 2, '2024-04-05 14:05:02', '2024-04-05 14:05:02', NULL),
	(244, 'd94d2ab2-a4eb-44e8-8dd2-1ea65384128d', 0, NULL, '2024-04-05 14:05:02', 2, '2024-04-05 14:10:02', '2024-04-05 14:10:02', NULL),
	(245, '778934f1-6c4f-4113-9f8e-836829c6916a', 0, NULL, '2024-04-05 14:10:02', 2, '2024-04-05 14:15:02', '2024-04-05 14:15:02', NULL),
	(246, '8c827672-eea8-4e9f-b684-11305322b16b', 0, NULL, '2024-04-05 14:15:02', 2, '2024-04-05 14:20:02', '2024-04-05 14:20:02', NULL),
	(247, 'a88fa775-c870-430f-9637-bdf8b4502d96', 0, NULL, '2024-04-05 14:20:02', 2, '2024-04-05 14:25:02', '2024-04-05 14:25:02', NULL),
	(248, 'baef838b-6fbb-4fc6-aa43-5cac25c3cce2', 0, NULL, '2024-04-05 14:25:02', 2, '2024-04-05 14:30:02', '2024-04-05 14:30:02', NULL),
	(249, 'e43262bd-20bb-4df2-9122-7941ec6466a8', 0, NULL, '2024-04-05 14:30:02', 2, '2024-04-05 14:35:02', '2024-04-05 14:35:02', NULL),
	(250, 'ebd38310-bcab-4928-8a83-de9df55123c4', 0, NULL, '2024-04-05 14:35:02', 2, '2024-04-05 14:40:02', '2024-04-05 14:40:02', NULL),
	(251, '236ff791-c162-4edb-9856-d51fe8790ae0', 0, NULL, '2024-04-05 14:40:02', 2, '2024-04-05 14:45:02', '2024-04-05 14:45:02', NULL),
	(252, 'f9cb3dcf-ab87-4620-98e9-4a57c27fc6e8', 0, NULL, '2024-04-05 14:45:02', 2, '2024-04-05 14:50:02', '2024-04-05 14:50:02', NULL),
	(253, 'ea482c02-0fb4-4536-8ce3-34093ee4ab73', 0, NULL, '2024-04-05 14:50:02', 2, '2024-04-05 14:55:02', '2024-04-05 14:55:02', NULL),
	(254, '54c33933-be0a-46b6-bf1f-f4a3c2d4dc59', 0, NULL, '2024-04-05 14:55:02', 2, '2024-04-05 15:00:02', '2024-04-05 15:00:02', NULL),
	(255, '7595b7df-b980-414c-ab4f-2aa7d8313ea0', 0, NULL, '2024-04-05 15:00:02', 2, '2024-04-05 15:05:02', '2024-04-05 15:05:02', NULL),
	(256, '538fcdc8-3800-48ad-80f1-736db8a56d8a', 0, NULL, '2024-04-05 15:05:02', 2, '2024-04-05 15:10:02', '2024-04-05 15:10:02', NULL),
	(257, 'f3356efd-ed4a-4ea0-9951-d4c0610f738f', 0, NULL, '2024-04-05 15:10:02', 2, '2024-04-05 15:15:02', '2024-04-05 15:15:02', NULL),
	(258, 'cfe67fca-e1e3-4cb6-9daa-20baf311ebab', 0, NULL, '2024-04-05 15:15:02', 2, '2024-04-05 15:20:02', '2024-04-05 15:20:02', NULL),
	(259, '1ce9ec67-b8d5-46a7-a721-c8ef0dd343a1', 0, NULL, '2024-04-05 15:20:02', 2, '2024-04-05 15:25:02', '2024-04-05 15:25:02', NULL),
	(260, 'ed78295e-f7bc-4472-b24d-67ef0c70a9dd', 0, NULL, '2024-04-05 15:25:02', 2, '2024-04-05 15:30:02', '2024-04-05 15:30:02', NULL),
	(261, '10cf09c3-0a8a-4f50-af11-b4fc6586f15f', 0, NULL, '2024-04-05 15:30:02', 2, '2024-04-05 15:35:02', '2024-04-05 15:35:02', NULL),
	(262, 'b067c9cb-79ef-4e62-8a4f-cc75fd5de9eb', 0, NULL, '2024-04-05 15:35:02', 2, '2024-04-05 15:40:02', '2024-04-05 15:40:02', NULL),
	(263, '35fec1cc-bb7a-412a-9152-c36a62c5f74c', 0, NULL, '2024-04-05 15:40:02', 2, '2024-04-05 15:45:02', '2024-04-05 15:45:02', NULL),
	(264, '246b72c2-9f3c-4d5d-a8da-f2ebd28e6aad', 0, NULL, '2024-04-05 15:45:02', 2, '2024-04-05 15:50:03', '2024-04-05 15:50:03', NULL),
	(265, 'd8bc1826-ec3e-4629-a8b9-0ba85cc9a661', 0, NULL, '2024-04-05 15:50:03', 2, '2024-04-05 15:55:03', '2024-04-05 15:55:03', NULL),
	(266, 'bb706542-d098-4beb-ac55-a7048c48e21e', 0, NULL, '2024-04-05 15:55:03', 2, '2024-04-05 16:00:03', '2024-04-05 16:00:03', NULL),
	(267, 'a93cc72b-940b-48e8-984f-ec58f0f1e556', 0, NULL, '2024-04-05 16:00:03', 2, '2024-04-05 16:05:02', '2024-04-05 16:05:02', NULL),
	(268, '92efd4d5-effe-46da-9203-798c0e8624ad', 0, NULL, '2024-04-05 16:05:02', 2, '2024-04-05 16:10:02', '2024-04-05 16:10:02', NULL),
	(269, '2bdbd56b-4942-4771-b97a-e5911547e529', 0, NULL, '2024-04-05 16:10:02', 2, '2024-04-05 16:15:02', '2024-04-05 16:15:02', NULL),
	(270, '076aac5a-91ad-41cd-a3da-1297fa64ba35', 0, NULL, '2024-04-05 16:15:02', 2, '2024-04-05 16:20:02', '2024-04-05 16:20:02', NULL),
	(271, 'e850ca3a-1ad4-4951-9b52-211594345505', 0, NULL, '2024-04-05 16:20:02', 2, '2024-04-05 16:25:02', '2024-04-05 16:25:02', NULL),
	(272, 'a2312861-46ed-4dd5-9cb5-ce13ee8d107e', 0, NULL, '2024-04-05 16:25:02', 2, '2024-04-05 16:30:02', '2024-04-05 16:30:02', NULL),
	(273, '3031aeb6-7489-47a6-ae45-d33601c24fbb', 0, NULL, '2024-04-05 16:30:02', 2, '2024-04-05 16:35:02', '2024-04-05 16:35:02', NULL),
	(274, '2660192c-06f2-4629-917c-2893f8df3a1a', 0, NULL, '2024-04-05 16:35:02', 2, '2024-04-05 16:40:02', '2024-04-05 16:40:02', NULL),
	(275, '8adadfd0-366c-48c3-bc5e-69b666811ace', 0, NULL, '2024-04-05 16:40:02', 2, '2024-04-05 16:45:02', '2024-04-05 16:45:02', NULL),
	(276, '8bc2ad0a-fd87-47fb-89f0-140fe383d6b9', 0, NULL, '2024-04-05 16:45:02', 2, '2024-04-05 16:50:02', '2024-04-05 16:50:02', NULL),
	(277, 'c211392d-0f43-438e-a4f6-10611aace22b', 0, NULL, '2024-04-05 16:50:02', 2, '2024-04-05 16:55:02', '2024-04-05 16:55:02', NULL),
	(278, 'd5eeaea8-dfd3-43e8-9ae5-eb784204fb1b', 0, NULL, '2024-04-05 16:55:02', 2, '2024-04-05 17:00:02', '2024-04-05 17:00:02', NULL),
	(279, '9305c0ce-7386-4d34-8acb-3082d8ded1a9', 0, NULL, '2024-04-05 17:00:02', 2, '2024-04-05 17:05:02', '2024-04-05 17:05:02', NULL),
	(280, '7161a583-04df-4419-80ef-e9ad16ffc3cf', 0, NULL, '2024-04-05 17:05:02', 2, '2024-04-05 17:10:02', '2024-04-05 17:10:02', NULL),
	(281, 'eb9b5b66-8d94-4f65-866e-712f14465731', 0, NULL, '2024-04-05 17:10:02', 2, '2024-04-05 17:15:02', '2024-04-05 17:15:02', NULL),
	(282, 'bb2e540e-77fe-4a14-99b9-4803efa99f46', 0, NULL, '2024-04-05 17:15:02', 2, '2024-04-05 17:20:02', '2024-04-05 17:20:02', NULL),
	(283, 'e0449ba0-47af-4c67-960c-093bcba8d83e', 0, NULL, '2024-04-05 17:20:02', 2, '2024-04-05 17:25:03', '2024-04-05 17:25:03', NULL),
	(284, 'd684c03e-6d84-41d0-bbd6-b45d38bf3d10', 0, NULL, '2024-04-05 17:25:03', 2, '2024-04-05 17:30:02', '2024-04-05 17:30:02', NULL),
	(285, '7808597a-99db-44dc-b48f-162081d06f58', 0, NULL, '2024-04-05 17:30:02', 2, '2024-04-05 17:35:02', '2024-04-05 17:35:02', NULL),
	(286, '72aea9ef-9277-413e-a7b4-e3deb11b5a08', 0, NULL, '2024-04-05 17:35:02', 2, '2024-04-05 17:40:02', '2024-04-05 17:40:02', NULL),
	(287, 'b109e03a-3e6e-4157-ae92-3851e69f6fef', 0, NULL, '2024-04-05 17:40:02', 2, '2024-04-05 17:45:02', '2024-04-05 17:45:02', NULL),
	(288, 'e07365b9-7635-4f25-b92a-efce33247430', 0, NULL, '2024-04-05 17:45:02', 2, '2024-04-05 17:50:02', '2024-04-05 17:50:02', NULL),
	(289, 'f8c13644-acc9-4815-b6bb-14f75515a5ed', 0, NULL, '2024-04-05 17:50:02', 2, '2024-04-05 17:55:02', '2024-04-05 17:55:02', NULL),
	(290, '2e1c44a0-c1e0-48be-af5d-32b3a13cc831', 0, NULL, '2024-04-05 17:55:02', 2, '2024-04-05 18:00:03', '2024-04-05 18:00:03', NULL),
	(291, '362c3ca8-6edc-4487-a3e1-7fc890d7238e', 0, NULL, '2024-04-05 18:00:03', 2, '2024-04-05 18:05:02', '2024-04-05 18:05:02', NULL),
	(292, '84c38c2c-a78a-459c-9498-086e972813ea', 0, NULL, '2024-04-05 18:05:02', 2, '2024-04-05 18:10:02', '2024-04-05 18:10:02', NULL),
	(293, '82dec22c-d584-4fc8-bef5-1c54457dcc3c', 0, NULL, '2024-04-05 18:10:02', 2, '2024-04-05 18:15:02', '2024-04-05 18:15:02', NULL),
	(294, '72e5416f-f732-4ee4-a5f8-92d8ac29857e', 0, NULL, '2024-04-05 18:15:02', 2, '2024-04-05 18:20:02', '2024-04-05 18:20:02', NULL),
	(295, '1d359c08-82b5-4220-9572-2560482d95cf', 0, NULL, '2024-04-05 18:20:02', 2, '2024-04-05 18:25:02', '2024-04-05 18:25:02', NULL),
	(296, '7ae17b7f-54b9-4b42-a55c-3a32eb35aee2', 0, NULL, '2024-04-05 18:25:02', 2, '2024-04-05 18:30:02', '2024-04-05 18:30:02', NULL),
	(297, '11790500-ca3a-4db5-a15e-1fbfaf77ca36', 0, NULL, '2024-04-05 18:30:02', 2, '2024-04-05 18:35:02', '2024-04-05 18:35:02', NULL),
	(298, 'a8bf5e8a-896c-47da-834d-433340cc84d1', 0, NULL, '2024-04-05 18:35:02', 2, '2024-04-05 18:40:02', '2024-04-05 18:40:02', NULL),
	(299, '0daff9e3-4f55-4a28-b651-530a67745b30', 0, NULL, '2024-04-05 18:40:02', 2, '2024-04-05 18:45:02', '2024-04-05 18:45:02', NULL),
	(300, '6efe564a-d160-4dad-9fa0-24ceadec23cb', 0, NULL, '2024-04-05 18:45:02', 2, '2024-04-05 18:50:02', '2024-04-05 18:50:02', NULL),
	(301, 'e5f27684-5101-4aa6-957e-17e39b2c4e87', 0, NULL, '2024-04-05 18:50:02', 2, '2024-04-05 18:55:02', '2024-04-05 18:55:02', NULL),
	(302, 'ff71fdca-ce38-41c1-bdcf-0841effaa075', 0, NULL, '2024-04-05 18:55:02', 2, '2024-04-05 19:00:02', '2024-04-05 19:00:02', NULL),
	(303, '1e995921-306a-48b1-9f7f-b626bcd376d1', 0, NULL, '2024-04-05 19:00:02', 2, '2024-04-05 19:05:02', '2024-04-05 19:05:02', NULL),
	(304, '8cd403bd-a874-4baf-82cc-19b7d9f6259d', 0, NULL, '2024-04-05 19:05:02', 2, '2024-04-05 19:10:02', '2024-04-05 19:10:02', NULL),
	(305, '6ffb538c-84a2-4f5f-b03f-19db15e379c3', 0, NULL, '2024-04-05 19:10:02', 2, '2024-04-05 19:15:02', '2024-04-05 19:15:02', NULL),
	(306, 'e8d1082a-f69b-45f6-bede-259702f61fee', 0, NULL, '2024-04-05 19:15:02', 2, '2024-04-05 19:20:02', '2024-04-05 19:20:02', NULL),
	(307, '1a7feb35-90ed-4a52-98d4-ae83cb22c0d2', 0, NULL, '2024-04-05 19:20:02', 2, '2024-04-05 19:25:03', '2024-04-05 19:25:03', NULL),
	(308, '9fd692ca-e7e8-4f06-bbde-879d12f176aa', 0, NULL, '2024-04-05 19:25:03', 2, '2024-04-05 19:30:01', '2024-04-05 19:30:01', NULL),
	(309, '7f0e295f-48a0-47b2-a626-d8f0f958cac0', 0, NULL, '2024-04-05 19:30:01', 2, '2024-04-05 19:35:02', '2024-04-05 19:35:02', NULL),
	(310, '87d26000-b87b-4c3c-b777-6bfb9077577e', 0, NULL, '2024-04-05 19:35:02', 2, '2024-04-05 19:40:02', '2024-04-05 19:40:02', NULL),
	(311, 'eda78c1e-9344-4843-8dea-0e90ac135a73', 0, NULL, '2024-04-05 19:40:02', 2, '2024-04-05 19:45:02', '2024-04-05 19:45:02', NULL),
	(312, '60669981-cff3-49de-8c7c-933bd746fef2', 0, NULL, '2024-04-05 19:45:02', 2, '2024-04-05 19:50:03', '2024-04-05 19:50:03', NULL),
	(313, '16861a3b-75ea-44c3-b5e1-dff19ac8e23d', 0, NULL, '2024-04-05 19:50:03', 2, '2024-04-05 19:55:02', '2024-04-05 19:55:02', NULL),
	(314, '18a2318b-217c-4fbc-9374-ca01ca093e86', 0, NULL, '2024-04-05 19:55:02', 2, '2024-04-05 20:00:02', '2024-04-05 20:00:02', NULL),
	(315, 'e042200a-46f4-4d14-963e-61d7c1e645e7', 0, NULL, '2024-04-05 20:00:02', 2, '2024-04-05 20:05:03', '2024-04-05 20:05:03', NULL),
	(316, '442c7f7e-823f-4c07-adbb-758c91f52eae', 0, NULL, '2024-04-05 20:05:03', 2, '2024-04-05 20:10:02', '2024-04-05 20:10:02', NULL),
	(317, '13c2cdd7-5a1f-48c3-b5d6-e573aadfaa7d', 0, NULL, '2024-04-05 20:10:02', 2, '2024-04-05 20:15:02', '2024-04-05 20:15:02', NULL),
	(318, 'c74545a3-4685-408d-ab36-72d9f457471d', 0, NULL, '2024-04-05 20:15:02', 2, '2024-04-05 20:20:02', '2024-04-05 20:20:02', NULL),
	(319, 'd4db33bd-511d-40ea-b54d-f6892aa83eaf', 0, NULL, '2024-04-05 20:20:02', 2, '2024-04-05 20:25:02', '2024-04-05 20:25:02', NULL),
	(320, '1d87e948-4819-422d-9311-577d6ab3d0a4', 0, NULL, '2024-04-05 20:25:02', 2, '2024-04-05 20:30:02', '2024-04-05 20:30:02', NULL),
	(321, 'c014d4d1-b863-44f6-b472-843ea8b59a95', 0, NULL, '2024-04-05 20:30:02', 2, '2024-04-05 20:35:02', '2024-04-05 20:35:02', NULL),
	(322, '35293c1f-214d-42ce-8fc2-38f8c40ac697', 0, NULL, '2024-04-05 20:35:02', 2, '2024-04-05 20:40:02', '2024-04-05 20:40:02', NULL),
	(323, '14655003-0cc3-4d1e-bc58-d862f492db6a', 0, NULL, '2024-04-05 20:40:02', 2, '2024-04-05 20:45:02', '2024-04-05 20:45:02', NULL),
	(324, '938546fb-ead2-4f33-bb63-0d7ae480ec80', 0, NULL, '2024-04-05 20:45:02', 2, '2024-04-05 20:50:02', '2024-04-05 20:50:02', NULL),
	(325, '8ef65627-c0da-4312-aee0-8aa5e68dbd9c', 0, NULL, '2024-04-05 20:50:02', 2, '2024-04-05 20:55:02', '2024-04-05 20:55:02', NULL),
	(326, '8764aab7-a064-4552-8ffe-3b9a9bee2fe5', 0, NULL, '2024-04-05 20:55:02', 2, '2024-04-05 21:00:02', '2024-04-05 21:00:02', NULL),
	(327, 'cd42bd6d-2b97-4fc5-88e5-7730104db7f0', 0, NULL, '2024-04-05 21:00:02', 2, '2024-04-05 21:05:02', '2024-04-05 21:05:02', NULL),
	(328, '5ba9272b-8d89-4c11-b04e-cc6437a8ba2a', 0, NULL, '2024-04-05 21:05:02', 2, '2024-04-05 21:10:02', '2024-04-05 21:10:02', NULL),
	(329, '7bf021f4-4e52-4c22-a86d-ef3e2ee9cda3', 0, NULL, '2024-04-05 21:10:02', 2, '2024-04-05 21:15:03', '2024-04-05 21:15:03', NULL),
	(330, '87d9ed09-ced3-4d67-90a2-a1d328051f4e', 0, NULL, '2024-04-05 21:15:03', 2, '2024-04-05 21:20:03', '2024-04-05 21:20:03', NULL),
	(331, '895ae747-addf-42b7-8f53-cfbc352e61b2', 0, NULL, '2024-04-05 21:20:03', 2, '2024-04-05 21:25:02', '2024-04-05 21:25:02', NULL),
	(332, 'e141ed87-b408-4b70-81f5-a091b4b24b25', 0, NULL, '2024-04-05 21:25:02', 2, '2024-04-05 21:30:03', '2024-04-05 21:30:03', NULL),
	(333, '6ac6facc-3cdd-47e0-9832-d5f93aba6c94', 0, NULL, '2024-04-05 21:30:03', 2, '2024-04-05 21:35:03', '2024-04-05 21:35:03', NULL),
	(334, '0e7b5b5e-653e-4725-a0cf-5111d2a242aa', 0, NULL, '2024-04-05 21:35:03', 2, '2024-04-05 21:40:02', '2024-04-05 21:40:02', NULL),
	(335, '6cd08d7a-96a0-4637-a512-e6f396d34d54', 0, NULL, '2024-04-05 21:40:02', 2, '2024-04-05 21:45:02', '2024-04-05 21:45:02', NULL),
	(336, '79ac0d47-4ce5-4b82-a3c5-e86bf8db5407', 0, NULL, '2024-04-05 21:45:02', 2, '2024-04-05 21:50:02', '2024-04-05 21:50:02', NULL),
	(337, '9a06104c-4f8f-4e66-aeda-6f2ece7097d6', 0, NULL, '2024-04-05 21:50:02', 2, '2024-04-05 21:55:02', '2024-04-05 21:55:02', NULL),
	(338, '1ceced4b-0f05-4c64-af7f-afbda1fd552c', 0, NULL, '2024-04-05 21:55:02', 2, '2024-04-05 22:00:01', '2024-04-05 22:00:01', NULL),
	(339, '9c0dc673-014d-461a-97d1-a045333e6046', 0, NULL, '2024-04-05 22:00:01', 2, '2024-04-05 22:05:02', '2024-04-05 22:05:02', NULL),
	(340, '54cef237-7ddb-40c8-806b-23c1806d1a2d', 0, NULL, '2024-04-05 22:05:02', 2, '2024-04-05 22:10:02', '2024-04-05 22:10:02', NULL),
	(341, '531e5555-d6da-4d57-8d69-202c2c4b362b', 0, NULL, '2024-04-05 22:10:02', 2, '2024-04-05 22:15:02', '2024-04-05 22:15:02', NULL),
	(342, 'a64f4b61-158e-4d6e-a2db-13b66cc3eb16', 0, NULL, '2024-04-05 22:15:02', 2, '2024-04-05 22:20:02', '2024-04-05 22:20:02', NULL),
	(343, '9cc41187-d0ab-481c-be58-8522d035bd67', 0, NULL, '2024-04-05 22:20:02', 2, '2024-04-05 22:25:02', '2024-04-05 22:25:02', NULL),
	(344, '104489a2-d3af-4368-8b62-a18adc08e9b0', 0, NULL, '2024-04-05 22:25:02', 2, '2024-04-05 22:30:02', '2024-04-05 22:30:02', NULL),
	(345, '2890e02f-5984-46ce-8bf0-988be63a815e', 0, NULL, '2024-04-05 22:30:02', 2, '2024-04-05 22:35:02', '2024-04-05 22:35:02', NULL),
	(346, '52091c35-61c1-467e-aadf-36ee34552764', 0, NULL, '2024-04-05 22:35:02', 2, '2024-04-05 22:40:02', '2024-04-05 22:40:02', NULL),
	(347, '2256ba79-9c7f-4531-862d-54f0d8ba0fed', 0, NULL, '2024-04-05 22:40:02', 2, '2024-04-05 22:45:02', '2024-04-05 22:45:02', NULL),
	(348, '285f286c-83a6-4545-bd61-ecd9b232f175', 0, NULL, '2024-04-05 22:45:02', 2, '2024-04-05 22:50:02', '2024-04-05 22:50:02', NULL),
	(349, '353b157c-472c-42ed-9d04-bb3cb33fb905', 0, NULL, '2024-04-05 22:50:02', 2, '2024-04-05 22:55:02', '2024-04-05 22:55:02', NULL),
	(350, '93b7178e-39a3-46fa-9a1e-efb4e768b0b8', 0, NULL, '2024-04-05 22:55:02', 2, '2024-04-05 23:00:02', '2024-04-05 23:00:02', NULL),
	(351, 'dac2445e-6a54-430f-9170-a5ab7104da59', 0, NULL, '2024-04-05 23:00:02', 2, '2024-04-05 23:05:02', '2024-04-05 23:05:02', NULL),
	(352, 'd5554a13-f76a-47a3-b4e5-b849c83fa1ab', 0, NULL, '2024-04-05 23:05:02', 2, '2024-04-05 23:10:02', '2024-04-05 23:10:02', NULL),
	(353, 'f49f7726-7c1a-4af7-8459-d0d01060c90c', 0, NULL, '2024-04-05 23:10:02', 2, '2024-04-05 23:15:02', '2024-04-05 23:15:02', NULL),
	(354, 'c9704556-c32c-42c0-b870-aaa07f19887f', 0, NULL, '2024-04-05 23:15:02', 2, '2024-04-05 23:20:02', '2024-04-05 23:20:02', NULL),
	(355, '3e23c94f-b3e8-41d1-a0d9-39349cf01dfe', 0, NULL, '2024-04-05 23:20:02', 2, '2024-04-05 23:25:02', '2024-04-05 23:25:02', NULL),
	(356, 'e75475cb-3099-43f2-8923-c784316f8306', 0, NULL, '2024-04-05 23:25:02', 2, '2024-04-05 23:30:02', '2024-04-05 23:30:02', NULL),
	(357, 'f980852a-afbc-4754-9cf2-5bfe17d23016', 0, NULL, '2024-04-05 23:30:02', 2, '2024-04-05 23:35:03', '2024-04-05 23:35:03', NULL),
	(358, '3d235ea2-cc07-46d4-984f-05e58dd19350', 0, NULL, '2024-04-05 23:35:03', 2, '2024-04-05 23:40:02', '2024-04-05 23:40:02', NULL),
	(359, 'ff6fb2e3-3250-4516-b157-62bd68155a1c', 0, NULL, '2024-04-05 23:40:02', 2, '2024-04-05 23:45:02', '2024-04-05 23:45:02', NULL),
	(360, '4a65491e-4f53-4ff1-a6c5-abb08732ee2b', 0, NULL, '2024-04-05 23:45:02', 2, '2024-04-05 23:50:02', '2024-04-05 23:50:02', NULL),
	(361, '38a2d005-8524-4e79-a9ef-3824ce9d530d', 0, NULL, '2024-04-05 23:50:02', 2, '2024-04-05 23:55:01', '2024-04-05 23:55:01', NULL),
	(362, 'e96fe881-c0ec-4dec-bf72-673ebd94db23', 0, NULL, '2024-04-05 23:55:01', 2, '2024-04-06 00:00:03', '2024-04-06 00:00:03', NULL),
	(363, '96ed1b87-c04e-491e-964b-66a35e5ff054', 0, NULL, '2024-04-06 00:00:03', 2, '2024-04-06 00:05:02', '2024-04-06 00:05:02', NULL),
	(364, 'b7e6ccad-abcf-4cbd-8594-1c26f88af395', 0, NULL, '2024-04-06 00:05:02', 2, '2024-04-06 00:10:02', '2024-04-06 00:10:02', NULL),
	(365, 'cefb7028-b376-414e-b819-ab62b9f2627b', 0, NULL, '2024-04-06 00:10:02', 2, '2024-04-06 00:15:02', '2024-04-06 00:15:02', NULL),
	(366, 'a1e2e202-8752-4cbd-9fb7-85c91676f617', 0, NULL, '2024-04-06 00:15:02', 2, '2024-04-06 00:20:02', '2024-04-06 00:20:02', NULL),
	(367, '0b7e491f-93c9-4428-ab94-f4c6e0d3cd5d', 0, NULL, '2024-04-06 00:20:02', 2, '2024-04-06 00:25:02', '2024-04-06 00:25:02', NULL),
	(368, '24f48e54-c1cc-4d23-a5fb-d2d3a002b68a', 0, NULL, '2024-04-06 00:25:02', 2, '2024-04-06 00:30:02', '2024-04-06 00:30:02', NULL),
	(369, '6b8c5f13-f91e-45a4-97cc-83a11b014b42', 0, NULL, '2024-04-06 00:30:02', 2, '2024-04-06 00:35:02', '2024-04-06 00:35:02', NULL),
	(370, '2b55b339-fa0a-45c4-b1bf-df7ee22ee506', 0, NULL, '2024-04-06 00:35:02', 2, '2024-04-06 00:40:02', '2024-04-06 00:40:02', NULL),
	(371, 'e8e3b701-4265-4807-abd7-7be5071172de', 0, NULL, '2024-04-06 00:40:02', 2, '2024-04-06 00:45:02', '2024-04-06 00:45:02', NULL),
	(372, 'e27df750-3687-417d-99c8-5057038200fe', 0, NULL, '2024-04-06 00:45:02', 2, '2024-04-06 00:50:02', '2024-04-06 00:50:02', NULL),
	(373, '3112443b-215a-49fc-8c74-191278b8bf09', 0, NULL, '2024-04-06 00:50:02', 2, '2024-04-06 00:55:02', '2024-04-06 00:55:02', NULL),
	(374, 'fab5b42d-3597-4d6b-9de0-2f940a259ddd', 0, NULL, '2024-04-06 00:55:02', 2, '2024-04-06 01:00:02', '2024-04-06 01:00:02', NULL),
	(375, '19f27a56-409e-4494-9eb9-69b9f8b4cd96', 0, NULL, '2024-04-06 01:00:02', 2, '2024-04-06 01:05:02', '2024-04-06 01:05:02', NULL),
	(376, 'd058e078-ddca-485a-94b9-d50141c03268', 0, NULL, '2024-04-06 01:05:02', 2, '2024-04-06 01:10:02', '2024-04-06 01:10:02', NULL),
	(377, '6dfe888a-8275-4dbe-a215-d23d853c4e3c', 0, NULL, '2024-04-06 01:10:02', 2, '2024-04-06 01:15:02', '2024-04-06 01:15:02', NULL),
	(378, 'f798f5e8-5ce9-45fc-b2a2-d879362c1750', 0, NULL, '2024-04-06 01:15:02', 2, '2024-04-06 01:20:02', '2024-04-06 01:20:02', NULL),
	(379, 'e0bd02ab-ffd7-43a9-b930-aaf8585b6d4f', 0, NULL, '2024-04-06 01:20:02', 2, '2024-04-06 01:25:02', '2024-04-06 01:25:02', NULL),
	(380, '3982b0a6-c68e-4829-aa95-094350092a0b', 0, NULL, '2024-04-06 01:25:02', 2, '2024-04-06 01:30:02', '2024-04-06 01:30:02', NULL),
	(381, '0e9b9d9d-6c70-4483-b970-22f3e9f19a12', 0, NULL, '2024-04-06 01:30:02', 2, '2024-04-06 01:35:02', '2024-04-06 01:35:02', NULL),
	(382, '30c4bf06-a995-44b8-a48c-6f53ce633f43', 0, NULL, '2024-04-06 01:35:02', 2, '2024-04-06 01:40:02', '2024-04-06 01:40:02', NULL),
	(383, '4d5cce45-b4f2-4a91-b220-7f6807927de0', 0, NULL, '2024-04-06 01:40:02', 2, '2024-04-06 01:45:02', '2024-04-06 01:45:02', NULL),
	(384, 'f4706c8d-67d7-4409-82d1-4c61d8825035', 0, NULL, '2024-04-06 01:45:02', 2, '2024-04-06 01:50:02', '2024-04-06 01:50:02', NULL),
	(385, '14270629-b1cf-4801-8b96-3b4623ea9b06', 0, NULL, '2024-04-06 01:50:02', 2, '2024-04-06 01:55:03', '2024-04-06 01:55:03', NULL),
	(386, '476279ef-9c08-475e-b472-25e90ae62f73', 0, NULL, '2024-04-06 01:55:03', 2, '2024-04-06 02:00:03', '2024-04-06 02:00:03', NULL),
	(387, '1f685096-c0fa-44e9-9880-ad83129a9322', 0, NULL, '2024-04-06 02:00:03', 2, '2024-04-06 02:05:02', '2024-04-06 02:05:02', NULL),
	(388, 'f0ec7572-68e3-4a8e-a087-c7fedf2ed9f0', 0, NULL, '2024-04-06 02:05:02', 2, '2024-04-06 02:10:02', '2024-04-06 02:10:02', NULL),
	(389, 'e5fa9796-cca9-48ab-ab99-ea1d1606abd0', 0, NULL, '2024-04-06 02:10:02', 2, '2024-04-06 02:15:02', '2024-04-06 02:15:02', NULL),
	(390, '1c3b5700-b966-46ca-bc3d-20e8419d4b48', 0, NULL, '2024-04-06 02:15:02', 2, '2024-04-06 02:20:02', '2024-04-06 02:20:02', NULL),
	(391, 'df814965-964a-453a-8f94-337d81273d1f', 0, NULL, '2024-04-06 02:20:02', 2, '2024-04-06 02:25:02', '2024-04-06 02:25:02', NULL),
	(392, 'fbc8abe9-f75d-4680-9bc0-cfe85837c52f', 0, NULL, '2024-04-06 02:25:02', 2, '2024-04-06 02:30:02', '2024-04-06 02:30:02', NULL),
	(393, '854da4b8-dcbd-4f82-a8fa-c4f6598d0678', 0, NULL, '2024-04-06 02:30:02', 2, '2024-04-06 02:35:02', '2024-04-06 02:35:02', NULL),
	(394, '59990e80-9687-4057-881f-2c8254948925', 0, NULL, '2024-04-06 02:35:02', 2, '2024-04-06 02:40:02', '2024-04-06 02:40:02', NULL),
	(395, '9d4291ca-e255-4b06-b047-4bca87e43ada', 0, NULL, '2024-04-06 02:40:02', 2, '2024-04-06 02:45:02', '2024-04-06 02:45:02', NULL),
	(396, 'd0b08e0d-6904-4734-93cd-f92a2e3c989d', 0, NULL, '2024-04-06 02:45:02', 2, '2024-04-06 02:50:02', '2024-04-06 02:50:02', NULL),
	(397, '8676fbb3-7673-48e6-a2e2-778394447e86', 0, NULL, '2024-04-06 02:50:02', 2, '2024-04-06 02:55:02', '2024-04-06 02:55:02', NULL),
	(398, '67062ad7-ef88-40d5-a0d5-52c240b80df3', 0, NULL, '2024-04-06 02:55:02', 2, '2024-04-06 03:00:02', '2024-04-06 03:00:02', NULL),
	(399, '4a2d2f96-8cdc-44d8-8ab7-0fecaf2d28b0', 0, NULL, '2024-04-06 03:00:02', 2, '2024-04-06 03:05:02', '2024-04-06 03:05:02', NULL),
	(400, 'e3280b84-6f77-4868-96da-ebe0911cac2e', 0, NULL, '2024-04-06 03:05:02', 2, '2024-04-06 03:10:02', '2024-04-06 03:10:02', NULL),
	(401, '3adafa0e-1d53-4625-9c42-8796d8aaded2', 0, NULL, '2024-04-06 03:10:02', 2, '2024-04-06 03:15:02', '2024-04-06 03:15:02', NULL),
	(402, '3017e290-a9db-4bba-93fc-3f2efb563876', 0, NULL, '2024-04-06 03:15:02', 2, '2024-04-06 03:20:02', '2024-04-06 03:20:02', NULL),
	(403, 'f8a9d91a-c8f4-4f94-af16-ee5762634181', 0, NULL, '2024-04-06 03:20:02', 2, '2024-04-06 03:25:02', '2024-04-06 03:25:02', NULL),
	(404, '01c8a3f7-daa7-4f41-b101-3019779b57c4', 0, NULL, '2024-04-06 03:25:02', 2, '2024-04-06 03:30:02', '2024-04-06 03:30:02', NULL),
	(405, '77d50a4a-7937-4c45-9e7d-14b9d8f1cc39', 0, NULL, '2024-04-06 03:30:02', 2, '2024-04-06 03:35:02', '2024-04-06 03:35:02', NULL),
	(406, '078ef46e-1f12-4723-bc5d-9c42bfeed4d4', 0, NULL, '2024-04-06 03:35:02', 2, '2024-04-06 03:40:02', '2024-04-06 03:40:02', NULL),
	(407, '72d6ca4d-525b-4824-8501-71fc8fd0b670', 0, NULL, '2024-04-06 03:40:02', 2, '2024-04-06 03:45:02', '2024-04-06 03:45:02', NULL),
	(408, '17ac3ccb-b558-4aaf-bf70-6e853e3b3cf0', 0, NULL, '2024-04-06 03:45:02', 2, '2024-04-06 03:50:02', '2024-04-06 03:50:02', NULL),
	(409, '33f4ab3c-17c5-4866-9fe7-1bf43b3cd9ec', 0, NULL, '2024-04-06 03:50:02', 2, '2024-04-06 03:55:02', '2024-04-06 03:55:02', NULL),
	(410, '03c76a9b-a145-466d-9570-fb35381079c1', 0, NULL, '2024-04-06 03:55:02', 2, '2024-04-06 04:00:03', '2024-04-06 04:00:03', NULL),
	(411, '5a492c65-c287-4cab-b280-37ffbbd3000e', 0, NULL, '2024-04-06 04:00:03', 2, '2024-04-06 04:05:02', '2024-04-06 04:05:02', NULL),
	(412, '31ee4b22-f6d4-4cbb-b2ce-5825b0f1eedc', 0, NULL, '2024-04-06 04:05:02', 2, '2024-04-06 04:10:02', '2024-04-06 04:10:02', NULL),
	(413, '4f74f96a-6951-44ff-a273-8afc01ce0eb8', 0, NULL, '2024-04-06 04:10:02', 2, '2024-04-06 04:15:02', '2024-04-06 04:15:02', NULL),
	(414, 'ad03186e-47f8-4b90-884a-dfa89e2cc623', 0, NULL, '2024-04-06 04:15:02', 2, '2024-04-06 04:20:02', '2024-04-06 04:20:02', NULL),
	(415, 'ec25edfc-43dd-496d-9887-3678c4fc656c', 0, NULL, '2024-04-06 04:20:02', 2, '2024-04-06 04:25:02', '2024-04-06 04:25:02', NULL),
	(416, '73635f8c-39e8-468a-b6b3-517c72e8343e', 0, NULL, '2024-04-06 04:25:02', 2, '2024-04-06 04:30:02', '2024-04-06 04:30:02', NULL),
	(417, '4ae865d2-6ed0-4751-91f3-24b8d49f4e9e', 0, NULL, '2024-04-06 04:30:02', 2, '2024-04-06 04:35:02', '2024-04-06 04:35:02', NULL),
	(418, '0bef8cf7-886e-4ba1-a821-b66df168401d', 0, NULL, '2024-04-06 04:35:02', 2, '2024-04-06 04:40:02', '2024-04-06 04:40:02', NULL),
	(419, 'c9d16037-83be-442e-b889-05ab0050a14b', 0, NULL, '2024-04-06 04:40:02', 2, '2024-04-06 04:45:02', '2024-04-06 04:45:02', NULL),
	(420, '2ef6ed69-aa72-4edb-9668-046738573c64', 0, NULL, '2024-04-06 04:45:02', 2, '2024-04-06 04:50:02', '2024-04-06 04:50:02', NULL),
	(421, 'd4f7e770-3d54-4495-be37-b5cb40ea2d9a', 0, NULL, '2024-04-06 04:50:02', 2, '2024-04-06 04:55:02', '2024-04-06 04:55:02', NULL),
	(422, 'ca8fcfe7-5ba3-4e1f-b309-c3b27acd9fad', 0, NULL, '2024-04-06 04:55:02', 2, '2024-04-06 05:00:02', '2024-04-06 05:00:02', NULL),
	(423, 'a79f4a0c-8533-4cbf-8c02-c0b5ad515b84', 0, NULL, '2024-04-06 05:00:02', 2, '2024-04-06 05:05:02', '2024-04-06 05:05:02', NULL),
	(424, '5040069f-ff82-4210-8f04-f793f55a0913', 0, NULL, '2024-04-06 05:05:02', 2, '2024-04-06 05:10:02', '2024-04-06 05:10:02', NULL),
	(425, '589aef6a-29e6-4bf5-ad10-25562b986aba', 0, NULL, '2024-04-06 05:10:02', 2, '2024-04-06 05:15:02', '2024-04-06 05:15:02', NULL),
	(426, '38bad62d-3104-43b3-be51-9e2d34eacb4b', 0, NULL, '2024-04-06 05:15:02', 2, '2024-04-06 05:20:02', '2024-04-06 05:20:02', NULL),
	(427, 'b30f3699-b153-4d8c-b615-f1998bc679fb', 0, NULL, '2024-04-06 05:20:02', 2, '2024-04-06 05:25:02', '2024-04-06 05:25:02', NULL),
	(428, '473b31d3-0209-42c1-9bf9-5c2ff77d5c2c', 0, NULL, '2024-04-06 05:25:02', 2, '2024-04-06 05:30:02', '2024-04-06 05:30:02', NULL),
	(429, 'c676b262-f310-48b9-996a-16dc20ae3cb2', 0, NULL, '2024-04-06 05:30:02', 2, '2024-04-06 05:35:02', '2024-04-06 05:35:02', NULL),
	(430, 'a2e912f5-9e58-4b06-8f65-eb22822d4bf7', 0, NULL, '2024-04-06 05:35:02', 2, '2024-04-06 05:40:02', '2024-04-06 05:40:02', NULL),
	(431, '0d7a89c4-832e-4100-a4c0-4cd27e53c225', 0, NULL, '2024-04-06 05:40:02', 2, '2024-04-06 05:45:02', '2024-04-06 05:45:02', NULL),
	(432, 'f5ea65a9-f0f5-4967-9363-f3492daaf816', 0, NULL, '2024-04-06 05:45:02', 2, '2024-04-06 05:50:03', '2024-04-06 05:50:03', NULL),
	(433, '9e2672ea-dce6-4ac9-9553-1cf8f6a00a01', 0, NULL, '2024-04-06 05:50:03', 2, '2024-04-06 05:55:02', '2024-04-06 05:55:02', NULL),
	(434, '9ecaedb6-4e0f-4b9a-9b82-2d298763bc25', 0, NULL, '2024-04-06 05:55:02', 2, '2024-04-06 06:00:02', '2024-04-06 06:00:02', NULL),
	(435, '64164243-c863-46e2-a807-b09356f822fb', 0, NULL, '2024-04-06 06:00:02', 2, '2024-04-06 06:05:03', '2024-04-06 06:05:03', NULL),
	(436, '7eebaea1-e240-463a-b428-f6700eff786f', 0, NULL, '2024-04-06 06:05:03', 2, '2024-04-06 06:10:02', '2024-04-06 06:10:02', NULL),
	(437, 'efb6fe18-f047-4899-b0f9-53e4e1833435', 0, NULL, '2024-04-06 06:10:02', 2, '2024-04-06 06:15:02', '2024-04-06 06:15:02', NULL),
	(438, '56a99569-ca23-4e13-ac23-f4089f0e7d9a', 0, NULL, '2024-04-06 06:15:02', 2, '2024-04-06 06:20:02', '2024-04-06 06:20:02', NULL),
	(439, '4872e574-040c-4735-b8f7-182a5d555c1d', 0, NULL, '2024-04-06 06:20:02', 2, '2024-04-06 06:25:02', '2024-04-06 06:25:02', NULL),
	(440, 'b298ed62-780e-4979-9039-b10605965bb7', 0, NULL, '2024-04-06 06:25:02', 2, '2024-04-06 06:30:02', '2024-04-06 06:30:02', NULL),
	(441, 'df6f1a4e-41ed-4685-b63f-fc1f71e24354', 0, NULL, '2024-04-06 06:30:02', 2, '2024-04-06 06:35:02', '2024-04-06 06:35:02', NULL),
	(442, '77eb5b5a-13ab-4775-90e9-23732cda045c', 0, NULL, '2024-04-06 06:35:02', 2, '2024-04-06 06:40:02', '2024-04-06 06:40:02', NULL),
	(443, '9646dafc-2cbe-4d4e-8142-c56cdc631d99', 0, NULL, '2024-04-06 06:40:02', 2, '2024-04-06 06:45:02', '2024-04-06 06:45:02', NULL),
	(444, '60eb8701-e9dd-494a-b2a8-50d28b3f85ee', 0, NULL, '2024-04-06 06:45:02', 2, '2024-04-06 06:50:02', '2024-04-06 06:50:02', NULL),
	(445, '355c0bbf-45bb-4590-aecc-223327104af0', 0, NULL, '2024-04-06 06:50:02', 2, '2024-04-06 06:55:02', '2024-04-06 06:55:02', NULL),
	(446, 'eecefed4-ce95-4be2-a138-bb1f31eaa9ea', 0, NULL, '2024-04-06 06:55:02', 2, '2024-04-06 07:00:02', '2024-04-06 07:00:02', NULL),
	(447, '5a01ad1c-fe02-464a-bf31-4b91fea7b46f', 0, NULL, '2024-04-06 07:00:02', 2, '2024-04-06 07:05:02', '2024-04-06 07:05:02', NULL),
	(448, '851aa9d3-1c4f-4da8-9f30-88a9a95d2b8c', 0, NULL, '2024-04-06 07:05:02', 2, '2024-04-06 07:10:02', '2024-04-06 07:10:02', NULL),
	(449, 'eaea1689-1f1d-4e50-b668-db434ec6d938', 0, NULL, '2024-04-06 07:10:02', 2, '2024-04-06 07:15:02', '2024-04-06 07:15:02', NULL),
	(450, 'd3e30123-7b51-453d-b7ad-e0f7cf8d22a0', 0, NULL, '2024-04-06 07:15:02', 2, '2024-04-06 07:20:02', '2024-04-06 07:20:02', NULL),
	(451, '90c66d86-0ab1-485c-b3ea-afb196963a9e', 0, NULL, '2024-04-06 07:20:02', 2, '2024-04-06 07:25:02', '2024-04-06 07:25:02', NULL),
	(452, 'a32a6d76-2b9e-407a-86f1-60b146049c4f', 0, NULL, '2024-04-06 07:25:02', 2, '2024-04-06 07:30:02', '2024-04-06 07:30:02', NULL),
	(453, '335dc030-29d4-407b-9844-e6cce8a4e69a', 0, NULL, '2024-04-06 07:30:02', 2, '2024-04-06 07:35:02', '2024-04-06 07:35:02', NULL),
	(454, '85bcda80-393b-4158-87a2-ae7515f3ea4c', 0, NULL, '2024-04-06 07:35:02', 2, '2024-04-06 07:40:02', '2024-04-06 07:40:02', NULL),
	(455, '860a16d8-7b6c-4a2f-be19-df8209a5cc50', 0, NULL, '2024-04-06 07:40:02', 2, '2024-04-06 07:45:02', '2024-04-06 07:45:02', NULL),
	(456, 'db91f834-1c3e-497e-a19a-516c6e38ff56', 0, NULL, '2024-04-06 07:45:02', 2, '2024-04-06 07:50:02', '2024-04-06 07:50:02', NULL),
	(457, '69a38403-1bfb-40f1-ae06-d75420d1c097', 0, NULL, '2024-04-06 07:50:02', 2, '2024-04-06 07:55:02', '2024-04-06 07:55:02', NULL),
	(458, 'fa2d3c0d-3083-4a1a-9d9b-53e0fbed3d29', 0, NULL, '2024-04-06 07:55:02', 2, '2024-04-06 08:00:03', '2024-04-06 08:00:03', NULL),
	(459, '9d7d3664-7dff-4b78-b01a-c67eb3e50903', 0, NULL, '2024-04-06 08:00:03', 2, '2024-04-06 08:05:02', '2024-04-06 08:05:02', NULL),
	(460, 'c7a29e21-b761-4a00-a93e-6ee6e34c12a6', 0, NULL, '2024-04-06 08:05:02', 2, '2024-04-06 08:10:02', '2024-04-06 08:10:02', NULL),
	(461, '2df4be20-9f88-47d6-b005-bca5be7a66c4', 0, NULL, '2024-04-06 08:10:02', 2, '2024-04-06 08:15:02', '2024-04-06 08:15:02', NULL),
	(462, 'd9575982-770a-4837-83fd-46b680f2a4df', 0, NULL, '2024-04-06 08:15:02', 2, '2024-04-06 08:20:02', '2024-04-06 08:20:02', NULL),
	(463, '2201683e-df2a-4d2d-9c0c-85575eca0918', 0, NULL, '2024-04-06 08:20:02', 2, '2024-04-06 08:25:03', '2024-04-06 08:25:03', NULL),
	(464, '7c42e263-d581-47a1-9b0a-4082e73d1f2b', 0, NULL, '2024-04-06 08:25:03', 2, '2024-04-06 08:30:03', '2024-04-06 08:30:03', NULL),
	(465, 'f7270606-706b-44b8-a03f-30b0aeb627e7', 0, NULL, '2024-04-06 08:30:03', 2, '2024-04-06 08:35:02', '2024-04-06 08:35:02', NULL),
	(466, 'db39953f-0757-408f-b1bd-4ed2156dd93e', 0, NULL, '2024-04-06 08:35:02', 2, '2024-04-06 08:40:02', '2024-04-06 08:40:02', NULL),
	(467, '435ea7e8-6217-4bfa-bcbf-ce576ec93c44', 0, NULL, '2024-04-06 08:40:02', 2, '2024-04-06 08:45:02', '2024-04-06 08:45:02', NULL),
	(468, '23f9bac9-4b51-408a-b963-b6f20328adef', 0, NULL, '2024-04-06 08:45:02', 2, '2024-04-06 08:50:02', '2024-04-06 08:50:02', NULL),
	(469, '062bc625-3fc9-457c-a61b-cae2126dcbf0', 0, NULL, '2024-04-06 08:50:02', 2, '2024-04-06 08:55:02', '2024-04-06 08:55:02', NULL),
	(470, 'd262604e-0a2b-46f5-ab43-65f8962682ac', 0, NULL, '2024-04-06 08:55:02', 2, '2024-04-06 09:00:02', '2024-04-06 09:00:02', NULL),
	(471, '442285d4-e8f3-4ac3-89f9-b686a492be19', 0, NULL, '2024-04-06 09:00:02', 2, '2024-04-06 09:05:02', '2024-04-06 09:05:02', NULL),
	(472, 'e58073c5-3ce2-4aaa-9aa2-4bf036301626', 0, NULL, '2024-04-06 09:05:02', 2, '2024-04-06 09:10:02', '2024-04-06 09:10:02', NULL),
	(473, 'd831727a-75ac-4ebd-8c05-91008a00e7e6', 0, NULL, '2024-04-06 09:10:02', 2, '2024-04-06 09:15:02', '2024-04-06 09:15:02', NULL),
	(474, 'f954c043-d838-4176-b5c0-d4ba340b3dfd', 0, NULL, '2024-04-06 09:15:02', 2, '2024-04-06 09:20:02', '2024-04-06 09:20:02', NULL),
	(475, '0aab23ef-2e7e-4127-9abe-78080e7053d9', 0, NULL, '2024-04-06 09:20:02', 2, '2024-04-06 09:25:02', '2024-04-06 09:25:02', NULL),
	(476, '1dea54ac-8956-4791-bd52-6b29d02e9f88', 0, NULL, '2024-04-06 09:25:02', 2, '2024-04-06 09:30:02', '2024-04-06 09:30:02', NULL),
	(477, 'e9bd02f9-1ad9-4639-968b-ca9dd6f8f837', 0, NULL, '2024-04-06 09:30:02', 2, '2024-04-06 09:35:02', '2024-04-06 09:35:02', NULL),
	(478, '5c5b4da6-3b83-4680-9550-3dbdb895ee6b', 0, NULL, '2024-04-06 09:35:02', 2, '2024-04-06 09:40:02', '2024-04-06 09:40:02', NULL),
	(479, '26b6beb2-3169-4d81-8840-297f9c0135ae', 0, NULL, '2024-04-06 09:40:02', 2, '2024-04-06 09:45:02', '2024-04-06 09:45:02', NULL),
	(480, 'aa7379c2-2e63-4bfd-a0d7-2fc32d9caa5c', 0, NULL, '2024-04-06 09:45:02', 2, '2024-04-06 09:50:02', '2024-04-06 09:50:02', NULL),
	(481, '967421c6-792b-40ea-9ecf-a1d55b27cc43', 0, NULL, '2024-04-06 09:50:02', 2, '2024-04-06 09:55:02', '2024-04-06 09:55:02', NULL),
	(482, '6e6c47e9-06d0-4155-a772-b7b9ed53b231', 0, NULL, '2024-04-06 09:55:02', 2, '2024-04-06 10:00:02', '2024-04-06 10:00:02', NULL),
	(483, '499a907f-12aa-4caf-939e-2a46f960c98b', 0, NULL, '2024-04-06 10:00:02', 2, '2024-04-06 10:05:03', '2024-04-06 10:05:03', NULL),
	(484, 'a9ca329d-3672-4fd1-b1d0-0dd62c733248', 0, NULL, '2024-04-06 10:05:03', 2, '2024-04-06 10:10:03', '2024-04-06 10:10:03', NULL),
	(485, 'f018744d-acf8-4694-af8e-269a95dbdec9', 0, NULL, '2024-04-06 10:10:03', 2, '2024-04-06 10:15:02', '2024-04-06 10:15:02', NULL),
	(486, '398065f2-bdcf-4c44-aec1-9228ce5d258c', 0, NULL, '2024-04-06 10:15:02', 2, '2024-04-06 10:20:02', '2024-04-06 10:20:02', NULL),
	(487, 'b15c677f-d569-4727-bfe7-84a50e3146bf', 0, NULL, '2024-04-06 10:20:02', 2, '2024-04-06 10:25:02', '2024-04-06 10:25:02', NULL),
	(488, '94e5d4a7-50c6-4678-aa17-3e2306720ec6', 0, NULL, '2024-04-06 10:25:02', 2, '2024-04-06 10:30:02', '2024-04-06 10:30:02', NULL),
	(489, 'ded0a84c-1314-4ff4-8580-e32c56ab7d24', 0, NULL, '2024-04-06 10:30:02', 2, '2024-04-06 10:35:03', '2024-04-06 10:35:03', NULL),
	(490, '26843556-2b93-4753-addc-57625595be3f', 0, NULL, '2024-04-06 10:35:03', 2, '2024-04-06 10:40:02', '2024-04-06 10:40:02', NULL),
	(491, 'c6fec4fa-b7ae-476f-9e11-ea653c7af080', 0, NULL, '2024-04-06 10:40:02', 2, '2024-04-06 10:45:02', '2024-04-06 10:45:02', NULL),
	(492, 'a0b73366-8996-4c57-880f-be616fa890c6', 0, NULL, '2024-04-06 10:45:02', 2, '2024-04-06 10:50:02', '2024-04-06 10:50:02', NULL),
	(493, '28f4288a-3d7d-4d4c-ba1f-72549a50ff69', 0, NULL, '2024-04-06 10:50:02', 2, '2024-04-06 10:55:02', '2024-04-06 10:55:02', NULL),
	(494, 'f0f7f5ce-f23c-4944-b76c-2903dce177e6', 0, NULL, '2024-04-06 10:55:02', 2, '2024-04-06 11:00:03', '2024-04-06 11:00:03', NULL),
	(495, '227df57d-e89a-4fcf-94fc-5b82e1e7ba5e', 0, NULL, '2024-04-06 11:00:03', 2, '2024-04-06 11:05:02', '2024-04-06 11:05:02', NULL),
	(496, 'dde13e5e-3ff5-4a41-8de3-932b94b30033', 0, NULL, '2024-04-06 11:05:02', 2, '2024-04-06 11:10:02', '2024-04-06 11:10:02', NULL),
	(497, 'f31c59d6-260c-4b9f-88e9-330eae43687a', 0, NULL, '2024-04-06 11:10:02', 2, '2024-04-06 11:15:02', '2024-04-06 11:15:02', NULL),
	(498, 'e0db43d9-4afc-4802-ac7f-76fe42d8928b', 0, NULL, '2024-04-06 11:15:02', 2, '2024-04-06 11:20:02', '2024-04-06 11:20:02', NULL),
	(499, 'c2703ad8-16b9-4a66-bddf-8405ce63a8c8', 0, NULL, '2024-04-06 11:20:02', 2, '2024-04-06 11:25:02', '2024-04-06 11:25:02', NULL),
	(500, '1402e461-5b90-4bc3-913d-056551d04291', 0, NULL, '2024-04-06 11:25:02', 2, '2024-04-06 11:30:02', '2024-04-06 11:30:02', NULL),
	(501, '24d70390-d052-4fa1-ab43-c7d7cbd16d01', 0, NULL, '2024-04-06 11:30:02', 2, '2024-04-06 11:35:02', '2024-04-06 11:35:02', NULL),
	(502, '3d350bc7-6540-4489-bc9f-977965b8fc9f', 0, NULL, '2024-04-06 11:35:02', 2, '2024-04-06 11:40:02', '2024-04-06 11:40:02', NULL),
	(503, 'f7d22609-833b-4ee0-8f2d-032cfec26329', 0, NULL, '2024-04-06 11:40:02', 2, '2024-04-06 11:45:02', '2024-04-06 11:45:02', NULL),
	(504, '06f430ba-6930-478c-8afd-f370ff218429', 0, NULL, '2024-04-06 11:45:02', 2, '2024-04-06 11:50:02', '2024-04-06 11:50:02', NULL),
	(505, '7da0fb7a-52ae-4e4c-b3b1-54a18a1d207c', 0, NULL, '2024-04-06 11:50:02', 2, '2024-04-06 11:55:02', '2024-04-06 11:55:02', NULL),
	(506, '7e1d2cc8-5f62-4725-8f2d-ef2ae263b16e', 0, NULL, '2024-04-06 11:55:02', 2, '2024-04-06 12:00:02', '2024-04-06 12:00:02', NULL),
	(507, '97af9960-7216-4569-94ca-8aa51847ab0b', 0, NULL, '2024-04-06 12:00:02', 2, '2024-04-06 12:05:02', '2024-04-06 12:05:02', NULL),
	(508, '501b0b40-25bf-478b-858a-9a495bf6a532', 0, NULL, '2024-04-06 12:05:02', 2, '2024-04-06 12:10:02', '2024-04-06 12:10:02', NULL),
	(509, '3ecc2d29-16cb-425b-9cc6-95b929ad4b8d', 0, NULL, '2024-04-06 12:10:02', 2, '2024-04-06 12:15:02', '2024-04-06 12:15:02', NULL),
	(510, 'eedda827-276d-47fe-beb7-da2bcc75f39a', 0, NULL, '2024-04-06 12:15:02', 2, '2024-04-06 12:20:02', '2024-04-06 12:20:02', NULL),
	(511, 'a624e59c-b6d2-44d9-8232-982c9ae97c0a', 0, NULL, '2024-04-06 12:20:02', 2, '2024-04-06 12:25:02', '2024-04-06 12:25:02', NULL),
	(512, 'fc92c641-0ff4-4dad-bee6-6c3040ef8929', 0, NULL, '2024-04-06 12:25:02', 2, '2024-04-06 12:30:02', '2024-04-06 12:30:02', NULL),
	(513, 'f7941c96-50ad-4f61-be8e-7e38a6bec1e3', 0, NULL, '2024-04-06 12:30:02', 2, '2024-04-06 12:35:03', '2024-04-06 12:35:03', NULL),
	(514, '15b7519d-e1df-4bae-a3f4-bd084b579c06', 0, NULL, '2024-04-06 12:35:03', 2, '2024-04-06 12:40:03', '2024-04-06 12:40:03', NULL),
	(515, '99a0eb26-194c-4760-a609-e1c548e3a20b', 0, NULL, '2024-04-06 12:40:03', 2, '2024-04-06 12:45:02', '2024-04-06 12:45:02', NULL),
	(516, 'ee8330d4-9b41-4f55-9fd2-dc2ae8425e2e', 0, NULL, '2024-04-06 12:45:02', 2, '2024-04-06 12:50:02', '2024-04-06 12:50:02', NULL),
	(517, '1e3dbeb9-3988-4d17-9494-8f9f4a0be3c1', 0, NULL, '2024-04-06 12:50:02', 2, '2024-04-06 12:55:02', '2024-04-06 12:55:02', NULL),
	(518, 'da5dd4a9-c6ec-4fd0-93e3-6da99cadeceb', 0, NULL, '2024-04-06 12:55:02', 2, '2024-04-06 13:00:02', '2024-04-06 13:00:02', NULL),
	(519, '7d119276-b727-4a9e-8fc3-c7f8dc371ca2', 0, NULL, '2024-04-06 13:00:02', 2, '2024-04-06 13:05:02', '2024-04-06 13:05:02', NULL),
	(520, '453e2785-4374-4cc6-a77f-9386b2012c13', 0, NULL, '2024-04-06 13:05:02', 2, '2024-04-06 13:10:02', '2024-04-06 13:10:02', NULL),
	(521, 'bd204061-1b15-42fb-9ca8-330ade79b267', 0, NULL, '2024-04-06 13:10:02', 2, '2024-04-06 13:15:02', '2024-04-06 13:15:02', NULL),
	(522, 'e970d08b-b662-449f-b405-ba5767b9975a', 0, NULL, '2024-04-06 13:15:02', 2, '2024-04-06 13:20:02', '2024-04-06 13:20:02', NULL),
	(523, '81e302ee-e98f-4ba2-b6a1-4235d44fc313', 0, NULL, '2024-04-06 13:20:02', 2, '2024-04-06 13:25:02', '2024-04-06 13:25:02', NULL),
	(524, '63c560ce-08af-4a22-9612-393da76607c2', 0, NULL, '2024-04-06 13:25:02', 2, '2024-04-06 13:30:02', '2024-04-06 13:30:02', NULL),
	(525, '8306b77c-66c8-46a7-a605-c1d0774e4ef0', 0, NULL, '2024-04-06 13:30:02', 2, '2024-04-06 13:35:02', '2024-04-06 13:35:02', NULL),
	(526, 'ebdd7516-547c-43cf-969a-3a05eca05109', 0, NULL, '2024-04-06 13:35:02', 2, '2024-04-06 13:40:02', '2024-04-06 13:40:02', NULL),
	(527, 'b55e9e96-9e2e-4125-9555-f675eb856b28', 0, NULL, '2024-04-06 13:40:02', 2, '2024-04-06 13:45:01', '2024-04-06 13:45:01', NULL),
	(528, 'c4e1c721-9816-4d9f-8640-208eeb0c6ebc', 0, NULL, '2024-04-06 13:45:01', 2, '2024-04-06 13:50:03', '2024-04-06 13:50:03', NULL),
	(529, 'd76271ad-45c9-4c11-9532-e2f637cb1c65', 0, NULL, '2024-04-06 13:50:03', 2, '2024-04-06 13:55:02', '2024-04-06 13:55:02', NULL),
	(530, 'a0f43622-e203-4be7-ac1a-0a757e3e3723', 0, NULL, '2024-04-06 13:55:02', 2, '2024-04-06 14:00:02', '2024-04-06 14:00:02', NULL),
	(531, '177b75e0-31f1-4153-8d69-d8865da7afd8', 0, NULL, '2024-04-06 14:00:02', 2, '2024-04-06 14:05:02', '2024-04-06 14:05:02', NULL),
	(532, '24250c9a-4a70-43c9-bd5e-c2d93bf88754', 0, NULL, '2024-04-06 14:05:02', 2, '2024-04-06 14:10:02', '2024-04-06 14:10:02', NULL),
	(533, 'caef89db-fb36-4a8d-9a79-b020316456bf', 0, NULL, '2024-04-06 14:10:02', 2, '2024-04-06 14:15:02', '2024-04-06 14:15:02', NULL),
	(534, 'ba211d78-0a02-4ea1-a13c-0cd8d4e6748c', 0, NULL, '2024-04-06 14:15:02', 2, '2024-04-06 14:20:02', '2024-04-06 14:20:02', NULL),
	(535, '60605af4-ecb3-4995-9eb9-317a49a1c15c', 0, NULL, '2024-04-06 14:20:02', 2, '2024-04-06 14:25:03', '2024-04-06 14:25:03', NULL),
	(536, '3f798d72-1598-4eb6-a608-6e90a35123cf', 0, NULL, '2024-04-06 14:25:03', 2, '2024-04-06 14:30:01', '2024-04-06 14:30:01', NULL),
	(537, '8f4313f6-cdb5-4dec-a5dc-caaa6123a193', 0, NULL, '2024-04-06 14:30:01', 2, '2024-04-06 14:35:02', '2024-04-06 14:35:02', NULL),
	(538, '25d94e76-5efe-4abe-aef9-b262a1bbaba0', 0, NULL, '2024-04-06 14:35:02', 2, '2024-04-06 14:40:02', '2024-04-06 14:40:02', NULL),
	(539, '6ffc8982-597a-4313-8eb5-f260e1f3e735', 0, NULL, '2024-04-06 14:40:02', 2, '2024-04-06 14:45:02', '2024-04-06 14:45:02', NULL),
	(540, 'f5957bfa-d725-4d82-88d1-e912c8ec6a0a', 0, NULL, '2024-04-06 14:45:02', 2, '2024-04-06 14:50:02', '2024-04-06 14:50:02', NULL),
	(541, 'b34b4805-c0b9-4605-877d-5d4c44a9a839', 0, NULL, '2024-04-06 14:50:02', 2, '2024-04-06 14:55:02', '2024-04-06 14:55:02', NULL),
	(542, '2ec388db-c835-4d7d-a57a-52b2c8c64d6e', 0, NULL, '2024-04-06 14:55:02', 2, '2024-04-06 15:00:02', '2024-04-06 15:00:02', NULL),
	(543, 'a9adedc5-2279-4701-8e31-89e9bb0b035c', 0, NULL, '2024-04-06 15:00:02', 2, '2024-04-06 15:05:02', '2024-04-06 15:05:02', NULL),
	(544, '5606fea5-b252-42ea-b5ae-8289a5226779', 0, NULL, '2024-04-06 15:05:02', 2, '2024-04-06 15:10:02', '2024-04-06 15:10:02', NULL),
	(545, '8aca0f1c-ec77-4def-b635-8f6fcc6f9c27', 0, NULL, '2024-04-06 15:10:02', 2, '2024-04-06 15:15:02', '2024-04-06 15:15:02', NULL),
	(546, '59d4902f-232b-4b1d-a102-c72cf316fb2e', 0, NULL, '2024-04-06 15:15:02', 2, '2024-04-06 15:20:02', '2024-04-06 15:20:02', NULL),
	(547, '46fbd86b-3c3d-4657-8c93-c043354f4d2e', 0, NULL, '2024-04-06 15:20:02', 2, '2024-04-06 15:25:02', '2024-04-06 15:25:02', NULL),
	(548, 'f9facade-34d1-430f-81a2-c0e6547be37f', 0, NULL, '2024-04-06 15:25:02', 2, '2024-04-06 15:30:02', '2024-04-06 15:30:02', NULL),
	(549, '6a6038c7-a6c2-4f78-b9bc-563155197ba1', 0, NULL, '2024-04-06 15:30:02', 2, '2024-04-06 15:35:02', '2024-04-06 15:35:02', NULL),
	(550, 'c161cac1-dc4d-4972-96a2-b800667882e4', 0, NULL, '2024-04-06 15:35:02', 2, '2024-04-06 15:40:02', '2024-04-06 15:40:02', NULL),
	(551, 'a9ff2d56-a7d8-42b0-9a57-4f7bd8038ab0', 0, NULL, '2024-04-06 15:40:02', 2, '2024-04-06 15:45:02', '2024-04-06 15:45:02', NULL),
	(552, 'bb3b911b-e611-4b79-85c1-ed90f33997b3', 0, NULL, '2024-04-06 15:45:02', 2, '2024-04-06 15:50:02', '2024-04-06 15:50:02', NULL),
	(553, '8811f417-a0ac-4e73-87ed-c27acd6c2b5a', 0, NULL, '2024-04-06 15:50:02', 2, '2024-04-06 15:55:02', '2024-04-06 15:55:02', NULL),
	(554, '9bee3664-3634-4927-a5a7-57a88befe1b1', 0, NULL, '2024-04-06 15:55:02', 2, '2024-04-06 16:00:02', '2024-04-06 16:00:02', NULL),
	(555, '7f16ae6b-6010-4bb6-9af7-292957e4c093', 0, NULL, '2024-04-06 16:00:02', 2, '2024-04-06 16:05:03', '2024-04-06 16:05:03', NULL),
	(556, '194d6e56-3c5e-4199-8ecf-b9acc004c607', 0, NULL, '2024-04-06 16:05:03', 2, '2024-04-06 16:10:02', '2024-04-06 16:10:02', NULL),
	(557, 'ae08bdb5-700e-4432-bb2d-a46a92466319', 0, NULL, '2024-04-06 16:10:02', 2, '2024-04-06 16:15:02', '2024-04-06 16:15:02', NULL),
	(558, '6e1794bd-a1eb-4f82-8365-8fb851c7b5e8', 0, NULL, '2024-04-06 16:15:02', 2, '2024-04-06 16:20:02', '2024-04-06 16:20:02', NULL),
	(559, '1bb3bbf1-5e30-428b-8fd5-1fc168cde987', 0, NULL, '2024-04-06 16:20:02', 2, '2024-04-06 16:25:03', '2024-04-06 16:25:03', NULL),
	(560, 'b2002aec-1fe7-4489-9f3f-07f4968f2fe5', 0, NULL, '2024-04-06 16:25:03', 2, '2024-04-06 16:30:03', '2024-04-06 16:30:03', NULL),
	(561, 'b3e725e8-f3ab-4df1-bca3-6bcf5794a9f5', 0, NULL, '2024-04-06 16:30:03', 2, '2024-04-06 16:35:03', '2024-04-06 16:35:03', NULL),
	(562, '5aba0145-3241-410e-b0b1-fed3d3d45bcb', 0, NULL, '2024-04-06 16:35:03', 2, '2024-04-06 16:40:02', '2024-04-06 16:40:02', NULL),
	(563, '1f2a3a13-4ddc-4022-b9e8-f5e9a9aa8739', 0, NULL, '2024-04-06 16:40:02', 2, '2024-04-06 16:45:02', '2024-04-06 16:45:02', NULL),
	(564, '1414f545-e7c2-4076-b43b-2f2722680581', 0, NULL, '2024-04-06 16:45:02', 2, '2024-04-06 16:50:02', '2024-04-06 16:50:02', NULL),
	(565, '155b72b9-214a-4747-83f1-25544625d03e', 0, NULL, '2024-04-06 16:50:02', 2, '2024-04-06 16:55:02', '2024-04-06 16:55:02', NULL),
	(566, '73ccdc57-0ffd-4777-a51e-7d98c51d12c3', 0, NULL, '2024-04-06 16:55:02', 2, '2024-04-06 17:00:02', '2024-04-06 17:00:02', NULL),
	(567, '8c0d76e1-7b40-4e21-8da8-e5e141811a0c', 0, NULL, '2024-04-06 17:00:02', 2, '2024-04-06 17:05:02', '2024-04-06 17:05:02', NULL),
	(568, '49759b92-bb76-4264-bdd3-d6c31d2182c4', 0, NULL, '2024-04-06 17:05:02', 2, '2024-04-06 17:10:02', '2024-04-06 17:10:02', NULL),
	(569, '7c310036-d639-46c0-a6b2-05270f3b9bc8', 0, NULL, '2024-04-06 17:10:02', 2, '2024-04-06 17:15:02', '2024-04-06 17:15:02', NULL),
	(570, '10226810-b74a-4329-b2df-12fb4a2c9b2f', 0, NULL, '2024-04-06 17:15:02', 2, '2024-04-06 17:20:02', '2024-04-06 17:20:02', NULL),
	(571, '21d1c54b-a43f-429b-8187-153bb1e015af', 0, NULL, '2024-04-06 17:20:02', 2, '2024-04-06 17:25:02', '2024-04-06 17:25:02', NULL),
	(572, 'f4caee4c-cb48-4c51-ae3f-1751c04e474b', 0, NULL, '2024-04-06 17:25:02', 2, '2024-04-06 17:30:02', '2024-04-06 17:30:02', NULL),
	(573, 'e719169e-0624-4d8b-9a70-d5eddeac4751', 0, NULL, '2024-04-06 17:30:02', 2, '2024-04-06 17:35:02', '2024-04-06 17:35:02', NULL),
	(574, 'f41151de-44e6-4565-a32a-41afe925a543', 0, NULL, '2024-04-06 17:35:02', 2, '2024-04-06 17:40:02', '2024-04-06 17:40:02', NULL),
	(575, '9c58ec03-5b45-46c8-a90b-0ecb59a90bd2', 0, NULL, '2024-04-06 17:40:02', 2, '2024-04-06 17:45:02', '2024-04-06 17:45:02', NULL),
	(576, '939012ff-a29b-4202-a16a-ac1e2d03c2b7', 0, NULL, '2024-04-06 17:45:02', 2, '2024-04-06 17:50:02', '2024-04-06 17:50:02', NULL),
	(577, '1fe61ca2-bc00-4fbb-b707-d3faf4c3252f', 0, NULL, '2024-04-06 17:50:02', 2, '2024-04-06 17:55:02', '2024-04-06 17:55:02', NULL),
	(578, '1eccd96d-212b-41bc-b3f6-cdb4ceb62020', 0, NULL, '2024-04-06 17:55:02', 2, '2024-04-06 18:00:02', '2024-04-06 18:00:02', NULL),
	(579, 'f957302e-8c08-47bd-86ca-592e28325c12', 0, NULL, '2024-04-06 18:00:02', 2, '2024-04-06 18:05:02', '2024-04-06 18:05:02', NULL),
	(580, 'e1d1f3f7-e6bf-40bc-8079-b4fffdbc6b77', 0, NULL, '2024-04-06 18:05:02', 2, '2024-04-06 18:10:02', '2024-04-06 18:10:02', NULL),
	(581, '8b717820-290a-46db-957e-85b82ef3fe3c', 0, NULL, '2024-04-06 18:10:02', 2, '2024-04-06 18:15:02', '2024-04-06 18:15:02', NULL),
	(582, 'c80937f9-3e8f-4afe-a680-4029ea8d4900', 0, NULL, '2024-04-06 18:15:02', 2, '2024-04-06 18:20:02', '2024-04-06 18:20:02', NULL),
	(583, '5f9524c6-33dd-41c2-8ef9-7a15c4176c70', 0, NULL, '2024-04-06 18:20:02', 2, '2024-04-06 18:25:01', '2024-04-06 18:25:01', NULL),
	(584, 'fb4932ff-0cbf-4ed1-82dc-e036485e90a0', 0, NULL, '2024-04-06 18:25:01', 2, '2024-04-06 18:30:02', '2024-04-06 18:30:02', NULL),
	(585, '6cfc5dcc-089f-4725-b09b-3498e1b0bc43', 0, NULL, '2024-04-06 18:30:02', 2, '2024-04-06 18:35:02', '2024-04-06 18:35:02', NULL),
	(586, '05a31dc4-fc12-4698-bdea-1211c5faaaa7', 0, NULL, '2024-04-06 18:35:02', 2, '2024-04-06 18:40:02', '2024-04-06 18:40:02', NULL),
	(587, '7fcced73-14b1-4ba1-ae76-ddf13f295a29', 0, NULL, '2024-04-06 18:40:02', 2, '2024-04-06 18:45:03', '2024-04-06 18:45:03', NULL),
	(588, '2cd29080-e28e-4cdd-8539-3a35dd8d55cd', 0, NULL, '2024-04-06 18:45:03', 2, '2024-04-06 18:50:02', '2024-04-06 18:50:02', NULL),
	(589, 'ed485cf6-35af-4959-93ae-96bb33e3a84e', 0, NULL, '2024-04-06 18:50:02', 2, '2024-04-06 18:55:02', '2024-04-06 18:55:02', NULL),
	(590, '968c5c5f-bba1-40e3-8cb7-b42a130b88a0', 0, NULL, '2024-04-06 18:55:02', 2, '2024-04-06 19:00:02', '2024-04-06 19:00:02', NULL),
	(591, '467a30df-d1c0-4906-ba0b-15708700d0b7', 0, NULL, '2024-04-06 19:00:02', 2, '2024-04-06 19:05:02', '2024-04-06 19:05:02', NULL),
	(592, '63d4a8d7-8ddd-42f0-ac12-5a9840a8be5b', 0, NULL, '2024-04-06 19:05:02', 2, '2024-04-06 19:10:02', '2024-04-06 19:10:02', NULL),
	(593, '6eba5bf3-7074-43d5-8ba3-8af0391c9c03', 0, NULL, '2024-04-06 19:10:02', 2, '2024-04-06 19:15:02', '2024-04-06 19:15:02', NULL),
	(594, '96005927-c930-4582-ae67-185f9c24b818', 0, NULL, '2024-04-06 19:15:02', 2, '2024-04-06 19:20:02', '2024-04-06 19:20:02', NULL),
	(595, '42092a69-9b62-415a-b341-e1f1ed0d876e', 0, NULL, '2024-04-06 19:20:02', 2, '2024-04-06 19:25:02', '2024-04-06 19:25:02', NULL),
	(596, '0a16b599-271d-4d64-bc65-8b9a55092ac6', 0, NULL, '2024-04-06 19:25:02', 2, '2024-04-06 19:30:02', '2024-04-06 19:30:02', NULL),
	(597, '327068b4-4d6d-4c04-ba9c-4a3becd9de57', 0, NULL, '2024-04-06 19:30:02', 2, '2024-04-06 19:35:02', '2024-04-06 19:35:02', NULL),
	(598, 'ad1c8687-fcdf-432d-be24-6a73235478ea', 0, NULL, '2024-04-06 19:35:02', 2, '2024-04-06 19:40:02', '2024-04-06 19:40:02', NULL),
	(599, '5920b81f-61c8-4efd-9027-f00e8ced2e9c', 0, NULL, '2024-04-06 19:40:02', 2, '2024-04-06 19:45:02', '2024-04-06 19:45:02', NULL),
	(600, 'ad205794-f0ed-4a5a-a82e-ace6ac67213c', 0, NULL, '2024-04-06 19:45:02', 2, '2024-04-06 19:50:02', '2024-04-06 19:50:02', NULL),
	(601, 'ad365698-4134-41a7-aab6-0d4b9eb041bc', 0, NULL, '2024-04-06 19:50:02', 2, '2024-04-06 19:55:02', '2024-04-06 19:55:02', NULL),
	(602, 'eb62c151-2ffe-4432-b04c-5e1300570aee', 0, NULL, '2024-04-06 19:55:02', 2, '2024-04-06 20:00:02', '2024-04-06 20:00:02', NULL),
	(603, '93256bda-c009-496e-810c-1d603a886306', 0, NULL, '2024-04-06 20:00:02', 2, '2024-04-06 20:05:02', '2024-04-06 20:05:02', NULL),
	(604, 'd00b1e92-219d-48b3-bb4a-bb399b81aaf1', 0, NULL, '2024-04-06 20:05:02', 2, '2024-04-06 20:10:02', '2024-04-06 20:10:02', NULL),
	(605, 'c4b00532-9c94-4583-83fe-9e6b335626dc', 0, NULL, '2024-04-06 20:10:02', 2, '2024-04-06 20:15:02', '2024-04-06 20:15:02', NULL),
	(606, '81449423-e49c-4740-8e1b-db16357367e5', 0, NULL, '2024-04-06 20:15:02', 2, '2024-04-06 20:20:02', '2024-04-06 20:20:02', NULL),
	(607, '299e6046-1937-4d32-ac84-a63cbeedf425', 0, NULL, '2024-04-06 20:20:02', 2, '2024-04-06 20:25:03', '2024-04-06 20:25:03', NULL),
	(608, '99fe2c7d-bb64-4e85-9a68-f8280ddbd30f', 0, NULL, '2024-04-06 20:25:03', 2, '2024-04-06 20:30:02', '2024-04-06 20:30:02', NULL),
	(609, '8da75efc-01fc-4da0-ab00-ca1db3524a28', 0, NULL, '2024-04-06 20:30:02', 2, '2024-04-06 20:35:02', '2024-04-06 20:35:02', NULL),
	(610, '4b2e2f09-b691-4519-9a2c-7fe75e43b054', 0, NULL, '2024-04-06 20:35:02', 2, '2024-04-06 20:40:02', '2024-04-06 20:40:02', NULL),
	(611, '2e8dcbc2-c9cc-4d72-ac71-84f1d2a6d7d5', 0, NULL, '2024-04-06 20:40:02', 2, '2024-04-06 20:45:02', '2024-04-06 20:45:02', NULL),
	(612, 'f0c9713c-cb77-411b-b294-404491333b56', 0, NULL, '2024-04-06 20:45:02', 2, '2024-04-06 20:50:02', '2024-04-06 20:50:02', NULL),
	(613, '808469f0-3ce0-4900-84e4-17119656f63a', 0, NULL, '2024-04-06 20:50:02', 2, '2024-04-06 20:55:02', '2024-04-06 20:55:02', NULL),
	(614, '53a57d75-ab72-4439-bcc5-e91730f30b0e', 0, NULL, '2024-04-06 20:55:02', 2, '2024-04-06 21:00:02', '2024-04-06 21:00:02', NULL),
	(615, '4e92db1e-6c0d-4b88-9a25-85ab69cd9ad5', 0, NULL, '2024-04-06 21:00:02', 2, '2024-04-06 21:05:02', '2024-04-06 21:05:02', NULL),
	(616, '5d345da2-88b0-4c4a-8310-b7d56201f6e0', 0, NULL, '2024-04-06 21:05:02', 2, '2024-04-06 21:10:02', '2024-04-06 21:10:02', NULL),
	(617, 'b330936a-de0a-4b4f-8ff9-5e2bb4736b0b', 0, NULL, '2024-04-06 21:10:02', 2, '2024-04-06 21:15:02', '2024-04-06 21:15:02', NULL),
	(618, 'b84e769d-7943-4056-a6ba-eb36c5b5dfe5', 0, NULL, '2024-04-06 21:15:02', 2, '2024-04-06 21:20:02', '2024-04-06 21:20:02', NULL),
	(619, 'c803a8bd-d949-4310-8d99-488dc18bb382', 0, NULL, '2024-04-06 21:20:02', 2, '2024-04-06 21:25:02', '2024-04-06 21:25:02', NULL),
	(620, '9f2fd132-2794-4573-b510-ceb40f0195b9', 0, NULL, '2024-04-06 21:25:02', 2, '2024-04-06 21:30:02', '2024-04-06 21:30:02', NULL),
	(621, '3fdb3c82-5751-4669-b63c-b51ebf42f629', 0, NULL, '2024-04-06 21:30:02', 2, '2024-04-06 21:35:02', '2024-04-06 21:35:02', NULL),
	(622, '6b22b089-d141-4921-83ee-3e6eb2076b32', 0, NULL, '2024-04-06 21:35:02', 2, '2024-04-06 21:40:02', '2024-04-06 21:40:02', NULL),
	(623, '74c40c2f-a6a3-411f-a36a-3fa8d7215393', 0, NULL, '2024-04-06 21:40:02', 2, '2024-04-06 21:45:02', '2024-04-06 21:45:02', NULL),
	(624, '5311eb07-791c-4a7b-9b3e-bb799909a69f', 0, NULL, '2024-04-06 21:45:02', 2, '2024-04-06 21:50:02', '2024-04-06 21:50:02', NULL),
	(625, '294eb488-16ee-479d-9d7b-bcd271e9d4d8', 0, NULL, '2024-04-06 21:50:02', 2, '2024-04-06 21:55:02', '2024-04-06 21:55:02', NULL),
	(626, '9831d2d9-8c71-4825-bf09-ed0b432d5c6e', 0, NULL, '2024-04-06 21:55:02', 2, '2024-04-06 22:00:03', '2024-04-06 22:00:03', NULL),
	(627, '9346fdae-baaf-4d99-bdda-bffac24097a3', 0, NULL, '2024-04-06 22:00:03', 2, '2024-04-06 22:05:02', '2024-04-06 22:05:02', NULL),
	(628, '5e5d4ffa-2b3b-453e-9acc-29afc7e20536', 0, NULL, '2024-04-06 22:05:02', 2, '2024-04-06 22:10:03', '2024-04-06 22:10:03', NULL),
	(629, '442b8507-9943-4f22-9ea7-87bffc50c1fb', 0, NULL, '2024-04-06 22:10:03', 2, '2024-04-06 22:15:03', '2024-04-06 22:15:03', NULL),
	(630, '4e66f9e7-daa6-46e3-817a-194a307dc87c', 0, NULL, '2024-04-06 22:15:03', 2, '2024-04-06 22:20:02', '2024-04-06 22:20:02', NULL),
	(631, '7fe8f0b3-a897-46b5-8795-f736d94b033f', 0, NULL, '2024-04-06 22:20:02', 2, '2024-04-06 22:25:02', '2024-04-06 22:25:02', NULL),
	(632, '656ea268-27a4-4ada-8604-72f32e71f283', 0, NULL, '2024-04-06 22:25:02', 2, '2024-04-06 22:30:02', '2024-04-06 22:30:02', NULL),
	(633, '76289313-1959-48a0-83e6-56486dcfa5e6', 0, NULL, '2024-04-06 22:30:02', 2, '2024-04-06 22:35:02', '2024-04-06 22:35:02', NULL),
	(634, 'ecbb283f-d32e-42ce-90bf-bd43e592e745', 0, NULL, '2024-04-06 22:35:02', 2, '2024-04-06 22:40:02', '2024-04-06 22:40:02', NULL),
	(635, '854a6a2d-e7fd-40fe-b255-3ab95b304548', 0, NULL, '2024-04-06 22:40:02', 2, '2024-04-06 22:45:02', '2024-04-06 22:45:02', NULL),
	(636, 'dc87aa28-d326-4f3b-877f-604ecb56cdf3', 0, NULL, '2024-04-06 22:45:02', 2, '2024-04-06 22:50:01', '2024-04-06 22:50:01', NULL),
	(637, 'e3df8233-3927-44a0-b15c-a9ad3e0475fc', 0, NULL, '2024-04-06 22:50:01', 2, '2024-04-06 22:55:02', '2024-04-06 22:55:02', NULL),
	(638, 'adf63a18-2b88-4d08-967c-386bc9cabbd7', 0, NULL, '2024-04-06 22:55:02', 2, '2024-04-06 23:00:02', '2024-04-06 23:00:02', NULL),
	(639, 'e73d1f0e-3461-4b69-ae24-169d6c88f1c8', 0, NULL, '2024-04-06 23:00:02', 2, '2024-04-06 23:05:02', '2024-04-06 23:05:02', NULL),
	(640, 'dbbd841c-a057-462c-9ad3-4dda958b9bec', 0, NULL, '2024-04-06 23:05:02', 2, '2024-04-06 23:10:02', '2024-04-06 23:10:02', NULL),
	(641, '084d9c91-828d-4802-8bd6-f51bfdac3382', 0, NULL, '2024-04-06 23:10:02', 2, '2024-04-06 23:15:02', '2024-04-06 23:15:02', NULL),
	(642, '16400005-4c26-44ca-893b-18c4460f49e9', 0, NULL, '2024-04-06 23:15:02', 2, '2024-04-06 23:20:02', '2024-04-06 23:20:02', NULL),
	(643, '1fd9b40d-3a18-4abf-a7c3-22bda47e328b', 0, NULL, '2024-04-06 23:20:02', 2, '2024-04-06 23:25:02', '2024-04-06 23:25:02', NULL),
	(644, '41f0e684-b8a0-4d83-84c7-21dc7bc8219f', 0, NULL, '2024-04-06 23:25:02', 2, '2024-04-06 23:30:02', '2024-04-06 23:30:02', NULL),
	(645, '6a442514-9aba-4371-a95c-33638dbe87c6', 0, NULL, '2024-04-06 23:30:02', 2, '2024-04-06 23:35:02', '2024-04-06 23:35:02', NULL),
	(646, 'acb6dcaf-fa63-44cb-9e37-58a4fe1408fe', 0, NULL, '2024-04-06 23:35:02', 2, '2024-04-06 23:40:02', '2024-04-06 23:40:02', NULL),
	(647, '3371104f-fe79-4343-9e32-a12e8c7740b9', 0, NULL, '2024-04-06 23:40:02', 2, '2024-04-06 23:45:02', '2024-04-06 23:45:02', NULL),
	(648, '84312f38-8268-408e-843a-d6c1fe1791d1', 0, NULL, '2024-04-06 23:45:02', 2, '2024-04-06 23:50:03', '2024-04-06 23:50:03', NULL),
	(649, '354d0276-9026-4ff2-8998-756667d66c21', 0, NULL, '2024-04-06 23:50:03', 2, '2024-04-06 23:55:03', '2024-04-06 23:55:03', NULL),
	(650, 'bb7b90da-abbd-44a3-a2e5-184ec6ce8267', 0, NULL, '2024-04-06 23:55:03', 2, '2024-04-07 00:00:03', '2024-04-07 00:00:03', NULL),
	(651, '80a23f4d-5c56-4165-8358-996f83bb0d9b', 0, NULL, '2024-04-07 00:00:03', 2, '2024-04-07 00:05:02', '2024-04-07 00:05:02', NULL),
	(652, '4867994e-f2b5-4b16-b10b-9d615017403c', 0, NULL, '2024-04-07 00:05:02', 2, '2024-04-07 00:10:02', '2024-04-07 00:10:02', NULL),
	(653, '24a196c0-fa0e-48b9-8221-4c7bc0833692', 0, NULL, '2024-04-07 00:10:02', 2, '2024-04-07 00:15:02', '2024-04-07 00:15:02', NULL),
	(654, 'c05b176c-d1e4-4c7a-8c58-8eec4ccdf67b', 0, NULL, '2024-04-07 00:15:02', 2, '2024-04-07 00:20:02', '2024-04-07 00:20:02', NULL),
	(655, '274dd58c-8118-478a-8906-4ed483b2c83c', 0, NULL, '2024-04-07 00:20:02', 2, '2024-04-07 00:25:03', '2024-04-07 00:25:03', NULL),
	(656, '8982b2c9-0fe0-40a0-8b46-baa76c20f83f', 0, NULL, '2024-04-07 00:25:03', 2, '2024-04-07 00:30:03', '2024-04-07 00:30:03', NULL),
	(657, '8d91c2f3-1763-45e6-a0cc-d894f7edae84', 0, NULL, '2024-04-07 00:30:03', 2, '2024-04-07 00:35:03', '2024-04-07 00:35:03', NULL),
	(658, 'ca913e44-5319-4f9d-870c-b4b313aeb866', 0, NULL, '2024-04-07 00:35:03', 2, '2024-04-07 00:40:02', '2024-04-07 00:40:02', NULL),
	(659, 'd63643c9-81e3-423a-aecf-e60b9030617c', 0, NULL, '2024-04-07 00:40:02', 2, '2024-04-07 00:45:02', '2024-04-07 00:45:02', NULL),
	(660, 'd354a3d8-9aa5-4239-aaf4-6e08a31d807f', 0, NULL, '2024-04-07 00:45:02', 2, '2024-04-07 00:50:03', '2024-04-07 00:50:03', NULL),
	(661, '0dcbf4b9-7dfe-4eca-aeb5-e7ae41506679', 0, NULL, '2024-04-07 00:50:03', 2, '2024-04-07 00:55:02', '2024-04-07 00:55:02', NULL),
	(662, '1b554d8c-a0d0-4bee-bfc9-937674ef07d0', 0, NULL, '2024-04-07 00:55:02', 2, '2024-04-07 01:00:02', '2024-04-07 01:00:02', NULL),
	(663, '779bd69a-67fb-4632-85d4-17cba55d95d4', 0, NULL, '2024-04-07 01:00:02', 2, '2024-04-07 01:05:02', '2024-04-07 01:05:02', NULL),
	(664, '2cf83480-9e84-42f1-939a-e25600ddbf88', 0, NULL, '2024-04-07 01:05:02', 2, '2024-04-07 01:10:02', '2024-04-07 01:10:02', NULL),
	(665, '3d912e51-0ece-4d65-b82d-22d8213dcde1', 0, NULL, '2024-04-07 01:10:02', 2, '2024-04-07 01:15:02', '2024-04-07 01:15:02', NULL),
	(666, 'c80d2542-7f8c-4687-9685-e5d0de589066', 0, NULL, '2024-04-07 01:15:02', 2, '2024-04-07 01:20:02', '2024-04-07 01:20:02', NULL),
	(667, 'b51ee569-bee4-4d0a-9c24-a7471f4d4d3f', 0, NULL, '2024-04-07 01:20:02', 2, '2024-04-07 01:25:02', '2024-04-07 01:25:02', NULL),
	(668, '45c67ca7-d7ba-44f4-8141-095b206a96c2', 0, NULL, '2024-04-07 01:25:02', 2, '2024-04-07 01:30:02', '2024-04-07 01:30:02', NULL),
	(669, 'c5f95c58-0ce5-43b6-ad08-3fe068f3cbdb', 0, NULL, '2024-04-07 01:30:02', 2, '2024-04-07 01:35:02', '2024-04-07 01:35:02', NULL),
	(670, 'e4280e23-45e3-4eea-b1a7-f1e49b2469f1', 0, NULL, '2024-04-07 01:35:02', 2, '2024-04-07 01:40:02', '2024-04-07 01:40:02', NULL),
	(671, 'b00f690a-fda4-422b-9ad2-abbcb7f6417e', 0, NULL, '2024-04-07 01:40:02', 2, '2024-04-07 01:45:02', '2024-04-07 01:45:02', NULL),
	(672, '580f0193-81a9-4cd3-8fb8-91acd5011136', 0, NULL, '2024-04-07 01:45:02', 2, '2024-04-07 01:50:02', '2024-04-07 01:50:02', NULL),
	(673, '0c1d9072-52b1-49d0-a8d7-be76f6fa97a9', 0, NULL, '2024-04-07 01:50:02', 2, '2024-04-07 01:55:02', '2024-04-07 01:55:02', NULL),
	(674, '3fbf2168-7171-40d3-a8b0-c76b2cc347cf', 0, NULL, '2024-04-07 01:55:02', 2, '2024-04-07 02:00:02', '2024-04-07 02:00:02', NULL),
	(675, 'da5afe9a-aaeb-4341-b590-3555d1f7f6c8', 0, NULL, '2024-04-07 02:00:02', 2, '2024-04-07 02:05:02', '2024-04-07 02:05:02', NULL),
	(676, 'c5852222-c30f-48f3-a865-e50e1311c741', 0, NULL, '2024-04-07 02:05:02', 2, '2024-04-07 02:10:02', '2024-04-07 02:10:02', NULL),
	(677, '193f63da-65f1-4454-aa63-edc23ef603a3', 0, NULL, '2024-04-07 02:10:02', 2, '2024-04-07 02:15:02', '2024-04-07 02:15:02', NULL),
	(678, 'ac92f132-ff84-416a-afd8-dec23f99b6ba', 0, NULL, '2024-04-07 02:15:02', 2, '2024-04-07 02:20:02', '2024-04-07 02:20:02', NULL),
	(679, '7d2bb780-40c1-4779-a5e3-f5de820d72f3', 0, NULL, '2024-04-07 02:20:02', 2, '2024-04-07 02:25:02', '2024-04-07 02:25:02', NULL),
	(680, '8f8cce67-3952-4e6e-85ee-97839f597b01', 0, NULL, '2024-04-07 02:25:02', 2, '2024-04-07 02:30:02', '2024-04-07 02:30:02', NULL),
	(681, 'a1a4d074-9137-4a97-9033-510cd01a016f', 0, NULL, '2024-04-07 02:30:02', 2, '2024-04-07 02:35:03', '2024-04-07 02:35:03', NULL),
	(682, '0fcd2bd3-15e6-45e0-a507-126d2189220a', 0, NULL, '2024-04-07 02:35:03', 2, '2024-04-07 02:40:02', '2024-04-07 02:40:02', NULL),
	(683, '3f3242a2-1f27-4469-a9b5-276e5adc213d', 0, NULL, '2024-04-07 02:40:02', 2, '2024-04-07 02:45:02', '2024-04-07 02:45:02', NULL),
	(684, '8cd8ff79-4549-4fc6-a0db-a61268d571a1', 0, NULL, '2024-04-07 02:45:02', 2, '2024-04-07 02:50:02', '2024-04-07 02:50:02', NULL),
	(685, '0bf6d99a-4b6f-49b2-90ea-4f969bc178fa', 0, NULL, '2024-04-07 02:50:02', 2, '2024-04-07 02:55:02', '2024-04-07 02:55:02', NULL),
	(686, 'd20ed3be-e1b3-4562-9bce-f07e6e86748e', 0, NULL, '2024-04-07 02:55:02', 2, '2024-04-07 03:00:02', '2024-04-07 03:00:02', NULL),
	(687, '41cb0d0f-ecb2-445a-b7f0-3b8a731040d7', 0, NULL, '2024-04-07 03:00:02', 2, '2024-04-07 03:05:02', '2024-04-07 03:05:02', NULL),
	(688, 'be4a3487-fa02-4f5d-9e0b-7b3ab844b95c', 0, NULL, '2024-04-07 03:05:02', 2, '2024-04-07 03:10:02', '2024-04-07 03:10:02', NULL),
	(689, '0385a58e-6e5c-4b7e-a173-fd96d4236687', 0, NULL, '2024-04-07 03:10:02', 2, '2024-04-07 03:15:02', '2024-04-07 03:15:02', NULL),
	(690, 'df7b66ef-e4ce-40c6-8aa6-3ba447c8db1e', 0, NULL, '2024-04-07 03:15:02', 2, '2024-04-07 03:20:02', '2024-04-07 03:20:02', NULL),
	(691, 'ca3542fb-3ac1-4966-9757-519394d002f6', 0, NULL, '2024-04-07 03:20:02', 2, '2024-04-07 03:25:02', '2024-04-07 03:25:02', NULL),
	(692, 'c2406521-88de-4e17-8504-d9917fc37440', 0, NULL, '2024-04-07 03:25:02', 2, '2024-04-07 03:30:02', '2024-04-07 03:30:02', NULL),
	(693, 'ce488fe2-12eb-402a-935a-463d13d00e8c', 0, NULL, '2024-04-07 03:30:02', 2, '2024-04-07 03:35:02', '2024-04-07 03:35:02', NULL),
	(694, '483c538f-aa64-4c13-abef-e9fb43d88ce9', 0, NULL, '2024-04-07 03:35:02', 2, '2024-04-07 03:40:02', '2024-04-07 03:40:02', NULL),
	(695, 'c4b3a1af-b6e2-448a-b0b6-92d2b427256f', 0, NULL, '2024-04-07 03:40:02', 2, '2024-04-07 03:45:02', '2024-04-07 03:45:02', NULL),
	(696, 'cd982f1d-e431-4e48-8044-db9b90928738', 0, NULL, '2024-04-07 03:45:02', 2, '2024-04-07 03:50:02', '2024-04-07 03:50:02', NULL),
	(697, 'b7cb336e-2b32-4d41-b968-8b7b73ab601c', 0, NULL, '2024-04-07 03:50:02', 2, '2024-04-07 03:55:02', '2024-04-07 03:55:02', NULL),
	(698, '2a0e42bd-b341-4710-ba72-efd30acd8239', 0, NULL, '2024-04-07 03:55:02', 2, '2024-04-07 04:00:02', '2024-04-07 04:00:02', NULL),
	(699, '1f3b0b79-ce70-4dde-8ca8-fcf3545027da', 0, NULL, '2024-04-07 04:00:02', 2, '2024-04-07 04:05:02', '2024-04-07 04:05:02', NULL),
	(700, '8324ee71-eb85-4cda-b624-407ec57e0c3d', 0, NULL, '2024-04-07 04:05:02', 2, '2024-04-07 04:10:02', '2024-04-07 04:10:02', NULL),
	(701, 'ee22bb01-2c1e-4cb8-bf0c-c0e254bae802', 0, NULL, '2024-04-07 04:10:02', 2, '2024-04-07 04:15:02', '2024-04-07 04:15:02', NULL),
	(702, '3fe60d4a-e614-4def-9a30-c757bd671a65', 0, NULL, '2024-04-07 04:15:02', 2, '2024-04-07 04:20:02', '2024-04-07 04:20:02', NULL),
	(703, 'fa3cb82d-fc3e-44eb-93de-7f028ed3db1d', 0, NULL, '2024-04-07 04:20:02', 2, '2024-04-07 04:25:02', '2024-04-07 04:25:02', NULL),
	(704, '59341e87-5b83-410c-806c-0d8df459bf5a', 0, NULL, '2024-04-07 04:25:02', 2, '2024-04-07 04:30:03', '2024-04-07 04:30:03', NULL),
	(705, 'e66eab96-0bcb-44dc-bab4-6e008961dec6', 0, NULL, '2024-04-07 04:30:03', 2, '2024-04-07 04:35:02', '2024-04-07 04:35:02', NULL),
	(706, '9720b4f2-9356-4cb0-80f0-5d7a2d9fddfd', 0, NULL, '2024-04-07 04:35:02', 2, '2024-04-07 04:40:02', '2024-04-07 04:40:02', NULL),
	(707, '4c9ac25b-e716-4143-b0cb-7e56ab0f7411', 0, NULL, '2024-04-07 04:40:02', 2, '2024-04-07 04:45:02', '2024-04-07 04:45:02', NULL),
	(708, 'b2cd6602-92f9-475d-ba37-65cb05260ca9', 0, NULL, '2024-04-07 04:45:02', 2, '2024-04-07 04:50:03', '2024-04-07 04:50:03', NULL),
	(709, '8d72d825-6992-4270-9cb6-9fb82e64f9d8', 0, NULL, '2024-04-07 04:50:03', 2, '2024-04-07 04:55:02', '2024-04-07 04:55:02', NULL),
	(710, '97f3de85-830d-4206-8eae-17135ddd186e', 0, NULL, '2024-04-07 04:55:02', 2, '2024-04-07 05:00:02', '2024-04-07 05:00:02', NULL),
	(711, '1dba2f8b-f48c-4f93-9353-791473c09c9c', 0, NULL, '2024-04-07 05:00:02', 2, '2024-04-07 05:05:02', '2024-04-07 05:05:02', NULL),
	(712, '290651da-d298-4ad5-aa92-a301b74c42e7', 0, NULL, '2024-04-07 05:05:02', 2, '2024-04-07 05:10:02', '2024-04-07 05:10:02', NULL),
	(713, '676e716c-86bd-4ac0-ace2-8962f8c2ff7c', 0, NULL, '2024-04-07 05:10:02', 2, '2024-04-07 05:15:02', '2024-04-07 05:15:02', NULL),
	(714, 'd16e9560-7efa-4aef-8f89-349c8201d854', 0, NULL, '2024-04-07 05:15:02', 2, '2024-04-07 05:20:02', '2024-04-07 05:20:02', NULL),
	(715, '1653cf1b-2585-4514-bd76-a09d562fad07', 0, NULL, '2024-04-07 05:20:02', 2, '2024-04-07 05:25:02', '2024-04-07 05:25:02', NULL),
	(716, '4c59d46e-b52d-4c1a-9ff0-d9275b9fd362', 0, NULL, '2024-04-07 05:25:02', 2, '2024-04-07 05:30:02', '2024-04-07 05:30:02', NULL),
	(717, 'ef98b777-5cba-495c-b685-19e045114e3f', 0, NULL, '2024-04-07 05:30:02', 2, '2024-04-07 05:35:02', '2024-04-07 05:35:02', NULL),
	(718, '9811fcc9-e3e6-4bbb-a850-09d0ae8f0145', 0, NULL, '2024-04-07 05:35:02', 2, '2024-04-07 05:40:02', '2024-04-07 05:40:02', NULL),
	(719, 'c30fff39-afe6-452e-a336-90fd29e54237', 0, NULL, '2024-04-07 05:40:02', 2, '2024-04-07 05:45:02', '2024-04-07 05:45:02', NULL),
	(720, 'cb8ce102-cae4-4a77-9b02-49daae123fc4', 0, NULL, '2024-04-07 05:45:02', 2, '2024-04-07 05:50:02', '2024-04-07 05:50:02', NULL),
	(721, '8bce8010-f838-4d0d-a06b-fbba3d8d088b', 0, NULL, '2024-04-07 05:50:02', 2, '2024-04-07 05:55:02', '2024-04-07 05:55:02', NULL),
	(722, 'baf0552b-0d82-4d19-b6cb-c0fbd6670fa3', 0, NULL, '2024-04-07 05:55:02', 2, '2024-04-07 06:00:02', '2024-04-07 06:00:02', NULL),
	(723, '05bee7d3-4aa9-4088-a685-fdc82eb0252a', 0, NULL, '2024-04-07 06:00:02', 2, '2024-04-07 06:05:02', '2024-04-07 06:05:02', NULL),
	(724, 'de3b948e-b23c-4754-b0f8-f5d4b42c61a7', 0, NULL, '2024-04-07 06:05:02', 2, '2024-04-07 06:10:02', '2024-04-07 06:10:02', NULL),
	(725, '716afcee-f47d-4e57-8db9-60d37bdd33eb', 0, NULL, '2024-04-07 06:10:02', 2, '2024-04-07 06:15:02', '2024-04-07 06:15:02', NULL),
	(726, 'b8d0b2e5-8081-41b3-a07e-d9ccb62344bf', 0, NULL, '2024-04-07 06:15:02', 2, '2024-04-07 06:20:02', '2024-04-07 06:20:02', NULL),
	(727, 'bd3c3f5d-eeec-432a-847c-7c9eb9b61ee1', 0, NULL, '2024-04-07 06:20:02', 2, '2024-04-07 06:25:02', '2024-04-07 06:25:02', NULL),
	(728, '81f3c4b7-143d-4d98-ae15-ec9a339b419f', 0, NULL, '2024-04-07 06:25:02', 2, '2024-04-07 06:30:03', '2024-04-07 06:30:03', NULL),
	(729, '49148230-32c6-4cda-af92-65fe1258cc64', 0, NULL, '2024-04-07 06:30:03', 2, '2024-04-07 06:35:03', '2024-04-07 06:35:03', NULL),
	(730, '160d477a-0eff-43c8-b0bc-4cf2ec24b2f9', 0, NULL, '2024-04-07 06:35:03', 2, '2024-04-07 06:40:02', '2024-04-07 06:40:02', NULL),
	(731, '94cab219-6009-4a44-9928-99fc85ce6e1a', 0, NULL, '2024-04-07 06:40:02', 2, '2024-04-07 06:45:02', '2024-04-07 06:45:02', NULL),
	(732, '7c625046-d2bc-4799-b949-acec3ae10185', 0, NULL, '2024-04-07 06:45:02', 2, '2024-04-07 06:50:02', '2024-04-07 06:50:02', NULL),
	(733, 'da4e8c0b-8e49-4479-868a-b05ad92d5aa2', 0, NULL, '2024-04-07 06:50:02', 2, '2024-04-07 06:55:02', '2024-04-07 06:55:02', NULL),
	(734, 'fd07757f-94ac-4cc3-bb72-5efc9bd1ce07', 0, NULL, '2024-04-07 06:55:02', 2, '2024-04-07 07:00:02', '2024-04-07 07:00:02', NULL),
	(735, '90e874a6-af0c-4ea9-8cd7-10f01381e2a0', 0, NULL, '2024-04-07 07:00:02', 2, '2024-04-07 07:05:02', '2024-04-07 07:05:02', NULL),
	(736, '416fc7e4-f89d-4d8e-b83a-755af46cc554', 0, NULL, '2024-04-07 07:05:02', 2, '2024-04-07 07:10:03', '2024-04-07 07:10:03', NULL),
	(737, 'df7a518e-1b88-40a6-82f0-c0fd3d0231f6', 0, NULL, '2024-04-07 07:10:03', 2, '2024-04-07 07:15:02', '2024-04-07 07:15:02', NULL),
	(738, 'a74465bc-21d9-4c8d-9ccb-3b9445768e54', 0, NULL, '2024-04-07 07:15:02', 2, '2024-04-07 07:20:01', '2024-04-07 07:20:01', NULL),
	(739, 'db5239dd-028a-43b0-9738-91f762a63932', 0, NULL, '2024-04-07 07:20:01', 2, '2024-04-07 07:25:02', '2024-04-07 07:25:02', NULL),
	(740, '5b218817-601f-4f81-9553-68901f682922', 0, NULL, '2024-04-07 07:25:02', 2, '2024-04-07 07:30:02', '2024-04-07 07:30:02', NULL),
	(741, '2ac192df-cfdd-4a9f-8290-c50881577628', 0, NULL, '2024-04-07 07:30:02', 2, '2024-04-07 07:35:02', '2024-04-07 07:35:02', NULL),
	(742, '8e0ac786-2e8e-436a-8014-58f0c890ef25', 0, NULL, '2024-04-07 07:35:02', 2, '2024-04-07 07:40:02', '2024-04-07 07:40:02', NULL),
	(743, 'c6093a7d-7d5f-4108-b561-c46d28ec7a91', 0, NULL, '2024-04-07 07:40:02', 2, '2024-04-07 07:45:02', '2024-04-07 07:45:02', NULL),
	(744, '6cc53a5e-de14-46a3-b430-6f463b86db3c', 0, NULL, '2024-04-07 07:45:02', 2, '2024-04-07 07:50:02', '2024-04-07 07:50:02', NULL),
	(745, '6549854a-8394-401e-a7a0-16b1e7cf7ea4', 0, NULL, '2024-04-07 07:50:02', 2, '2024-04-07 07:55:02', '2024-04-07 07:55:02', NULL),
	(746, 'ce9a2ffb-5623-40d6-bcd0-9f4357e04ba1', 0, NULL, '2024-04-07 07:55:02', 2, '2024-04-07 08:00:03', '2024-04-07 08:00:03', NULL),
	(747, '7d53519d-90bd-46e9-84e7-1f6619d5ac21', 0, NULL, '2024-04-07 08:00:03', 2, '2024-04-07 08:05:02', '2024-04-07 08:05:02', NULL),
	(748, '344508de-7ab8-4814-acff-bc5178a79115', 0, NULL, '2024-04-07 08:05:02', 2, '2024-04-07 08:10:02', '2024-04-07 08:10:02', NULL),
	(749, '68bc2c9c-1d5f-4837-a44a-1c6523db024f', 0, NULL, '2024-04-07 08:10:02', 2, '2024-04-07 08:15:02', '2024-04-07 08:15:02', NULL),
	(750, '776c8ebe-88bc-4d68-b9dc-3d4e5daa1911', 0, NULL, '2024-04-07 08:15:02', 2, '2024-04-07 08:20:02', '2024-04-07 08:20:02', NULL),
	(751, 'ac9f2a02-8415-4260-bef1-cdc2751f148d', 0, NULL, '2024-04-07 08:20:02', 2, '2024-04-07 08:25:02', '2024-04-07 08:25:02', NULL),
	(752, '4a3f3f8f-9265-4100-9ce1-c89bfa1cd49d', 0, NULL, '2024-04-07 08:25:02', 2, '2024-04-07 08:30:02', '2024-04-07 08:30:02', NULL),
	(753, '613ac907-d880-4e01-aaae-b096ccaca866', 0, NULL, '2024-04-07 08:30:02', 2, '2024-04-07 08:35:02', '2024-04-07 08:35:02', NULL),
	(754, 'f3dc036a-5210-4474-b1bf-262398a0056d', 0, NULL, '2024-04-07 08:35:02', 2, '2024-04-07 08:40:02', '2024-04-07 08:40:02', NULL),
	(755, '246e1126-7341-4b2c-ad62-ba80c83d4472', 0, NULL, '2024-04-07 08:40:02', 2, '2024-04-07 08:45:02', '2024-04-07 08:45:02', NULL),
	(756, '6e8f95ff-2d92-4c08-a2fd-d189c98994b4', 0, NULL, '2024-04-07 08:45:02', 2, '2024-04-07 08:50:03', '2024-04-07 08:50:03', NULL),
	(757, '24a9980d-cebd-4f94-92ba-5aaa7d763bd7', 0, NULL, '2024-04-07 08:50:03', 2, '2024-04-07 08:55:02', '2024-04-07 08:55:02', NULL),
	(758, '0db192b0-0dfd-4958-b3f0-177a25b0e671', 0, NULL, '2024-04-07 08:55:02', 2, '2024-04-07 09:00:03', '2024-04-07 09:00:03', NULL),
	(759, '018967dd-1b9f-406e-8805-2b792391a77a', 0, NULL, '2024-04-07 09:00:03', 2, '2024-04-07 09:05:02', '2024-04-07 09:05:02', NULL),
	(760, '21a624af-8708-4503-a1f4-35b16abda3d9', 0, NULL, '2024-04-07 09:05:02', 2, '2024-04-07 09:10:02', '2024-04-07 09:10:02', NULL),
	(761, '87392f03-2aba-44be-ab98-51a677957a6c', 0, NULL, '2024-04-07 09:10:02', 2, '2024-04-07 09:15:02', '2024-04-07 09:15:02', NULL),
	(762, 'a476917d-6372-407d-b588-0bb7d0de267a', 0, NULL, '2024-04-07 09:15:02', 2, '2024-04-07 09:20:01', '2024-04-07 09:20:01', NULL),
	(763, 'e8a0647e-7b2f-478d-8785-8b8ce8ccc6fc', 0, NULL, '2024-04-07 09:20:01', 2, '2024-04-07 09:25:02', '2024-04-07 09:25:02', NULL),
	(764, '50371696-1931-4913-b06a-de4e3f5b6e8b', 0, NULL, '2024-04-07 09:25:02', 2, '2024-04-07 09:30:02', '2024-04-07 09:30:02', NULL),
	(765, '13c66fdc-b368-4a00-a15d-5933d4f91b44', 0, NULL, '2024-04-07 09:30:02', 2, '2024-04-07 09:35:02', '2024-04-07 09:35:02', NULL),
	(766, '84069478-22de-43a8-8b4a-f980fd64dde8', 0, NULL, '2024-04-07 09:35:02', 2, '2024-04-07 09:40:02', '2024-04-07 09:40:02', NULL),
	(767, '18d4fa80-8f6a-4a46-9539-caa35b290ef9', 0, NULL, '2024-04-07 09:40:02', 2, '2024-04-07 09:45:02', '2024-04-07 09:45:02', NULL),
	(768, '29e73abb-6f3d-4c16-96ac-a4beb452e112', 0, NULL, '2024-04-07 09:45:02', 2, '2024-04-07 09:50:02', '2024-04-07 09:50:02', NULL),
	(769, 'd30ed038-fcb9-461b-a7fe-ba8e438a4bf8', 0, NULL, '2024-04-07 09:50:02', 2, '2024-04-07 09:55:02', '2024-04-07 09:55:02', NULL),
	(770, 'e0864181-cc77-453c-bc78-8164277a8ace', 0, NULL, '2024-04-07 09:55:02', 2, '2024-04-07 10:00:02', '2024-04-07 10:00:02', NULL),
	(771, '92c102f8-4040-4ffa-b0d0-2158af39fa64', 0, NULL, '2024-04-07 10:00:02', 2, '2024-04-07 10:05:02', '2024-04-07 10:05:02', NULL),
	(772, '4e80bf3a-a107-405e-a2ac-e1751bff82a9', 0, NULL, '2024-04-07 10:05:02', 2, '2024-04-07 10:10:02', '2024-04-07 10:10:02', NULL),
	(773, '978a45d8-ef00-456f-9101-b0012db30325', 0, NULL, '2024-04-07 10:10:02', 2, '2024-04-07 10:15:02', '2024-04-07 10:15:02', NULL),
	(774, 'a09f2284-dd7b-466b-b061-d65875eb468f', 0, NULL, '2024-04-07 10:15:02', 2, '2024-04-07 10:20:02', '2024-04-07 10:20:02', NULL),
	(775, 'fd13c154-e26d-46d6-b81a-6d78da17011b', 0, NULL, '2024-04-07 10:20:02', 2, '2024-04-07 10:25:02', '2024-04-07 10:25:02', NULL),
	(776, '3e0ef14d-f8b0-4d29-8867-92fe125b1a69', 0, NULL, '2024-04-07 10:25:02', 2, '2024-04-07 10:30:02', '2024-04-07 10:30:02', NULL),
	(777, '5aca92d5-85b2-4c98-b9dd-418e433fccc2', 0, NULL, '2024-04-07 10:30:02', 2, '2024-04-07 10:35:02', '2024-04-07 10:35:02', NULL),
	(778, '7b4ade74-8ce5-44eb-b2c9-34a0fcd566d0', 0, NULL, '2024-04-07 10:35:02', 2, '2024-04-07 10:40:03', '2024-04-07 10:40:03', NULL),
	(779, '7e9bdb14-c064-4451-ba31-0028e5096678', 0, NULL, '2024-04-07 10:40:03', 2, '2024-04-07 10:45:02', '2024-04-07 10:45:02', NULL),
	(780, '82c3027b-a934-4f2b-8205-49cbca0dad1c', 0, NULL, '2024-04-07 10:45:02', 2, '2024-04-07 10:50:02', '2024-04-07 10:50:02', NULL),
	(781, '499ee8eb-072b-49ab-bf23-820a1f8a8703', 0, NULL, '2024-04-07 10:50:02', 2, '2024-04-07 10:55:02', '2024-04-07 10:55:02', NULL),
	(782, '778087e2-993d-46ab-b119-8265ae8bf801', 0, NULL, '2024-04-07 10:55:02', 2, '2024-04-07 11:00:02', '2024-04-07 11:00:02', NULL),
	(783, '6f063495-4a93-4010-ab86-9d66f5e7360a', 0, NULL, '2024-04-07 11:00:02', 2, '2024-04-07 11:05:03', '2024-04-07 11:05:03', NULL),
	(784, '50a4bc12-72d0-40fe-af92-32270af68f32', 0, NULL, '2024-04-07 11:05:03', 2, '2024-04-07 11:10:03', '2024-04-07 11:10:03', NULL),
	(785, 'c526de1f-7800-499f-b46b-8abd49594f88', 0, NULL, '2024-04-07 11:10:03', 2, '2024-04-07 11:15:02', '2024-04-07 11:15:02', NULL),
	(786, 'd3f1bc32-4033-4659-ad04-7a7cafe3cc46', 0, NULL, '2024-04-07 11:15:02', 2, '2024-04-07 11:20:02', '2024-04-07 11:20:02', NULL),
	(787, '7206003c-125d-4afb-8ef6-6fdf81e3a708', 0, NULL, '2024-04-07 11:20:02', 2, '2024-04-07 11:25:02', '2024-04-07 11:25:02', NULL),
	(788, 'e9b0de3c-809f-4193-bd3d-6d9e973d93aa', 0, NULL, '2024-04-07 11:25:02', 2, '2024-04-07 11:30:02', '2024-04-07 11:30:02', NULL),
	(789, '9f99c417-6a0a-48a0-9f5b-711d8b4708a5', 0, NULL, '2024-04-07 11:30:02', 2, '2024-04-07 11:35:02', '2024-04-07 11:35:02', NULL),
	(790, '3da36ed9-85e4-41f0-9c6b-29d224fed16c', 0, NULL, '2024-04-07 11:35:02', 2, '2024-04-07 11:40:02', '2024-04-07 11:40:02', NULL),
	(791, '417d6a7e-c0d5-43d2-980c-f4eb2a845b49', 0, NULL, '2024-04-07 11:40:02', 2, '2024-04-07 11:45:02', '2024-04-07 11:45:02', NULL),
	(792, '9a9d7438-d0d6-4559-af5a-12038b4d23f7', 0, NULL, '2024-04-07 11:45:02', 2, '2024-04-07 11:50:02', '2024-04-07 11:50:02', NULL),
	(793, '1f28ce1c-a17c-4948-a14c-847dad467533', 0, NULL, '2024-04-07 11:50:02', 2, '2024-04-07 11:55:02', '2024-04-07 11:55:02', NULL),
	(794, '0557ea92-e0ba-4d30-b831-cb692864f84d', 0, NULL, '2024-04-07 11:55:02', 2, '2024-04-07 12:00:02', '2024-04-07 12:00:02', NULL),
	(795, '6812cc7a-2e6e-4572-81f4-7d6df5ea5477', 0, NULL, '2024-04-07 12:00:02', 2, '2024-04-07 12:05:02', '2024-04-07 12:05:02', NULL),
	(796, '83bfd47f-92bf-4ae2-921a-2aeff3aab78d', 0, NULL, '2024-04-07 12:05:02', 2, '2024-04-07 12:10:02', '2024-04-07 12:10:02', NULL),
	(797, '6564efb4-e7a5-49b3-bddd-bdec359f9e7a', 0, NULL, '2024-04-07 12:10:02', 2, '2024-04-07 12:15:02', '2024-04-07 12:15:02', NULL),
	(798, 'ed83deb6-c3a9-49a7-a036-eff5d78cf2ad', 0, NULL, '2024-04-07 12:15:02', 2, '2024-04-07 12:20:02', '2024-04-07 12:20:02', NULL),
	(799, '4d962406-a7d7-4a6f-90ed-1d030d8e014c', 0, NULL, '2024-04-07 12:20:02', 2, '2024-04-07 12:25:02', '2024-04-07 12:25:02', NULL),
	(800, '83f9cefc-aa3e-4946-83a7-b2e08cdd4c74', 0, NULL, '2024-04-07 12:25:02', 2, '2024-04-07 12:30:02', '2024-04-07 12:30:02', NULL),
	(801, '594a8dd1-ac3c-4183-83e7-79189903389d', 0, NULL, '2024-04-07 12:30:02', 2, '2024-04-07 12:35:02', '2024-04-07 12:35:02', NULL),
	(802, '4a5cefd8-f834-49ec-8f20-321d255afba0', 0, NULL, '2024-04-07 12:35:02', 2, '2024-04-07 12:40:02', '2024-04-07 12:40:02', NULL),
	(803, '696d826a-22d9-44e8-add6-1d09ac4d39c1', 0, NULL, '2024-04-07 12:40:02', 2, '2024-04-07 12:45:02', '2024-04-07 12:45:02', NULL),
	(804, '63c83c1e-e1e0-41d2-b5ea-fbdb95c8c3ec', 0, NULL, '2024-04-07 12:45:02', 2, '2024-04-07 12:50:02', '2024-04-07 12:50:02', NULL),
	(805, '6e085562-8860-45fd-88b4-178c8f126de3', 0, NULL, '2024-04-07 12:50:02', 2, '2024-04-07 12:55:02', '2024-04-07 12:55:02', NULL),
	(806, '425ee033-727a-45a5-8cda-a94720956363', 0, NULL, '2024-04-07 12:55:02', 2, '2024-04-07 13:00:02', '2024-04-07 13:00:02', NULL),
	(807, '15fd56b2-8ecf-426d-b37a-b1aa55fcb5df', 0, NULL, '2024-04-07 13:00:02', 2, '2024-04-07 13:05:02', '2024-04-07 13:05:02', NULL),
	(808, '1decfd72-5978-4fd8-b2b6-b2b51a514a75', 0, NULL, '2024-04-07 13:05:02', 2, '2024-04-07 13:10:02', '2024-04-07 13:10:02', NULL),
	(809, '570d8f87-ae02-45d7-9866-8cc0c2c778bd', 0, NULL, '2024-04-07 13:10:02', 2, '2024-04-07 13:15:02', '2024-04-07 13:15:02', NULL),
	(810, '5678b8db-fc59-4a2c-b4de-521c995ddfd7', 0, NULL, '2024-04-07 13:15:02', 2, '2024-04-07 13:20:01', '2024-04-07 13:20:01', NULL),
	(811, '5deaf358-3693-4ca1-8c76-e0f855c1fb01', 0, NULL, '2024-04-07 13:20:01', 2, '2024-04-07 13:25:02', '2024-04-07 13:25:02', NULL),
	(812, '66f1638b-fe71-490e-aee5-0e6a07b8875f', 0, NULL, '2024-04-07 13:25:02', 2, '2024-04-07 13:30:02', '2024-04-07 13:30:02', NULL),
	(813, '3fac30c7-f8b5-4393-a457-383c846d1a66', 0, NULL, '2024-04-07 13:30:02', 2, '2024-04-07 13:35:02', '2024-04-07 13:35:02', NULL),
	(814, 'e83f11d5-636f-4b12-993e-c030a60eadc1', 0, NULL, '2024-04-07 13:35:02', 2, '2024-04-07 13:40:02', '2024-04-07 13:40:02', NULL),
	(815, '37e3fb70-7aa3-475e-8f6a-df20f7eb16fb', 0, NULL, '2024-04-07 13:40:02', 2, '2024-04-07 13:45:02', '2024-04-07 13:45:02', NULL),
	(816, '46af9b9a-a573-4b78-9096-2357653ed84f', 0, NULL, '2024-04-07 13:45:02', 2, '2024-04-07 13:50:02', '2024-04-07 13:50:02', NULL),
	(817, 'f18e38a5-d43d-4c1d-8eb5-c6479fbc6cb4', 0, NULL, '2024-04-07 13:50:02', 2, '2024-04-07 13:55:02', '2024-04-07 13:55:02', NULL),
	(818, '4169caa7-03bb-414e-b9a4-93ed3cb32331', 0, NULL, '2024-04-07 13:55:02', 2, '2024-04-07 14:00:02', '2024-04-07 14:00:02', NULL),
	(819, '53e8d2c9-7c80-40c8-8b01-67bb05c90f5c', 0, NULL, '2024-04-07 14:00:02', 2, '2024-04-07 14:05:02', '2024-04-07 14:05:02', NULL),
	(820, 'b9917cbd-495c-4b61-ad17-98d54ea6f17e', 0, NULL, '2024-04-07 14:05:02', 2, '2024-04-07 14:10:02', '2024-04-07 14:10:02', NULL),
	(821, 'a4598417-f146-44bd-9c2a-52beb6f540e7', 0, NULL, '2024-04-07 14:10:02', 2, '2024-04-07 14:15:02', '2024-04-07 14:15:02', NULL),
	(822, 'a331a48a-8c04-4a35-ad71-d342fddaac21', 0, NULL, '2024-04-07 14:15:02', 2, '2024-04-07 14:20:03', '2024-04-07 14:20:03', NULL),
	(823, '77acf02b-74aa-4dcd-9bdd-239f77b4c628', 0, NULL, '2024-04-07 14:20:03', 2, '2024-04-07 14:25:02', '2024-04-07 14:25:02', NULL),
	(824, '6fae8927-b925-49fc-9a4e-8074b9015ffe', 0, NULL, '2024-04-07 14:25:02', 2, '2024-04-07 14:30:02', '2024-04-07 14:30:02', NULL),
	(825, 'ce97e340-90bf-48bb-b9b4-e68141a40aef', 0, NULL, '2024-04-07 14:30:02', 2, '2024-04-07 14:35:02', '2024-04-07 14:35:02', NULL),
	(826, '33acc7ab-9334-4e0e-a142-be8d0289953a', 0, NULL, '2024-04-07 14:35:02', 2, '2024-04-07 14:40:02', '2024-04-07 14:40:02', NULL),
	(827, 'fa314ae7-4adb-42c2-adda-a5238afc807c', 0, NULL, '2024-04-07 14:40:02', 2, '2024-04-07 14:45:02', '2024-04-07 14:45:02', NULL),
	(828, '4f2a926b-e8b7-44a7-b479-2ae951463dd3', 0, NULL, '2024-04-07 14:45:02', 2, '2024-04-07 14:50:02', '2024-04-07 14:50:02', NULL),
	(829, '53cf7f79-92b0-47ea-b498-8150ae48d289', 0, NULL, '2024-04-07 14:50:02', 2, '2024-04-07 14:55:02', '2024-04-07 14:55:02', NULL),
	(830, '7211ee2e-6bee-4bf0-9043-19dbea07852f', 0, NULL, '2024-04-07 14:55:02', 2, '2024-04-07 15:00:02', '2024-04-07 15:00:02', NULL),
	(831, 'b0b8a507-5aa6-4ad8-8275-59fb4b07e9cb', 0, NULL, '2024-04-07 15:00:02', 2, '2024-04-07 15:05:02', '2024-04-07 15:05:02', NULL),
	(832, '4813ed7c-494d-4591-8ad1-3ac50dd9281d', 0, NULL, '2024-04-07 15:05:02', 2, '2024-04-07 15:10:03', '2024-04-07 15:10:03', NULL),
	(833, '3afc5b3d-fbce-40d0-bee2-6142381a7373', 0, NULL, '2024-04-07 15:10:03', 2, '2024-04-07 15:15:02', '2024-04-07 15:15:02', NULL),
	(834, '58ed457e-679d-4386-8704-fed169007204', 0, NULL, '2024-04-07 15:15:02', 2, '2024-04-07 15:20:02', '2024-04-07 15:20:02', NULL),
	(835, 'a203fbc9-9776-4eca-8abe-c00e3914b2d8', 0, NULL, '2024-04-07 15:20:02', 2, '2024-04-07 15:25:02', '2024-04-07 15:25:02', NULL),
	(836, 'c744f88d-e719-428a-9b9e-3bfccd71be01', 0, NULL, '2024-04-07 15:25:02', 2, '2024-04-07 15:30:02', '2024-04-07 15:30:02', NULL),
	(837, '66e00bd5-9068-471d-b3d5-65e480d68c4e', 0, NULL, '2024-04-07 15:30:02', 2, '2024-04-07 15:35:02', '2024-04-07 15:35:02', NULL),
	(838, '7161092b-e1d2-4b52-911d-53898e6243a4', 0, NULL, '2024-04-07 15:35:02', 2, '2024-04-07 15:40:02', '2024-04-07 15:40:02', NULL),
	(839, 'ac8d5238-a99c-421e-a69e-3da8e0254c36', 0, NULL, '2024-04-07 15:40:02', 2, '2024-04-07 15:45:02', '2024-04-07 15:45:02', NULL),
	(840, '1c67b0c6-2c6a-4193-b4e5-bd03e0e7766c', 0, NULL, '2024-04-07 15:45:02', 2, '2024-04-07 15:50:02', '2024-04-07 15:50:02', NULL),
	(841, '5dca1783-d40d-4f71-87be-93ad20726e06', 0, NULL, '2024-04-07 15:50:02', 2, '2024-04-07 15:55:02', '2024-04-07 15:55:02', NULL),
	(842, '118f0d7d-7913-4635-8239-5f02524fb4b7', 0, NULL, '2024-04-07 15:55:02', 2, '2024-04-07 16:00:02', '2024-04-07 16:00:02', NULL),
	(843, '72700ebc-13fd-4c13-ac38-35eb2407a7c6', 0, NULL, '2024-04-07 16:00:02', 2, '2024-04-07 16:05:02', '2024-04-07 16:05:02', NULL),
	(844, 'dbecec97-6c8d-4a03-9374-45743221de8a', 0, NULL, '2024-04-07 16:05:02', 2, '2024-04-07 16:10:02', '2024-04-07 16:10:02', NULL),
	(845, '4911df98-27c9-4a0d-bf5b-bed9b585b7b7', 0, NULL, '2024-04-07 16:10:02', 2, '2024-04-07 16:15:02', '2024-04-07 16:15:02', NULL),
	(846, '0494f974-8825-4fb5-8e09-eb2252343b9f', 0, NULL, '2024-04-07 16:15:02', 2, '2024-04-07 16:20:02', '2024-04-07 16:20:02', NULL),
	(847, '4f20a7f8-35eb-40c5-86ae-c9cf7eed742c', 0, NULL, '2024-04-07 16:20:02', 2, '2024-04-07 16:25:02', '2024-04-07 16:25:02', NULL),
	(848, '5059bc58-85d4-4ed9-8c0f-06eb08e65e89', 0, NULL, '2024-04-07 16:25:02', 2, '2024-04-07 16:30:02', '2024-04-07 16:30:02', NULL),
	(849, 'cd46a1f9-742a-4e5a-a503-d07cc5f22ad4', 0, NULL, '2024-04-07 16:30:02', 2, '2024-04-07 16:35:02', '2024-04-07 16:35:02', NULL),
	(850, '3ea7ba19-a6ed-40f6-bfb3-fbfba6b81000', 0, NULL, '2024-04-07 16:35:02', 2, '2024-04-07 16:40:02', '2024-04-07 16:40:02', NULL),
	(851, 'fe7d9684-0f56-4b74-9a8a-7cdb3e432647', 0, NULL, '2024-04-07 16:40:02', 2, '2024-04-07 16:45:02', '2024-04-07 16:45:02', NULL),
	(852, 'abeb9aaf-4381-4242-9938-2d5b17871d2e', 0, NULL, '2024-04-07 16:45:02', 2, '2024-04-07 16:50:02', '2024-04-07 16:50:02', NULL),
	(853, '9860ac97-a50e-45f2-80dc-77f8595a64f7', 0, NULL, '2024-04-07 16:50:02', 2, '2024-04-07 16:55:02', '2024-04-07 16:55:02', NULL),
	(854, '66e3f4e5-57ee-4179-be06-bd9dc1542e5c', 0, NULL, '2024-04-07 16:55:02', 2, '2024-04-07 17:00:03', '2024-04-07 17:00:03', NULL),
	(855, 'ec3f494a-5e02-4f07-a23a-b42a7c2bccbd', 0, NULL, '2024-04-07 17:00:03', 2, '2024-04-07 17:05:02', '2024-04-07 17:05:02', NULL),
	(856, 'bda6a286-50c2-47d6-b9ba-289230b3c993', 0, NULL, '2024-04-07 17:05:02', 2, '2024-04-07 17:10:02', '2024-04-07 17:10:02', NULL),
	(857, '58eede16-085e-4391-88fa-7ce553289e9d', 0, NULL, '2024-04-07 17:10:02', 2, '2024-04-07 17:15:03', '2024-04-07 17:15:03', NULL),
	(858, '2897d5a7-475e-41b9-978d-04345fb24418', 0, NULL, '2024-04-07 17:15:03', 2, '2024-04-07 17:20:02', '2024-04-07 17:20:02', NULL),
	(859, 'a9d1dd65-1006-4d98-93d7-4dd5f3ddb3db', 0, NULL, '2024-04-07 17:20:02', 2, '2024-04-07 17:25:02', '2024-04-07 17:25:02', NULL),
	(860, '56fecd0c-d25b-44cd-9122-3664e5facfe4', 0, NULL, '2024-04-07 17:25:02', 2, '2024-04-07 17:30:02', '2024-04-07 17:30:02', NULL),
	(861, '07ede777-46a4-4eb7-8ceb-4427627e2c66', 0, NULL, '2024-04-07 17:30:02', 2, '2024-04-07 17:35:02', '2024-04-07 17:35:02', NULL),
	(862, '486e7443-081e-4603-9b3c-73d2b0dc9dea', 0, NULL, '2024-04-07 17:35:02', 2, '2024-04-07 17:40:02', '2024-04-07 17:40:02', NULL),
	(863, 'd018db12-ef26-48b9-83c8-2063fa3cdfa0', 0, NULL, '2024-04-07 17:40:02', 2, '2024-04-07 17:45:02', '2024-04-07 17:45:02', NULL),
	(864, '1f5e4559-2e6f-45b4-861e-f7e936390931', 0, NULL, '2024-04-07 17:45:02', 2, '2024-04-07 17:50:02', '2024-04-07 17:50:02', NULL),
	(865, '2add2c84-9773-4e95-a6dc-b5d159e942ea', 0, NULL, '2024-04-07 17:50:02', 2, '2024-04-07 17:55:02', '2024-04-07 17:55:02', NULL),
	(866, '850ca3e6-4edc-4caf-b619-977cb7a30835', 0, NULL, '2024-04-07 17:55:02', 2, '2024-04-07 18:00:02', '2024-04-07 18:00:02', NULL),
	(867, 'a73e0a76-4ca4-405c-b63d-692f51e1504d', 0, NULL, '2024-04-07 18:00:02', 2, '2024-04-07 18:05:02', '2024-04-07 18:05:02', NULL),
	(868, '9e41359a-7835-4682-bc97-f67b05321ea9', 0, NULL, '2024-04-07 18:05:02', 2, '2024-04-07 18:10:02', '2024-04-07 18:10:02', NULL),
	(869, '76b37af7-5a0f-4bf6-9b2b-b48dc2228062', 0, NULL, '2024-04-07 18:10:02', 2, '2024-04-07 18:15:02', '2024-04-07 18:15:02', NULL),
	(870, 'c829b8ba-3d34-4659-adc9-2f9ac6936718', 0, NULL, '2024-04-07 18:15:02', 2, '2024-04-07 18:20:02', '2024-04-07 18:20:02', NULL),
	(871, '0d99f33c-225a-4f87-83ec-f1dcb416cfad', 0, NULL, '2024-04-07 18:20:02', 2, '2024-04-07 18:25:02', '2024-04-07 18:25:02', NULL),
	(872, '8074ecfb-4436-457b-bb21-dd5f4b70456a', 0, NULL, '2024-04-07 18:25:02', 2, '2024-04-07 18:30:02', '2024-04-07 18:30:02', NULL),
	(873, '2e1e572f-889d-4061-afaf-02b27cf5a36c', 0, NULL, '2024-04-07 18:30:02', 2, '2024-04-07 18:35:02', '2024-04-07 18:35:02', NULL),
	(874, 'b775dad3-0afe-442d-9250-f8f98e19cd5f', 0, NULL, '2024-04-07 18:35:02', 2, '2024-04-07 18:40:02', '2024-04-07 18:40:02', NULL),
	(875, 'b71a4885-a152-46cf-824b-bd5f7d16db5e', 0, NULL, '2024-04-07 18:40:02', 2, '2024-04-07 18:45:02', '2024-04-07 18:45:02', NULL),
	(876, 'e5bc659b-d0ec-4f95-a7b6-989a49c61f57', 0, NULL, '2024-04-07 18:45:02', 2, '2024-04-07 18:50:02', '2024-04-07 18:50:02', NULL),
	(877, '37fa2f8e-75c7-4332-8646-b76b41c2ec35', 0, NULL, '2024-04-07 18:50:02', 2, '2024-04-07 18:55:02', '2024-04-07 18:55:02', NULL),
	(878, '5b744a65-a334-46ad-8cf8-772b52e30895', 0, NULL, '2024-04-07 18:55:02', 2, '2024-04-07 19:00:02', '2024-04-07 19:00:02', NULL),
	(879, '32b2ed9e-d289-4748-aac3-c246898c4b1d', 0, NULL, '2024-04-07 19:00:02', 2, '2024-04-07 19:05:02', '2024-04-07 19:05:02', NULL),
	(880, '01056ec6-8013-4332-b8a8-b0deab6c298e', 0, NULL, '2024-04-07 19:05:02', 2, '2024-04-07 19:10:02', '2024-04-07 19:10:02', NULL),
	(881, '56cd78f6-f0bd-46e3-936b-770486afcd2c', 0, NULL, '2024-04-07 19:10:02', 2, '2024-04-07 19:15:03', '2024-04-07 19:15:03', NULL),
	(882, '126f11b0-cb57-49c1-93a0-45c9f0852551', 0, NULL, '2024-04-07 19:15:03', 2, '2024-04-07 19:20:02', '2024-04-07 19:20:02', NULL),
	(883, '99fa9c24-ba44-49a9-9ae5-ce7b45e82f47', 0, NULL, '2024-04-07 19:20:02', 2, '2024-04-07 19:25:02', '2024-04-07 19:25:02', NULL),
	(884, '5f06ecd3-418e-4bd5-a817-b1aa8fc89591', 0, NULL, '2024-04-07 19:25:02', 2, '2024-04-07 19:30:03', '2024-04-07 19:30:03', NULL),
	(885, '1480fd94-c2d1-44fe-ba6a-c2e60ac56ac4', 0, NULL, '2024-04-07 19:30:03', 2, '2024-04-07 19:35:02', '2024-04-07 19:35:02', NULL),
	(886, 'dfeb31a4-c013-4a5a-8490-6319521ec1c2', 0, NULL, '2024-04-07 19:35:02', 2, '2024-04-07 19:40:02', '2024-04-07 19:40:02', NULL),
	(887, '665ba788-d260-44d9-9d49-815125df8686', 0, NULL, '2024-04-07 19:40:02', 2, '2024-04-07 19:45:02', '2024-04-07 19:45:02', NULL),
	(888, '86613724-b6dd-43fe-ae00-ae9247d075f8', 0, NULL, '2024-04-07 19:45:02', 2, '2024-04-07 19:50:02', '2024-04-07 19:50:02', NULL),
	(889, '69ef5e7d-f2e3-4b2d-b254-ce4e8d5b6b7a', 0, NULL, '2024-04-07 19:50:02', 2, '2024-04-07 19:55:02', '2024-04-07 19:55:02', NULL),
	(890, 'a14bcba5-82d3-4751-94b6-0011e243b333', 0, NULL, '2024-04-07 19:55:02', 2, '2024-04-07 20:00:02', '2024-04-07 20:00:02', NULL),
	(891, 'fd66ab7c-c41a-43ea-8175-431936409d6a', 0, NULL, '2024-04-07 20:00:02', 2, '2024-04-07 20:05:02', '2024-04-07 20:05:02', NULL),
	(892, '735ae213-5c2d-471b-a2fd-1215bedf1709', 0, NULL, '2024-04-07 20:05:02', 2, '2024-04-07 20:10:02', '2024-04-07 20:10:02', NULL),
	(893, '2349c9b5-1e83-493c-8da5-5d1652e7dbed', 0, NULL, '2024-04-07 20:10:02', 2, '2024-04-07 20:15:02', '2024-04-07 20:15:02', NULL),
	(894, '00489498-b2c6-45ff-a771-a8f359076cea', 0, NULL, '2024-04-07 20:15:02', 2, '2024-04-07 20:20:02', '2024-04-07 20:20:02', NULL),
	(895, 'd1c2bef9-98f2-4eb9-8ea7-185abc229794', 0, NULL, '2024-04-07 20:20:02', 2, '2024-04-07 20:25:02', '2024-04-07 20:25:02', NULL),
	(896, '43d2f1da-ec75-4a36-ac60-96b4e5b6506a', 0, NULL, '2024-04-07 20:25:02', 2, '2024-04-07 20:30:02', '2024-04-07 20:30:02', NULL),
	(897, 'ce40afdd-395b-46cc-9a43-74d9b5bb3b9b', 0, NULL, '2024-04-07 20:30:02', 2, '2024-04-07 20:35:02', '2024-04-07 20:35:02', NULL),
	(898, '87425d28-14f3-4345-b4b7-4f573c52852d', 0, NULL, '2024-04-07 20:35:02', 2, '2024-04-07 20:40:02', '2024-04-07 20:40:02', NULL),
	(899, '869014b7-03e3-45eb-b87d-2efa88f4aae6', 0, NULL, '2024-04-07 20:40:02', 2, '2024-04-07 20:45:02', '2024-04-07 20:45:02', NULL),
	(900, '8a49e5a9-a536-49d1-a066-5bb77a321696', 0, NULL, '2024-04-07 20:45:02', 2, '2024-04-07 20:50:03', '2024-04-07 20:50:03', NULL),
	(901, '9d223750-175c-4cbb-ab58-9c1734c9460d', 0, NULL, '2024-04-07 20:50:03', 2, '2024-04-07 20:55:02', '2024-04-07 20:55:02', NULL),
	(902, 'a344990d-d147-46b2-9cc1-14682ce2f559', 0, NULL, '2024-04-07 20:55:02', 2, '2024-04-07 21:00:02', '2024-04-07 21:00:02', NULL),
	(903, '1f690b66-0f61-47fd-8f39-a4fbfbb1fda5', 0, NULL, '2024-04-07 21:00:02', 2, '2024-04-07 21:05:02', '2024-04-07 21:05:02', NULL),
	(904, '607e338a-6cd7-4669-9772-d2457ce1e124', 0, NULL, '2024-04-07 21:05:02', 2, '2024-04-07 21:10:02', '2024-04-07 21:10:02', NULL),
	(905, 'e2d6d775-03a1-40ec-9d33-80a9928ea430', 0, NULL, '2024-04-07 21:10:02', 2, '2024-04-07 21:15:02', '2024-04-07 21:15:02', NULL),
	(906, 'f8a1a5c2-904d-4759-b5a3-549061660a78', 0, NULL, '2024-04-07 21:15:02', 2, '2024-04-07 21:20:02', '2024-04-07 21:20:02', NULL),
	(907, 'f303cd7e-af19-43d0-ae18-d448e2c695fe', 0, NULL, '2024-04-07 21:20:02', 2, '2024-04-07 21:25:02', '2024-04-07 21:25:02', NULL),
	(908, '3dd87329-f767-4870-b4b8-0df9121b649c', 0, NULL, '2024-04-07 21:25:02', 2, '2024-04-07 21:30:02', '2024-04-07 21:30:02', NULL),
	(909, '2c0ef99e-d5ea-4ee2-82b0-928209c4f7af', 0, NULL, '2024-04-07 21:30:02', 2, '2024-04-07 21:35:02', '2024-04-07 21:35:02', NULL),
	(910, '187ec85c-3f42-499b-998b-28ece10f9004', 0, NULL, '2024-04-07 21:35:02', 2, '2024-04-07 21:40:02', '2024-04-07 21:40:02', NULL),
	(911, '8fcde1ac-6a49-43fa-b023-c6e0a7bcd99f', 0, NULL, '2024-04-07 21:40:02', 2, '2024-04-07 21:45:02', '2024-04-07 21:45:02', NULL),
	(912, 'd851360d-ca61-4a45-8a00-fe5914323661', 0, NULL, '2024-04-07 21:45:02', 2, '2024-04-07 21:50:02', '2024-04-07 21:50:02', NULL),
	(913, '665f372b-10f1-4d69-ad6f-71cfc7a2aed3', 0, NULL, '2024-04-07 21:50:02', 2, '2024-04-07 21:55:02', '2024-04-07 21:55:02', NULL),
	(914, '3f2bdeea-afbc-4f7d-bac1-e6e4857cd8e1', 0, NULL, '2024-04-07 21:55:02', 2, '2024-04-07 22:00:02', '2024-04-07 22:00:02', NULL),
	(915, '2f76e280-33d5-4ae5-9b8c-5c2428cd285f', 0, NULL, '2024-04-07 22:00:02', 2, '2024-04-07 22:05:02', '2024-04-07 22:05:02', NULL),
	(916, '6711f159-e0c3-4656-ba62-62d837799fd6', 0, NULL, '2024-04-07 22:05:02', 2, '2024-04-07 22:10:02', '2024-04-07 22:10:02', NULL),
	(917, '70651399-d8d7-40ec-a012-b9c56cf18bb0', 0, NULL, '2024-04-07 22:10:02', 2, '2024-04-07 22:15:02', '2024-04-07 22:15:02', NULL),
	(918, '7d56ca01-06ec-4ce8-8480-838f8ae4b820', 0, NULL, '2024-04-07 22:15:02', 2, '2024-04-07 22:20:02', '2024-04-07 22:20:02', NULL),
	(919, '05330f76-65b0-44fd-ba4b-4a85fb5ef840', 0, NULL, '2024-04-07 22:20:02', 2, '2024-04-07 22:25:02', '2024-04-07 22:25:02', NULL),
	(920, 'd6ea5850-f387-4b21-ae1d-024cb9e2ca7f', 0, NULL, '2024-04-07 22:25:02', 2, '2024-04-07 22:30:02', '2024-04-07 22:30:02', NULL),
	(921, 'ed33104c-60aa-4a61-8e78-506edd83e782', 0, NULL, '2024-04-07 22:30:02', 2, '2024-04-07 22:35:02', '2024-04-07 22:35:02', NULL),
	(922, '4d38e1de-008f-41b1-9b46-274ed761ad43', 0, NULL, '2024-04-07 22:35:02', 2, '2024-04-07 22:40:02', '2024-04-07 22:40:02', NULL),
	(923, '29c85e8a-f46d-4ac3-a415-2b89cd0cc98e', 0, NULL, '2024-04-07 22:40:02', 2, '2024-04-07 22:45:02', '2024-04-07 22:45:02', NULL),
	(924, '75ee7ac2-fce5-4f29-aec9-5afed9b29410', 0, NULL, '2024-04-07 22:45:02', 2, '2024-04-07 22:50:02', '2024-04-07 22:50:02', NULL),
	(925, '3b69db32-64a7-45ee-9569-aa4a369be769', 0, NULL, '2024-04-07 22:50:02', 2, '2024-04-07 22:55:02', '2024-04-07 22:55:02', NULL),
	(926, '3915be0c-cc36-474f-b450-793afd382de0', 0, NULL, '2024-04-07 22:55:02', 2, '2024-04-07 23:00:02', '2024-04-07 23:00:02', NULL),
	(927, 'e0f53b0d-d1c8-4d96-9b4f-9c86246cae5e', 0, NULL, '2024-04-07 23:00:02', 2, '2024-04-07 23:05:02', '2024-04-07 23:05:02', NULL),
	(928, 'f2781697-4f60-4873-bfe1-6bd609a5bf63', 0, NULL, '2024-04-07 23:05:02', 2, '2024-04-07 23:10:02', '2024-04-07 23:10:02', NULL),
	(929, '1cee744e-5089-42a6-a28d-10ecc768a326', 0, NULL, '2024-04-07 23:10:02', 2, '2024-04-07 23:15:02', '2024-04-07 23:15:02', NULL),
	(930, 'e7f6ccfe-88ef-4fae-9101-7ae8f4dcc4b7', 0, NULL, '2024-04-07 23:15:02', 2, '2024-04-07 23:20:02', '2024-04-07 23:20:02', NULL),
	(931, '6f0d769a-2d73-4d4f-bdca-966710b81f35', 0, NULL, '2024-04-07 23:20:02', 2, '2024-04-07 23:25:02', '2024-04-07 23:25:02', NULL),
	(932, 'f81eebbb-63ff-4b4e-aef0-3bff62ca1069', 0, NULL, '2024-04-07 23:25:02', 2, '2024-04-07 23:30:02', '2024-04-07 23:30:02', NULL),
	(933, 'ac336c40-ed8c-439a-bf89-55a06838ef11', 0, NULL, '2024-04-07 23:30:02', 2, '2024-04-07 23:35:02', '2024-04-07 23:35:02', NULL),
	(934, '3fe29619-3683-4578-937f-6d92140fcbe1', 0, NULL, '2024-04-07 23:35:02', 2, '2024-04-07 23:40:02', '2024-04-07 23:40:02', NULL),
	(935, '12f05936-c024-40ae-995d-8897d25a31d6', 0, NULL, '2024-04-07 23:40:02', 2, '2024-04-07 23:45:02', '2024-04-07 23:45:02', NULL),
	(936, 'd6b50ad2-4621-43ff-a96a-5d88a5abad68', 0, NULL, '2024-04-07 23:45:02', 2, '2024-04-07 23:50:02', '2024-04-07 23:50:02', NULL),
	(937, 'fb7f4dde-bcd5-4782-9712-94903d3e697a', 0, NULL, '2024-04-07 23:50:02', 2, '2024-04-07 23:55:02', '2024-04-07 23:55:02', NULL),
	(938, 'f6844fc3-6c72-4957-9bd1-9c324a872d4b', 0, NULL, '2024-04-07 23:55:02', 2, '2024-04-08 00:00:03', '2024-04-08 00:00:03', NULL),
	(939, '76f64eba-6a48-4e38-b3ba-c7d96535f647', 0, NULL, '2024-04-08 00:00:03', 2, '2024-04-08 00:05:02', '2024-04-08 00:05:02', NULL),
	(940, '8c2235f4-29d1-436d-8f5a-a98657ab983e', 0, NULL, '2024-04-08 00:05:02', 2, '2024-04-08 00:10:02', '2024-04-08 00:10:02', NULL),
	(941, '59391f6f-1cc7-445b-a962-02de6a328e53', 0, NULL, '2024-04-08 00:10:02', 2, '2024-04-08 00:15:02', '2024-04-08 00:15:02', NULL),
	(942, 'e4bdc6b8-b708-4c0b-8fc1-108e813abe7c', 0, NULL, '2024-04-08 00:15:02', 2, '2024-04-08 00:20:02', '2024-04-08 00:20:02', NULL),
	(943, '22f7a492-2857-4f42-adf8-55f74ba94e3b', 0, NULL, '2024-04-08 00:20:02', 2, '2024-04-08 00:25:02', '2024-04-08 00:25:02', NULL),
	(944, 'f4116be5-bd90-4115-8f13-81a88d6fc278', 0, NULL, '2024-04-08 00:25:02', 2, '2024-04-08 00:30:02', '2024-04-08 00:30:02', NULL),
	(945, 'f5dcde79-6f57-4cae-8607-9072d2564e04', 0, NULL, '2024-04-08 00:30:02', 2, '2024-04-08 00:35:02', '2024-04-08 00:35:02', NULL),
	(946, '75e2c0cc-f8b0-474a-a810-e08a2986720d', 0, NULL, '2024-04-08 00:35:02', 2, '2024-04-08 00:40:02', '2024-04-08 00:40:02', NULL),
	(947, '78624832-1f4e-42d9-8c8e-7fc89f80990e', 0, NULL, '2024-04-08 00:40:02', 2, '2024-04-08 00:45:02', '2024-04-08 00:45:02', NULL),
	(948, 'e10a2609-7b74-4faa-af38-700612021640', 0, NULL, '2024-04-08 00:45:02', 2, '2024-04-08 00:50:02', '2024-04-08 00:50:02', NULL),
	(949, 'c0492ba9-bffe-45c6-986c-5580e32bf8c1', 0, NULL, '2024-04-08 00:50:02', 2, '2024-04-08 00:55:02', '2024-04-08 00:55:02', NULL),
	(950, 'b2d46c4e-a564-46fc-b5ad-b5dabcb51f43', 0, NULL, '2024-04-08 00:55:02', 2, '2024-04-08 01:00:02', '2024-04-08 01:00:02', NULL),
	(951, 'f2ece20d-c4a2-42db-8669-9cad2ff8c9f1', 0, NULL, '2024-04-08 01:00:02', 2, '2024-04-08 01:05:02', '2024-04-08 01:05:02', NULL),
	(952, '32303bef-4af5-4bec-8acd-cf3dd0ab8648', 0, NULL, '2024-04-08 01:05:02', 2, '2024-04-08 01:10:02', '2024-04-08 01:10:02', NULL),
	(953, '39633709-eaa7-4fcf-8e80-747d720ccaf2', 0, NULL, '2024-04-08 01:10:02', 2, '2024-04-08 01:15:03', '2024-04-08 01:15:03', NULL),
	(954, 'ec8fecf8-63e3-4a0e-af30-1700a41d70be', 0, NULL, '2024-04-08 01:15:03', 2, '2024-04-08 01:20:02', '2024-04-08 01:20:02', NULL),
	(955, '7cd79b1d-3306-48c2-9580-0f5253c2ed0a', 0, NULL, '2024-04-08 01:20:02', 2, '2024-04-08 01:25:02', '2024-04-08 01:25:02', NULL),
	(956, 'a58fb809-8088-4314-84c7-4c7ca306b455', 0, NULL, '2024-04-08 01:25:02', 2, '2024-04-08 01:30:02', '2024-04-08 01:30:02', NULL),
	(957, 'f52585c6-bb36-49cd-b30c-cae62044d261', 0, NULL, '2024-04-08 01:30:02', 2, '2024-04-08 01:35:03', '2024-04-08 01:35:03', NULL),
	(958, 'f95b8cdc-9def-4648-abdc-2de519c6e927', 0, NULL, '2024-04-08 01:35:03', 2, '2024-04-08 01:40:02', '2024-04-08 01:40:02', NULL),
	(959, '788e9557-ecd1-46b7-8576-d59bf52df643', 0, NULL, '2024-04-08 01:40:02', 2, '2024-04-08 01:45:02', '2024-04-08 01:45:02', NULL),
	(960, '8276328b-c16f-4b47-97e6-3dea7ddd691b', 0, NULL, '2024-04-08 01:45:02', 2, '2024-04-08 01:50:02', '2024-04-08 01:50:02', NULL),
	(961, '067b36f8-f672-490d-b339-b39625483388', 0, NULL, '2024-04-08 01:50:02', 2, '2024-04-08 01:55:02', '2024-04-08 01:55:02', NULL),
	(962, '77476cfd-e515-4899-91e3-d64c9732b073', 0, NULL, '2024-04-08 01:55:02', 2, '2024-04-08 02:00:02', '2024-04-08 02:00:02', NULL),
	(963, '01510de4-e289-44e3-9fbb-2065a8dfc0e0', 0, NULL, '2024-04-08 02:00:02', 2, '2024-04-08 02:05:02', '2024-04-08 02:05:02', NULL),
	(964, '05511fe4-83ac-478f-87bf-94387fc5dc4c', 0, NULL, '2024-04-08 02:05:02', 2, '2024-04-08 02:10:02', '2024-04-08 02:10:02', NULL),
	(965, 'fee2000d-b860-427f-b2a2-1060c08a29ac', 0, NULL, '2024-04-08 02:10:02', 2, '2024-04-08 02:15:02', '2024-04-08 02:15:02', NULL),
	(966, '599c96dd-2701-432d-b26a-5db8abc06186', 0, NULL, '2024-04-08 02:15:02', 2, '2024-04-08 02:20:02', '2024-04-08 02:20:02', NULL),
	(967, '82e982b5-2507-4bfa-80b0-4ce8c565cb46', 0, NULL, '2024-04-08 02:20:02', 2, '2024-04-08 02:25:02', '2024-04-08 02:25:02', NULL),
	(968, '5092c06f-9613-4364-a43d-261d624cda0a', 0, NULL, '2024-04-08 02:25:02', 2, '2024-04-08 02:30:02', '2024-04-08 02:30:02', NULL),
	(969, '185ef1cf-f407-4db7-9691-70d71b6972c5', 0, NULL, '2024-04-08 02:30:02', 2, '2024-04-08 02:35:02', '2024-04-08 02:35:02', NULL),
	(970, 'be0d2a4e-bdcd-4b51-a7f9-b3b37ee1bf0a', 0, NULL, '2024-04-08 02:35:02', 2, '2024-04-08 02:40:02', '2024-04-08 02:40:02', NULL),
	(971, '5f67361b-b25d-41f3-9384-fa7045ad067b', 0, NULL, '2024-04-08 02:40:02', 2, '2024-04-08 02:45:02', '2024-04-08 02:45:02', NULL),
	(972, '279046ef-b82e-4218-b71f-48aa0bd3e286', 0, NULL, '2024-04-08 02:45:02', 2, '2024-04-08 02:50:02', '2024-04-08 02:50:02', NULL),
	(973, '5d0a3364-a304-4082-b5d2-64fedaa9a39a', 0, NULL, '2024-04-08 02:50:02', 2, '2024-04-08 02:55:02', '2024-04-08 02:55:02', NULL),
	(974, 'f512180a-5421-424f-a74a-038a04886379', 0, NULL, '2024-04-08 02:55:02', 2, '2024-04-08 03:00:03', '2024-04-08 03:00:03', NULL),
	(975, '7dc30788-6da8-4cd8-b838-5b3b9a779acb', 0, NULL, '2024-04-08 03:00:03', 2, '2024-04-08 03:05:02', '2024-04-08 03:05:02', NULL),
	(976, '12ba352a-aa3c-48f7-ac95-16c4c38ea29d', 0, NULL, '2024-04-08 03:05:02', 2, '2024-04-08 03:10:03', '2024-04-08 03:10:03', NULL),
	(977, 'dd693be4-60df-419c-a570-1484af445f35', 0, NULL, '2024-04-08 03:10:03', 2, '2024-04-08 03:15:02', '2024-04-08 03:15:02', NULL),
	(978, '71351de8-fa36-41a1-b96b-5b564534b82a', 0, NULL, '2024-04-08 03:15:02', 2, '2024-04-08 03:20:02', '2024-04-08 03:20:02', NULL),
	(979, 'acd1d533-d7fe-4889-9bae-95ec9ea1c75e', 0, NULL, '2024-04-08 03:20:02', 2, '2024-04-08 03:25:02', '2024-04-08 03:25:02', NULL),
	(980, '5598ba16-5f1e-4be7-b92e-49839e78ffb9', 0, NULL, '2024-04-08 03:25:02', 2, '2024-04-08 03:30:02', '2024-04-08 03:30:02', NULL),
	(981, '534c6fe6-1b24-4f7c-bb2d-a81cadaa9f91', 0, NULL, '2024-04-08 03:30:02', 2, '2024-04-08 03:35:02', '2024-04-08 03:35:02', NULL),
	(982, 'c517e145-d57a-4087-8612-1b86811d4f36', 0, NULL, '2024-04-08 03:35:02', 2, '2024-04-08 03:40:02', '2024-04-08 03:40:02', NULL),
	(983, 'da076711-fbb2-422f-b20e-99d46924b978', 0, NULL, '2024-04-08 03:40:02', 2, '2024-04-08 03:45:02', '2024-04-08 03:45:02', NULL),
	(984, '36421cf1-8000-4940-88d1-d0b97c4894c4', 0, NULL, '2024-04-08 03:45:02', 2, '2024-04-08 03:50:02', '2024-04-08 03:50:02', NULL),
	(985, 'e96e0917-c693-4f98-9524-c197466362d5', 0, NULL, '2024-04-08 03:50:02', 2, '2024-04-08 03:55:02', '2024-04-08 03:55:02', NULL),
	(986, 'e4300462-4613-4d8a-8735-57af87dd8498', 0, NULL, '2024-04-08 03:55:02', 2, '2024-04-08 04:00:02', '2024-04-08 04:00:02', NULL),
	(987, '960f85eb-7243-4549-ac21-d6979d131603', 0, NULL, '2024-04-08 04:00:02', 2, '2024-04-08 04:05:02', '2024-04-08 04:05:02', NULL),
	(988, 'd35698d0-416c-4e85-aba2-99175a7b3df1', 0, NULL, '2024-04-08 04:05:02', 2, '2024-04-08 04:10:02', '2024-04-08 04:10:02', NULL),
	(989, 'fa69b815-0148-440b-909d-d6917e3d5593', 0, NULL, '2024-04-08 04:10:02', 2, '2024-04-08 04:15:02', '2024-04-08 04:15:02', NULL),
	(990, '0a6f9d8d-3694-4bc1-a2d1-da7512b0492c', 0, NULL, '2024-04-08 04:15:02', 2, '2024-04-08 04:20:02', '2024-04-08 04:20:02', NULL),
	(991, '5221f30a-002a-4939-8ed1-400caf856dde', 0, NULL, '2024-04-08 04:20:02', 2, '2024-04-08 04:25:02', '2024-04-08 04:25:02', NULL),
	(992, '21e0741d-7e1e-406f-854a-9b5941752fae', 0, NULL, '2024-04-08 04:25:02', 2, '2024-04-08 04:30:02', '2024-04-08 04:30:02', NULL),
	(993, '3f9c2a73-f56b-4b23-8e56-9b546645c975', 0, NULL, '2024-04-08 04:30:02', 2, '2024-04-08 04:35:02', '2024-04-08 04:35:02', NULL),
	(994, 'c7f2c4be-d5c3-40ab-99c4-7ff04987395a', 0, NULL, '2024-04-08 04:35:02', 2, '2024-04-08 04:40:02', '2024-04-08 04:40:02', NULL),
	(995, 'e3975e00-87fd-4bbb-a220-2bf127b8cc0a', 0, NULL, '2024-04-08 04:40:02', 2, '2024-04-08 04:45:02', '2024-04-08 04:45:02', NULL),
	(996, '5d35acdb-58f7-4627-bafe-81725a6eff7b', 0, NULL, '2024-04-08 04:45:02', 2, '2024-04-08 04:50:02', '2024-04-08 04:50:02', NULL),
	(997, '14299662-7452-4bec-aabd-2e1703c03bb9', 0, NULL, '2024-04-08 04:50:02', 2, '2024-04-08 04:55:02', '2024-04-08 04:55:02', NULL),
	(998, '4423e65a-2bb0-4edc-81f9-fe543c1b5902', 0, NULL, '2024-04-08 04:55:02', 2, '2024-04-08 05:00:02', '2024-04-08 05:00:02', NULL),
	(999, '90279f8b-f0e2-4f99-83ac-ed0605fb72bd', 0, NULL, '2024-04-08 05:00:02', 2, '2024-04-08 05:05:02', '2024-04-08 05:05:02', NULL),
	(1000, '3afa9460-a3d6-4b9e-b2a7-15e209ce5c5c', 0, NULL, '2024-04-08 05:05:02', 2, '2024-04-08 05:10:02', '2024-04-08 05:10:02', NULL),
	(1001, 'e3cd1a4e-486f-4ad9-b705-c66bb173d787', 0, NULL, '2024-04-08 05:10:02', 2, '2024-04-08 05:15:01', '2024-04-08 05:15:01', NULL),
	(1002, '2412570e-c622-4057-aa9a-496add37feb2', 0, NULL, '2024-04-08 05:15:01', 2, '2024-04-08 05:20:02', '2024-04-08 05:20:02', NULL),
	(1003, 'cd604adf-bc07-4ad0-84f3-0cdc1f916fbc', 0, NULL, '2024-04-08 05:20:02', 2, '2024-04-08 05:25:02', '2024-04-08 05:25:02', NULL),
	(1004, '76565c71-069c-4d9e-94dc-15b9d4269867', 0, NULL, '2024-04-08 05:25:02', 2, '2024-04-08 05:30:02', '2024-04-08 05:30:02', NULL),
	(1005, '8e07c590-d547-46be-b113-446f83e8c96a', 0, NULL, '2024-04-08 05:30:02', 2, '2024-04-08 05:35:03', '2024-04-08 05:35:03', NULL),
	(1006, '074d0d3d-c8c9-471d-a010-277c87b78161', 0, NULL, '2024-04-08 05:35:03', 2, '2024-04-08 05:40:02', '2024-04-08 05:40:02', NULL),
	(1007, '77c10c19-35c6-496b-a708-2dde4a3d23d7', 0, NULL, '2024-04-08 05:40:02', 2, '2024-04-08 05:45:02', '2024-04-08 05:45:02', NULL),
	(1008, 'caba7230-5cc4-40af-995c-4330941ea303', 0, NULL, '2024-04-08 05:45:02', 2, '2024-04-08 05:50:02', '2024-04-08 05:50:02', NULL),
	(1009, '338cbb3c-b78c-4bb5-8ba6-270fb2ec9307', 0, NULL, '2024-04-08 05:50:02', 2, '2024-04-08 05:55:02', '2024-04-08 05:55:02', NULL),
	(1010, '40a90270-8764-46f7-9bf0-555b691eb4f5', 0, NULL, '2024-04-08 05:55:02', 2, '2024-04-08 06:00:02', '2024-04-08 06:00:02', NULL),
	(1011, '9b227f4e-141e-4be1-99c9-223e28e12eb2', 0, NULL, '2024-04-08 06:00:02', 2, '2024-04-08 06:05:02', '2024-04-08 06:05:02', NULL),
	(1012, '105cd7eb-8735-441e-9684-e5f79d75cd75', 0, NULL, '2024-04-08 06:05:02', 2, '2024-04-08 06:10:02', '2024-04-08 06:10:02', NULL),
	(1013, 'e3cbd0a2-cdcb-44e7-9816-54d3b3637bd0', 0, NULL, '2024-04-08 06:10:02', 2, '2024-04-08 06:15:02', '2024-04-08 06:15:02', NULL),
	(1014, '52a739c2-db46-44de-94bb-dbfafc951cf0', 0, NULL, '2024-04-08 06:15:02', 2, '2024-04-08 06:20:02', '2024-04-08 06:20:02', NULL),
	(1015, 'd3f03f9c-0148-4c64-8772-c0afe95c22b6', 0, NULL, '2024-04-08 06:20:02', 2, '2024-04-08 06:25:02', '2024-04-08 06:25:02', NULL),
	(1016, '2e7391a4-e7d4-4e30-af8e-d681a2e97092', 0, NULL, '2024-04-08 06:25:02', 2, '2024-04-08 06:30:02', '2024-04-08 06:30:02', NULL),
	(1017, '07cf96fe-3d1e-44dd-906f-af852c9385fa', 0, NULL, '2024-04-08 06:30:02', 2, '2024-04-08 06:35:02', '2024-04-08 06:35:02', NULL),
	(1018, 'd639bbcb-f279-4c88-b4cc-fa81c9b1ab15', 0, NULL, '2024-04-08 06:35:02', 2, '2024-04-08 06:40:02', '2024-04-08 06:40:02', NULL),
	(1019, 'd806ba04-14a3-437a-a286-2b7d51ee93ce', 0, NULL, '2024-04-08 06:40:02', 2, '2024-04-08 06:45:02', '2024-04-08 06:45:02', NULL),
	(1020, 'efc5632a-d458-44bc-a72b-74f6fbf6bd0b', 0, NULL, '2024-04-08 06:45:02', 2, '2024-04-08 06:50:02', '2024-04-08 06:50:02', NULL),
	(1021, '5023a0d4-95d4-4c63-93d5-190355875db1', 0, NULL, '2024-04-08 06:50:02', 2, '2024-04-08 06:55:02', '2024-04-08 06:55:02', NULL),
	(1022, '5d7fb303-69b0-498f-8a27-79148b73dae5', 0, NULL, '2024-04-08 06:55:02', 2, '2024-04-08 07:00:02', '2024-04-08 07:00:02', NULL),
	(1023, 'df33fe85-5f2b-4c18-84fb-c2f765911d5e', 0, NULL, '2024-04-08 07:00:02', 2, '2024-04-08 07:05:02', '2024-04-08 07:05:02', NULL),
	(1024, 'd9bf46e3-8c45-4d0b-ad03-c5edcd2e53b7', 0, NULL, '2024-04-08 07:05:02', 2, '2024-04-08 07:10:02', '2024-04-08 07:10:02', NULL),
	(1025, '718cbc9e-91ab-47ed-a4ba-ea4b1d047499', 0, NULL, '2024-04-08 07:10:02', 2, '2024-04-08 07:15:02', '2024-04-08 07:15:02', NULL),
	(1026, '37b80a23-5ce0-4f17-96c8-1ac97d0723f4', 0, NULL, '2024-04-08 07:15:02', 2, '2024-04-08 07:20:02', '2024-04-08 07:20:02', NULL),
	(1027, '28b4fc95-2c4b-4f2c-92cb-43ef4aa14e4f', 0, NULL, '2024-04-08 07:20:02', 2, '2024-04-08 07:25:02', '2024-04-08 07:25:02', NULL),
	(1028, '6435b439-799c-4274-9330-7ab8797089b4', 0, NULL, '2024-04-08 07:25:02', 2, '2024-04-08 07:30:03', '2024-04-08 07:30:03', NULL),
	(1029, 'e91088d2-dc8e-4871-9e02-7ef16f81532b', 0, NULL, '2024-04-08 07:30:03', 2, '2024-04-08 07:35:02', '2024-04-08 07:35:02', NULL),
	(1030, '23592479-223e-4c2d-8faa-0fcbf576efba', 0, NULL, '2024-04-08 07:35:02', 2, '2024-04-08 07:40:02', '2024-04-08 07:40:02', NULL),
	(1031, '6bc1edad-000a-4045-8f2e-e978458b14e7', 0, NULL, '2024-04-08 07:40:02', 2, '2024-04-08 07:45:02', '2024-04-08 07:45:02', NULL),
	(1032, '23b01514-4665-4681-aa84-6714883fab1b', 0, NULL, '2024-04-08 07:45:02', 2, '2024-04-08 07:50:02', '2024-04-08 07:50:02', NULL),
	(1033, '49733443-e9da-47ff-9217-1c8dba8d9e59', 0, NULL, '2024-04-08 07:50:02', 2, '2024-04-08 07:55:03', '2024-04-08 07:55:03', NULL),
	(1034, '65793733-566f-4000-8496-2813603e1900', 0, NULL, '2024-04-08 07:55:03', 2, '2024-04-08 08:00:03', '2024-04-08 08:00:03', NULL),
	(1035, 'a68c837a-1544-4629-815b-33a16d7931fa', 0, NULL, '2024-04-08 08:00:03', 2, '2024-04-08 08:05:02', '2024-04-08 08:05:02', NULL),
	(1036, '68ad7453-f514-4a1e-838d-9daf80714c48', 0, NULL, '2024-04-08 08:05:02', 2, '2024-04-08 08:10:02', '2024-04-08 08:10:02', NULL),
	(1037, '57a61074-0191-4d3d-bfa3-3c9d464520f9', 0, NULL, '2024-04-08 08:10:02', 2, '2024-04-08 08:15:02', '2024-04-08 08:15:02', NULL),
	(1038, '03660c1e-94dc-4c15-ac47-b35620ad4ecf', 0, NULL, '2024-04-08 08:15:02', 2, '2024-04-08 08:20:02', '2024-04-08 08:20:02', NULL),
	(1039, '8bc8afe8-fe92-4604-92b9-20c00fe5a7df', 0, NULL, '2024-04-08 08:20:02', 2, '2024-04-08 08:25:02', '2024-04-08 08:25:02', NULL),
	(1040, 'aa2ab469-b5a1-46c6-a19f-b4884d50ee6e', 0, NULL, '2024-04-08 08:25:02', 2, '2024-04-08 08:30:02', '2024-04-08 08:30:02', NULL),
	(1041, 'c42fd2d3-cd2b-49f1-acfc-f0fe6375ba4d', 0, NULL, '2024-04-08 08:30:02', 2, '2024-04-08 08:35:02', '2024-04-08 08:35:02', NULL),
	(1042, '6409fa79-fab2-40ea-9a6c-51297060e0fd', 0, NULL, '2024-04-08 08:35:02', 2, '2024-04-08 08:40:02', '2024-04-08 08:40:02', NULL),
	(1043, '3b7b4ab2-387d-4f2b-926d-17d686dab52f', 0, NULL, '2024-04-08 08:40:02', 2, '2024-04-08 08:45:02', '2024-04-08 08:45:02', NULL),
	(1044, '13b379af-5498-4be8-8900-32d279eeef34', 0, NULL, '2024-04-08 08:45:02', 2, '2024-04-08 08:50:02', '2024-04-08 08:50:02', NULL),
	(1045, '9e606d7e-966a-4fd4-a1f2-198ccd7c399f', 0, NULL, '2024-04-08 08:50:02', 2, '2024-04-08 08:55:02', '2024-04-08 08:55:02', NULL),
	(1046, '02fa5f54-23a4-45b5-bdec-2fe778c37f4f', 0, NULL, '2024-04-08 08:55:02', 2, '2024-04-08 09:00:02', '2024-04-08 09:00:02', NULL),
	(1047, 'ff011cfe-64f6-4d90-a4fc-de0622bb9a84', 0, NULL, '2024-04-08 09:00:02', 2, '2024-04-08 09:05:02', '2024-04-08 09:05:02', NULL),
	(1048, '5958ef6f-265f-4911-a081-96c3943fc4bc', 0, NULL, '2024-04-08 09:05:02', 2, '2024-04-08 09:10:02', '2024-04-08 09:10:02', NULL),
	(1049, '22ec790e-d975-449b-9f89-bd3aba7655cd', 0, NULL, '2024-04-08 09:10:02', 2, '2024-04-08 09:15:02', '2024-04-08 09:15:02', NULL),
	(1050, '656019b4-e3fa-4388-9ba3-8bd50b3339ec', 0, NULL, '2024-04-08 09:15:02', 2, '2024-04-08 09:20:03', '2024-04-08 09:20:03', NULL),
	(1051, 'feeb3b1e-9e46-4c5f-a036-aad0eb2a8a91', 0, NULL, '2024-04-08 09:20:03', 2, '2024-04-08 09:25:03', '2024-04-08 09:25:03', NULL),
	(1052, 'a24ceae5-8439-4d28-9919-b9d8d990674e', 0, NULL, '2024-04-08 09:25:03', 2, '2024-04-08 09:30:02', '2024-04-08 09:30:02', NULL),
	(1053, 'a68d182f-390c-48ff-b4de-b79ffb1e1663', 0, NULL, '2024-04-08 09:30:02', 2, '2024-04-08 09:35:02', '2024-04-08 09:35:02', NULL),
	(1054, '3c7d9663-3c54-470f-b10e-bbc89a3a461f', 0, NULL, '2024-04-08 09:35:02', 2, '2024-04-08 09:40:02', '2024-04-08 09:40:02', NULL),
	(1055, 'c1581006-9d61-453a-9931-dec4a05c13c8', 0, NULL, '2024-04-08 09:40:02', 2, '2024-04-08 09:45:03', '2024-04-08 09:45:03', NULL),
	(1056, 'a70cba4e-cf4a-463c-88a8-4d8acd783da6', 0, NULL, '2024-04-08 09:45:03', 2, '2024-04-08 09:50:02', '2024-04-08 09:50:02', NULL),
	(1057, 'd6fd2533-c49b-4ecd-94c4-17c3a218114d', 0, NULL, '2024-04-08 09:50:02', 2, '2024-04-08 09:55:02', '2024-04-08 09:55:02', NULL),
	(1058, 'b9dca9c2-95ff-47e8-a324-1a92b0269a21', 0, NULL, '2024-04-08 09:55:02', 2, '2024-04-08 10:00:02', '2024-04-08 10:00:02', NULL),
	(1059, 'b727e44b-459b-45eb-a62b-68cbd0137dfd', 0, NULL, '2024-04-08 10:00:02', 2, '2024-04-08 10:05:02', '2024-04-08 10:05:02', NULL),
	(1060, '3d2a9eff-b35f-44e3-be17-e2b18f4b0de3', 0, NULL, '2024-04-08 10:05:02', 2, '2024-04-08 10:10:02', '2024-04-08 10:10:02', NULL),
	(1061, 'ea8d734d-c600-4a1c-a6e3-07d2058df2f7', 0, NULL, '2024-04-08 10:10:02', 2, '2024-04-08 10:15:02', '2024-04-08 10:15:02', NULL),
	(1062, '3dbb8949-30cc-4493-a6ad-21ea485749ea', 0, NULL, '2024-04-08 10:15:02', 2, '2024-04-08 10:20:02', '2024-04-08 10:20:02', NULL),
	(1063, '9a3e755f-296c-4b01-9cf9-1dda81e0bdc1', 0, NULL, '2024-04-08 10:20:02', 2, '2024-04-08 10:25:02', '2024-04-08 10:25:02', NULL),
	(1064, '78c2640f-1531-44f0-9dfd-818e6eed7fd3', 0, NULL, '2024-04-08 10:25:02', 2, '2024-04-08 10:30:02', '2024-04-08 10:30:02', NULL),
	(1065, 'f14ba5ce-6a81-44fc-839d-afdd1f127a6f', 0, NULL, '2024-04-08 10:30:02', 2, '2024-04-08 10:35:02', '2024-04-08 10:35:02', NULL),
	(1066, '1583bd6e-0cb3-4ab2-b4a5-d652a31d0322', 0, NULL, '2024-04-08 10:35:02', 2, '2024-04-08 10:40:02', '2024-04-08 10:40:02', NULL),
	(1067, '87a4dc76-cfee-4265-a758-04fb50738002', 0, NULL, '2024-04-08 10:40:02', 2, '2024-04-08 10:45:02', '2024-04-08 10:45:02', NULL),
	(1068, 'e5a25f9a-cae5-4d83-9038-dd6188057809', 0, NULL, '2024-04-08 10:45:02', 2, '2024-04-08 10:50:02', '2024-04-08 10:50:02', NULL),
	(1069, 'e49ff68e-6158-4598-b459-fc623bf10329', 0, NULL, '2024-04-08 10:50:02', 2, '2024-04-08 10:55:02', '2024-04-08 10:55:02', NULL),
	(1070, 'e76d3901-898c-406c-8345-a7b7e9d396a0', 0, NULL, '2024-04-08 10:55:02', 2, '2024-04-08 11:00:02', '2024-04-08 11:00:02', NULL),
	(1071, '5bb666af-385b-4c69-b7e3-95b0a16c31da', 0, NULL, '2024-04-08 11:00:02', 2, '2024-04-08 11:05:02', '2024-04-08 11:05:02', NULL),
	(1072, '9fa5eb51-0691-4eaa-9b1e-0baec08a442e', 0, NULL, '2024-04-08 11:05:02', 2, '2024-04-08 11:10:02', '2024-04-08 11:10:02', NULL),
	(1073, '2c0a6873-a7ab-4214-aea5-1c9e1de72719', 0, NULL, '2024-04-08 11:10:02', 2, '2024-04-08 11:15:02', '2024-04-08 11:15:02', NULL),
	(1074, 'fd0c859f-793b-493e-b171-a3c3be0adaf7', 0, NULL, '2024-04-08 11:15:02', 2, '2024-04-08 11:20:02', '2024-04-08 11:20:02', NULL),
	(1075, '4ce602f2-086e-4644-996a-52c9dcae6154', 0, NULL, '2024-04-08 11:20:02', 2, '2024-04-08 11:25:02', '2024-04-08 11:25:02', NULL),
	(1076, 'a53da9a7-e06c-4baf-a6b2-07f0d9c45379', 0, NULL, '2024-04-08 11:25:02', 2, '2024-04-08 11:30:02', '2024-04-08 11:30:02', NULL),
	(1077, 'cdba6eb6-7d5b-413d-8802-c94dfc4b2b79', 0, NULL, '2024-04-08 11:30:02', 2, '2024-04-08 11:35:03', '2024-04-08 11:35:03', NULL),
	(1078, '9a1ad154-2c77-4602-90e4-4964ff68888d', 0, NULL, '2024-04-08 11:35:03', 2, '2024-04-08 11:40:01', '2024-04-08 11:40:01', NULL),
	(1079, '82e91705-7d7d-4f00-b670-3b6c6c29c7bd', 0, NULL, '2024-04-08 11:40:01', 2, '2024-04-08 11:45:02', '2024-04-08 11:45:02', NULL),
	(1080, '7e3fde92-5b30-4a51-b64c-7365f1497ef7', 0, NULL, '2024-04-08 11:45:02', 2, '2024-04-08 11:50:02', '2024-04-08 11:50:02', NULL),
	(1081, 'a7832c0c-3acf-4743-a350-069b9ac8d4e9', 0, NULL, '2024-04-08 11:50:02', 2, '2024-04-08 11:55:03', '2024-04-08 11:55:03', NULL),
	(1082, '7588b8b2-8d30-4923-a377-9b4a44aaa627', 0, NULL, '2024-04-08 11:55:03', 2, '2024-04-08 12:00:02', '2024-04-08 12:00:02', NULL),
	(1083, '940b077b-342b-49f3-bed7-a7feb225e16f', 0, NULL, '2024-04-08 12:00:02', 2, '2024-04-08 12:05:02', '2024-04-08 12:05:02', NULL),
	(1084, '4d958b98-8aa6-46f8-82cf-8007e91cfcd1', 0, NULL, '2024-04-08 12:05:02', 2, '2024-04-08 12:10:02', '2024-04-08 12:10:02', NULL),
	(1085, 'dd929f4e-07e2-4078-aad6-9376f0027668', 0, NULL, '2024-04-08 12:10:02', 2, '2024-04-08 12:15:02', '2024-04-08 12:15:02', NULL),
	(1086, 'cda5c948-f90e-4fcf-b3ed-2fe86383eb90', 0, NULL, '2024-04-08 12:15:02', 2, '2024-04-08 12:20:02', '2024-04-08 12:20:02', NULL),
	(1087, 'f2aee62d-3f22-4712-b472-5dd801360f6c', 0, NULL, '2024-04-08 12:20:02', 2, '2024-04-08 12:25:03', '2024-04-08 12:25:03', NULL),
	(1088, '294badc7-3cd1-4de5-9564-41352618dc06', 0, NULL, '2024-04-08 12:25:03', 2, '2024-04-08 12:30:02', '2024-04-08 12:30:02', NULL),
	(1089, '0963f1f9-24b9-4df3-99c4-88acabe5b342', 0, NULL, '2024-04-08 12:30:02', 2, '2024-04-08 12:35:02', '2024-04-08 12:35:02', NULL),
	(1090, 'aa9acfd9-4632-4327-8c4f-df0612f99db4', 0, NULL, '2024-04-08 12:35:02', 2, '2024-04-08 12:40:02', '2024-04-08 12:40:02', NULL),
	(1091, '7eb2ea46-e4fe-47ca-bf38-86bbecad1c29', 0, NULL, '2024-04-08 12:40:02', 2, '2024-04-08 12:45:02', '2024-04-08 12:45:02', NULL),
	(1092, '2d9dc8ee-d7ed-40d3-8450-3c380b1a27fe', 0, NULL, '2024-04-08 12:45:02', 2, '2024-04-08 12:50:02', '2024-04-08 12:50:02', NULL),
	(1093, '814409a3-b52e-4fdb-ad23-274abb890cef', 0, NULL, '2024-04-08 12:50:02', 2, '2024-04-08 12:55:02', '2024-04-08 12:55:02', NULL),
	(1094, 'a2da6088-51bf-4fa4-afbf-6d116fb8cf03', 0, NULL, '2024-04-08 12:55:02', 2, '2024-04-08 13:00:02', '2024-04-08 13:00:02', NULL),
	(1095, 'cdb58a1a-6350-4a1b-960a-c3433e23ea1c', 0, NULL, '2024-04-08 13:00:02', 2, '2024-04-08 13:05:02', '2024-04-08 13:05:02', NULL),
	(1096, 'ce3cb213-eb4a-492b-882c-2f2de72287c3', 0, NULL, '2024-04-08 13:05:02', 2, '2024-04-08 13:10:02', '2024-04-08 13:10:02', NULL),
	(1097, 'f800deff-1717-4c21-a927-2bf2284045a2', 0, NULL, '2024-04-08 13:10:02', 2, '2024-04-08 13:15:02', '2024-04-08 13:15:02', NULL),
	(1098, '8086a653-8943-4857-abae-2d0a0bdda406', 0, NULL, '2024-04-08 13:15:02', 2, '2024-04-08 13:20:03', '2024-04-08 13:20:03', NULL),
	(1099, '4f742e23-b0c0-4268-aa5d-a2c37d72968d', 0, NULL, '2024-04-08 13:20:03', 2, '2024-04-08 13:25:02', '2024-04-08 13:25:02', NULL),
	(1100, 'daa37a6d-2a99-401f-8097-7fae8b729f1c', 0, NULL, '2024-04-08 13:25:02', 2, '2024-04-08 13:30:02', '2024-04-08 13:30:02', NULL),
	(1101, '5b05e1be-58e3-427e-8a49-7db4a95c92c7', 0, NULL, '2024-04-08 13:30:02', 2, '2024-04-08 13:35:02', '2024-04-08 13:35:02', NULL),
	(1102, 'fdd80c44-503d-4057-96c1-127e5f7d175d', 0, NULL, '2024-04-08 13:35:02', 2, '2024-04-08 13:40:02', '2024-04-08 13:40:02', NULL),
	(1103, '767a71f3-e814-4b33-9784-38b3bd5adb1b', 0, NULL, '2024-04-08 13:40:02', 2, '2024-04-08 13:45:02', '2024-04-08 13:45:02', NULL),
	(1104, '1f22ea59-b3a8-4e2b-8334-812ca362b879', 0, NULL, '2024-04-08 13:45:02', 2, '2024-04-08 13:50:03', '2024-04-08 13:50:03', NULL),
	(1105, '8bed791e-20f0-4d58-a08c-e8533d43fa18', 0, NULL, '2024-04-08 13:50:03', 2, '2024-04-08 13:55:02', '2024-04-08 13:55:02', NULL),
	(1106, '0827dd03-264f-4de2-ba2f-8849dd433850', 0, NULL, '2024-04-08 13:55:02', 2, '2024-04-08 14:00:02', '2024-04-08 14:00:02', NULL),
	(1107, '220c0ba4-6b2e-4271-9c89-dc365b7e1bec', 0, NULL, '2024-04-08 14:00:02', 2, '2024-04-08 14:05:02', '2024-04-08 14:05:02', NULL),
	(1108, '99a211ab-ad6a-4fc5-892d-c93b8e23723f', 0, NULL, '2024-04-08 14:05:02', 2, '2024-04-08 14:10:02', '2024-04-08 14:10:02', NULL),
	(1109, '470e6c02-3973-4e8a-b3fc-d9a43823f58f', 0, NULL, '2024-04-08 14:10:02', 2, '2024-04-08 14:15:02', '2024-04-08 14:15:02', NULL),
	(1110, 'ed479be6-8129-4520-9878-c82ca8688ae0', 0, NULL, '2024-04-08 14:15:02', 2, '2024-04-08 14:20:02', '2024-04-08 14:20:02', NULL),
	(1111, 'b6e9f72c-e437-4693-b987-143810a500f6', 0, NULL, '2024-04-08 14:20:02', 2, '2024-04-08 14:25:02', '2024-04-08 14:25:02', NULL),
	(1112, 'b8ebabee-f94a-41e6-82a3-9cc49a157012', 0, NULL, '2024-04-08 14:25:02', 2, '2024-04-08 14:30:02', '2024-04-08 14:30:02', NULL),
	(1113, 'ad0550c6-390e-4e94-8c79-fb308b695485', 0, NULL, '2024-04-08 14:30:02', 2, '2024-04-08 14:35:02', '2024-04-08 14:35:02', NULL),
	(1114, 'a4b96129-65b0-4abd-8103-7f475991aeac', 0, NULL, '2024-04-08 14:35:02', 2, '2024-04-08 14:40:02', '2024-04-08 14:40:02', NULL),
	(1115, 'a8aa1d4e-537b-422f-8c55-c048d8a02688', 0, NULL, '2024-04-08 14:40:02', 2, '2024-04-08 14:45:02', '2024-04-08 14:45:02', NULL),
	(1116, '4bc69fc6-6288-4698-82a8-fecaca4261e7', 0, NULL, '2024-04-08 14:45:02', 2, '2024-04-08 14:50:02', '2024-04-08 14:50:02', NULL),
	(1117, '67c41646-60a5-422f-bd5e-c49a1b1ec28f', 0, NULL, '2024-04-08 14:50:02', 2, '2024-04-08 14:55:02', '2024-04-08 14:55:02', NULL),
	(1118, 'a4a5054f-c351-4a25-bcac-4f6fb6ca1ea5', 0, NULL, '2024-04-08 14:55:02', 2, '2024-04-08 15:00:03', '2024-04-08 15:00:03', NULL),
	(1119, 'c4600bab-8451-4fb4-bce7-9f6cee2f209e', 0, NULL, '2024-04-08 15:00:03', 2, '2024-04-08 15:05:02', '2024-04-08 15:05:02', NULL),
	(1120, '76f958bd-b6bb-4f33-ac2d-acf63bf1664d', 0, NULL, '2024-04-08 15:05:02', 2, '2024-04-08 15:10:02', '2024-04-08 15:10:02', NULL),
	(1121, 'b6a83898-a85d-4ec9-b02c-e2c481ea6c31', 0, NULL, '2024-04-08 15:10:02', 2, '2024-04-08 15:15:02', '2024-04-08 15:15:02', NULL),
	(1122, '352ab4d8-cd49-448e-b9e5-966c214b9d35', 0, NULL, '2024-04-08 15:15:02', 2, '2024-04-08 15:20:02', '2024-04-08 15:20:02', NULL),
	(1123, 'e52a7583-b444-49cb-8ca5-e0dc8e1d42d8', 0, NULL, '2024-04-08 15:20:02', 2, '2024-04-08 15:25:02', '2024-04-08 15:25:02', NULL),
	(1124, '1fe92f87-4efe-45d0-85bc-a8bc8e29a33c', 0, NULL, '2024-04-08 15:25:02', 2, '2024-04-08 15:30:02', '2024-04-08 15:30:02', NULL),
	(1125, 'd487b35a-2de3-4ca4-b7dc-fba316e277c1', 0, NULL, '2024-04-08 15:30:02', 2, '2024-04-08 15:35:02', '2024-04-08 15:35:02', NULL),
	(1126, 'bf449212-fa54-4de7-94a5-7367934102c9', 0, NULL, '2024-04-08 15:35:02', 2, '2024-04-08 15:40:02', '2024-04-08 15:40:02', NULL),
	(1127, '6f3bcca1-e842-4f01-80fc-9cd06867c1bf', 0, NULL, '2024-04-08 15:40:02', 2, '2024-04-08 15:45:02', '2024-04-08 15:45:02', NULL),
	(1128, '32aca178-a203-4556-9431-d76b80df5afd', 0, NULL, '2024-04-08 15:45:02', 2, '2024-04-08 15:50:01', '2024-04-08 15:50:01', NULL),
	(1129, 'a7b43b07-92a5-4233-8ac3-e5bf24e109f1', 0, NULL, '2024-04-08 15:50:01', 2, '2024-04-08 15:55:02', '2024-04-08 15:55:02', NULL),
	(1130, '51230393-a541-4e84-a5d4-6f67f68d757f', 0, NULL, '2024-04-08 15:55:02', 2, '2024-04-08 16:00:02', '2024-04-08 16:00:02', NULL),
	(1131, '7e5a2c62-6638-4041-9efe-455c65e1f78d', 0, NULL, '2024-04-08 16:00:02', 2, '2024-04-08 16:05:03', '2024-04-08 16:05:03', NULL),
	(1132, '7dd74d62-58ba-4a8f-aae5-1c1d521604d2', 0, NULL, '2024-04-08 16:05:03', 2, '2024-04-08 16:10:03', '2024-04-08 16:10:03', NULL),
	(1133, '15d16ea6-f137-4be7-a3ec-2ce6fd00f808', 0, NULL, '2024-04-08 16:10:03', 2, '2024-04-08 16:15:02', '2024-04-08 16:15:02', NULL),
	(1134, '94e63806-aeef-450d-a217-8c5a8e548dd4', 0, NULL, '2024-04-08 16:15:02', 2, '2024-04-08 16:20:02', '2024-04-08 16:20:02', NULL),
	(1135, '17daeda0-4ab5-44cd-8dd2-6489f34f9fdc', 0, NULL, '2024-04-08 16:20:02', 2, '2024-04-08 16:25:02', '2024-04-08 16:25:02', NULL),
	(1136, '712ea260-7729-46d0-b76c-8006d96e3de8', 0, NULL, '2024-04-08 16:25:02', 2, '2024-04-08 16:30:02', '2024-04-08 16:30:02', NULL),
	(1137, 'f85b4bbd-1199-4248-afe6-d9e31bf8ec6a', 0, NULL, '2024-04-08 16:30:02', 2, '2024-04-08 16:35:02', '2024-04-08 16:35:02', NULL),
	(1138, '9b0703cf-88e7-4296-b360-d9ecf0edbbc0', 0, NULL, '2024-04-08 16:35:02', 2, '2024-04-08 16:40:02', '2024-04-08 16:40:02', NULL),
	(1139, 'd028d889-c577-4399-b607-e9b7018f99e3', 0, NULL, '2024-04-08 16:40:02', 2, '2024-04-08 16:45:02', '2024-04-08 16:45:02', NULL),
	(1140, '9df876db-5a65-440d-bb2e-2087139ebeb1', 0, NULL, '2024-04-08 16:45:02', 2, '2024-04-08 16:50:02', '2024-04-08 16:50:02', NULL),
	(1141, '7de4b5cf-bc4e-4938-b7c7-83a85623c008', 0, NULL, '2024-04-08 16:50:02', 2, '2024-04-08 16:55:02', '2024-04-08 16:55:02', NULL),
	(1142, '68a179f7-496b-45be-a10e-177a4cd484b3', 0, NULL, '2024-04-08 16:55:02', 2, '2024-04-08 17:00:02', '2024-04-08 17:00:02', NULL),
	(1143, 'fc194ec6-be59-4e38-be52-ffe8d53a61fd', 0, NULL, '2024-04-08 17:00:02', 2, '2024-04-08 17:05:02', '2024-04-08 17:05:02', NULL),
	(1144, '02143760-42ae-429f-a356-fc844c3babff', 0, NULL, '2024-04-08 17:05:02', 2, '2024-04-08 17:10:02', '2024-04-08 17:10:02', NULL),
	(1145, '828c73c3-0aec-4ace-8055-e073d1c7d24d', 0, NULL, '2024-04-08 17:10:02', 2, '2024-04-08 17:15:02', '2024-04-08 17:15:02', NULL),
	(1146, '6aaf4d0b-035b-466b-89b4-7d5beafc712a', 0, NULL, '2024-04-08 17:15:02', 2, '2024-04-08 17:20:03', '2024-04-08 17:20:03', NULL),
	(1147, 'bf7461a4-3b08-4075-b1da-a1a5df4b6059', 0, NULL, '2024-04-08 17:20:03', 2, '2024-04-08 17:25:02', '2024-04-08 17:25:02', NULL),
	(1148, '57e3edb3-5da7-4679-91ca-a9d1dfdf6858', 0, NULL, '2024-04-08 17:25:02', 2, '2024-04-08 17:30:02', '2024-04-08 17:30:02', NULL),
	(1149, '8a17a5ef-d12d-4ae5-8ddc-4d3008ab9132', 0, NULL, '2024-04-08 17:30:02', 2, '2024-04-08 17:35:02', '2024-04-08 17:35:02', NULL),
	(1150, '6060e63f-d55f-440a-b7d7-352b9c2f8d6f', 0, NULL, '2024-04-08 17:35:02', 2, '2024-04-08 17:40:03', '2024-04-08 17:40:03', NULL),
	(1151, 'fcb6ba86-554b-495c-af77-5c638ef820c6', 0, NULL, '2024-04-08 17:40:03', 2, '2024-04-08 17:45:01', '2024-04-08 17:45:01', NULL),
	(1152, 'd4e3c309-5476-45b2-8dd2-4b3c8d7ed122', 0, NULL, '2024-04-08 17:45:01', 2, '2024-04-08 17:50:02', '2024-04-08 17:50:02', NULL),
	(1153, 'bfc165fa-08f1-4b58-92c4-e0cf49e8a231', 0, NULL, '2024-04-08 17:50:02', 2, '2024-04-08 17:55:02', '2024-04-08 17:55:02', NULL),
	(1154, '51570459-2b89-4dbd-92fe-205f7f38542f', 0, NULL, '2024-04-08 17:55:02', 2, '2024-04-08 18:00:03', '2024-04-08 18:00:03', NULL),
	(1155, 'f798a09e-d5ff-462f-9486-6e0d58c14bf4', 0, NULL, '2024-04-08 18:00:03', 2, '2024-04-08 18:05:03', '2024-04-08 18:05:03', NULL),
	(1156, '6e7d082f-bd43-4a9a-abf5-f1d8007e10a9', 0, NULL, '2024-04-08 18:05:03', 2, '2024-04-08 18:10:02', '2024-04-08 18:10:02', NULL),
	(1157, '6580edf7-763f-4a4f-b824-faee882ac131', 0, NULL, '2024-04-08 18:10:02', 2, '2024-04-08 18:15:02', '2024-04-08 18:15:02', NULL),
	(1158, '4ce297b8-4f47-4545-8db8-c119098a3c37', 0, NULL, '2024-04-08 18:15:02', 2, '2024-04-08 18:20:02', '2024-04-08 18:20:02', NULL),
	(1159, '85c27bbe-e011-4f02-a2fe-8fa02e6af812', 0, NULL, '2024-04-08 18:20:02', 2, '2024-04-08 18:25:02', '2024-04-08 18:25:02', NULL),
	(1160, '2bcf375b-ccbd-4be0-b219-37f44621d2b0', 0, NULL, '2024-04-08 18:25:02', 2, '2024-04-08 18:30:02', '2024-04-08 18:30:02', NULL),
	(1161, '36409fce-c674-4aae-bd4a-ccb2d20a3f64', 0, NULL, '2024-04-08 18:30:02', 2, '2024-04-08 18:35:02', '2024-04-08 18:35:02', NULL),
	(1162, 'e2bf417b-8d92-49c4-af3a-79546a3e6519', 0, NULL, '2024-04-08 18:35:02', 2, '2024-04-08 18:40:02', '2024-04-08 18:40:02', NULL),
	(1163, '17335922-88ba-49a3-98e7-0e6a4142bc2f', 0, NULL, '2024-04-08 18:40:02', 2, '2024-04-08 18:45:02', '2024-04-08 18:45:02', NULL),
	(1164, '57236f59-c642-4db4-8ab9-d9ebc86cf7b3', 0, NULL, '2024-04-08 18:45:02', 2, '2024-04-08 18:50:02', '2024-04-08 18:50:02', NULL),
	(1165, '1d964c3e-705e-4705-8751-7d1c7f18367c', 0, NULL, '2024-04-08 18:50:02', 2, '2024-04-08 18:55:02', '2024-04-08 18:55:02', NULL),
	(1166, '2f819cd2-98c6-4250-aaa2-d9174cc335a0', 0, NULL, '2024-04-08 18:55:02', 2, '2024-04-08 19:00:02', '2024-04-08 19:00:02', NULL),
	(1167, '7eae2935-bb0e-4a81-8cf5-26c293a413a1', 0, NULL, '2024-04-08 19:00:02', 2, '2024-04-08 19:05:02', '2024-04-08 19:05:02', NULL),
	(1168, '8f3ce886-e2b3-47da-babb-bd008f1fb747', 0, NULL, '2024-04-08 19:05:02', 2, '2024-04-08 19:10:02', '2024-04-08 19:10:02', NULL),
	(1169, '7e3d435f-e901-4129-88b0-e13a0ca466a9', 0, NULL, '2024-04-08 19:10:02', 2, '2024-04-08 19:15:02', '2024-04-08 19:15:02', NULL),
	(1170, '65341ff6-ca80-42e4-bb36-1b083332c356', 0, NULL, '2024-04-08 19:15:02', 2, '2024-04-08 19:20:02', '2024-04-08 19:20:02', NULL),
	(1171, '2bafbed7-5c8a-4fe9-9c0e-2017729c0988', 0, NULL, '2024-04-08 19:20:02', 2, '2024-04-08 19:25:02', '2024-04-08 19:25:02', NULL),
	(1172, '23575759-b409-4854-bbc5-9c86d675df32', 0, NULL, '2024-04-08 19:25:02', 2, '2024-04-08 19:30:03', '2024-04-08 19:30:03', NULL),
	(1173, '454e946f-e5d9-4116-bb5a-f49cbf808af1', 0, NULL, '2024-04-08 19:30:03', 2, '2024-04-08 19:35:03', '2024-04-08 19:35:03', NULL),
	(1174, '42fdf65b-3a39-4e89-bc88-5e10f5edba6e', 0, NULL, '2024-04-08 19:35:03', 2, '2024-04-08 19:40:02', '2024-04-08 19:40:02', NULL),
	(1175, '481599f9-023a-4d9b-a558-af93fd52671a', 0, NULL, '2024-04-08 19:40:02', 2, '2024-04-08 19:45:02', '2024-04-08 19:45:02', NULL),
	(1176, 'b91ced8b-7bdc-4059-a5df-6b2980419aef', 0, NULL, '2024-04-08 19:45:02', 2, '2024-04-08 19:50:02', '2024-04-08 19:50:02', NULL),
	(1177, '109e7770-62b2-4580-b380-43c4faccf792', 0, NULL, '2024-04-08 19:50:02', 2, '2024-04-08 19:55:02', '2024-04-08 19:55:02', NULL),
	(1178, '88abc99d-6b3e-49e9-8ab7-713edde961b4', 0, NULL, '2024-04-08 19:55:02', 2, '2024-04-08 20:00:03', '2024-04-08 20:00:03', NULL),
	(1179, '0a387cab-06bc-4e80-80f4-e992068128a9', 0, NULL, '2024-04-08 20:00:03', 2, '2024-04-08 20:05:03', '2024-04-08 20:05:03', NULL),
	(1180, '59f043d8-058c-4b3b-8864-cded6dce19ab', 0, NULL, '2024-04-08 20:05:03', 2, '2024-04-08 20:10:02', '2024-04-08 20:10:02', NULL),
	(1181, '94dcc1df-8501-40ef-ae5d-f32decd4ebbe', 0, NULL, '2024-04-08 20:10:02', 2, '2024-04-08 20:15:02', '2024-04-08 20:15:02', NULL),
	(1182, 'f4b70b33-b216-4b1d-ae59-a835ec7ccd27', 0, NULL, '2024-04-08 20:15:02', 2, '2024-04-08 20:20:02', '2024-04-08 20:20:02', NULL),
	(1183, '1a56009a-f3d1-4785-91ad-423b5521e7f6', 0, NULL, '2024-04-08 20:20:02', 2, '2024-04-08 20:25:02', '2024-04-08 20:25:02', NULL),
	(1184, '6670de93-ec7d-4fd4-811d-9a6d24ee93fd', 0, NULL, '2024-04-08 20:25:02', 2, '2024-04-08 20:30:02', '2024-04-08 20:30:02', NULL),
	(1185, 'cd98e248-0147-4b72-adc9-8704bd9d6b86', 0, NULL, '2024-04-08 20:30:02', 2, '2024-04-08 20:35:02', '2024-04-08 20:35:02', NULL),
	(1186, 'a6546505-9897-470a-9702-32000e8666a6', 0, NULL, '2024-04-08 20:35:02', 2, '2024-04-08 20:40:02', '2024-04-08 20:40:02', NULL),
	(1187, 'bef37fe8-db93-42ab-8874-a176b8ba3f56', 0, NULL, '2024-04-08 20:40:02', 2, '2024-04-08 20:45:02', '2024-04-08 20:45:02', NULL),
	(1188, '79276dd7-a443-4e4e-80e3-0a1497b3ad5f', 0, NULL, '2024-04-08 20:45:02', 2, '2024-04-08 20:50:02', '2024-04-08 20:50:02', NULL),
	(1189, '57bb3b7e-aa48-4cf7-9881-902d911f1a5f', 0, NULL, '2024-04-08 20:50:02', 2, '2024-04-08 20:55:02', '2024-04-08 20:55:02', NULL),
	(1190, '39771d47-4895-4538-a66b-eea46c4ef95d', 0, NULL, '2024-04-08 20:55:02', 2, '2024-04-08 21:00:02', '2024-04-08 21:00:02', NULL),
	(1191, 'cc45301a-2272-4496-b06a-65f1832e95ae', 0, NULL, '2024-04-08 21:00:02', 2, '2024-04-08 21:05:02', '2024-04-08 21:05:02', NULL),
	(1192, '6065af2c-e2db-4d49-a31a-85f386c3117e', 0, NULL, '2024-04-08 21:05:02', 2, '2024-04-08 21:10:02', '2024-04-08 21:10:02', NULL),
	(1193, '6ac9350e-9572-424f-bb9b-46c9dc9a273e', 0, NULL, '2024-04-08 21:10:02', 2, '2024-04-08 21:15:02', '2024-04-08 21:15:02', NULL),
	(1194, 'd7ee8976-6709-4636-bd2b-2c0956f66871', 0, NULL, '2024-04-08 21:15:02', 2, '2024-04-08 21:20:02', '2024-04-08 21:20:02', NULL),
	(1195, '0c66fec5-e3df-4a87-93c1-d7e9553f71ff', 0, NULL, '2024-04-08 21:20:02', 2, '2024-04-08 21:25:03', '2024-04-08 21:25:03', NULL),
	(1196, '674eaa1a-bc11-4d26-9dfa-2e42cd80270d', 0, NULL, '2024-04-08 21:25:03', 2, '2024-04-08 21:30:02', '2024-04-08 21:30:02', NULL),
	(1197, '56ebfc6b-1af9-43fd-b03c-988baf4f25a5', 0, NULL, '2024-04-08 21:30:02', 2, '2024-04-08 21:35:02', '2024-04-08 21:35:02', NULL),
	(1198, 'a6d12a76-963d-40e1-abb9-74031af3a1b1', 0, NULL, '2024-04-08 21:35:02', 2, '2024-04-08 21:40:02', '2024-04-08 21:40:02', NULL),
	(1199, 'f3a6af1a-849e-4020-843c-e6ede663b484', 0, NULL, '2024-04-08 21:40:02', 2, '2024-04-08 21:45:02', '2024-04-08 21:45:02', NULL),
	(1200, '5ee60f26-9b82-42c3-9fdb-3ffacb621746', 0, NULL, '2024-04-08 21:45:02', 2, '2024-04-08 21:50:02', '2024-04-08 21:50:02', NULL),
	(1201, '9c80f775-559a-4628-ba0c-6212c5aab138', 0, NULL, '2024-04-08 21:50:02', 2, '2024-04-08 21:55:02', '2024-04-08 21:55:02', NULL),
	(1202, 'de9e317a-4693-46c5-a744-d2dc2c7c4d91', 0, NULL, '2024-04-08 21:55:02', 2, '2024-04-08 22:00:01', '2024-04-08 22:00:01', NULL),
	(1203, 'fc03374a-fe6e-47d8-8de7-0e4d33b5171c', 0, NULL, '2024-04-08 22:00:01', 2, '2024-04-08 22:05:02', '2024-04-08 22:05:02', NULL),
	(1204, 'ab5abe64-6049-4453-ba58-7a39de091356', 0, NULL, '2024-04-08 22:05:02', 2, '2024-04-08 22:10:02', '2024-04-08 22:10:02', NULL),
	(1205, 'cc6b25b9-2f2b-4997-babc-ee3019b2d768', 0, NULL, '2024-04-08 22:10:02', 2, '2024-04-08 22:15:01', '2024-04-08 22:15:01', NULL),
	(1206, 'd6e83dc6-6bdd-422a-9090-d9ddd0cfb341', 0, NULL, '2024-04-08 22:15:01', 2, '2024-04-08 22:20:02', '2024-04-08 22:20:02', NULL),
	(1207, '1d7c2b23-8ea7-4974-8618-96cb56e7126d', 0, NULL, '2024-04-08 22:20:02', 2, '2024-04-08 22:25:02', '2024-04-08 22:25:02', NULL),
	(1208, 'db42c7dc-5429-4042-92df-24457e549e33', 0, NULL, '2024-04-08 22:25:02', 2, '2024-04-08 22:30:02', '2024-04-08 22:30:02', NULL),
	(1209, '78ce7fbb-ed6c-4a6b-9ce0-9387a2113072', 0, NULL, '2024-04-08 22:30:02', 2, '2024-04-08 22:35:02', '2024-04-08 22:35:02', NULL),
	(1210, 'b915152d-ef53-4de6-a3d2-02ff3195f660', 0, NULL, '2024-04-08 22:35:02', 2, '2024-04-08 22:40:02', '2024-04-08 22:40:02', NULL),
	(1211, '9b5736d2-083e-4549-b4d5-bf7ff7668263', 0, NULL, '2024-04-08 22:40:02', 2, '2024-04-08 22:45:02', '2024-04-08 22:45:02', NULL),
	(1212, '120933d4-f0a3-4b9d-9130-384e39381357', 0, NULL, '2024-04-08 22:45:02', 2, '2024-04-08 22:50:02', '2024-04-08 22:50:02', NULL),
	(1213, 'acb482dd-9887-402d-b6e4-052b1b199a52', 0, NULL, '2024-04-08 22:50:02', 2, '2024-04-08 22:55:02', '2024-04-08 22:55:02', NULL),
	(1214, '3333b951-2cdd-4fd2-8b87-4d80e06843a6', 0, NULL, '2024-04-08 22:55:02', 2, '2024-04-08 23:00:02', '2024-04-08 23:00:02', NULL),
	(1215, '8327fbdb-ee42-4065-a5ee-501a0e62844c', 0, NULL, '2024-04-08 23:00:02', 2, '2024-04-08 23:05:02', '2024-04-08 23:05:02', NULL),
	(1216, 'e5bbd666-a641-4286-a469-5842dc7ec0f5', 0, NULL, '2024-04-08 23:05:02', 2, '2024-04-08 23:10:02', '2024-04-08 23:10:02', NULL),
	(1217, 'dc1c3eed-a7cf-4be3-ad00-efc81452260a', 0, NULL, '2024-04-08 23:10:02', 2, '2024-04-08 23:15:02', '2024-04-08 23:15:02', NULL),
	(1218, '78f8d158-aa70-4e88-9342-824648eb8a66', 0, NULL, '2024-04-08 23:15:02', 2, '2024-04-08 23:20:02', '2024-04-08 23:20:02', NULL),
	(1219, 'f8c1340c-e545-40e7-ab4c-8e52714f0204', 0, NULL, '2024-04-08 23:20:02', 2, '2024-04-08 23:25:02', '2024-04-08 23:25:02', NULL),
	(1220, '27bcd1ea-0f6b-4aa7-b88f-d29e88c12111', 0, NULL, '2024-04-08 23:25:02', 2, '2024-04-08 23:30:02', '2024-04-08 23:30:02', NULL),
	(1221, '337ae0bb-475d-4e69-b487-e73a958ae0f4', 0, NULL, '2024-04-08 23:30:02', 2, '2024-04-08 23:35:02', '2024-04-08 23:35:02', NULL),
	(1222, 'dde24fe3-b2e5-4450-be0e-fcd70e93342b', 0, NULL, '2024-04-08 23:35:02', 2, '2024-04-08 23:40:02', '2024-04-08 23:40:02', NULL),
	(1223, '6c01da14-b6a4-408c-bf7d-cac8a695650b', NULL, NULL, '2024-04-08 23:40:02', 1, '2024-04-08 23:45:02', NULL, NULL);

-- Dumping structure for table cpdb.qb_crm_mappings2
