-- http://www.phpmyadmin.net
--




--
-- Database: `iaccountdb`
--

-- --------------------------------------------------------

--
-- Table structure for table `acount_type`
--

CREATE TABLE IF NOT EXISTS `acount_type` (
  `ID` int(11) NOT NULL,
  `accountTypeName` varchar(64) CHARACTER SET utf8 NOT NULL,
  `createdBy` int(11) NOT NULL,
  `created` timestamp NOT NULL DEFAULT CURRENT_TIMESTAMP,
  `updatedBy` int(11) NOT NULL,
  `updatedTS` timestamp NOT NULL DEFAULT '0000-00-00 00:00:00' ON UPDATE CURRENT_TIMESTAMP
) ENGINE=InnoDB DEFAULT CHARSET=latin1;

-- --------------------------------------------------------

--
-- Table structure for table `chat`
--

CREATE TABLE IF NOT EXISTS `chat` (
  `ID` int(11) NOT NULL AUTO_INCREMENT,
  `companyID` int(11) NOT NULL,
  `to` varchar(50) NOT NULL,
  `from` varchar(50) NOT NULL,
  `message` text NOT NULL,
  `sent` datetime NOT NULL,
  `recd` datetime NOT NULL,
  `createdID` int(11) NOT NULL,
  `createdTS` timestamp NOT NULL DEFAULT CURRENT_TIMESTAMP,
  PRIMARY KEY (`ID`),
  KEY `to` (`to`),
  KEY `from` (`from`)
) ENGINE=InnoDB DEFAULT CHARSET=latin1 ROW_FORMAT=COMPACT AUTO_INCREMENT=1 ;

-- --------------------------------------------------------

--
-- Table structure for table `chats`
--

CREATE TABLE IF NOT EXISTS `chats` (
  `id` int(5) unsigned NOT NULL AUTO_INCREMENT,
  `message` text NOT NULL,
  `time` int(11) NOT NULL,
  PRIMARY KEY (`id`)
) ENGINE=InnoDB  DEFAULT CHARSET=utf8 AUTO_INCREMENT=6 ;

--
-- Dumping data for table `chats`
--

INSERT INTO `chats` (`id`, `message`, `time`) VALUES
(1, 'tt', 5),
(2, 'dd', 1405566701),
(3, 'sds', 1405566704),
(4, 'ere', 1407286457),
(5, 'yuhuu', 1407286549);

-- --------------------------------------------------------

--
-- Table structure for table `ci_users`
--

CREATE TABLE IF NOT EXISTS `ci_users` (
  `user_id` int(11) NOT NULL AUTO_INCREMENT,
  `user_name` varchar(255) NOT NULL,
  `user_email` varchar(255) NOT NULL,
  `user_password` varchar(255) NOT NULL,
  `registered_date` datetime NOT NULL,
  `status` int(5) NOT NULL,
  `online` int(5) NOT NULL,
  PRIMARY KEY (`user_id`,`user_email`)
) ENGINE=InnoDB DEFAULT CHARSET=latin1 AUTO_INCREMENT=1 ;

-- --------------------------------------------------------

--
-- Table structure for table `company`
--

CREATE TABLE IF NOT EXISTS `company` (
  `ID` int(11) NOT NULL AUTO_INCREMENT,
  `companyName` varchar(128) NOT NULL,
  `companyNo` varchar(16) NOT NULL,
  `incorporateDate` date NOT NULL,
  `businessTypeID` int(11) NOT NULL,
  `line1` varchar(128) NOT NULL,
  `line2` varchar(128) NOT NULL,
  `line3` varchar(128) NOT NULL,
  `city` varchar(128) NOT NULL,
  `companyPostCode` varchar(8) NOT NULL,
  `companyStateID` int(11) NOT NULL,
  `phoneNo` varchar(16) NOT NULL,
  `faxNo` varchar(16) NOT NULL,
  `email` varchar(32) NOT NULL,
  `website` varchar(32) NOT NULL,
  `uploadLogo` varchar(64) NOT NULL,
  `currencyID` int(11) NOT NULL,
  `languageID` int(11) NOT NULL,
  `countryID` int(11) NOT NULL,
  `muslimShareholder` double NOT NULL,
  `gstRegisteredNo` varchar(16) NOT NULL,
  `gstRegisteredDate` date NOT NULL,
  `gstSubmissionBuffer` int(16) NOT NULL,
  `dateFormat` int(16) NOT NULL DEFAULT '1',
  `createdBy` int(11) NOT NULL,
  `createdTS` timestamp NOT NULL DEFAULT CURRENT_TIMESTAMP,
  `updatedBy` int(11) NOT NULL,
  `updatedTS` timestamp NOT NULL DEFAULT '0000-00-00 00:00:00' ON UPDATE CURRENT_TIMESTAMP,
  `is_delete` smallint(6) NOT NULL,
  PRIMARY KEY (`ID`)
) ENGINE=InnoDB  DEFAULT CHARSET=latin1 AUTO_INCREMENT=85 ;

--
-- Dumping data for table `company`
--

INSERT INTO `company` (`ID`, `companyName`, `companyNo`, `incorporateDate`, `businessTypeID`, `line1`, `line2`, `line3`, `city`, `companyPostCode`, `companyStateID`, `phoneNo`, `faxNo`, `email`, `website`, `uploadLogo`, `currencyID`, `languageID`, `countryID`, `muslimShareholder`, `gstRegisteredNo`, `gstRegisteredDate`, `gstSubmissionBuffer`, `dateFormat`, `createdBy`, `createdTS`, `updatedBy`, `updatedTS`, `is_delete`) VALUES
(1, 'Salihin IT Solution Sdn Bhd', '929958-P', '2014-06-26', 1, 'no 1 jalan 1/1,', 'off jalan line 2,', 'main road jalan 3,', 'bangsar,', '55000,', 0, '603-61859970', '603-61857788', '0', '0', '929958-P.JPG', 1, 0, 458, 100, '0', '1983-01-05', 6, 1, 0, '2014-04-24 04:32:22', 0, '2014-07-24 02:58:57', 0),
(2, 'Salihin GST Services Sdn Bhd', '939934-P', '0000-00-00', 1, '', '', '', '', '0', 0, '0', '0', '0', '0', '0', 1, 0, 458, 0, '', '0000-00-00', 0, 1, 0, '2014-04-24 04:54:31', 0, '2014-07-24 03:08:36', 0),
(3, 'Salihin Consulting Sdn Bhd', '934278-P', '1970-01-01', 1, 'jalan awan 1', 'kg awan 2', 'bandar awan 3', '', '0', 0, '0', '0', '0', '0', '0', 1, 0, 458, 100, '0', '1970-01-01', 0, 1, 0, '2014-04-24 06:51:10', 0, '2014-07-24 03:08:36', 0),
(4, 'fad', 'fad', '2014-06-26', 1, '', '', '', '', '0', 0, 'fad', 'fad', 'fad', 'fad', '0', 1, 0, 458, 123, '0', '0000-00-00', 0, 1, 0, '2014-04-24 07:38:03', 0, '2014-07-24 03:08:36', 0),
(5, 'fadvvcvcxvxcv', 'faddsds', '0000-00-00', 1, '', '', '', '', '0', 0, 'fad', 'fad', 'fad', 'fad', '0', 1, 0, 458, 0, '', '0000-00-00', 0, 1, 0, '2014-04-24 09:36:32', 0, '2014-07-24 03:08:36', 0),
(6, 'fad', 'fad', '0000-00-00', 1, '', '', '', '', '0', 0, 'fad', 'fad', 'fad', 'fad', 'fad.jpg', 1, 0, 458, 0, '', '0000-00-00', 0, 1, 0, '2014-04-24 09:50:40', 0, '2014-07-24 03:08:36', 0),
(7, 'Fadhirul Hilmi Bin Muhamad Kamil', '', '0000-00-00', 1, '', '', '', '', '0', 0, '', '', '', '', '0', 1, 0, 458, 0, '', '0000-00-00', 0, 1, 0, '2014-04-30 07:25:35', 0, '2014-07-24 03:08:36', 0),
(8, 'weqwe', 'weqwe', '0000-00-00', 1, '', '', '', '', '0', 0, 'wqeqwe', 'wqeqweqw', 'wqeqwe', 'wqeqweqw', '0', 1, 0, 458, 0, '', '0000-00-00', 0, 1, 0, '2014-05-06 04:21:43', 0, '2014-07-24 03:08:36', 1),
(9, 'fafefer', '', '0000-00-00', 1, '', '', '', '', '0', 0, '', '', '', '', '0', 1, 0, 458, 0, '', '0000-00-00', 0, 1, 0, '2014-05-06 04:34:42', 0, '2014-07-24 03:08:36', 1),
(10, '', '', '0000-00-00', 1, '', '', '', '', '0', 0, '', '', '', '', '', 1, 0, 458, 0, '', '0000-00-00', 0, 1, 0, '2014-05-06 08:29:44', 0, '2014-07-24 03:08:36', 1),
(11, 'faf', 'fasf', '0000-00-00', 1, '', '', '', '', '0', 0, 'safa', '', '', '', '0', 1, 0, 458, 0, '', '0000-00-00', 0, 1, 0, '2014-05-07 10:22:41', 0, '2014-07-24 03:08:36', 1),
(12, 'dfdf', 'dfdfdfd', '0000-00-00', 1, '', '', '', '', '0', 0, 'dfdf', '', '', '', '0', 1, 0, 458, 0, '', '0000-00-00', 0, 1, 0, '2014-05-08 09:09:18', 0, '2014-07-24 03:08:36', 0),
(13, 'ewrwerwerewr', 'sasdsads', '0000-00-00', 1, '', '', '', '', '0', 0, 'ewrwer', '', '', '', '0', 1, 0, 458, 0, '', '0000-00-00', 0, 1, 0, '2014-05-08 09:40:42', 0, '2014-07-24 03:08:36', 0),
(14, 'wewewe', 'wqewqed', '2014-05-14', 1, '', '', '', '', '0', 0, '', '', '', '', '0', 1, 0, 458, 0, '', '0000-00-00', 0, 1, 0, '2014-05-08 09:45:12', 0, '2014-07-24 03:08:36', 1),
(15, 'Fadhirul Hilmi test sdn bhd', '34567', '2014-05-29', 1, 'no 6 jalan hilman', 'desa hilmon', 'kg hiliran damai', '', '', 0, '0129552013', '23456', 'phoe_nix29@yahoo.com', 'www.salihin.com.my', '0', 1, 0, 458, 100, '0', '1970-01-01', 0, 1, 0, '2014-05-28 20:27:33', 0, '2014-07-24 03:08:36', 0),
(16, 'biskut cap ping pong sdn bhd', 'test je', '2014-06-05', 1, '', '', '', '', '', 0, '03-32136284', '', '', '', '0', 1, 0, 0, 0, '', '0000-00-00', 0, 1, 0, '2014-06-05 01:14:02', 0, '2014-07-24 03:08:36', 0),
(17, 'Roti cap ping pong sdn bhd', 'test je', '2014-06-05', 1, '', '', '', '', '', 0, '03-32136284', '', '', '', '0', 1, 0, 0, 0, '', '0000-00-00', 0, 1, 0, '2014-06-05 01:15:58', 0, '2014-07-24 03:08:36', 0),
(18, 'basikal cap ping pong sdn bhd', 'test je', '2014-06-05', 1, '', '', '', '', '', 0, '03-32136284', '', '', '', '0', 1, 0, 0, 0, '', '0000-00-00', 0, 1, 0, '2014-06-05 01:16:36', 0, '2014-07-24 03:08:36', 0),
(19, 'to test default company chart of acct', '12345678-9', '2014-06-05', 1, '', '', '', '', '', 0, '', '', '', '', '0', 0, 0, 0, 0, '', '0000-00-00', 0, 1, 0, '2014-06-05 01:46:17', 0, '2014-07-24 03:08:36', 0),
(20, 'to test default company chart of acct', '12345678-9', '2014-06-05', 1, '', '', '', '', '', 0, '', '', '', '', '0', 0, 0, 0, 0, '', '0000-00-00', 0, 1, 0, '2014-06-05 01:49:00', 0, '2014-07-24 03:08:36', 0),
(21, 'to test default company chart of acct', '12345678-9', '2014-06-05', 1, '', '', '', '', '', 0, '', '', '', '', '0', 0, 0, 0, 0, '', '0000-00-00', 0, 1, 0, '2014-06-05 01:51:12', 0, '2014-07-24 03:08:36', 0),
(22, 'to test default company chart of acct', '12345678-9', '2014-06-05', 1, '', '', '', '', '', 0, '', '', '', '', '0', 0, 0, 0, 0, '', '0000-00-00', 0, 1, 0, '2014-06-05 01:52:18', 0, '2014-07-24 03:08:36', 0),
(23, 'to test default company chart of acct', '12345678-9', '2014-06-05', 1, '', '', '', '', '', 0, '', '', '', '', '0', 0, 0, 0, 0, '', '0000-00-00', 0, 1, 0, '2014-06-05 01:52:27', 0, '2014-07-24 03:08:36', 0),
(24, 'biskut cap ping pong sdn bhd', 'test je', '2014-06-05', 1, '', '', '', '', '', 0, '03-32136284', '', '', '', '0', 1, 0, 0, 0, '', '0000-00-00', 0, 1, 0, '2014-06-05 01:53:13', 0, '2014-07-24 03:08:36', 0),
(25, 'biskut cap ping pong sdn bhd', 'test je', '2014-06-05', 1, '', '', '', '', '', 0, '03-32136284', '', '', '', '0', 1, 0, 0, 0, '', '0000-00-00', 0, 1, 0, '2014-06-05 01:54:02', 0, '2014-07-24 03:08:36', 0),
(26, 'biskut cap ping pong sdn bhd', 'test je', '2014-06-05', 1, '', '', '', '', '', 0, '03-32136284', '', '', '', '0', 1, 0, 0, 0, '', '0000-00-00', 0, 1, 0, '2014-06-05 01:57:05', 0, '2014-07-24 03:08:36', 0),
(27, 'Bee World', 'A2014', '2014-06-06', 1, '', '', '', '', '', 0, '603 61851515', '603 61851414', 'bee@gmail.com', 'www.bee.com.my', '0', 1, 0, 0, 0, '', '0000-00-00', 0, 1, 0, '2014-06-05 18:50:13', 0, '2014-07-24 03:08:36', 1),
(28, 'testign company', 'A2606', '2014-06-26', 1, '', '', '', '', '', 0, '603 61851515', '603 61851414', 'account@salihin.com.my', '', '0', 1, 0, 0, 100, '0', '0000-00-00', 6, 1, 0, '2014-06-25 20:55:23', 0, '2014-07-24 03:08:36', 1),
(29, 'testing satu', 'A2606', '2014-06-26', 1, '', '', '', '', '', 0, '603 61851515', '603 61851414', 'account@salihin.com.my', '', '0', 1, 0, 0, 100, '0', '0000-00-00', 0, 1, 0, '2014-06-25 20:55:23', 0, '2014-07-24 03:08:36', 1),
(30, 'testing satu', 'A-26066', '2014-06-26', 1, '', '', '', '', '', 0, '603 61851515', '603 61851414', 'account@salihin.com.my', '', '0', 1, 0, 0, 100, '0', '0000-00-00', 6, 1, 0, '2014-06-25 20:55:23', 0, '2014-07-24 03:08:36', 1),
(31, 'generasi sdn bhd', 'A-26066', '2014-06-26', 1, '', '', '', '', '', 0, '603 61851515', '603 61851414', 'account@salihin.com.my', 'www.bee.com.my', '0', 1, 0, 0, 1000, '0', '0000-00-00', 0, 1, 0, '2014-06-25 20:55:23', 0, '2014-07-24 03:08:36', 1),
(32, 'Bee World 123', 'qwa123', '2014-06-26', 1, '', '', '', '', '', 0, '', '', '', '', '0', 0, 0, 0, 1001, '0', '0000-00-00', 6, 1, 0, '2014-06-25 22:11:04', 0, '2014-07-24 03:08:36', 1),
(33, 'Bee World 1231', 'qwa123', '2014-06-26', 1, '', '', '', '', '', 0, '', '', '', '', '0', 0, 0, 0, 1001, '0', '0000-00-00', 6, 1, 0, '2014-06-25 22:11:04', 0, '2014-07-24 03:08:36', 1),
(34, 'Bee World 1231', 'qwa123', '2014-06-26', 1, '', '', '', '', '', 0, '', '', '', '', '0', 0, 0, 0, 1001, '0', '0000-00-00', 6, 1, 0, '2014-06-25 22:11:04', 0, '2014-07-24 03:08:36', 1),
(35, 'Beeboo', 'A20145', '2014-06-26', 1, '', '', '', '', '', 0, '', '', '', '', '0', 0, 0, 0, 10001, '0', '0000-00-00', 0, 1, 0, '2014-06-25 22:45:15', 0, '2014-07-24 03:08:36', 1),
(36, 'Beeboo', 'A201456', '2014-06-26', 1, '', '', '', '', '', 0, '', '', '', '', '0', 0, 0, 0, 10001, '0', '0000-00-00', 0, 1, 0, '2014-06-25 22:45:15', 0, '2014-07-24 03:08:36', 1),
(37, 'Beeboo', 'A201456', '2014-06-26', 1, '', '', '', '', '', 0, '', '', '', '', '0', 0, 0, 0, 10001, '0', '0000-00-00', 0, 1, 0, '2014-06-25 22:45:15', 0, '2014-07-24 03:08:36', 1),
(38, 'yingyang', 'B0012', '2014-06-26', 1, '', '', '', '', '', 0, '', '', '', '', '0', 0, 0, 0, 10001, '0', '0000-00-00', 0, 1, 0, '2014-06-25 22:47:00', 0, '2014-07-24 03:08:36', 1),
(39, 'yingyang', 'B0012', '2014-06-26', 1, '', '', '', '', '', 0, '', '', '', '', '0', 0, 0, 0, 10001, '0', '0000-00-00', 0, 1, 0, '2014-06-25 22:47:00', 0, '2014-07-24 03:08:36', 1),
(40, 'yingyang', 'B00121', '2014-06-26', 1, '', '', '', '', '', 0, '', '', '', '', '0', 0, 0, 0, 10001, '0', '0000-00-00', 0, 1, 0, '2014-06-25 22:47:00', 0, '2014-07-24 03:08:36', 1),
(41, 'FZ ENTERPRISE', 'FZ006', '2014-06-26', 1, '', '', '', '', '', 0, '', '', '', '', '0', 0, 0, 0, 1001111111, '0', '0000-00-00', 6, 1, 0, '2014-06-26 00:27:40', 0, '2014-07-24 03:08:36', 1),
(42, 'rise sdn bhd', 'FZ112', '2014-06-26', 1, '', '', '', '', '', 0, '', '', '', '', '0', 0, 0, 0, 1001, '0', '0000-00-00', 0, 1, 0, '2014-06-26 00:46:01', 0, '2014-07-24 03:08:36', 1),
(43, 'rise sdn bhd', 'FZ112', '2014-06-26', 1, '', '', '', '', '', 0, '', '', '', '', '0', 0, 0, 0, 1001, '0', '0000-00-00', 0, 1, 0, '2014-06-26 00:51:59', 0, '2014-07-24 03:08:36', 1),
(44, 'test jerlah', '123456', '2014-06-26', 1, '', '', '', '', '', 0, '', '', '', '', '0', 0, 0, 0, 1001, '0', '0000-00-00', 0, 1, 0, '2014-06-26 01:03:42', 0, '2014-07-24 03:08:36', 1),
(45, 'Bee World Best', '12345', '2014-06-26', 1, '555, JALAN SAMUDRA UTARA 1', 'TAMAN SAMUDRA', '68100 BATU CAVES SELANGOR', '', '', 0, '0321314545', '0321313434', 'bee@gmail.com', 'www.bee.com.my', '0', 1, 0, 0, 100, '0', '1970-01-01', 0, 1, 0, '2014-06-26 01:34:17', 0, '2014-07-24 03:08:36', 1),
(46, 'fad', '123456', '2014-07-01', 1, 'fad', 'fad', 'fad', '', '', 0, '314234', '2312321', 'phoe_nix30@yahoo.com', 'dasdasdasd', '0', 5, 0, 0, 12, '0', '1970-01-01', 34234, 1, 0, '2014-06-30 22:12:42', 0, '2014-07-24 03:08:36', 0),
(52, 'Salihin IT Solution Sdn Bhd', '123456', '2014-07-01', 1, 'fad', 'fad', 'fad', '', '', 0, '314234', '2312321', 'phoe_nix30@yahoo.com', 'dasdasdasd', '0', 5, 0, 0, 12, '0', '1970-01-01', 34234, 1, 0, '2014-06-30 22:26:31', 0, '2014-07-24 03:08:36', 0),
(53, 'husin sdn bhd', '123456', '2014-07-01', 1, 'fad', 'fad', 'fad', '', '', 0, '314234', '2312321', 'phoe_nix30@yahoo.com', 'dasdasdasd', '0', 5, 0, 0, 12, '0', '1970-01-01', 34234, 1, 0, '2014-06-30 22:26:31', 0, '2014-07-24 03:08:36', 0),
(54, 'husin sdn bhd', '123456', '2014-07-01', 1, 'fad', 'fad', 'fad', '', '', 0, '314234', '2312321', 'phoe_nix30@yahoo.com', 'dasdasdasd', '0', 5, 0, 0, 12, '0', '1970-01-01', 34234, 1, 0, '2014-06-30 22:26:31', 0, '2014-07-24 03:08:36', 1),
(55, 'Bee World', 'B0061', '2014-07-03', 1, '555, JALAN SAMUDRA UTARA 1', 'TAMAN SAMUDRA', '68100 Batu Caves, Selangor', '', '', 0, '603 61851515', '603 61851414', 'bee@gmail.com', '', '0', 1, 0, 0, 100, '0', '1970-01-01', 0, 1, 0, '2014-07-02 19:36:44', 0, '2014-07-24 03:08:36', 1),
(56, 'companybaru79', '090714', '2014-07-09', 1, 'unit1-1-1,wisma kl sentral 5,', 'plaza sentral, 50450', 'kuala lumpur', '', '', 0, '603 61851515', '603 61851414', 'combaru@gmail.com', '', '0', 1, 0, 0, 100, '0', '1970-01-01', 0, 1, 0, '2014-07-08 18:59:33', 0, '2014-07-24 03:08:36', 1),
(57, 'fana test', 'A1221', '2014-07-09', 1, 'Unit 1-1-1, wisma sentral', 'plaza sentral 5', '50450 kuala lumpur', '', '', 0, '603 61851515', '603 61851414', '', '', '0', 0, 0, 0, 100, '0', '1970-01-01', 0, 1, 0, '2014-07-08 19:59:25', 0, '2014-07-24 03:08:36', 0),
(74, 'Armada Music Pte Ltd', '72945953', '2012-08-25', 1, '67,Jalan Saga SD 8/3', 'bandar Sri Damansara', '52200 Kuala Lumpur', '', '', 0, '0129234610', '6547873', 'arifdanial8@gmail.com', 'www.armadamusic.com', '0', 1, 0, 0, 100, '0', '1970-01-01', 6, 1, 0, '2014-07-16 21:37:22', 0, '2014-07-24 03:08:36', 0),
(75, 'SAM09 SDN BHD', '534534-T', '2000-03-14', 1, 'LOT 444, JALAN AMPANG JAYA', 'AMPANG POINT', '681000, KUALA LUMPUR', '', '', 0, '03-61859970', '03-61853636', 'aizat@salihin.com.my', 'www.salihin.com.my', '0', 1, 0, 458, 100, '0', '1970-01-01', 28, 1, 0, '2014-07-16 21:36:49', 0, '2014-07-24 04:35:11', 0),
(76, 'beeboo world sdn bhd', '12345A', '2014-07-17', 1, '555, JALAN SAMUDRA UTARA 1', 'TAMAN SAMUDRA', 'SELANGOR', '', '', 0, '603 61851515', '603 61851414', 'bee@gmail.com', '', '0', 0, 0, 0, 100, '0', '1970-01-01', 6, 1, 0, '2014-07-16 21:45:58', 0, '2014-07-24 03:08:36', 1),
(81, 'Bee World', 'A2134', '2014-06-06', 1, '26, Jalan Usahawan 6', 'Taman Jalan Raya', 'Batu Caves', '', '', 0, '603 61851515', '603 61851414', 'bee@gmail.com', 'www.bee.com.my', '0', 1, 0, 458, 100, '0', '1970-01-01', 6, 1, 0, '2014-07-20 19:23:25', 0, '2014-07-24 05:12:46', 0),
(82, 'Niaga Berhad', '123456-M', '2014-07-21', 1, 'Lot 345, Jalan Mutiara', 'Jalan 33/10', 'Kampung Jaya', 'Gombak', '68100', 1933, '603-6188 5233', '603-6188 5222', 'niaga@gamil.com', 'www.niaga.com.my', '0', 1, 0, 458, 100, '0', '1970-01-01', 6, 1, 0, '2014-07-20 19:26:01', 0, '2014-07-24 03:08:36', 0),
(83, 'Bee Trade ', 'BEE006', '2014-08-04', 0, '555, JALAN SAMUDRA UTARA 1', 'TAMAN SAMUDRA', '1', 'GOMBAK', '68100', 0, '', '', '', '', '0', 1, 0, 458, 100, '0', '1970-01-01', 0, 1, 0, '2014-08-03 19:47:35', 0, '2014-08-04 01:49:27', 1),
(84, 'Samblaze Ltd.', 'A0765064', '2014-08-04', 0, 'Dhaka', 'Khelkhet', 'Bangladesh', 'Dhaka', '12291', 278, '01711124011', '', 'sayem7746@gmail.com', 'samblaze.com', '0', 2, 0, 50, 30, '0', '1970-01-01', 0, 1, 0, '2014-08-04 04:18:14', 0, '0000-00-00 00:00:00', 0);

-- --------------------------------------------------------

--
-- Table structure for table `comp_acct_group`
--

CREATE TABLE IF NOT EXISTS `comp_acct_group` (
  `ID` int(11) NOT NULL AUTO_INCREMENT,
  `companyID` int(11) NOT NULL,
  `acctTypeID` int(11) NOT NULL,
  `acctGroupName` varchar(128) NOT NULL,
  `acctCode` char(9) NOT NULL,
  `orderNo` int(11) NOT NULL,
  `parentID` int(11) NOT NULL,
  `title` tinyint(1) DEFAULT '0',
  `createdBy` int(11) NOT NULL,
  `createdTS` timestamp NOT NULL DEFAULT CURRENT_TIMESTAMP,
  `updatedBy` int(11) NOT NULL,
  `updatedTS` timestamp NOT NULL DEFAULT '0000-00-00 00:00:00' ON UPDATE CURRENT_TIMESTAMP,
  `refID` int(11) NOT NULL COMMENT '_ref_acct_group.ID',
  PRIMARY KEY (`ID`)
) ENGINE=InnoDB  DEFAULT CHARSET=latin1 AUTO_INCREMENT=837 ;

--
-- Dumping data for table `comp_acct_group`
--

INSERT INTO `comp_acct_group` (`ID`, `companyID`, `acctTypeID`, `acctGroupName`, `acctCode`, `orderNo`, `parentID`, `title`, `createdBy`, `createdTS`, `updatedBy`, `updatedTS`, `refID`) VALUES
(1, 1, 2, 'CapitalRetainedEarnings', '', 45, 0, 1, 1, '2014-05-06 02:27:15', 0, '2014-07-24 02:02:15', 1),
(2, 1, 1, 'FixedAssets', '', 10, 29, 1, 1, '2014-05-06 02:27:15', 0, '2014-07-24 02:02:15', 2),
(3, 1, 1, 'CurrentAssets', '', 30, 29, 1, 1, '2014-05-06 02:27:15', 0, '2014-07-24 02:02:15', 3),
(4, 1, 2, 'CurrentLiabilities', '', 40, 39, 1, 1, '2014-05-06 02:27:15', 0, '2014-07-24 02:02:15', 4),
(5, 1, 2, 'OtherLiabilites', '', 20, 30, 1, 1, '2014-05-06 02:27:15', 0, '2014-07-24 02:02:15', 5),
(6, 1, 2, 'LongTermLiabilities', '', 50, 30, 1, 1, '2014-05-06 02:27:15', 0, '2014-07-24 02:02:15', 6),
(7, 1, 3, 'revenue', '', 110, 33, 1, 1, '2014-05-06 02:27:15', 0, '2014-07-24 02:02:15', 7),
(8, 1, 3, 'COS', '', 120, 33, 1, 1, '2014-05-06 02:27:15', 0, '2014-07-24 02:02:15', 8),
(9, 1, 3, 'othersincome', '', 200, 35, 1, 1, '2014-05-06 02:27:15', 0, '2014-07-24 02:02:15', 9),
(10, 1, 4, 'operatingexpenses', '', 220, 35, 1, 1, '2014-05-06 02:27:15', 0, '2014-07-24 02:02:15', 10),
(11, 1, 4, 'othersexpenses', '', 310, 35, 1, 1, '2014-05-06 02:27:15', 0, '2014-07-24 02:02:15', 11),
(12, 1, 4, 'taxation', '', 400, 38, 1, 1, '2014-05-06 02:27:15', 0, '2014-07-24 02:02:15', 12),
(13, 2, 1, 'Capital/Retained Earnings', '', 10, 0, 0, 1, '2014-05-08 04:58:15', 0, '0000-00-00 00:00:00', 0),
(14, 2, 1, 'Fixed Assets', '', 20, 0, 0, 1, '2014-05-08 04:58:15', 0, '0000-00-00 00:00:00', 0),
(15, 2, 1, 'Current Assets', '', 30, 0, 0, 1, '2014-05-08 04:58:15', 0, '0000-00-00 00:00:00', 0),
(16, 2, 2, 'Current Liabilities', '', 100, 0, 0, 1, '2014-05-08 04:58:15', 0, '0000-00-00 00:00:00', 0),
(17, 2, 2, 'Other Liabilites', '', 110, 0, 0, 1, '2014-05-08 04:58:15', 0, '0000-00-00 00:00:00', 0),
(18, 2, 2, 'Long-Term Liabilities', '', 120, 0, 0, 1, '2014-05-08 04:58:15', 0, '0000-00-00 00:00:00', 0),
(19, 2, 3, 'Revenue', '', 200, 0, 0, 1, '2014-05-08 04:58:15', 0, '2014-07-24 02:02:15', 7),
(20, 2, 3, 'Cost of Sales', '', 210, 0, 0, 1, '2014-05-08 04:58:15', 0, '0000-00-00 00:00:00', 0),
(21, 2, 3, 'Other Income', '', 220, 0, 0, 1, '2014-05-08 04:58:15', 0, '0000-00-00 00:00:00', 0),
(22, 2, 4, 'Expenses', '', 300, 0, 0, 1, '2014-05-08 04:58:15', 0, '0000-00-00 00:00:00', 0),
(23, 2, 4, 'Other Expenses', '', 310, 0, 0, 1, '2014-05-08 04:58:15', 0, '0000-00-00 00:00:00', 0),
(24, 2, 4, 'Taxation', '', 320, 0, 0, 1, '2014-05-08 04:58:15', 0, '2014-07-24 02:02:15', 12),
(29, 1, 1, 'Assets', '', 0, 39, 0, 0, '2014-05-12 08:22:00', 0, '2014-07-24 02:02:15', 29),
(30, 1, 2, 'Liabilities', '', 50, 0, 1, 0, '2014-05-12 08:22:38', 0, '2014-07-24 02:02:15', 30),
(31, 1, 1, 'OthersAssets', '', 20, 29, 1, 0, '2014-05-15 09:58:00', 0, '2014-07-24 02:02:15', 31),
(32, 1, 4, 'othercomprehensiveincome', '', 500, 38, 1, 0, '2014-05-29 03:06:44', 0, '2014-07-24 02:02:15', 32),
(33, 1, 3, 'grossprofit', '', 100, 34, 0, 0, '2014-05-29 03:15:14', 0, '2014-07-24 02:02:15', 33),
(34, 1, 3, 'operatingprofit', '', 10, 37, 0, 0, '2014-05-29 03:55:38', 0, '2014-07-24 02:02:15', 34),
(35, 1, 4, 'operatingincome', '', 0, 34, 1, 0, '2014-05-29 04:51:25', 0, '2014-07-24 02:02:15', 35),
(36, 1, 4, 'financeincome', '', 20, 37, 1, 0, '2014-05-29 07:09:26', 0, '2014-07-24 02:02:15', 36),
(37, 1, 4, 'profitNlossb4tax', '', 30, 38, 0, 0, '2014-05-29 07:12:42', 0, '2014-07-24 02:02:15', 37),
(38, 1, 4, 'currentyear', '', 10, 0, 0, 0, '2014-05-29 09:55:22', 0, '2014-07-24 02:02:15', 38),
(39, 1, 1, 'NetCurrent', '', 0, 0, 0, 0, '2014-05-29 11:19:38', 0, '2014-07-24 02:02:15', 39),
(42, 3, 1, 'CapitalRetainedEarnings', '', 45, 0, 0, 16, '2014-05-30 11:18:12', 0, '2014-07-24 02:02:15', 1),
(43, 3, 1, 'Liabilities', '', 50, 0, 0, 16, '2014-05-30 11:18:12', 0, '2014-07-24 02:02:15', 30),
(44, 3, 2, 'OtherLiabilites', '', 20, 43, 0, 16, '2014-05-30 11:18:12', 0, '2014-07-24 02:02:15', 5),
(45, 3, 2, 'LongTermLiabilities', '', 50, 43, 0, 16, '2014-05-30 11:18:12', 0, '2014-07-24 02:02:15', 6),
(46, 3, 4, 'currentyear', '', 10, 0, 0, 16, '2014-05-30 11:18:12', 0, '2014-07-24 02:02:15', 38),
(47, 3, 4, 'taxation', '', 400, 46, 0, 16, '2014-05-30 11:18:12', 0, '2014-07-24 02:02:15', 12),
(48, 3, 4, 'othercomprehensiveincome', '', 500, 46, 0, 16, '2014-05-30 11:18:12', 0, '2014-07-24 02:02:15', 32),
(49, 3, 4, 'profitNlossb4tax', '', 30, 46, 0, 16, '2014-05-30 11:18:12', 0, '2014-07-24 02:02:15', 37),
(50, 3, 3, 'operatingprofit', '', 10, 49, 0, 16, '2014-05-30 11:18:12', 0, '2014-07-24 02:02:15', 34),
(51, 3, 3, 'grossprofit', '', 100, 50, 0, 16, '2014-05-30 11:18:12', 0, '2014-07-24 02:02:15', 33),
(52, 3, 3, 'revenue', '', 110, 51, 0, 16, '2014-05-30 11:18:12', 0, '2014-07-24 02:02:15', 7),
(53, 3, 3, 'COS', '', 120, 51, 0, 16, '2014-05-30 11:18:12', 0, '2014-07-24 02:02:15', 8),
(54, 3, 4, 'operatingincome', '', 0, 50, 0, 16, '2014-05-30 11:18:12', 0, '2014-07-24 02:02:15', 35),
(55, 3, 3, 'othersincome', '', 200, 54, 0, 16, '2014-05-30 11:18:12', 0, '2014-07-24 02:02:15', 9),
(56, 3, 4, 'operatingexpenses', '', 220, 54, 0, 16, '2014-05-30 11:18:12', 0, '2014-07-24 02:02:15', 10),
(57, 3, 4, 'othersexpenses', '', 310, 54, 0, 16, '2014-05-30 11:18:12', 0, '2014-07-24 02:02:15', 11),
(58, 3, 4, 'financeincome', '', 20, 49, 0, 16, '2014-05-30 11:18:12', 0, '2014-07-24 02:02:15', 36),
(59, 3, 1, 'NetCurrent', '', 0, 0, 0, 16, '2014-05-30 11:18:12', 0, '2014-07-24 02:02:15', 39),
(60, 3, 2, 'CurrentLiabilities', '', 40, 59, 0, 16, '2014-05-30 11:18:12', 0, '2014-07-24 02:02:15', 4),
(61, 3, 1, 'Assets', '', 0, 59, 0, 16, '2014-05-30 11:18:12', 0, '2014-07-24 02:02:15', 29),
(62, 3, 1, 'FixedAssets', '', 10, 61, 0, 16, '2014-05-30 11:18:12', 0, '2014-07-24 02:02:15', 2),
(63, 3, 1, 'CurrentAssets', '', 30, 61, 0, 16, '2014-05-30 11:18:12', 0, '2014-07-24 02:02:15', 3),
(64, 3, 1, 'OthersAssets', '', 20, 61, 0, 16, '2014-05-30 11:18:12', 0, '2014-07-24 02:02:15', 31),
(65, 4, 1, 'CapitalRetainedEarnings', '', 45, 0, 0, 16, '2014-05-30 11:23:11', 0, '2014-07-24 02:02:15', 1),
(66, 4, 1, 'Liabilities', '', 50, 0, 0, 16, '2014-05-30 11:23:11', 0, '2014-07-24 02:02:15', 30),
(67, 4, 2, 'OtherLiabilites', '', 20, 66, 0, 16, '2014-05-30 11:23:11', 0, '2014-07-24 02:02:15', 5),
(68, 4, 2, 'LongTermLiabilities', '', 50, 66, 0, 16, '2014-05-30 11:23:11', 0, '2014-07-24 02:02:15', 6),
(69, 4, 4, 'currentyear', '', 10, 0, 0, 16, '2014-05-30 11:23:11', 0, '2014-07-24 02:02:15', 38),
(70, 4, 4, 'taxation', '', 400, 69, 0, 16, '2014-05-30 11:23:11', 0, '2014-07-24 02:02:15', 12),
(71, 4, 4, 'othercomprehensiveincome', '', 500, 69, 0, 16, '2014-05-30 11:23:11', 0, '2014-07-24 02:02:15', 32),
(72, 4, 4, 'profitNlossb4tax', '', 30, 69, 0, 16, '2014-05-30 11:23:11', 0, '2014-07-24 02:02:15', 37),
(73, 4, 3, 'operatingprofit', '', 10, 72, 0, 16, '2014-05-30 11:23:11', 0, '2014-07-24 02:02:15', 34),
(74, 4, 3, 'grossprofit', '', 100, 73, 0, 16, '2014-05-30 11:23:11', 0, '2014-07-24 02:02:15', 33),
(75, 4, 3, 'revenue', '', 110, 74, 0, 16, '2014-05-30 11:23:11', 0, '2014-07-24 02:02:15', 7),
(76, 4, 3, 'COS', '', 120, 74, 0, 16, '2014-05-30 11:23:11', 0, '2014-07-24 02:02:15', 8),
(77, 4, 4, 'operatingincome', '', 0, 73, 0, 16, '2014-05-30 11:23:11', 0, '2014-07-24 02:02:15', 35),
(78, 4, 3, 'othersincome', '', 200, 77, 0, 16, '2014-05-30 11:23:11', 0, '2014-07-24 02:02:15', 9),
(79, 4, 4, 'operatingexpenses', '', 220, 77, 0, 16, '2014-05-30 11:23:11', 0, '2014-07-24 02:02:15', 10),
(80, 4, 4, 'othersexpenses', '', 310, 77, 0, 16, '2014-05-30 11:23:11', 0, '2014-07-24 02:02:15', 11),
(81, 4, 4, 'financeincome', '', 20, 72, 0, 16, '2014-05-30 11:23:11', 0, '2014-07-24 02:02:15', 36),
(82, 4, 1, 'NetCurrent', '', 0, 0, 0, 16, '2014-05-30 11:23:11', 0, '2014-07-24 02:02:15', 39),
(83, 4, 2, 'CurrentLiabilities', '', 40, 82, 0, 16, '2014-05-30 11:23:11', 0, '2014-07-24 02:02:15', 4),
(84, 4, 1, 'Assets', '', 0, 82, 0, 16, '2014-05-30 11:23:11', 0, '2014-07-24 02:02:15', 29),
(85, 4, 1, 'FixedAssets', '', 10, 84, 0, 16, '2014-05-30 11:23:11', 0, '2014-07-24 02:02:15', 2),
(86, 4, 1, 'CurrentAssets', '', 30, 84, 0, 16, '2014-05-30 11:23:11', 0, '2014-07-24 02:02:15', 3),
(87, 4, 1, 'OthersAssets', '', 20, 84, 0, 16, '2014-05-30 11:23:11', 0, '2014-07-24 02:02:15', 31),
(205, 6, 1, 'CapitalRetainedEarnings', '', 45, 0, 0, 16, '2014-06-05 11:03:47', 0, '2014-07-24 02:02:15', 1),
(206, 27, 1, 'CapitalRetainedEarnings', '', 45, 0, 0, 1, '2014-06-06 00:51:05', 0, '2014-07-24 02:02:15', 1),
(230, 15, 1, 'CapitalRetainedEarnings', '', 45, 0, 0, 16, '2014-06-06 08:08:24', 0, '2014-07-24 02:02:15', 1),
(231, 15, 1, 'Liabilities', '', 50, 0, 0, 16, '2014-06-06 08:08:24', 0, '2014-07-24 02:02:15', 30),
(232, 15, 2, 'OtherLiabilites', '', 20, 231, 0, 16, '2014-06-06 08:08:24', 0, '2014-07-24 02:02:15', 5),
(233, 15, 2, 'LongTermLiabilities', '', 50, 231, 0, 16, '2014-06-06 08:08:24', 0, '2014-07-24 02:02:15', 6),
(234, 15, 4, 'currentyear', '', 10, 0, 0, 16, '2014-06-06 08:08:24', 0, '2014-07-24 02:02:15', 38),
(235, 15, 4, 'taxation', '', 400, 234, 0, 16, '2014-06-06 08:08:24', 0, '2014-07-24 02:02:15', 12),
(236, 15, 4, 'othercomprehensiveincome', '', 500, 234, 0, 16, '2014-06-06 08:08:24', 0, '2014-07-24 02:02:15', 32),
(237, 15, 4, 'profitNlossb4tax', '', 30, 234, 0, 16, '2014-06-06 08:08:24', 0, '2014-07-24 02:02:15', 37),
(238, 15, 3, 'operatingprofit', '', 10, 237, 0, 16, '2014-06-06 08:08:24', 0, '2014-07-24 02:02:15', 34),
(239, 15, 3, 'grossprofit', '', 100, 238, 0, 16, '2014-06-06 08:08:24', 0, '2014-07-24 02:02:15', 33),
(240, 15, 3, 'revenue', '', 110, 239, 0, 16, '2014-06-06 08:08:24', 0, '2014-07-24 02:02:15', 7),
(241, 15, 3, 'COS', '', 120, 239, 0, 16, '2014-06-06 08:08:24', 0, '2014-07-24 02:02:15', 8),
(242, 15, 4, 'operatingincome', '', 0, 238, 0, 16, '2014-06-06 08:08:24', 0, '2014-07-24 02:02:15', 35),
(243, 15, 3, 'othersincome', '', 200, 242, 0, 16, '2014-06-06 08:08:24', 0, '2014-07-24 02:02:15', 9),
(244, 15, 4, 'operatingexpenses', '', 220, 242, 0, 16, '2014-06-06 08:08:24', 0, '2014-07-24 02:02:15', 10),
(245, 15, 4, 'othersexpenses', '', 310, 242, 0, 16, '2014-06-06 08:08:24', 0, '2014-07-24 02:02:15', 11),
(246, 15, 4, 'financeincome', '', 20, 237, 0, 16, '2014-06-06 08:08:24', 0, '2014-07-24 02:02:15', 36),
(247, 15, 1, 'NetCurrent', '', 0, 0, 0, 16, '2014-06-06 08:08:24', 0, '2014-07-24 02:02:15', 39),
(248, 15, 2, 'CurrentLiabilities', '', 40, 247, 0, 16, '2014-06-06 08:08:24', 0, '2014-07-24 02:02:15', 4),
(249, 15, 1, 'Assets', '', 0, 247, 0, 16, '2014-06-06 08:08:24', 0, '2014-07-24 02:02:15', 29),
(250, 15, 1, 'FixedAssets', '', 10, 249, 0, 16, '2014-06-06 08:08:24', 0, '2014-07-24 02:02:15', 2),
(251, 15, 1, 'CurrentAssets', '', 30, 249, 0, 16, '2014-06-06 08:08:24', 0, '2014-07-24 02:02:15', 3),
(252, 15, 1, 'OthersAssets', '', 20, 249, 0, 16, '2014-06-06 08:08:24', 0, '2014-07-24 02:02:15', 31),
(253, 45, 1, 'CapitalRetainedEarnings', '', 45, 0, 0, 1, '2014-07-03 01:04:00', 0, '2014-07-24 02:02:15', 1),
(254, 45, 1, 'Liabilities', '', 50, 0, 0, 1, '2014-07-03 01:04:00', 0, '2014-07-24 02:02:15', 30),
(255, 45, 2, 'OtherLiabilites', '', 20, 254, 0, 1, '2014-07-03 01:04:00', 0, '2014-07-24 02:02:15', 5),
(256, 45, 2, 'LongTermLiabilities', '', 50, 254, 0, 1, '2014-07-03 01:04:00', 0, '2014-07-24 02:02:15', 6),
(257, 45, 4, 'currentyear', '', 10, 0, 0, 1, '2014-07-03 01:04:00', 0, '2014-07-24 02:02:15', 38),
(258, 45, 4, 'taxation', '', 400, 257, 0, 1, '2014-07-03 01:04:00', 0, '2014-07-24 02:02:15', 12),
(259, 45, 4, 'othercomprehensiveincome', '', 500, 257, 0, 1, '2014-07-03 01:04:00', 0, '2014-07-24 02:02:15', 32),
(260, 45, 4, 'profitNlossb4tax', '', 30, 257, 0, 1, '2014-07-03 01:04:00', 0, '2014-07-24 02:02:15', 37),
(261, 45, 3, 'operatingprofit', '', 10, 260, 0, 1, '2014-07-03 01:04:00', 0, '2014-07-24 02:02:15', 34),
(262, 45, 3, 'grossprofit', '', 100, 261, 0, 1, '2014-07-03 01:04:00', 0, '2014-07-24 02:02:15', 33),
(263, 45, 3, 'revenue', '', 110, 262, 0, 1, '2014-07-03 01:04:00', 0, '2014-07-24 02:02:15', 7),
(264, 45, 3, 'COS', '', 120, 262, 0, 1, '2014-07-03 01:04:00', 0, '2014-07-24 02:02:15', 8),
(265, 45, 4, 'operatingincome', '', 0, 261, 0, 1, '2014-07-03 01:04:01', 0, '2014-07-24 02:02:15', 35),
(266, 45, 3, 'othersincome', '', 200, 265, 0, 1, '2014-07-03 01:04:01', 0, '2014-07-24 02:02:15', 9),
(267, 45, 4, 'operatingexpenses', '', 220, 265, 0, 1, '2014-07-03 01:04:01', 0, '2014-07-24 02:02:15', 10),
(268, 45, 4, 'othersexpenses', '', 310, 265, 0, 1, '2014-07-03 01:04:01', 0, '2014-07-24 02:02:15', 11),
(269, 45, 4, 'financeincome', '', 20, 260, 0, 1, '2014-07-03 01:04:01', 0, '2014-07-24 02:02:15', 36),
(270, 45, 1, 'NetCurrent', '', 0, 0, 0, 1, '2014-07-03 01:04:01', 0, '2014-07-24 02:02:15', 39),
(271, 45, 2, 'CurrentLiabilities', '', 40, 270, 0, 1, '2014-07-03 01:04:01', 0, '2014-07-24 02:02:15', 4),
(272, 45, 1, 'Assets', '', 0, 270, 0, 1, '2014-07-03 01:04:01', 0, '2014-07-24 02:02:15', 29),
(273, 45, 1, 'FixedAssets', '', 10, 272, 0, 1, '2014-07-03 01:04:01', 0, '2014-07-24 02:02:15', 2),
(274, 45, 1, 'CurrentAssets', '', 30, 272, 0, 1, '2014-07-03 01:04:01', 0, '2014-07-24 02:02:15', 3),
(275, 45, 1, 'OthersAssets', '', 20, 272, 0, 1, '2014-07-03 01:04:01', 0, '2014-07-24 02:02:15', 31),
(276, 55, 1, 'CapitalRetainedEarnings', '', 45, 0, 0, 1, '2014-07-03 01:46:41', 0, '2014-07-24 02:02:15', 1),
(277, 55, 1, 'Liabilities', '', 50, 0, 0, 1, '2014-07-03 01:46:41', 0, '2014-07-24 02:02:15', 30),
(278, 55, 2, 'OtherLiabilites', '', 20, 277, 0, 1, '2014-07-03 01:46:41', 0, '2014-07-24 02:02:15', 5),
(279, 55, 2, 'LongTermLiabilities', '', 50, 277, 0, 1, '2014-07-03 01:46:41', 0, '2014-07-24 02:02:15', 6),
(280, 55, 4, 'currentyear', '', 10, 0, 0, 1, '2014-07-03 01:46:41', 0, '2014-07-24 02:02:15', 38),
(281, 55, 4, 'taxation', '', 400, 280, 0, 1, '2014-07-03 01:46:41', 0, '2014-07-24 02:02:15', 12),
(282, 55, 4, 'othercomprehensiveincome', '', 500, 280, 0, 1, '2014-07-03 01:46:41', 0, '2014-07-24 02:02:15', 32),
(283, 55, 4, 'profitNlossb4tax', '', 30, 280, 0, 1, '2014-07-03 01:46:41', 0, '2014-07-24 02:02:15', 37),
(284, 55, 3, 'operatingprofit', '', 10, 283, 0, 1, '2014-07-03 01:46:41', 0, '2014-07-24 02:02:15', 34),
(285, 55, 3, 'grossprofit', '', 100, 284, 0, 1, '2014-07-03 01:46:41', 0, '2014-07-24 02:02:15', 33),
(286, 55, 3, 'revenue', '', 110, 285, 0, 1, '2014-07-03 01:46:41', 0, '2014-07-24 02:02:15', 7),
(287, 55, 3, 'COS', '', 120, 285, 0, 1, '2014-07-03 01:46:41', 0, '2014-07-24 02:02:15', 8),
(288, 55, 4, 'operatingincome', '', 0, 284, 0, 1, '2014-07-03 01:46:41', 0, '2014-07-24 02:02:15', 35),
(289, 55, 3, 'othersincome', '', 200, 288, 0, 1, '2014-07-03 01:46:41', 0, '2014-07-24 02:02:15', 9),
(290, 55, 4, 'operatingexpenses', '', 220, 288, 0, 1, '2014-07-03 01:46:41', 0, '2014-07-24 02:02:15', 10),
(291, 55, 4, 'othersexpenses', '', 310, 288, 0, 1, '2014-07-03 01:46:41', 0, '2014-07-24 02:02:15', 11),
(292, 55, 4, 'financeincome', '', 20, 283, 0, 1, '2014-07-03 01:46:41', 0, '2014-07-24 02:02:15', 36),
(293, 55, 1, 'NetCurrent', '', 0, 0, 0, 1, '2014-07-03 01:46:41', 0, '2014-07-24 02:02:15', 39),
(294, 55, 2, 'CurrentLiabilities', '', 40, 293, 0, 1, '2014-07-03 01:46:41', 0, '2014-07-24 02:02:15', 4),
(295, 55, 1, 'Assets', '', 0, 293, 0, 1, '2014-07-03 01:46:41', 0, '2014-07-24 02:02:15', 29),
(296, 55, 1, 'FixedAssets', '', 10, 295, 0, 1, '2014-07-03 01:46:41', 0, '2014-07-24 02:02:15', 2),
(297, 55, 1, 'CurrentAssets', '', 30, 295, 0, 1, '2014-07-03 01:46:41', 0, '2014-07-24 02:02:15', 3),
(298, 55, 1, 'OthersAssets', '', 20, 295, 0, 1, '2014-07-03 01:46:41', 0, '2014-07-24 02:02:15', 31),
(299, 59, 1, 'CapitalRetainedEarnings', '', 45, 0, 0, 16, '2014-07-10 02:45:50', 0, '2014-07-24 02:02:15', 1),
(300, 59, 1, 'Liabilities', '', 50, 0, 0, 16, '2014-07-10 02:45:50', 0, '2014-07-24 02:02:15', 30),
(301, 59, 2, 'OtherLiabilites', '', 20, 300, 0, 16, '2014-07-10 02:45:50', 0, '2014-07-24 02:02:15', 5),
(302, 59, 2, 'LongTermLiabilities', '', 50, 300, 0, 16, '2014-07-10 02:45:50', 0, '2014-07-24 02:02:15', 6),
(303, 59, 4, 'currentyear', '', 10, 0, 0, 16, '2014-07-10 02:45:50', 0, '2014-07-24 02:02:15', 38),
(304, 59, 4, 'taxation', '', 400, 303, 0, 16, '2014-07-10 02:45:50', 0, '2014-07-24 02:02:15', 12),
(305, 59, 4, 'othercomprehensiveincome', '', 500, 303, 0, 16, '2014-07-10 02:45:50', 0, '2014-07-24 02:02:15', 32),
(306, 59, 4, 'profitNlossb4tax', '', 30, 303, 0, 16, '2014-07-10 02:45:50', 0, '2014-07-24 02:02:15', 37),
(307, 59, 3, 'operatingprofit', '', 10, 306, 0, 16, '2014-07-10 02:45:50', 0, '2014-07-24 02:02:15', 34),
(308, 59, 3, 'grossprofit', '', 100, 307, 0, 16, '2014-07-10 02:45:50', 0, '2014-07-24 02:02:15', 33),
(309, 59, 3, 'revenue', '', 110, 308, 0, 16, '2014-07-10 02:45:50', 0, '2014-07-24 02:02:15', 7),
(310, 59, 3, 'COS', '', 120, 308, 0, 16, '2014-07-10 02:45:50', 0, '2014-07-24 02:02:15', 8),
(311, 59, 4, 'operatingincome', '', 0, 307, 0, 16, '2014-07-10 02:45:50', 0, '2014-07-24 02:02:15', 35),
(312, 59, 3, 'othersincome', '', 200, 311, 0, 16, '2014-07-10 02:45:50', 0, '2014-07-24 02:02:15', 9),
(313, 59, 4, 'operatingexpenses', '', 220, 311, 0, 16, '2014-07-10 02:45:50', 0, '2014-07-24 02:02:15', 10),
(314, 59, 4, 'othersexpenses', '', 310, 311, 0, 16, '2014-07-10 02:45:50', 0, '2014-07-24 02:02:15', 11),
(315, 59, 4, 'financeincome', '', 20, 306, 0, 16, '2014-07-10 02:45:50', 0, '2014-07-24 02:02:15', 36),
(316, 59, 1, 'NetCurrent', '', 0, 0, 0, 16, '2014-07-10 02:45:50', 0, '2014-07-24 02:02:15', 39),
(317, 59, 2, 'CurrentLiabilities', '', 40, 316, 0, 16, '2014-07-10 02:45:50', 0, '2014-07-24 02:02:15', 4),
(318, 59, 1, 'Assets', '', 0, 316, 0, 16, '2014-07-10 02:45:50', 0, '2014-07-24 02:02:15', 29),
(319, 59, 1, 'FixedAssets', '', 10, 318, 0, 16, '2014-07-10 02:45:50', 0, '2014-07-24 02:02:15', 2),
(320, 59, 1, 'CurrentAssets', '', 30, 318, 0, 16, '2014-07-10 02:45:50', 0, '2014-07-24 02:02:15', 3),
(321, 59, 1, 'OthersAssets', '', 20, 318, 0, 16, '2014-07-10 02:45:50', 0, '2014-07-24 02:02:15', 31),
(322, 19, 1, 'CapitalRetainedEarnings', '', 45, 0, 0, 16, '2014-07-14 01:55:56', 0, '2014-07-24 02:02:15', 1),
(323, 19, 1, 'Liabilities', '', 50, 0, 0, 16, '2014-07-14 01:55:56', 0, '2014-07-24 02:02:15', 30),
(324, 19, 2, 'OtherLiabilites', '', 20, 323, 0, 16, '2014-07-14 01:55:56', 0, '2014-07-24 02:02:15', 5),
(325, 19, 2, 'LongTermLiabilities', '', 50, 323, 0, 16, '2014-07-14 01:55:56', 0, '2014-07-24 02:02:15', 6),
(326, 19, 4, 'currentyear', '', 10, 0, 0, 16, '2014-07-14 01:55:56', 0, '2014-07-24 02:02:15', 38),
(327, 19, 4, 'taxation', '', 400, 326, 0, 16, '2014-07-14 01:55:56', 0, '2014-07-24 02:02:15', 12),
(328, 19, 4, 'othercomprehensiveincome', '', 500, 326, 0, 16, '2014-07-14 01:55:56', 0, '2014-07-24 02:02:15', 32),
(329, 19, 4, 'profitNlossb4tax', '', 30, 326, 0, 16, '2014-07-14 01:55:56', 0, '2014-07-24 02:02:15', 37),
(330, 19, 3, 'operatingprofit', '', 10, 329, 0, 16, '2014-07-14 01:55:56', 0, '2014-07-24 02:02:15', 34),
(331, 19, 3, 'grossprofit', '', 100, 330, 0, 16, '2014-07-14 01:55:56', 0, '2014-07-24 02:02:15', 33),
(332, 19, 3, 'revenue', '', 110, 331, 0, 16, '2014-07-14 01:55:56', 0, '2014-07-24 02:02:15', 7),
(333, 19, 3, 'COS', '', 120, 331, 0, 16, '2014-07-14 01:55:56', 0, '2014-07-24 02:02:15', 8),
(334, 19, 4, 'operatingincome', '', 0, 330, 0, 16, '2014-07-14 01:55:56', 0, '2014-07-24 02:02:15', 35),
(335, 19, 3, 'othersincome', '', 200, 334, 0, 16, '2014-07-14 01:55:56', 0, '2014-07-24 02:02:15', 9),
(336, 19, 4, 'operatingexpenses', '', 220, 334, 0, 16, '2014-07-14 01:55:56', 0, '2014-07-24 02:02:15', 10),
(337, 19, 4, 'othersexpenses', '', 310, 334, 0, 16, '2014-07-14 01:55:56', 0, '2014-07-24 02:02:15', 11),
(338, 19, 4, 'financeincome', '', 20, 329, 0, 16, '2014-07-14 01:55:56', 0, '2014-07-24 02:02:15', 36),
(339, 19, 1, 'NetCurrent', '', 0, 0, 0, 16, '2014-07-14 01:55:56', 0, '2014-07-24 02:02:15', 39),
(340, 19, 2, 'CurrentLiabilities', '', 40, 339, 0, 16, '2014-07-14 01:55:56', 0, '2014-07-24 02:02:15', 4),
(341, 19, 1, 'Assets', '', 0, 339, 0, 16, '2014-07-14 01:55:56', 0, '2014-07-24 02:02:15', 29),
(342, 19, 1, 'FixedAssets', '', 10, 341, 0, 16, '2014-07-14 01:55:56', 0, '2014-07-24 02:02:15', 2),
(343, 19, 1, 'CurrentAssets', '', 30, 341, 0, 16, '2014-07-14 01:55:56', 0, '2014-07-24 02:02:15', 3),
(344, 19, 1, 'OthersAssets', '', 20, 341, 0, 16, '2014-07-14 01:55:56', 0, '2014-07-24 02:02:15', 31),
(345, 73, 1, 'CapitalRetainedEarnings', '', 45, 0, 0, 16, '2014-07-16 06:37:03', 0, '2014-07-24 02:02:15', 1),
(346, 73, 1, 'Liabilities', '', 50, 0, 0, 16, '2014-07-16 06:37:03', 0, '2014-07-24 02:02:15', 30),
(347, 73, 2, 'OtherLiabilites', '', 20, 346, 0, 16, '2014-07-16 06:37:03', 0, '2014-07-24 02:02:15', 5),
(348, 73, 2, 'LongTermLiabilities', '', 50, 346, 0, 16, '2014-07-16 06:37:03', 0, '2014-07-24 02:02:15', 6),
(349, 73, 4, 'currentyear', '', 10, 0, 0, 16, '2014-07-16 06:37:03', 0, '2014-07-24 02:02:15', 38),
(350, 73, 4, 'taxation', '', 400, 349, 0, 16, '2014-07-16 06:37:03', 0, '2014-07-24 02:02:15', 12),
(351, 73, 4, 'othercomprehensiveincome', '', 500, 349, 0, 16, '2014-07-16 06:37:03', 0, '2014-07-24 02:02:15', 32),
(352, 73, 4, 'profitNlossb4tax', '', 30, 349, 0, 16, '2014-07-16 06:37:03', 0, '2014-07-24 02:02:15', 37),
(353, 73, 3, 'operatingprofit', '', 10, 352, 0, 16, '2014-07-16 06:37:03', 0, '2014-07-24 02:02:15', 34),
(354, 73, 3, 'grossprofit', '', 100, 353, 0, 16, '2014-07-16 06:37:03', 0, '2014-07-24 02:02:15', 33),
(355, 73, 3, 'revenue', '', 110, 354, 0, 16, '2014-07-16 06:37:03', 0, '2014-07-24 02:02:15', 7),
(356, 73, 3, 'COS', '', 120, 354, 0, 16, '2014-07-16 06:37:03', 0, '2014-07-24 02:02:15', 8),
(357, 73, 4, 'operatingincome', '', 0, 353, 0, 16, '2014-07-16 06:37:03', 0, '2014-07-24 02:02:15', 35),
(358, 73, 3, 'othersincome', '', 200, 357, 0, 16, '2014-07-16 06:37:03', 0, '2014-07-24 02:02:15', 9),
(359, 73, 4, 'operatingexpenses', '', 220, 357, 0, 16, '2014-07-16 06:37:03', 0, '2014-07-24 02:02:15', 10),
(360, 73, 4, 'othersexpenses', '', 310, 357, 0, 16, '2014-07-16 06:37:03', 0, '2014-07-24 02:02:15', 11),
(361, 73, 4, 'financeincome', '', 20, 352, 0, 16, '2014-07-16 06:37:03', 0, '2014-07-24 02:02:15', 36),
(362, 73, 1, 'NetCurrent', '', 0, 0, 0, 16, '2014-07-16 06:37:03', 0, '2014-07-24 02:02:15', 39),
(363, 73, 2, 'CurrentLiabilities', '', 40, 362, 0, 16, '2014-07-16 06:37:03', 0, '2014-07-24 02:02:15', 4),
(364, 73, 1, 'Assets', '', 0, 362, 0, 16, '2014-07-16 06:37:03', 0, '2014-07-24 02:02:15', 29),
(365, 73, 1, 'FixedAssets', '', 10, 364, 0, 16, '2014-07-16 06:37:03', 0, '2014-07-24 02:02:15', 2),
(366, 73, 1, 'CurrentAssets', '', 30, 364, 0, 16, '2014-07-16 06:37:03', 0, '2014-07-24 02:02:15', 3),
(367, 73, 1, 'OthersAssets', '', 20, 364, 0, 16, '2014-07-16 06:37:03', 0, '2014-07-24 02:02:15', 31),
(368, 57, 1, 'CapitalRetainedEarnings', '', 45, 0, 0, 16, '2014-07-17 00:46:37', 0, '2014-07-24 02:02:15', 1),
(369, 57, 1, 'Liabilities', '', 50, 0, 0, 16, '2014-07-17 00:46:37', 0, '2014-07-24 02:02:15', 30),
(370, 57, 2, 'OtherLiabilites', '', 20, 369, 0, 16, '2014-07-17 00:46:38', 0, '2014-07-24 02:02:15', 5),
(371, 57, 2, 'LongTermLiabilities', '', 50, 369, 0, 16, '2014-07-17 00:46:38', 0, '2014-07-24 02:02:15', 6),
(372, 57, 4, 'currentyear', '', 10, 0, 0, 16, '2014-07-17 00:46:38', 0, '2014-07-24 02:02:15', 38),
(373, 57, 4, 'taxation', '', 400, 372, 0, 16, '2014-07-17 00:46:38', 0, '2014-07-24 02:02:15', 12),
(374, 57, 4, 'othercomprehensiveincome', '', 500, 372, 0, 16, '2014-07-17 00:46:38', 0, '2014-07-24 02:02:15', 32),
(375, 57, 4, 'profitNlossb4tax', '', 30, 372, 0, 16, '2014-07-17 00:46:38', 0, '2014-07-24 02:02:15', 37),
(376, 57, 3, 'operatingprofit', '', 10, 375, 0, 16, '2014-07-17 00:46:38', 0, '2014-07-24 02:02:15', 34),
(377, 57, 3, 'grossprofit', '', 100, 376, 0, 16, '2014-07-17 00:46:38', 0, '2014-07-24 02:02:15', 33),
(378, 57, 3, 'revenue', '', 110, 377, 0, 16, '2014-07-17 00:46:38', 0, '2014-07-24 02:02:15', 7),
(379, 57, 3, 'COS', '', 120, 377, 0, 16, '2014-07-17 00:46:38', 0, '2014-07-24 02:02:15', 8),
(380, 57, 4, 'operatingincome', '', 0, 376, 0, 16, '2014-07-17 00:46:38', 0, '2014-07-24 02:02:15', 35),
(381, 57, 3, 'othersincome', '', 200, 380, 0, 16, '2014-07-17 00:46:38', 0, '2014-07-24 02:02:15', 9),
(382, 57, 4, 'operatingexpenses', '', 220, 380, 0, 16, '2014-07-17 00:46:38', 0, '2014-07-24 02:02:15', 10),
(383, 57, 4, 'othersexpenses', '', 310, 380, 0, 16, '2014-07-17 00:46:38', 0, '2014-07-24 02:02:15', 11),
(384, 57, 4, 'financeincome', '', 20, 375, 0, 16, '2014-07-17 00:46:38', 0, '2014-07-24 02:02:15', 36),
(385, 57, 1, 'NetCurrent', '', 0, 0, 0, 16, '2014-07-17 00:46:38', 0, '2014-07-24 02:02:15', 39),
(386, 57, 2, 'CurrentLiabilities', '', 40, 385, 0, 16, '2014-07-17 00:46:38', 0, '2014-07-24 02:02:15', 4),
(387, 57, 1, 'Assets', '', 0, 385, 0, 16, '2014-07-17 00:46:38', 0, '2014-07-24 02:02:15', 29),
(388, 57, 1, 'FixedAssets', '', 10, 387, 0, 16, '2014-07-17 00:46:38', 0, '2014-07-24 02:02:15', 2),
(389, 57, 1, 'CurrentAssets', '', 30, 387, 0, 16, '2014-07-17 00:46:38', 0, '2014-07-24 02:02:15', 3),
(390, 57, 1, 'OthersAssets', '', 20, 387, 0, 16, '2014-07-17 00:46:38', 0, '2014-07-24 02:02:15', 31),
(391, 75, 1, 'CapitalRetainedEarnings', '', 45, 0, 0, 19, '2014-07-17 03:46:16', 0, '2014-07-24 02:02:15', 1),
(392, 75, 1, 'Liabilities', '', 50, 0, 0, 19, '2014-07-17 03:46:16', 0, '2014-07-24 02:02:15', 30),
(393, 75, 2, 'OtherLiabilites', '', 20, 392, 0, 19, '2014-07-17 03:46:16', 0, '2014-07-24 02:02:15', 5),
(394, 75, 2, 'LongTermLiabilities', '', 50, 392, 0, 19, '2014-07-17 03:46:16', 0, '2014-07-24 02:02:15', 6),
(395, 75, 4, 'currentyear', '', 10, 0, 0, 19, '2014-07-17 03:46:16', 0, '2014-07-24 02:02:15', 38),
(396, 75, 4, 'taxation', '', 400, 395, 0, 19, '2014-07-17 03:46:16', 0, '2014-07-24 02:02:15', 12),
(397, 75, 4, 'othercomprehensiveincome', '', 500, 395, 0, 19, '2014-07-17 03:46:16', 0, '2014-07-24 02:02:15', 32),
(398, 75, 4, 'profitNlossb4tax', '', 30, 395, 0, 19, '2014-07-17 03:46:16', 0, '2014-07-24 02:02:15', 37),
(399, 75, 3, 'operatingprofit', '', 10, 398, 0, 19, '2014-07-17 03:46:17', 0, '2014-07-24 02:02:15', 34),
(400, 75, 3, 'grossprofit', '', 100, 399, 0, 19, '2014-07-17 03:46:17', 0, '2014-07-24 02:02:15', 33),
(401, 75, 3, 'revenue', '', 110, 400, 0, 19, '2014-07-17 03:46:17', 0, '2014-07-24 02:02:15', 7),
(402, 75, 3, 'COS', '', 120, 400, 0, 19, '2014-07-17 03:46:17', 0, '2014-07-24 02:02:15', 8),
(403, 75, 4, 'operatingincome', '', 0, 399, 0, 19, '2014-07-17 03:46:17', 0, '2014-07-24 02:02:15', 35),
(404, 75, 3, 'othersincome', '', 200, 403, 0, 19, '2014-07-17 03:46:17', 0, '2014-07-24 02:02:15', 9),
(405, 75, 4, 'operatingexpenses', '', 220, 403, 0, 19, '2014-07-17 03:46:17', 0, '2014-07-24 02:02:15', 10),
(406, 75, 4, 'othersexpenses', '', 310, 403, 0, 19, '2014-07-17 03:46:17', 0, '2014-07-24 02:02:15', 11),
(407, 75, 4, 'financeincome', '', 20, 398, 0, 19, '2014-07-17 03:46:17', 0, '2014-07-24 02:02:15', 36),
(408, 75, 1, 'NetCurrent', '', 0, 0, 0, 19, '2014-07-17 03:46:17', 0, '2014-07-24 02:02:15', 39),
(409, 75, 2, 'CurrentLiabilities', '', 40, 408, 0, 19, '2014-07-17 03:46:17', 0, '2014-07-24 02:02:15', 4),
(410, 75, 1, 'Assets', '', 0, 408, 0, 19, '2014-07-17 03:46:17', 0, '2014-07-24 02:02:15', 29),
(411, 75, 1, 'FixedAssets', '', 10, 410, 0, 19, '2014-07-17 03:46:17', 0, '2014-07-24 02:02:15', 2),
(412, 75, 1, 'CurrentAssets', '', 30, 410, 0, 19, '2014-07-17 03:46:17', 0, '2014-07-24 02:02:15', 3),
(413, 75, 1, 'OthersAssets', '', 20, 410, 0, 19, '2014-07-17 03:46:17', 0, '2014-07-24 02:02:15', 31),
(414, 74, 1, 'CapitalRetainedEarnings', '', 45, 0, 0, 20, '2014-07-17 03:46:30', 0, '2014-07-24 02:02:15', 1),
(415, 74, 1, 'Liabilities', '', 50, 0, 0, 20, '2014-07-17 03:46:30', 0, '2014-07-24 02:02:15', 30),
(416, 74, 2, 'OtherLiabilites', '', 20, 415, 0, 20, '2014-07-17 03:46:30', 0, '2014-07-24 02:02:15', 5),
(417, 74, 2, 'LongTermLiabilities', '', 50, 415, 0, 20, '2014-07-17 03:46:30', 0, '2014-07-24 02:02:15', 6),
(418, 74, 4, 'currentyear', '', 10, 0, 0, 20, '2014-07-17 03:46:30', 0, '2014-07-24 02:02:15', 38),
(419, 74, 4, 'taxation', '', 400, 418, 0, 20, '2014-07-17 03:46:30', 0, '2014-07-24 02:02:15', 12),
(420, 74, 4, 'othercomprehensiveincome', '', 500, 418, 0, 20, '2014-07-17 03:46:30', 0, '2014-07-24 02:02:15', 32),
(421, 74, 4, 'profitNlossb4tax', '', 30, 418, 0, 20, '2014-07-17 03:46:30', 0, '2014-07-24 02:02:15', 37),
(422, 74, 3, 'operatingprofit', '', 10, 421, 0, 20, '2014-07-17 03:46:30', 0, '2014-07-24 02:02:15', 34),
(423, 74, 3, 'grossprofit', '', 100, 422, 0, 20, '2014-07-17 03:46:30', 0, '2014-07-24 02:02:15', 33),
(424, 74, 3, 'revenue', '', 110, 423, 0, 20, '2014-07-17 03:46:30', 0, '2014-07-24 02:02:15', 7),
(425, 74, 3, 'COS', '', 120, 423, 0, 20, '2014-07-17 03:46:30', 0, '2014-07-24 02:02:15', 8),
(426, 74, 4, 'operatingincome', '', 0, 422, 0, 20, '2014-07-17 03:46:30', 0, '2014-07-24 02:02:15', 35),
(427, 74, 3, 'othersincome', '', 200, 426, 0, 20, '2014-07-17 03:46:30', 0, '2014-07-24 02:02:15', 9),
(428, 74, 4, 'operatingexpenses', '', 220, 426, 0, 20, '2014-07-17 03:46:30', 0, '2014-07-24 02:02:15', 10),
(429, 74, 4, 'othersexpenses', '', 310, 426, 0, 20, '2014-07-17 03:46:30', 0, '2014-07-24 02:02:15', 11),
(430, 74, 4, 'financeincome', '', 20, 421, 0, 20, '2014-07-17 03:46:30', 0, '2014-07-24 02:02:15', 36),
(431, 74, 1, 'NetCurrent', '', 0, 0, 0, 20, '2014-07-17 03:46:30', 0, '2014-07-24 02:02:15', 39),
(432, 74, 2, 'CurrentLiabilities', '', 40, 431, 0, 20, '2014-07-17 03:46:30', 0, '2014-07-24 02:02:15', 4),
(433, 74, 1, 'Assets', '', 0, 431, 0, 20, '2014-07-17 03:46:30', 0, '2014-07-24 02:02:15', 29),
(434, 74, 1, 'FixedAssets', '', 10, 433, 0, 20, '2014-07-17 03:46:30', 0, '2014-07-24 02:02:15', 2),
(435, 74, 1, 'CurrentAssets', '', 30, 433, 0, 20, '2014-07-17 03:46:30', 0, '2014-07-24 02:02:15', 3),
(436, 74, 1, 'OthersAssets', '', 20, 433, 0, 20, '2014-07-17 03:46:30', 0, '2014-07-24 02:02:15', 31),
(437, 76, 1, 'CapitalRetainedEarnings', '', 45, 0, 0, 21, '2014-07-17 03:47:42', 0, '2014-07-24 02:02:15', 1),
(438, 76, 1, 'Liabilities', '', 50, 0, 0, 21, '2014-07-17 03:47:42', 0, '2014-07-24 02:02:15', 30),
(439, 76, 2, 'OtherLiabilites', '', 20, 438, 0, 21, '2014-07-17 03:47:42', 0, '2014-07-24 02:02:15', 5),
(440, 76, 2, 'LongTermLiabilities', '', 50, 438, 0, 21, '2014-07-17 03:47:42', 0, '2014-07-24 02:02:15', 6),
(441, 76, 4, 'currentyear', '', 10, 0, 0, 21, '2014-07-17 03:47:42', 0, '2014-07-24 02:02:15', 38),
(442, 76, 4, 'taxation', '', 400, 441, 0, 21, '2014-07-17 03:47:42', 0, '2014-07-24 02:02:15', 12),
(443, 76, 4, 'othercomprehensiveincome', '', 500, 441, 0, 21, '2014-07-17 03:47:42', 0, '2014-07-24 02:02:15', 32),
(444, 76, 4, 'profitNlossb4tax', '', 30, 441, 0, 21, '2014-07-17 03:47:42', 0, '2014-07-24 02:02:15', 37),
(445, 76, 3, 'operatingprofit', '', 10, 444, 0, 21, '2014-07-17 03:47:42', 0, '2014-07-24 02:02:15', 34),
(446, 76, 3, 'grossprofit', '', 100, 445, 0, 21, '2014-07-17 03:47:42', 0, '2014-07-24 02:02:15', 33),
(447, 76, 3, 'revenue', '', 110, 446, 0, 21, '2014-07-17 03:47:42', 0, '2014-07-24 02:02:15', 7),
(448, 76, 3, 'COS', '', 120, 446, 0, 21, '2014-07-17 03:47:42', 0, '2014-07-24 02:02:15', 8),
(449, 76, 4, 'operatingincome', '', 0, 445, 0, 21, '2014-07-17 03:47:42', 0, '2014-07-24 02:02:15', 35),
(450, 76, 3, 'othersincome', '', 200, 449, 0, 21, '2014-07-17 03:47:42', 0, '2014-07-24 02:02:15', 9),
(451, 76, 4, 'operatingexpenses', '', 220, 449, 0, 21, '2014-07-17 03:47:42', 0, '2014-07-24 02:02:15', 10),
(452, 76, 4, 'othersexpenses', '', 310, 449, 0, 21, '2014-07-17 03:47:42', 0, '2014-07-24 02:02:15', 11),
(453, 76, 4, 'financeincome', '', 20, 444, 0, 21, '2014-07-17 03:47:42', 0, '2014-07-24 02:02:15', 36),
(454, 76, 1, 'NetCurrent', '', 0, 0, 0, 21, '2014-07-17 03:47:42', 0, '2014-07-24 02:02:15', 39),
(455, 76, 2, 'CurrentLiabilities', '', 40, 454, 0, 21, '2014-07-17 03:47:42', 0, '2014-07-24 02:02:15', 4),
(456, 76, 1, 'Assets', '', 0, 454, 0, 21, '2014-07-17 03:47:42', 0, '2014-07-24 02:02:15', 29),
(457, 76, 1, 'FixedAssets', '', 10, 456, 0, 21, '2014-07-17 03:47:42', 0, '2014-07-24 02:02:15', 2),
(458, 76, 1, 'CurrentAssets', '', 30, 456, 0, 21, '2014-07-17 03:47:42', 0, '2014-07-24 02:02:15', 3),
(459, 76, 1, 'OthersAssets', '', 20, 456, 0, 21, '2014-07-17 03:47:42', 0, '2014-07-24 02:02:15', 31),
(460, 81, 1, 'CapitalRetainedEarnings', '', 45, 0, 0, 1, '2014-07-21 01:28:26', 0, '2014-07-24 02:02:15', 1),
(461, 81, 1, 'Liabilities', '', 50, 0, 0, 1, '2014-07-21 01:28:26', 0, '2014-07-24 02:02:15', 30),
(462, 81, 2, 'OtherLiabilites', '', 20, 461, 0, 1, '2014-07-21 01:28:26', 0, '2014-07-24 02:02:15', 5),
(463, 81, 2, 'LongTermLiabilities', '', 50, 461, 0, 1, '2014-07-21 01:28:26', 0, '2014-07-24 02:02:15', 6),
(464, 81, 4, 'currentyear', '', 10, 0, 0, 1, '2014-07-21 01:28:26', 0, '2014-07-24 02:02:15', 38),
(465, 81, 4, 'taxation', '', 400, 464, 0, 1, '2014-07-21 01:28:26', 0, '2014-07-24 02:02:15', 12),
(466, 81, 4, 'othercomprehensiveincome', '', 500, 464, 0, 1, '2014-07-21 01:28:26', 0, '2014-07-24 02:02:15', 32),
(467, 81, 4, 'profitNlossb4tax', '', 30, 464, 0, 1, '2014-07-21 01:28:26', 0, '2014-07-24 02:02:15', 37),
(468, 81, 3, 'operatingprofit', '', 10, 467, 0, 1, '2014-07-21 01:28:26', 0, '2014-07-24 02:02:15', 34),
(469, 81, 3, 'grossprofit', '', 100, 468, 0, 1, '2014-07-21 01:28:26', 0, '2014-07-24 02:02:15', 33),
(470, 81, 3, 'revenue', '', 110, 469, 0, 1, '2014-07-21 01:28:26', 0, '2014-07-24 02:02:15', 7),
(471, 81, 3, 'COS', '', 120, 469, 0, 1, '2014-07-21 01:28:26', 0, '2014-07-24 02:02:15', 8),
(472, 81, 4, 'operatingincome', '', 0, 468, 0, 1, '2014-07-21 01:28:26', 0, '2014-07-24 02:02:15', 35),
(473, 81, 3, 'othersincome', '', 200, 472, 0, 1, '2014-07-21 01:28:26', 0, '2014-07-24 02:02:15', 9),
(474, 81, 4, 'operatingexpenses', '', 220, 472, 0, 1, '2014-07-21 01:28:26', 0, '2014-07-24 02:02:15', 10),
(475, 81, 4, 'othersexpenses', '', 310, 472, 0, 1, '2014-07-21 01:28:26', 0, '2014-07-24 02:02:15', 11),
(476, 81, 4, 'financeincome', '', 20, 467, 0, 1, '2014-07-21 01:28:26', 0, '2014-07-24 02:02:15', 36),
(477, 81, 1, 'NetCurrent', '', 0, 0, 0, 1, '2014-07-21 01:28:26', 0, '2014-07-24 02:02:15', 39),
(478, 81, 2, 'CurrentLiabilities', '', 40, 477, 0, 1, '2014-07-21 01:28:26', 0, '2014-07-24 02:02:15', 4),
(479, 81, 1, 'Assets', '', 0, 477, 0, 1, '2014-07-21 01:28:26', 0, '2014-07-24 02:02:15', 29),
(480, 81, 1, 'FixedAssets', '', 10, 479, 0, 1, '2014-07-21 01:28:26', 0, '2014-07-24 02:02:15', 2),
(481, 81, 1, 'CurrentAssets', '', 30, 479, 0, 1, '2014-07-21 01:28:26', 0, '2014-07-24 02:02:15', 3),
(482, 81, 1, 'OthersAssets', '', 20, 479, 0, 1, '2014-07-21 01:28:26', 0, '2014-07-24 02:02:15', 31),
(483, 82, 1, 'CapitalRetainedEarnings', '', 45, 0, 0, 22, '2014-07-21 03:31:04', 0, '2014-07-24 02:02:15', 1),
(484, 82, 1, 'Liabilities', '', 50, 0, 0, 22, '2014-07-21 03:31:04', 0, '2014-07-24 02:02:15', 30),
(485, 82, 2, 'OtherLiabilites', '', 20, 484, 0, 22, '2014-07-21 03:31:04', 0, '2014-07-24 02:02:15', 5),
(486, 82, 2, 'LongTermLiabilities', '', 50, 484, 0, 22, '2014-07-21 03:31:04', 0, '2014-07-24 02:02:15', 6),
(487, 82, 4, 'currentyear', '', 10, 0, 0, 22, '2014-07-21 03:31:04', 0, '2014-07-24 02:02:15', 38),
(488, 82, 4, 'taxation', '', 400, 487, 0, 22, '2014-07-21 03:31:04', 0, '2014-07-24 02:02:15', 12),
(489, 82, 4, 'othercomprehensiveincome', '', 500, 487, 0, 22, '2014-07-21 03:31:04', 0, '2014-07-24 02:02:15', 32),
(490, 82, 4, 'profitNlossb4tax', '', 30, 487, 0, 22, '2014-07-21 03:31:04', 0, '2014-07-24 02:02:15', 37),
(491, 82, 3, 'operatingprofit', '', 10, 490, 0, 22, '2014-07-21 03:31:05', 0, '2014-07-24 02:02:15', 34),
(492, 82, 3, 'grossprofit', '', 100, 491, 0, 22, '2014-07-21 03:31:05', 0, '2014-07-24 02:02:15', 33),
(493, 82, 3, 'revenue', '', 110, 492, 0, 22, '2014-07-21 03:31:05', 0, '2014-07-24 02:02:15', 7),
(494, 82, 3, 'COS', '', 120, 492, 0, 22, '2014-07-21 03:31:05', 0, '2014-07-24 02:02:15', 8),
(495, 82, 4, 'operatingincome', '', 0, 491, 0, 22, '2014-07-21 03:31:05', 0, '2014-07-24 02:02:15', 35),
(496, 82, 3, 'othersincome', '', 200, 495, 0, 22, '2014-07-21 03:31:05', 0, '2014-07-24 02:02:15', 9),
(497, 82, 4, 'operatingexpenses', '', 220, 495, 0, 22, '2014-07-21 03:31:05', 0, '2014-07-24 02:02:15', 10),
(498, 82, 4, 'othersexpenses', '', 310, 495, 0, 22, '2014-07-21 03:31:05', 0, '2014-07-24 02:02:15', 11),
(499, 82, 4, 'financeincome', '', 20, 490, 0, 22, '2014-07-21 03:31:05', 0, '2014-07-24 02:02:15', 36),
(500, 82, 1, 'NetCurrent', '', 0, 0, 0, 22, '2014-07-21 03:31:05', 0, '2014-07-24 02:02:15', 39),
(501, 82, 2, 'CurrentLiabilities', '', 40, 500, 0, 22, '2014-07-21 03:31:05', 0, '2014-07-24 02:02:15', 4),
(502, 82, 1, 'Assets', '', 0, 500, 0, 22, '2014-07-21 03:31:05', 0, '2014-07-24 02:02:15', 29),
(503, 82, 1, 'FixedAssets', '', 10, 502, 0, 22, '2014-07-21 03:31:05', 0, '2014-07-24 02:02:15', 2),
(504, 82, 1, 'CurrentAssets', '', 30, 502, 0, 22, '2014-07-21 03:31:05', 0, '2014-07-24 02:02:15', 3),
(505, 82, 1, 'OthersAssets', '', 20, 502, 0, 22, '2014-07-21 03:31:05', 0, '2014-07-24 02:02:15', 31),
(506, 7, 1, 'CapitalRetainedEarnings', '', 45, 0, 0, 16, '2014-08-04 08:12:11', 0, '0000-00-00 00:00:00', 0),
(507, 7, 1, 'Liabilities', '', 50, 0, 0, 16, '2014-08-04 08:12:11', 0, '0000-00-00 00:00:00', 0),
(508, 7, 2, 'OtherLiabilites', '', 20, 507, 0, 16, '2014-08-04 08:12:11', 0, '0000-00-00 00:00:00', 0),
(509, 7, 2, 'LongTermLiabilities', '', 50, 507, 0, 16, '2014-08-04 08:12:11', 0, '0000-00-00 00:00:00', 0),
(510, 7, 4, 'currentyear', '', 10, 0, 0, 16, '2014-08-04 08:12:11', 0, '0000-00-00 00:00:00', 0),
(511, 7, 4, 'taxation', '', 400, 510, 0, 16, '2014-08-04 08:12:11', 0, '0000-00-00 00:00:00', 0),
(512, 7, 4, 'othercomprehensiveincome', '', 500, 510, 0, 16, '2014-08-04 08:12:11', 0, '0000-00-00 00:00:00', 0),
(513, 7, 4, 'profitNlossb4tax', '', 30, 510, 0, 16, '2014-08-04 08:12:11', 0, '0000-00-00 00:00:00', 0),
(514, 7, 3, 'operatingprofit', '', 10, 513, 0, 16, '2014-08-04 08:12:11', 0, '0000-00-00 00:00:00', 0),
(515, 7, 3, 'grossprofit', '', 100, 514, 0, 16, '2014-08-04 08:12:11', 0, '0000-00-00 00:00:00', 0),
(516, 7, 3, 'revenue', '', 110, 515, 0, 16, '2014-08-04 08:12:11', 0, '0000-00-00 00:00:00', 0),
(517, 7, 3, 'COS', '', 120, 515, 0, 16, '2014-08-04 08:12:11', 0, '0000-00-00 00:00:00', 0),
(518, 7, 4, 'operatingincome', '', 0, 514, 0, 16, '2014-08-04 08:12:11', 0, '0000-00-00 00:00:00', 0),
(519, 7, 3, 'othersincome', '', 200, 518, 0, 16, '2014-08-04 08:12:11', 0, '0000-00-00 00:00:00', 0),
(520, 7, 4, 'operatingexpenses', '', 220, 518, 0, 16, '2014-08-04 08:12:11', 0, '0000-00-00 00:00:00', 0),
(521, 7, 4, 'othersexpenses', '', 310, 518, 0, 16, '2014-08-04 08:12:11', 0, '0000-00-00 00:00:00', 0),
(522, 7, 4, 'financeincome', '', 20, 513, 0, 16, '2014-08-04 08:12:11', 0, '0000-00-00 00:00:00', 0),
(523, 7, 1, 'NetCurrent', '', 0, 0, 0, 16, '2014-08-04 08:12:11', 0, '0000-00-00 00:00:00', 0),
(524, 7, 2, 'CurrentLiabilities', '', 40, 523, 0, 16, '2014-08-04 08:12:11', 0, '0000-00-00 00:00:00', 0),
(525, 7, 1, 'Assets', '', 0, 523, 0, 16, '2014-08-04 08:12:11', 0, '0000-00-00 00:00:00', 0),
(526, 7, 1, 'FixedAssets', '', 10, 525, 0, 16, '2014-08-04 08:12:11', 0, '0000-00-00 00:00:00', 0),
(527, 7, 1, 'CurrentAssets', '', 30, 525, 0, 16, '2014-08-04 08:12:11', 0, '0000-00-00 00:00:00', 0),
(528, 7, 1, 'OthersAssets', '', 20, 525, 0, 16, '2014-08-04 08:12:11', 0, '0000-00-00 00:00:00', 0),
(529, 7, 1, 'CapitalRetainedEarnings', '', 45, 0, 0, 16, '2014-08-04 08:42:47', 0, '0000-00-00 00:00:00', 0),
(530, 7, 1, 'Liabilities', '', 50, 0, 0, 16, '2014-08-04 08:42:47', 0, '0000-00-00 00:00:00', 0),
(531, 7, 2, 'OtherLiabilites', '', 20, 530, 0, 16, '2014-08-04 08:42:47', 0, '0000-00-00 00:00:00', 0),
(532, 7, 2, 'LongTermLiabilities', '', 50, 530, 0, 16, '2014-08-04 08:42:47', 0, '0000-00-00 00:00:00', 0),
(533, 7, 4, 'currentyear', '', 10, 0, 0, 16, '2014-08-04 08:42:47', 0, '0000-00-00 00:00:00', 0),
(534, 7, 4, 'taxation', '', 400, 533, 0, 16, '2014-08-04 08:42:48', 0, '0000-00-00 00:00:00', 0),
(535, 7, 4, 'othercomprehensiveincome', '', 500, 533, 0, 16, '2014-08-04 08:42:48', 0, '0000-00-00 00:00:00', 0),
(536, 7, 4, 'profitNlossb4tax', '', 30, 533, 0, 16, '2014-08-04 08:42:48', 0, '0000-00-00 00:00:00', 0),
(537, 7, 3, 'operatingprofit', '', 10, 536, 0, 16, '2014-08-04 08:42:48', 0, '0000-00-00 00:00:00', 0),
(538, 7, 3, 'grossprofit', '', 100, 537, 0, 16, '2014-08-04 08:42:48', 0, '0000-00-00 00:00:00', 0),
(539, 7, 3, 'revenue', '', 110, 538, 0, 16, '2014-08-04 08:42:48', 0, '0000-00-00 00:00:00', 0),
(540, 7, 3, 'COS', '', 120, 538, 0, 16, '2014-08-04 08:42:48', 0, '0000-00-00 00:00:00', 0),
(541, 7, 4, 'operatingincome', '', 0, 537, 0, 16, '2014-08-04 08:42:48', 0, '0000-00-00 00:00:00', 0),
(542, 7, 3, 'othersincome', '', 200, 541, 0, 16, '2014-08-04 08:42:48', 0, '0000-00-00 00:00:00', 0),
(543, 7, 4, 'operatingexpenses', '', 220, 541, 0, 16, '2014-08-04 08:42:48', 0, '0000-00-00 00:00:00', 0),
(544, 7, 4, 'othersexpenses', '', 310, 541, 0, 16, '2014-08-04 08:42:48', 0, '0000-00-00 00:00:00', 0),
(545, 7, 4, 'financeincome', '', 20, 536, 0, 16, '2014-08-04 08:42:48', 0, '0000-00-00 00:00:00', 0),
(546, 7, 1, 'NetCurrent', '', 0, 0, 0, 16, '2014-08-04 08:42:48', 0, '0000-00-00 00:00:00', 0),
(547, 7, 2, 'CurrentLiabilities', '', 40, 546, 0, 16, '2014-08-04 08:42:48', 0, '0000-00-00 00:00:00', 0),
(548, 7, 1, 'Assets', '', 0, 546, 0, 16, '2014-08-04 08:42:48', 0, '0000-00-00 00:00:00', 0),
(549, 7, 1, 'FixedAssets', '', 10, 548, 0, 16, '2014-08-04 08:42:48', 0, '0000-00-00 00:00:00', 0),
(550, 7, 1, 'CurrentAssets', '', 30, 548, 0, 16, '2014-08-04 08:42:48', 0, '0000-00-00 00:00:00', 0),
(551, 7, 1, 'OthersAssets', '', 20, 548, 0, 16, '2014-08-04 08:42:48', 0, '0000-00-00 00:00:00', 0),
(552, 7, 1, 'CapitalRetainedEarnings', '', 45, 0, 0, 16, '2014-08-04 08:43:30', 0, '0000-00-00 00:00:00', 0),
(553, 7, 1, 'Liabilities', '', 50, 0, 0, 16, '2014-08-04 08:43:30', 0, '0000-00-00 00:00:00', 0),
(554, 7, 2, 'OtherLiabilites', '', 20, 553, 0, 16, '2014-08-04 08:43:30', 0, '0000-00-00 00:00:00', 0),
(555, 7, 2, 'LongTermLiabilities', '', 50, 553, 0, 16, '2014-08-04 08:43:30', 0, '0000-00-00 00:00:00', 0),
(556, 7, 4, 'currentyear', '', 10, 0, 0, 16, '2014-08-04 08:43:30', 0, '0000-00-00 00:00:00', 0),
(557, 7, 4, 'taxation', '', 400, 556, 0, 16, '2014-08-04 08:43:30', 0, '0000-00-00 00:00:00', 0),
(558, 7, 4, 'othercomprehensiveincome', '', 500, 556, 0, 16, '2014-08-04 08:43:30', 0, '0000-00-00 00:00:00', 0),
(559, 7, 4, 'profitNlossb4tax', '', 30, 556, 0, 16, '2014-08-04 08:43:30', 0, '0000-00-00 00:00:00', 0),
(560, 7, 3, 'operatingprofit', '', 10, 559, 0, 16, '2014-08-04 08:43:30', 0, '0000-00-00 00:00:00', 0),
(561, 7, 3, 'grossprofit', '', 100, 560, 0, 16, '2014-08-04 08:43:30', 0, '0000-00-00 00:00:00', 0),
(562, 7, 3, 'revenue', '', 110, 561, 0, 16, '2014-08-04 08:43:30', 0, '0000-00-00 00:00:00', 0),
(563, 7, 3, 'COS', '', 120, 561, 0, 16, '2014-08-04 08:43:30', 0, '0000-00-00 00:00:00', 0),
(564, 7, 4, 'operatingincome', '', 0, 560, 0, 16, '2014-08-04 08:43:30', 0, '0000-00-00 00:00:00', 0),
(565, 7, 3, 'othersincome', '', 200, 564, 0, 16, '2014-08-04 08:43:30', 0, '0000-00-00 00:00:00', 0),
(566, 7, 4, 'operatingexpenses', '', 220, 564, 0, 16, '2014-08-04 08:43:30', 0, '0000-00-00 00:00:00', 0),
(567, 7, 4, 'othersexpenses', '', 310, 564, 0, 16, '2014-08-04 08:43:30', 0, '0000-00-00 00:00:00', 0),
(568, 7, 4, 'financeincome', '', 20, 559, 0, 16, '2014-08-04 08:43:30', 0, '0000-00-00 00:00:00', 0),
(569, 7, 1, 'NetCurrent', '', 0, 0, 0, 16, '2014-08-04 08:43:30', 0, '0000-00-00 00:00:00', 0),
(570, 7, 2, 'CurrentLiabilities', '', 40, 569, 0, 16, '2014-08-04 08:43:30', 0, '0000-00-00 00:00:00', 0),
(571, 7, 1, 'Assets', '', 0, 569, 0, 16, '2014-08-04 08:43:30', 0, '0000-00-00 00:00:00', 0),
(572, 7, 1, 'FixedAssets', '', 10, 571, 0, 16, '2014-08-04 08:43:30', 0, '0000-00-00 00:00:00', 0),
(573, 7, 1, 'CurrentAssets', '', 30, 571, 0, 16, '2014-08-04 08:43:30', 0, '0000-00-00 00:00:00', 0),
(574, 7, 1, 'OthersAssets', '', 20, 571, 0, 16, '2014-08-04 08:43:30', 0, '0000-00-00 00:00:00', 0),
(575, 7, 1, 'CapitalRetainedEarnings', '', 45, 0, 0, 16, '2014-08-04 08:46:01', 0, '0000-00-00 00:00:00', 0),
(576, 7, 1, 'Liabilities', '', 50, 0, 0, 16, '2014-08-04 08:46:01', 0, '0000-00-00 00:00:00', 0),
(577, 7, 2, 'OtherLiabilites', '', 20, 576, 0, 16, '2014-08-04 08:46:01', 0, '0000-00-00 00:00:00', 0),
(578, 7, 2, 'LongTermLiabilities', '', 50, 576, 0, 16, '2014-08-04 08:46:01', 0, '0000-00-00 00:00:00', 0),
(579, 7, 4, 'currentyear', '', 10, 0, 0, 16, '2014-08-04 08:46:02', 0, '0000-00-00 00:00:00', 0),
(580, 7, 4, 'taxation', '', 400, 579, 0, 16, '2014-08-04 08:46:02', 0, '0000-00-00 00:00:00', 0),
(581, 7, 4, 'othercomprehensiveincome', '', 500, 579, 0, 16, '2014-08-04 08:46:02', 0, '0000-00-00 00:00:00', 0),
(582, 7, 4, 'profitNlossb4tax', '', 30, 579, 0, 16, '2014-08-04 08:46:02', 0, '0000-00-00 00:00:00', 0),
(583, 7, 3, 'operatingprofit', '', 10, 582, 0, 16, '2014-08-04 08:46:02', 0, '0000-00-00 00:00:00', 0),
(584, 7, 3, 'grossprofit', '', 100, 583, 0, 16, '2014-08-04 08:46:02', 0, '0000-00-00 00:00:00', 0),
(585, 7, 3, 'revenue', '', 110, 584, 0, 16, '2014-08-04 08:46:02', 0, '0000-00-00 00:00:00', 0),
(586, 7, 3, 'COS', '', 120, 584, 0, 16, '2014-08-04 08:46:02', 0, '0000-00-00 00:00:00', 0),
(587, 7, 4, 'operatingincome', '', 0, 583, 0, 16, '2014-08-04 08:46:02', 0, '0000-00-00 00:00:00', 0),
(588, 7, 3, 'othersincome', '', 200, 587, 0, 16, '2014-08-04 08:46:02', 0, '0000-00-00 00:00:00', 0),
(589, 7, 4, 'operatingexpenses', '', 220, 587, 0, 16, '2014-08-04 08:46:02', 0, '0000-00-00 00:00:00', 0),
(590, 7, 4, 'othersexpenses', '', 310, 587, 0, 16, '2014-08-04 08:46:02', 0, '0000-00-00 00:00:00', 0),
(591, 7, 4, 'financeincome', '', 20, 582, 0, 16, '2014-08-04 08:46:02', 0, '0000-00-00 00:00:00', 0),
(592, 7, 1, 'NetCurrent', '', 0, 0, 0, 16, '2014-08-04 08:46:02', 0, '0000-00-00 00:00:00', 0),
(593, 7, 2, 'CurrentLiabilities', '', 40, 592, 0, 16, '2014-08-04 08:46:02', 0, '0000-00-00 00:00:00', 0),
(594, 7, 1, 'Assets', '', 0, 592, 0, 16, '2014-08-04 08:46:02', 0, '0000-00-00 00:00:00', 0),
(595, 7, 1, 'FixedAssets', '', 10, 594, 0, 16, '2014-08-04 08:46:02', 0, '0000-00-00 00:00:00', 0),
(596, 7, 1, 'CurrentAssets', '', 30, 594, 0, 16, '2014-08-04 08:46:02', 0, '0000-00-00 00:00:00', 0),
(597, 7, 1, 'OthersAssets', '', 20, 594, 0, 16, '2014-08-04 08:46:02', 0, '0000-00-00 00:00:00', 0),
(814, 84, 1, 'CapitalRetainedEarnings', '', 45, 0, 0, 33, '2014-08-05 09:27:00', 0, '0000-00-00 00:00:00', 1),
(815, 84, 1, 'Liabilities', '', 50, 0, 0, 33, '2014-08-05 09:27:00', 0, '0000-00-00 00:00:00', 30),
(816, 84, 2, 'OtherLiabilites', '', 20, 815, 0, 33, '2014-08-05 09:27:00', 0, '0000-00-00 00:00:00', 5),
(817, 84, 2, 'LongTermLiabilities', '', 50, 815, 0, 33, '2014-08-05 09:27:00', 0, '0000-00-00 00:00:00', 6),
(818, 84, 4, 'currentyear', '', 10, 0, 0, 33, '2014-08-05 09:27:00', 0, '0000-00-00 00:00:00', 38),
(819, 84, 4, 'taxation', '', 400, 818, 0, 33, '2014-08-05 09:27:00', 0, '0000-00-00 00:00:00', 12),
(820, 84, 4, 'othercomprehensiveincome', '', 500, 818, 0, 33, '2014-08-05 09:27:00', 0, '0000-00-00 00:00:00', 32),
(821, 84, 4, 'profitNlossb4tax', '', 30, 818, 0, 33, '2014-08-05 09:27:00', 0, '0000-00-00 00:00:00', 37),
(822, 84, 3, 'operatingprofit', '', 10, 821, 0, 33, '2014-08-05 09:27:00', 0, '0000-00-00 00:00:00', 34),
(823, 84, 3, 'grossprofit', '', 100, 822, 0, 33, '2014-08-05 09:27:00', 0, '0000-00-00 00:00:00', 33),
(824, 84, 3, 'revenue', '', 110, 823, 0, 33, '2014-08-05 09:27:00', 0, '0000-00-00 00:00:00', 7),
(825, 84, 3, 'COS', '', 120, 823, 0, 33, '2014-08-05 09:27:00', 0, '0000-00-00 00:00:00', 8),
(826, 84, 4, 'operatingincome', '', 0, 822, 0, 33, '2014-08-05 09:27:00', 0, '0000-00-00 00:00:00', 35),
(827, 84, 3, 'othersincome', '', 200, 826, 0, 33, '2014-08-05 09:27:00', 0, '0000-00-00 00:00:00', 9),
(828, 84, 4, 'operatingexpenses', '', 220, 826, 0, 33, '2014-08-05 09:27:00', 0, '0000-00-00 00:00:00', 10),
(829, 84, 4, 'othersexpenses', '', 310, 826, 0, 33, '2014-08-05 09:27:00', 0, '0000-00-00 00:00:00', 11),
(830, 84, 4, 'financeincome', '', 20, 821, 0, 33, '2014-08-05 09:27:00', 0, '0000-00-00 00:00:00', 36),
(831, 84, 1, 'NetCurrent', '', 0, 0, 0, 33, '2014-08-05 09:27:00', 0, '0000-00-00 00:00:00', 39),
(832, 84, 2, 'CurrentLiabilities', '', 40, 831, 0, 33, '2014-08-05 09:27:00', 0, '0000-00-00 00:00:00', 4),
(833, 84, 1, 'Assets', '', 0, 831, 0, 33, '2014-08-05 09:27:00', 0, '0000-00-00 00:00:00', 29),
(834, 84, 1, 'FixedAssets', '', 10, 833, 0, 33, '2014-08-05 09:27:00', 0, '0000-00-00 00:00:00', 2),
(835, 84, 1, 'CurrentAssets', '', 30, 833, 0, 33, '2014-08-05 09:27:00', 0, '0000-00-00 00:00:00', 3),
(836, 84, 1, 'OthersAssets', '', 20, 833, 0, 33, '2014-08-05 09:27:00', 0, '0000-00-00 00:00:00', 31);

-- --------------------------------------------------------

--
-- Table structure for table `comp_acct_type`
--

CREATE TABLE IF NOT EXISTS `comp_acct_type` (
  `ID` int(11) NOT NULL AUTO_INCREMENT,
  `acctTypeName` varchar(128) NOT NULL,
  `acctClass` smallint(6) NOT NULL,
  `createdBy` int(11) NOT NULL,
  `createdTS` timestamp NOT NULL DEFAULT CURRENT_TIMESTAMP,
  `updatedBy` int(11) NOT NULL,
  `updatedTS` timestamp NOT NULL DEFAULT '0000-00-00 00:00:00' ON UPDATE CURRENT_TIMESTAMP,
  PRIMARY KEY (`ID`)
) ENGINE=InnoDB  DEFAULT CHARSET=latin1 AUTO_INCREMENT=5 ;

--
-- Dumping data for table `comp_acct_type`
--

INSERT INTO `comp_acct_type` (`ID`, `acctTypeName`, `acctClass`, `createdBy`, `createdTS`, `updatedBy`, `updatedTS`) VALUES
(1, 'Assets', 0, 1, '2014-05-08 05:01:48', 0, '0000-00-00 00:00:00'),
(2, 'Liability', 0, 1, '2014-05-08 05:01:48', 0, '0000-00-00 00:00:00'),
(3, 'Income', 1, 1, '2014-05-08 05:01:48', 0, '0000-00-00 00:00:00'),
(4, 'Expences', 1, 1, '2014-05-08 05:01:48', 0, '0000-00-00 00:00:00');

-- --------------------------------------------------------

--
-- Table structure for table `comp_acc_det`
--

CREATE TABLE IF NOT EXISTS `comp_acc_det` (
  `ID` int(11) NOT NULL AUTO_INCREMENT,
  `companyID` int(11) DEFAULT NULL,
  `acctGroupID` int(11) DEFAULT NULL,
  `acctID` int(11) DEFAULT NULL,
  `year` int(11) DEFAULT NULL,
  `period` varchar(2) DEFAULT NULL,
  `amountdr` double DEFAULT NULL,
  `amountcr` double DEFAULT NULL,
  `total` double DEFAULT '0',
  `createdBy` int(11) DEFAULT NULL,
  `createdTS` timestamp NULL DEFAULT CURRENT_TIMESTAMP,
  `updatedBy` int(11) DEFAULT NULL,
  `updatedTS` timestamp NULL DEFAULT CURRENT_TIMESTAMP,
  `is_delete` smallint(6) DEFAULT NULL,
  PRIMARY KEY (`ID`),
  KEY `Index 2` (`companyID`,`acctID`,`year`,`period`)
) ENGINE=InnoDB  DEFAULT CHARSET=latin1 AUTO_INCREMENT=107 ;

--
-- Dumping data for table `comp_acc_det`
--

INSERT INTO `comp_acc_det` (`ID`, `companyID`, `acctGroupID`, `acctID`, `year`, `period`, `amountdr`, `amountcr`, `total`, `createdBy`, `createdTS`, `updatedBy`, `updatedTS`, `is_delete`) VALUES
(1, 1, 8, 57, 2014, '5', 100000, 0, 100000, 1, '2014-08-04 00:08:02', NULL, '2014-08-04 06:28:02', NULL),
(2, 1, 3, 32, 2014, '5', 600, 0, 600, 1, '2014-08-04 00:08:02', NULL, '2014-08-04 06:28:02', NULL),
(3, 1, 4, 35, 2014, '5', 50000, 100600, -50600, 1, '2014-08-04 00:08:02', 1, '2014-08-04 06:28:02', NULL),
(4, 1, 3, 20, 2014, '5', 301800, 150000, 151800, 1, '2014-08-04 00:08:02', 1, '2014-08-04 06:28:02', NULL),
(5, 1, 7, 53, 2014, '5', 0, 300000, -300000, 1, '2014-08-04 00:08:02', NULL, '2014-08-04 06:28:02', NULL),
(6, 1, 4, 38, 2014, '5', 0, 1800, -1800, 1, '2014-08-04 00:08:02', NULL, '2014-08-04 06:28:02', NULL),
(7, 1, 3, 22, 2014, '5', 1154000, 212250, 941750, 1, '2014-08-04 00:08:03', 1, '2014-08-04 06:28:03', NULL),
(8, 1, 29, 1, 2014, '5', 0, 1000000, -1000000, 1, '2014-08-04 00:08:03', NULL, '2014-08-04 06:28:03', NULL),
(9, 1, 32, 101, 2014, '5', 0, 200, -200, 1, '2014-08-04 00:08:03', NULL, '2014-08-04 06:28:03', NULL),
(10, 1, 10, 81, 2014, '5', 1500, 0, 1500, 1, '2014-08-04 00:08:03', NULL, '2014-08-04 06:28:03', NULL),
(11, 1, 10, 82, 2014, '5', 300, 0, 300, 1, '2014-08-04 00:08:03', NULL, '2014-08-04 06:28:03', NULL),
(12, 1, 10, 83, 2014, '5', 200, 0, 200, 1, '2014-08-04 00:08:03', NULL, '2014-08-04 06:28:03', NULL),
(13, 1, 10, 84, 2014, '5', 4500, 0, 4500, 1, '2014-08-04 00:08:03', NULL, '2014-08-04 06:28:03', NULL),
(14, 1, 10, 86, 2014, '5', 150, 0, 150, 1, '2014-08-04 00:08:04', NULL, '2014-08-04 06:28:04', NULL),
(15, 1, 10, 87, 2014, '5', 100, 0, 100, 1, '2014-08-04 00:08:04', NULL, '2014-08-04 06:28:04', NULL),
(16, 1, 10, 92, 2014, '5', 55000, 0, 55000, 1, '2014-08-04 00:08:04', NULL, '2014-08-04 06:28:04', NULL),
(17, 1, 2, 9, 2014, '5', 100000, 0, 100000, 1, '2014-08-04 00:08:04', NULL, '2014-08-04 06:28:04', NULL),
(18, 1, 10, 77, 2014, '5', 20000, 0, 20000, 1, '2014-08-04 00:08:04', NULL, '2014-08-04 06:28:04', NULL),
(19, 1, 2, 16, 2014, '5', 0, 20000, -20000, 1, '2014-08-04 00:08:04', NULL, '2014-08-04 06:28:04', NULL),
(20, 1, 7, 56, 2014, '5', 3800, 3800, 0, 1, '2014-08-04 00:08:05', 1, '2014-08-04 06:28:05', NULL),
(21, 1, 10, 80, 2014, '5', 500, 0, 500, 1, '2014-08-04 00:08:05', NULL, '2014-08-04 06:28:05', NULL),
(22, 1, 9, 64, 2014, '5', 0, 2300, -2300, 1, '2014-08-04 00:08:05', NULL, '2014-08-04 06:28:05', NULL),
(23, 1, 10, 97, 2014, '5', 0, 1500, -1500, 1, '2014-08-04 00:08:05', NULL, '2014-08-04 06:28:05', NULL);

-- --------------------------------------------------------

--
-- Table structure for table `comp_address`
--

CREATE TABLE IF NOT EXISTS `comp_address` (
  `ID` int(11) NOT NULL AUTO_INCREMENT,
  `companyID` int(11) NOT NULL,
  `addressName` varchar(128) NOT NULL,
  `line1` varchar(128) NOT NULL,
  `line2` varchar(128) NOT NULL,
  `line3` varchar(128) NOT NULL,
  `city` varchar(128) NOT NULL,
  `postCode` varchar(8) NOT NULL,
  `stateID` int(11) NOT NULL,
  `countryID` int(11) NOT NULL,
  `createdBy` int(11) NOT NULL,
  `createdTS` timestamp NOT NULL DEFAULT CURRENT_TIMESTAMP,
  `updatedBy` int(11) NOT NULL,
  `updatedTS` timestamp NOT NULL DEFAULT '0000-00-00 00:00:00' ON UPDATE CURRENT_TIMESTAMP,
  `is_delete` tinyint(1) NOT NULL,
  PRIMARY KEY (`ID`)
) ENGINE=InnoDB  DEFAULT CHARSET=latin1 AUTO_INCREMENT=11 ;

--
-- Dumping data for table `comp_address`
--

INSERT INTO `comp_address` (`ID`, `companyID`, `addressName`, `line1`, `line2`, `line3`, `city`, `postCode`, `stateID`, `countryID`, `createdBy`, `createdTS`, `updatedBy`, `updatedTS`, `is_delete`) VALUES
(1, 1, 'kl', 'pj', 'doso', 'ho', 'kl', '44444', 1926, 458, 1, '2014-05-20 06:44:14', 0, '2014-05-30 02:58:04', 0),
(2, 15, '', 'GST', '', '', 'fs', '67888', 1926, 458, 0, '2014-05-29 07:46:09', 0, '2014-05-30 02:57:07', 0),
(3, 15, '', 'batu 1', '', '', 'fad', '11111', 1925, 458, 0, '2014-05-29 07:46:55', 0, '0000-00-00 00:00:00', 0),
(4, 15, '', 'hehehe', '', '', 'Batu ', '34444', 1929, 458, 0, '2014-05-30 02:31:30', 0, '0000-00-00 00:00:00', 0),
(5, 15, '', 'kehkeh', '', '', 'Batu ', '34444', 1924, 458, 0, '2014-05-30 02:46:04', 0, '0000-00-00 00:00:00', 0),
(7, 1, '', 'saya', 'fad', '', '111111', '31231', 1935, 458, 0, '2014-05-30 03:11:08', 0, '2014-06-02 04:57:31', 0),
(8, 1, '', 'lakonan', '', '', '12321', '23213', 1932, 458, 0, '2014-05-30 03:41:12', 0, '2014-05-30 09:19:44', 1),
(9, 27, '', '555, JALAN SAMUDRA UTARA 1', 'TAMAN SAMUDRA 1', '', 'GOMBAK', '68100', 1931, 458, 0, '2014-06-06 09:23:15', 0, '2014-06-09 01:49:58', 0),
(10, 1, '', '', '', '', 'Dhaka', '1229', 278, 50, 0, '2014-08-05 01:23:03', 0, '0000-00-00 00:00:00', 0);

-- --------------------------------------------------------

--
-- Table structure for table `comp_alert_table`
--

CREATE TABLE IF NOT EXISTS `comp_alert_table` (
  `ID` int(11) NOT NULL AUTO_INCREMENT,
  `companyID` int(11) NOT NULL,
  `acctTypeID` int(11) NOT NULL,
  `badRelief` tinyint(1) NOT NULL,
  `registration` tinyint(1) NOT NULL,
  `gstReturn` tinyint(1) NOT NULL,
  `accountReceivable` tinyint(1) NOT NULL,
  `accountPayable` tinyint(1) NOT NULL,
  `createdBy` int(11) NOT NULL,
  `createdTS` timestamp NOT NULL DEFAULT CURRENT_TIMESTAMP,
  `updatedBy` int(11) NOT NULL,
  `updatedTS` timestamp NOT NULL DEFAULT '0000-00-00 00:00:00' ON UPDATE CURRENT_TIMESTAMP,
  PRIMARY KEY (`ID`)
) ENGINE=InnoDB DEFAULT CHARSET=latin1 AUTO_INCREMENT=1 ;

-- --------------------------------------------------------

--
-- Table structure for table `comp_bank`
--

CREATE TABLE IF NOT EXISTS `comp_bank` (
  `ID` int(11) NOT NULL AUTO_INCREMENT,
  `companyID` int(11) NOT NULL,
  `bankName` varchar(64) NOT NULL,
  `bankShortName` varchar(8) NOT NULL,
  `branch` varchar(64) NOT NULL,
  `bankAccountNo` varchar(32) NOT NULL,
  `currentBalance` double NOT NULL,
  `line1` varchar(64) NOT NULL,
  `line2` varchar(64) NOT NULL,
  `line3` varchar(64) NOT NULL,
  `city` varchar(64) NOT NULL,
  `PostCode` varchar(8) NOT NULL,
  `bankStateID` int(11) NOT NULL,
  `bankCountryID` int(11) NOT NULL,
  `attention` varchar(32) NOT NULL,
  `phoneNumber1` varchar(64) NOT NULL,
  `phoneNumber2` varchar(64) NOT NULL,
  `fax` varchar(64) NOT NULL,
  `generalNote` varchar(255) NOT NULL,
  `creditLimit` int(8) NOT NULL,
  `creditLimitAlert` tinyint(1) NOT NULL,
  `linkAccountID` int(11) NOT NULL,
  `createdDate` date NOT NULL,
  `currencyID` int(11) NOT NULL,
  `email` varchar(32) NOT NULL,
  `createdBy` int(11) NOT NULL,
  `createdTS` timestamp NOT NULL DEFAULT CURRENT_TIMESTAMP,
  `updatedBy` int(11) NOT NULL,
  `updatedTS` timestamp NOT NULL DEFAULT '0000-00-00 00:00:00' ON UPDATE CURRENT_TIMESTAMP,
  `is_delete` int(16) NOT NULL,
  PRIMARY KEY (`ID`)
) ENGINE=InnoDB  DEFAULT CHARSET=latin1 AUTO_INCREMENT=34 ;

--
-- Dumping data for table `comp_bank`
--

INSERT INTO `comp_bank` (`ID`, `companyID`, `bankName`, `bankShortName`, `branch`, `bankAccountNo`, `currentBalance`, `line1`, `line2`, `line3`, `city`, `PostCode`, `bankStateID`, `bankCountryID`, `attention`, `phoneNumber1`, `phoneNumber2`, `fax`, `generalNote`, `creditLimit`, `creditLimitAlert`, `linkAccountID`, `createdDate`, `currencyID`, `email`, `createdBy`, `createdTS`, `updatedBy`, `updatedTS`, `is_delete`) VALUES
(1, 1, 'test', 'test', '0', '', 0, '', '', '', '', '', 0, 0, '0', '0', '0', '', '0', 0, 0, 0, '0000-00-00', 0, '', 0, '2014-06-23 09:02:17', 0, '2014-06-24 02:34:51', 1),
(2, 1, 'Hong Leong Bank', 'HLB', 'HLB Ampang', '1234-678-9876', 20000, '555, JALAN SAMUDRA UTARA 1', 'taman jalan raya', '', 'GOMBAK', '53100', 1933, 458, '', '0', '0', '', '', 0, 0, 0, '0000-00-00', 0, '', 0, '2014-06-24 02:08:19', 0, '2014-06-24 02:35:43', 1),
(12, 1, 'Bank Telekom Malaysia', 'BTM', 'taman samudera', '512026511114587', 0, '555, JALAN SAMUDRA UTARA 1', 'TAMAN SAMUDRA', '', 'GOMBAK', '68100', 0, 458, '0', '603 61881213', '0', '603 61881214', '', 0, 0, 20, '0000-00-00', 1, 'account@salihin.com.my', 0, '2014-05-21 04:52:14', 0, '2014-06-24 02:59:17', 0),
(15, 1, 'Celcom', '20', '', '', 0, 'no.23, jalan rampai,', 'taman seri rampai', '', 'wilayah persekutuan', '68100', 1933, 458, '0', '603 61881213', '', '603 61881213', '', 0, 0, 20, '0000-00-00', 2, 'qaqa@yahoo.com.my', 0, '2014-05-21 10:57:46', 0, '2014-06-23 02:45:38', 0),
(16, 1, 'Maxis', '20', '', '', 0, '23,jalan jalan', 'cari makan', '', 'gombak', '68100', 1933, 458, '0', '603 61881213', '', '603 61881213', '', 0, 0, 20, '0000-00-00', 1, 'qaqa@yahoo.com', 0, '2014-05-22 11:18:09', 0, '2014-06-23 02:45:55', 0),
(17, 15, 'AXBN', 'AXBN', 'kajang', '512026511114587', 0, 'customer 1, jalan 1, taman 1/1', '', '', 'batu 1', '11111', 0, 458, '0', '111', '0', '111', '', 0, 0, 0, '0000-00-00', 1, 'accounts1@salihin.com.my', 0, '2014-05-29 02:56:48', 0, '2014-07-17 00:59:29', 0),
(18, 15, 'akmal bank berhad', 'ABB', 'kl sentral', '258844255525', 0, 'No 2, jalan 2, taman 2/2', '', '', 'Batu 2', '22222', 0, 458, '0', '603-88371234', '0', '603-88891999', '', 0, 0, 0, '0000-00-00', 2, 'accounts2@salihin.com.my', 0, '2014-05-29 03:03:13', 0, '2014-07-17 01:02:24', 0),
(19, 15, 'Permata Hijrah bank berhad', 'permata', 'batu caves', '5855645555', 0, 'No 3, Jalan 3, Taman 3/3', '', '', 'Batu 3', '33333', 0, 458, 'Ali Abi Talib', '333', '0', '333', '', 0, 0, 0, '0000-00-00', 1, 'accounts3@salihin.com.my', 0, '2014-05-29 03:06:10', 0, '2014-07-17 01:03:03', 0),
(20, 1, 'ABC Enterprise', '20', '', '', 0, '', '', '', '', '', 1933, 458, '0', '', '', '', '', 0, 0, 20, '0000-00-00', 1, '', 0, '2014-05-29 09:55:13', 0, '2014-07-14 03:51:08', 1),
(21, 27, 'qa', 'qa12', '', '', 0, '555, JALAN SAMUDRA UTARA 1', 'TAMAN SAMUDRA', '', 'GOMBAK', '68100', 1933, 458, '0', '603 61854646', '', '603 61856767', '', 0, 0, 0, '0000-00-00', 0, 'bee@gmail.com', 0, '2014-06-06 09:25:49', 0, '2014-06-06 09:26:01', 0),
(27, 1, 'FARHANA', '0', '', '', 0, '555, JALAN SAMUDRA UTARA 1', 'TAMAN SAMUDRA', '', 'GOMBAK', '68100', 1921, 458, '0', '', '', '', '', 0, 0, 20, '0000-00-00', 0, 'ateeq@webfulcreations.com', 0, '2014-06-23 02:41:34', 0, '2014-07-14 03:51:03', 1),
(28, 1, 'Maybank', 'MBB', 'Gombak', '1234-1234-1234', 20, '555, JALAN SAMUDRA UTARA 1', 'taman jalan raya', '', 'GOMBAK', '', 0, 458, 'bernard', '603 21343423', '0', '603 21343423', 'testing edit', 0, 0, 22, '0000-00-00', 1, 'bee@gmail.com', 0, '2014-06-24 02:39:48', 0, '2014-06-24 02:42:19', 0),
(29, 1, 'OCBC', 'OCBC', 'kl sentral', '1112-09-9829', 20, '555, JALAN SAMUDRA UTARA 1', 'TAMAN SAMUDRA', '', 'WILAYAH PERSEKUTUAN', '53100', 1933, 458, 'george', '603 61778989', '0', '603 61892738', '', 0, 0, 20, '0000-00-00', 1, 'test@ocbc.com', 0, '2014-07-14 03:50:54', 0, '0000-00-00 00:00:00', 0),
(30, 76, 'citibank', 'CTBNK', 'ampang', '760013456', 300000, 'xxx', 'xxx', 'xxx', 'xxx', '53100', 1921, 458, 'xxxx', '603 61788989', '0', '603 61788989', 'xxxx', 0, 0, 0, '0000-00-00', 1, 'bee@gmail.com', 0, '2014-07-17 05:53:29', 0, '0000-00-00 00:00:00', 0),
(31, 76, 'Maybank', 'MBB', 'Gombak', '145654567890', 10000, '555, JALAN SAMUDRA UTARA 1', 'TAMAN SAMUDRA', '', 'GOMBAK', '68100', 1931, 458, 'qwwe', '603 56789000', '0', '603 61788989', '334fffffff', 0, 0, 0, '0000-00-00', 0, 'bee@gmail.com', 0, '2014-07-17 05:58:21', 0, '0000-00-00 00:00:00', 0),
(32, 81, 'Maybank ', 'MBB', 'Gombak', '167832146789', 0, 'Maybank Berhad', 'Menara Bunga Raya', 'Medan Raya', 'Gombak', '68100', 1931, 458, 'Puan Shima', '603 61776565', '0', '603 61776464', '', 0, 0, 1109, '0000-00-00', 1, 'shima@maybank.com.my', 0, '2014-07-21 02:36:01', 0, '0000-00-00 00:00:00', 0),
(33, 81, 'Public Bank Berhad', 'PB', 'Seri Gombak', '122 6578 2190', 0, 'Public Bank Berhad', 'Lot 3G-1-1,', 'Lorong SG 2', 'Gombak', '68100', 1931, 458, 'Mr Lim Sim Kat', '603 61908989', '0', '603 61901212', '', 0, 0, 1109, '0000-00-00', 1, 'simkat@publicbank.com.my', 0, '2014-07-21 02:48:37', 0, '0000-00-00 00:00:00', 0);

-- --------------------------------------------------------

--
-- Table structure for table `comp_bank_reconcile`
--

CREATE TABLE IF NOT EXISTS `comp_bank_reconcile` (
  `ID` int(11) NOT NULL AUTO_INCREMENT,
  `bankID` int(11) NOT NULL,
  `reconcileDate` date NOT NULL,
  `bankStatementDate` date NOT NULL,
  `totalDebit` double NOT NULL,
  `totalCredit` double NOT NULL,
  `bankStatementBalance` double NOT NULL,
  `reconcileBalance` double NOT NULL,
  `createdBy` int(11) NOT NULL,
  `createdTS` timestamp NOT NULL DEFAULT CURRENT_TIMESTAMP,
  `updatedBy` int(11) NOT NULL,
  `updatedTS` timestamp NOT NULL DEFAULT '0000-00-00 00:00:00' ON UPDATE CURRENT_TIMESTAMP,
  PRIMARY KEY (`ID`)
) ENGINE=InnoDB  DEFAULT CHARSET=latin1 AUTO_INCREMENT=11 ;

--
-- Dumping data for table `comp_bank_reconcile`
--

INSERT INTO `comp_bank_reconcile` (`ID`, `bankID`, `reconcileDate`, `bankStatementDate`, `totalDebit`, `totalCredit`, `bankStatementBalance`, `reconcileBalance`, `createdBy`, `createdTS`, `updatedBy`, `updatedTS`) VALUES
(4, 15, '2014-06-30', '2014-06-30', 0, 7, 3456, 3456, 0, '2014-06-30 03:20:01', 0, '2014-06-30 03:22:25'),
(5, 15, '2014-06-30', '2014-06-30', 0, 7, 7, 3449, 0, '2014-06-30 03:24:53', 0, '2014-06-30 05:32:33');

-- --------------------------------------------------------

--
-- Table structure for table `comp_budget`
--

CREATE TABLE IF NOT EXISTS `comp_budget` (
  `ID` int(11) NOT NULL AUTO_INCREMENT,
  `companyID` int(11) DEFAULT NULL,
  `acctGroupID` int(11) DEFAULT NULL,
  `acctID` int(11) DEFAULT NULL,
  `year` int(11) DEFAULT NULL,
  `period` int(2) DEFAULT NULL,
  `amountdr` double DEFAULT NULL,
  `amountcr` double DEFAULT NULL,
  `total` double DEFAULT NULL,
  `createdBy` int(11) DEFAULT NULL,
  `createdTS` timestamp NULL DEFAULT CURRENT_TIMESTAMP,
  `updatedBy` int(11) DEFAULT NULL,
  `updatedTS` timestamp NULL DEFAULT CURRENT_TIMESTAMP,
  `is_delete` smallint(6) DEFAULT NULL,
  PRIMARY KEY (`ID`),
  KEY `Index 2` (`companyID`,`acctID`,`year`)
) ENGINE=InnoDB  DEFAULT CHARSET=latin1 ROW_FORMAT=COMPACT AUTO_INCREMENT=433 ;

--
-- Dumping data for table `comp_budget`
--

INSERT INTO `comp_budget` (`ID`, `companyID`, `acctGroupID`, `acctID`, `year`, `period`, `amountdr`, `amountcr`, `total`, `createdBy`, `createdTS`, `updatedBy`, `updatedTS`, `is_delete`) VALUES
(1, 1, 10, 68, 2014, 1, NULL, 2500, 2500, 1, '2014-06-03 01:06:01', NULL, '2014-06-03 07:42:01', NULL),
(2, 1, 10, 68, 2014, 2, NULL, 2500, 2500, 1, '2014-06-03 01:06:01', NULL, '2014-06-03 07:42:01', NULL),
(3, 1, 10, 68, 2014, 3, NULL, 2500, 2500, 1, '2014-06-03 01:06:01', NULL, '2014-06-03 07:42:01', NULL),
(4, 1, 10, 68, 2014, 4, NULL, 2500, 2500, 1, '2014-06-03 01:06:01', NULL, '2014-06-03 07:42:01', NULL),
(5, 1, 10, 68, 2014, 5, NULL, 2500, 2500, 1, '2014-06-03 01:06:01', NULL, '2014-06-03 07:42:01', NULL),
(6, 1, 10, 68, 2014, 6, NULL, 2500, 2500, 1, '2014-06-03 01:06:01', NULL, '2014-06-03 07:42:01', NULL),
(7, 1, 10, 68, 2014, 7, NULL, 2500, 2500, 1, '2014-06-03 01:06:01', NULL, '2014-06-03 07:42:01', NULL),
(8, 1, 10, 68, 2014, 8, NULL, 2500, 2500, 1, '2014-06-03 01:06:01', NULL, '2014-06-03 07:42:01', NULL),
(9, 1, 10, 68, 2014, 9, NULL, 2500, 2500, 1, '2014-06-03 01:06:01', NULL, '2014-06-03 07:42:01', NULL),
(10, 1, 10, 68, 2014, 10, NULL, 2500, 2500, 1, '2014-06-03 01:06:01', NULL, '2014-06-03 07:42:01', NULL),
(11, 1, 10, 68, 2014, 11, NULL, 2500, 2500, 1, '2014-06-03 01:06:01', NULL, '2014-06-03 07:42:01', NULL),
(12, 1, 10, 68, 2014, 12, NULL, 2500, 2500, 1, '2014-06-03 01:06:01', NULL, '2014-06-03 07:42:01', NULL),
(13, 1, 10, 69, 2014, 1, NULL, 0, 0, 1, '2014-06-03 01:06:01', NULL, '2014-06-03 07:42:01', NULL),
(14, 1, 10, 69, 2014, 2, NULL, 0, 0, 1, '2014-06-03 01:06:01', NULL, '2014-06-03 07:42:01', NULL),
(15, 1, 10, 69, 2014, 3, NULL, 0, 0, 1, '2014-06-03 01:06:01', NULL, '2014-06-03 07:42:01', NULL),
(16, 1, 10, 69, 2014, 4, NULL, 0, 0, 1, '2014-06-03 01:06:01', NULL, '2014-06-03 07:42:01', NULL),
(17, 1, 10, 69, 2014, 5, NULL, 0, 0, 1, '2014-06-03 01:06:01', NULL, '2014-06-03 07:42:01', NULL),
(18, 1, 10, 69, 2014, 6, NULL, 0, 0, 1, '2014-06-03 01:06:01', NULL, '2014-06-03 07:42:01', NULL),
(19, 1, 10, 69, 2014, 7, NULL, 0, 0, 1, '2014-06-03 01:06:01', NULL, '2014-06-03 07:42:01', NULL),
(20, 1, 10, 69, 2014, 8, NULL, 0, 0, 1, '2014-06-03 01:06:01', NULL, '2014-06-03 07:42:01', NULL),
(21, 1, 10, 69, 2014, 9, NULL, 0, 0, 1, '2014-06-03 01:06:01', NULL, '2014-06-03 07:42:01', NULL),
(22, 1, 10, 69, 2014, 10, NULL, 0, 0, 1, '2014-06-03 01:06:01', NULL, '2014-06-03 07:42:01', NULL),
(23, 1, 10, 69, 2014, 11, NULL, 0, 0, 1, '2014-06-03 01:06:01', NULL, '2014-06-03 07:42:01', NULL),
(24, 1, 10, 69, 2014, 12, NULL, 0, 0, 1, '2014-06-03 01:06:01', NULL, '2014-06-03 07:42:01', NULL),
(25, 1, 10, 70, 2014, 1, NULL, 0, 0, 1, '2014-06-03 01:06:01', NULL, '2014-06-03 07:42:01', NULL),
(26, 1, 10, 70, 2014, 2, NULL, 0, 0, 1, '2014-06-03 01:06:01', NULL, '2014-06-03 07:42:01', NULL),
(27, 1, 10, 70, 2014, 3, NULL, 0, 0, 1, '2014-06-03 01:06:01', NULL, '2014-06-03 07:42:01', NULL),
(28, 1, 10, 70, 2014, 4, NULL, 0, 0, 1, '2014-06-03 01:06:01', NULL, '2014-06-03 07:42:01', NULL),
(29, 1, 10, 70, 2014, 5, NULL, 0, 0, 1, '2014-06-03 01:06:01', NULL, '2014-06-03 07:42:01', NULL),
(30, 1, 10, 70, 2014, 6, NULL, 0, 0, 1, '2014-06-03 01:06:01', NULL, '2014-06-03 07:42:01', NULL),
(31, 1, 10, 70, 2014, 7, NULL, 0, 0, 1, '2014-06-03 01:06:01', NULL, '2014-06-03 07:42:01', NULL),
(32, 1, 10, 70, 2014, 8, NULL, 0, 0, 1, '2014-06-03 01:06:01', NULL, '2014-06-03 07:42:01', NULL),
(33, 1, 10, 70, 2014, 9, NULL, 0, 0, 1, '2014-06-03 01:06:01', NULL, '2014-06-03 07:42:01', NULL),
(34, 1, 10, 70, 2014, 10, NULL, 0, 0, 1, '2014-06-03 01:06:01', NULL, '2014-06-03 07:42:01', NULL),
(35, 1, 10, 70, 2014, 11, NULL, 0, 0, 1, '2014-06-03 01:06:01', NULL, '2014-06-03 07:42:01', NULL),
(36, 1, 10, 70, 2014, 12, NULL, 0, 0, 1, '2014-06-03 01:06:01', NULL, '2014-06-03 07:42:01', NULL),
(37, 1, 10, 71, 2014, 1, NULL, 0, 0, 1, '2014-06-03 01:06:01', NULL, '2014-06-03 07:42:01', NULL),
(38, 1, 10, 71, 2014, 2, NULL, 0, 0, 1, '2014-06-03 01:06:01', NULL, '2014-06-03 07:42:01', NULL),
(39, 1, 10, 71, 2014, 3, NULL, 0, 0, 1, '2014-06-03 01:06:01', NULL, '2014-06-03 07:42:01', NULL),
(40, 1, 10, 71, 2014, 4, NULL, 0, 0, 1, '2014-06-03 01:06:01', NULL, '2014-06-03 07:42:01', NULL),
(41, 1, 10, 71, 2014, 5, NULL, 0, 0, 1, '2014-06-03 01:06:01', NULL, '2014-06-03 07:42:01', NULL),
(42, 1, 10, 71, 2014, 6, NULL, 0, 0, 1, '2014-06-03 01:06:01', NULL, '2014-06-03 07:42:01', NULL),
(43, 1, 10, 71, 2014, 7, NULL, 0, 0, 1, '2014-06-03 01:06:01', NULL, '2014-06-03 07:42:01', NULL),
(44, 1, 10, 71, 2014, 8, NULL, 0, 0, 1, '2014-06-03 01:06:01', NULL, '2014-06-03 07:42:01', NULL),
(45, 1, 10, 71, 2014, 9, NULL, 0, 0, 1, '2014-06-03 01:06:01', NULL, '2014-06-03 07:42:01', NULL),
(46, 1, 10, 71, 2014, 10, NULL, 0, 0, 1, '2014-06-03 01:06:01', NULL, '2014-06-03 07:42:01', NULL),
(47, 1, 10, 71, 2014, 11, NULL, 0, 0, 1, '2014-06-03 01:06:01', NULL, '2014-06-03 07:42:01', NULL),
(48, 1, 10, 71, 2014, 12, NULL, 0, 0, 1, '2014-06-03 01:06:01', NULL, '2014-06-03 07:42:01', NULL),
(49, 1, 10, 72, 2014, 1, NULL, 0, 0, 1, '2014-06-03 01:06:01', NULL, '2014-06-03 07:42:01', NULL),
(50, 1, 10, 72, 2014, 2, NULL, 0, 0, 1, '2014-06-03 01:06:01', NULL, '2014-06-03 07:42:01', NULL),
(51, 1, 10, 72, 2014, 3, NULL, 0, 0, 1, '2014-06-03 01:06:01', NULL, '2014-06-03 07:42:01', NULL),
(52, 1, 10, 72, 2014, 4, NULL, 0, 0, 1, '2014-06-03 01:06:01', NULL, '2014-06-03 07:42:01', NULL),
(53, 1, 10, 72, 2014, 5, NULL, 0, 0, 1, '2014-06-03 01:06:01', NULL, '2014-06-03 07:42:01', NULL),
(54, 1, 10, 72, 2014, 6, NULL, 0, 0, 1, '2014-06-03 01:06:01', NULL, '2014-06-03 07:42:01', NULL),
(55, 1, 10, 72, 2014, 7, NULL, 0, 0, 1, '2014-06-03 01:06:01', NULL, '2014-06-03 07:42:01', NULL),
(56, 1, 10, 72, 2014, 8, NULL, 0, 0, 1, '2014-06-03 01:06:01', NULL, '2014-06-03 07:42:01', NULL),
(57, 1, 10, 72, 2014, 9, NULL, 0, 0, 1, '2014-06-03 01:06:01', NULL, '2014-06-03 07:42:01', NULL),
(58, 1, 10, 72, 2014, 10, NULL, 0, 0, 1, '2014-06-03 01:06:01', NULL, '2014-06-03 07:42:01', NULL),
(59, 1, 10, 72, 2014, 11, NULL, 0, 0, 1, '2014-06-03 01:06:01', NULL, '2014-06-03 07:42:01', NULL),
(60, 1, 10, 72, 2014, 12, NULL, 0, 0, 1, '2014-06-03 01:06:01', NULL, '2014-06-03 07:42:01', NULL),
(61, 1, 10, 73, 2014, 1, NULL, 0, 0, 1, '2014-06-03 01:06:01', NULL, '2014-06-03 07:42:01', NULL),
(62, 1, 10, 73, 2014, 2, NULL, 0, 0, 1, '2014-06-03 01:06:01', NULL, '2014-06-03 07:42:01', NULL),
(63, 1, 10, 73, 2014, 3, NULL, 0, 0, 1, '2014-06-03 01:06:01', NULL, '2014-06-03 07:42:01', NULL),
(64, 1, 10, 73, 2014, 4, NULL, 0, 0, 1, '2014-06-03 01:06:01', NULL, '2014-06-03 07:42:01', NULL),
(65, 1, 10, 73, 2014, 5, NULL, 0, 0, 1, '2014-06-03 01:06:01', NULL, '2014-06-03 07:42:01', NULL),
(66, 1, 10, 73, 2014, 6, NULL, 0, 0, 1, '2014-06-03 01:06:01', NULL, '2014-06-03 07:42:01', NULL),
(67, 1, 10, 73, 2014, 7, NULL, 0, 0, 1, '2014-06-03 01:06:01', NULL, '2014-06-03 07:42:01', NULL),
(68, 1, 10, 73, 2014, 8, NULL, 0, 0, 1, '2014-06-03 01:06:01', NULL, '2014-06-03 07:42:01', NULL),
(69, 1, 10, 73, 2014, 9, NULL, 0, 0, 1, '2014-06-03 01:06:01', NULL, '2014-06-03 07:42:01', NULL),
(70, 1, 10, 73, 2014, 10, NULL, 0, 0, 1, '2014-06-03 01:06:01', NULL, '2014-06-03 07:42:01', NULL),
(71, 1, 10, 73, 2014, 11, NULL, 0, 0, 1, '2014-06-03 01:06:01', NULL, '2014-06-03 07:42:01', NULL),
(72, 1, 10, 73, 2014, 12, NULL, 0, 0, 1, '2014-06-03 01:06:01', NULL, '2014-06-03 07:42:01', NULL),
(73, 1, 10, 74, 2014, 1, NULL, 0, 0, 1, '2014-06-03 01:06:01', NULL, '2014-06-03 07:42:01', NULL),
(74, 1, 10, 74, 2014, 2, NULL, 0, 0, 1, '2014-06-03 01:06:01', NULL, '2014-06-03 07:42:01', NULL),
(75, 1, 10, 74, 2014, 3, NULL, 0, 0, 1, '2014-06-03 01:06:01', NULL, '2014-06-03 07:42:01', NULL),
(76, 1, 10, 74, 2014, 4, NULL, 0, 0, 1, '2014-06-03 01:06:01', NULL, '2014-06-03 07:42:01', NULL),
(77, 1, 10, 74, 2014, 5, NULL, 0, 0, 1, '2014-06-03 01:06:01', NULL, '2014-06-03 07:42:01', NULL),
(78, 1, 10, 74, 2014, 6, NULL, 0, 0, 1, '2014-06-03 01:06:01', NULL, '2014-06-03 07:42:01', NULL),
(79, 1, 10, 74, 2014, 7, NULL, 0, 0, 1, '2014-06-03 01:06:01', NULL, '2014-06-03 07:42:01', NULL),
(80, 1, 10, 74, 2014, 8, NULL, 0, 0, 1, '2014-06-03 01:06:01', NULL, '2014-06-03 07:42:01', NULL),
(81, 1, 10, 74, 2014, 9, NULL, 0, 0, 1, '2014-06-03 01:06:01', NULL, '2014-06-03 07:42:01', NULL),
(82, 1, 10, 74, 2014, 10, NULL, 0, 0, 1, '2014-06-03 01:06:01', NULL, '2014-06-03 07:42:01', NULL),
(83, 1, 10, 74, 2014, 11, NULL, 0, 0, 1, '2014-06-03 01:06:01', NULL, '2014-06-03 07:42:01', NULL),
(84, 1, 10, 74, 2014, 12, NULL, 0, 0, 1, '2014-06-03 01:06:01', NULL, '2014-06-03 07:42:01', NULL),
(85, 1, 10, 75, 2014, 1, NULL, 0, 0, 1, '2014-06-03 01:06:01', NULL, '2014-06-03 07:42:01', NULL),
(86, 1, 10, 75, 2014, 2, NULL, 0, 0, 1, '2014-06-03 01:06:01', NULL, '2014-06-03 07:42:01', NULL),
(87, 1, 10, 75, 2014, 3, NULL, 0, 0, 1, '2014-06-03 01:06:01', NULL, '2014-06-03 07:42:01', NULL),
(88, 1, 10, 75, 2014, 4, NULL, 10000, 10000, 1, '2014-06-03 01:06:01', NULL, '2014-06-03 07:42:01', NULL),
(89, 1, 10, 75, 2014, 5, NULL, 0, 0, 1, '2014-06-03 01:06:01', NULL, '2014-06-03 07:42:01', NULL),
(90, 1, 10, 75, 2014, 6, NULL, 0, 0, 1, '2014-06-03 01:06:01', NULL, '2014-06-03 07:42:01', NULL),
(91, 1, 10, 75, 2014, 7, NULL, 0, 0, 1, '2014-06-03 01:06:01', NULL, '2014-06-03 07:42:01', NULL),
(92, 1, 10, 75, 2014, 8, NULL, 0, 0, 1, '2014-06-03 01:06:01', NULL, '2014-06-03 07:42:01', NULL),
(93, 1, 10, 75, 2014, 9, NULL, 0, 0, 1, '2014-06-03 01:06:01', NULL, '2014-06-03 07:42:01', NULL),
(94, 1, 10, 75, 2014, 10, NULL, 0, 0, 1, '2014-06-03 01:06:01', NULL, '2014-06-03 07:42:01', NULL),
(95, 1, 10, 75, 2014, 11, NULL, 0, 0, 1, '2014-06-03 01:06:01', NULL, '2014-06-03 07:42:01', NULL),
(96, 1, 10, 75, 2014, 12, NULL, 0, 0, 1, '2014-06-03 01:06:01', NULL, '2014-06-03 07:42:01', NULL),
(97, 1, 10, 103, 2014, 1, NULL, 0, 0, 1, '2014-06-03 01:06:01', NULL, '2014-06-03 07:42:01', NULL),
(98, 1, 10, 103, 2014, 2, NULL, 0, 0, 1, '2014-06-03 01:06:01', NULL, '2014-06-03 07:42:01', NULL),
(99, 1, 10, 103, 2014, 3, NULL, 0, 0, 1, '2014-06-03 01:06:02', NULL, '2014-06-03 07:42:02', NULL),
(100, 1, 10, 103, 2014, 4, NULL, 0, 0, 1, '2014-06-03 01:06:02', NULL, '2014-06-03 07:42:02', NULL),
(101, 1, 10, 103, 2014, 5, NULL, 0, 0, 1, '2014-06-03 01:06:02', NULL, '2014-06-03 07:42:02', NULL),
(102, 1, 10, 103, 2014, 6, NULL, 0, 0, 1, '2014-06-03 01:06:02', NULL, '2014-06-03 07:42:02', NULL),
(103, 1, 10, 103, 2014, 7, NULL, 0, 0, 1, '2014-06-03 01:06:02', NULL, '2014-06-03 07:42:02', NULL),
(104, 1, 10, 103, 2014, 8, NULL, 0, 0, 1, '2014-06-03 01:06:02', NULL, '2014-06-03 07:42:02', NULL),
(105, 1, 10, 103, 2014, 9, NULL, 0, 0, 1, '2014-06-03 01:06:02', NULL, '2014-06-03 07:42:02', NULL),
(106, 1, 10, 103, 2014, 10, NULL, 0, 0, 1, '2014-06-03 01:06:02', NULL, '2014-06-03 07:42:02', NULL),
(107, 1, 10, 103, 2014, 11, NULL, 0, 0, 1, '2014-06-03 01:06:02', NULL, '2014-06-03 07:42:02', NULL),
(108, 1, 10, 103, 2014, 12, NULL, 0, 0, 1, '2014-06-03 01:06:02', NULL, '2014-06-03 07:42:02', NULL),
(109, 1, 10, 76, 2014, 1, NULL, 0, 0, 1, '2014-06-03 01:06:02', NULL, '2014-06-03 07:42:02', NULL),
(110, 1, 10, 76, 2014, 2, NULL, 0, 0, 1, '2014-06-03 01:06:02', NULL, '2014-06-03 07:42:02', NULL),
(111, 1, 10, 76, 2014, 3, NULL, 0, 0, 1, '2014-06-03 01:06:02', NULL, '2014-06-03 07:42:02', NULL),
(112, 1, 10, 76, 2014, 4, NULL, 0, 0, 1, '2014-06-03 01:06:02', NULL, '2014-06-03 07:42:02', NULL),
(113, 1, 10, 76, 2014, 5, NULL, 0, 0, 1, '2014-06-03 01:06:02', NULL, '2014-06-03 07:42:02', NULL),
(114, 1, 10, 76, 2014, 6, NULL, 0, 0, 1, '2014-06-03 01:06:02', NULL, '2014-06-03 07:42:02', NULL),
(115, 1, 10, 76, 2014, 7, NULL, 0, 0, 1, '2014-06-03 01:06:02', NULL, '2014-06-03 07:42:02', NULL),
(116, 1, 10, 76, 2014, 8, NULL, 0, 0, 1, '2014-06-03 01:06:02', NULL, '2014-06-03 07:42:02', NULL),
(117, 1, 10, 76, 2014, 9, NULL, 0, 0, 1, '2014-06-03 01:06:02', NULL, '2014-06-03 07:42:02', NULL),
(118, 1, 10, 76, 2014, 10, NULL, 0, 0, 1, '2014-06-03 01:06:02', NULL, '2014-06-03 07:42:02', NULL),
(119, 1, 10, 76, 2014, 11, NULL, 0, 0, 1, '2014-06-03 01:06:02', NULL, '2014-06-03 07:42:02', NULL),
(120, 1, 10, 76, 2014, 12, NULL, 0, 0, 1, '2014-06-03 01:06:02', NULL, '2014-06-03 07:42:02', NULL),
(121, 1, 10, 77, 2014, 1, NULL, 667, 667, 1, '2014-06-03 01:06:02', NULL, '2014-06-03 07:42:02', NULL),
(122, 1, 10, 77, 2014, 2, NULL, 667, 667, 1, '2014-06-03 01:06:02', NULL, '2014-06-03 07:42:02', NULL),
(123, 1, 10, 77, 2014, 3, NULL, 667, 667, 1, '2014-06-03 01:06:02', NULL, '2014-06-03 07:42:02', NULL),
(124, 1, 10, 77, 2014, 4, NULL, 667, 667, 1, '2014-06-03 01:06:02', NULL, '2014-06-03 07:42:02', NULL),
(125, 1, 10, 77, 2014, 5, NULL, 667, 667, 1, '2014-06-03 01:06:02', NULL, '2014-06-03 07:42:02', NULL),
(126, 1, 10, 77, 2014, 6, NULL, 667, 667, 1, '2014-06-03 01:06:02', NULL, '2014-06-03 07:42:02', NULL),
(127, 1, 10, 77, 2014, 7, NULL, 667, 667, 1, '2014-06-03 01:06:02', NULL, '2014-06-03 07:42:02', NULL),
(128, 1, 10, 77, 2014, 8, NULL, 667, 667, 1, '2014-06-03 01:06:02', NULL, '2014-06-03 07:42:02', NULL),
(129, 1, 10, 77, 2014, 9, NULL, 667, 667, 1, '2014-06-03 01:06:02', NULL, '2014-06-03 07:42:02', NULL),
(130, 1, 10, 77, 2014, 10, NULL, 667, 667, 1, '2014-06-03 01:06:02', NULL, '2014-06-03 07:42:02', NULL),
(131, 1, 10, 77, 2014, 11, NULL, 667, 667, 1, '2014-06-03 01:06:02', NULL, '2014-06-03 07:42:02', NULL),
(132, 1, 10, 77, 2014, 12, NULL, 663, 663, 1, '2014-06-03 01:06:02', NULL, '2014-06-03 07:42:02', NULL),
(133, 1, 10, 78, 2014, 1, NULL, 0, 0, 1, '2014-06-03 01:06:02', NULL, '2014-06-03 07:42:02', NULL),
(134, 1, 10, 78, 2014, 2, NULL, 0, 0, 1, '2014-06-03 01:06:02', NULL, '2014-06-03 07:42:02', NULL),
(135, 1, 10, 78, 2014, 3, NULL, 0, 0, 1, '2014-06-03 01:06:02', NULL, '2014-06-03 07:42:02', NULL),
(136, 1, 10, 78, 2014, 4, NULL, 0, 0, 1, '2014-06-03 01:06:02', NULL, '2014-06-03 07:42:02', NULL),
(137, 1, 10, 78, 2014, 5, NULL, 0, 0, 1, '2014-06-03 01:06:02', NULL, '2014-06-03 07:42:02', NULL),
(138, 1, 10, 78, 2014, 6, NULL, 0, 0, 1, '2014-06-03 01:06:02', NULL, '2014-06-03 07:42:02', NULL),
(139, 1, 10, 78, 2014, 7, NULL, 0, 0, 1, '2014-06-03 01:06:02', NULL, '2014-06-03 07:42:02', NULL),
(140, 1, 10, 78, 2014, 8, NULL, 0, 0, 1, '2014-06-03 01:06:02', NULL, '2014-06-03 07:42:02', NULL),
(141, 1, 10, 78, 2014, 9, NULL, 0, 0, 1, '2014-06-03 01:06:02', NULL, '2014-06-03 07:42:02', NULL),
(142, 1, 10, 78, 2014, 10, NULL, 0, 0, 1, '2014-06-03 01:06:02', NULL, '2014-06-03 07:42:02', NULL),
(143, 1, 10, 78, 2014, 11, NULL, 0, 0, 1, '2014-06-03 01:06:02', NULL, '2014-06-03 07:42:02', NULL),
(144, 1, 10, 78, 2014, 12, NULL, 0, 0, 1, '2014-06-03 01:06:02', NULL, '2014-06-03 07:42:02', NULL),
(145, 1, 10, 79, 2014, 1, NULL, 0, 0, 1, '2014-06-03 01:06:02', NULL, '2014-06-03 07:42:02', NULL),
(146, 1, 10, 79, 2014, 2, NULL, 0, 0, 1, '2014-06-03 01:06:02', NULL, '2014-06-03 07:42:02', NULL),
(147, 1, 10, 79, 2014, 3, NULL, 0, 0, 1, '2014-06-03 01:06:02', NULL, '2014-06-03 07:42:02', NULL),
(148, 1, 10, 79, 2014, 4, NULL, 0, 0, 1, '2014-06-03 01:06:02', NULL, '2014-06-03 07:42:02', NULL),
(149, 1, 10, 79, 2014, 5, NULL, 0, 0, 1, '2014-06-03 01:06:02', NULL, '2014-06-03 07:42:02', NULL),
(150, 1, 10, 79, 2014, 6, NULL, 0, 0, 1, '2014-06-03 01:06:02', NULL, '2014-06-03 07:42:02', NULL),
(151, 1, 10, 79, 2014, 7, NULL, 0, 0, 1, '2014-06-03 01:06:02', NULL, '2014-06-03 07:42:02', NULL),
(152, 1, 10, 79, 2014, 8, NULL, 0, 0, 1, '2014-06-03 01:06:02', NULL, '2014-06-03 07:42:02', NULL),
(153, 1, 10, 79, 2014, 9, NULL, 0, 0, 1, '2014-06-03 01:06:02', NULL, '2014-06-03 07:42:02', NULL),
(154, 1, 10, 79, 2014, 10, NULL, 0, 0, 1, '2014-06-03 01:06:02', NULL, '2014-06-03 07:42:02', NULL),
(155, 1, 10, 79, 2014, 11, NULL, 0, 0, 1, '2014-06-03 01:06:02', NULL, '2014-06-03 07:42:02', NULL),
(156, 1, 10, 79, 2014, 12, NULL, 0, 0, 1, '2014-06-03 01:06:02', NULL, '2014-06-03 07:42:02', NULL),
(157, 1, 10, 80, 2014, 1, NULL, 0, 0, 1, '2014-06-03 01:06:02', NULL, '2014-06-03 07:42:02', NULL),
(158, 1, 10, 80, 2014, 2, NULL, 0, 0, 1, '2014-06-03 01:06:02', NULL, '2014-06-03 07:42:02', NULL),
(159, 1, 10, 80, 2014, 3, NULL, 0, 0, 1, '2014-06-03 01:06:02', NULL, '2014-06-03 07:42:02', NULL),
(160, 1, 10, 80, 2014, 4, NULL, 0, 0, 1, '2014-06-03 01:06:02', NULL, '2014-06-03 07:42:02', NULL),
(161, 1, 10, 80, 2014, 5, NULL, 0, 0, 1, '2014-06-03 01:06:02', NULL, '2014-06-03 07:42:02', NULL),
(162, 1, 10, 80, 2014, 6, NULL, 0, 0, 1, '2014-06-03 01:06:02', NULL, '2014-06-03 07:42:02', NULL),
(163, 1, 10, 80, 2014, 7, NULL, 0, 0, 1, '2014-06-03 01:06:02', NULL, '2014-06-03 07:42:02', NULL),
(164, 1, 10, 80, 2014, 8, NULL, 0, 0, 1, '2014-06-03 01:06:02', NULL, '2014-06-03 07:42:02', NULL),
(165, 1, 10, 80, 2014, 9, NULL, 0, 0, 1, '2014-06-03 01:06:02', NULL, '2014-06-03 07:42:02', NULL),
(166, 1, 10, 80, 2014, 10, NULL, 0, 0, 1, '2014-06-03 01:06:02', NULL, '2014-06-03 07:42:02', NULL),
(167, 1, 10, 80, 2014, 11, NULL, 0, 0, 1, '2014-06-03 01:06:02', NULL, '2014-06-03 07:42:02', NULL),
(168, 1, 10, 80, 2014, 12, NULL, 0, 0, 1, '2014-06-03 01:06:02', NULL, '2014-06-03 07:42:02', NULL),
(169, 1, 10, 81, 2014, 1, NULL, 0, 0, 1, '2014-06-03 01:06:02', NULL, '2014-06-03 07:42:02', NULL),
(170, 1, 10, 81, 2014, 2, NULL, 0, 0, 1, '2014-06-03 01:06:02', NULL, '2014-06-03 07:42:02', NULL),
(171, 1, 10, 81, 2014, 3, NULL, 0, 0, 1, '2014-06-03 01:06:02', NULL, '2014-06-03 07:42:02', NULL),
(172, 1, 10, 81, 2014, 4, NULL, 0, 0, 1, '2014-06-03 01:06:02', NULL, '2014-06-03 07:42:02', NULL),
(173, 1, 10, 81, 2014, 5, NULL, 0, 0, 1, '2014-06-03 01:06:02', NULL, '2014-06-03 07:42:02', NULL),
(174, 1, 10, 81, 2014, 6, NULL, 0, 0, 1, '2014-06-03 01:06:02', NULL, '2014-06-03 07:42:02', NULL),
(175, 1, 10, 81, 2014, 7, NULL, 0, 0, 1, '2014-06-03 01:06:02', NULL, '2014-06-03 07:42:02', NULL),
(176, 1, 10, 81, 2014, 8, NULL, 0, 0, 1, '2014-06-03 01:06:02', NULL, '2014-06-03 07:42:02', NULL),
(177, 1, 10, 81, 2014, 9, NULL, 0, 0, 1, '2014-06-03 01:06:02', NULL, '2014-06-03 07:42:02', NULL),
(178, 1, 10, 81, 2014, 10, NULL, 0, 0, 1, '2014-06-03 01:06:02', NULL, '2014-06-03 07:42:02', NULL),
(179, 1, 10, 81, 2014, 11, NULL, 0, 0, 1, '2014-06-03 01:06:02', NULL, '2014-06-03 07:42:02', NULL),
(180, 1, 10, 81, 2014, 12, NULL, 0, 0, 1, '2014-06-03 01:06:02', NULL, '2014-06-03 07:42:02', NULL),
(181, 1, 10, 82, 2014, 1, NULL, 250, 250, 1, '2014-06-03 01:06:02', NULL, '2014-06-03 07:42:02', NULL),
(182, 1, 10, 82, 2014, 2, NULL, 250, 250, 1, '2014-06-03 01:06:02', NULL, '2014-06-03 07:42:02', NULL),
(183, 1, 10, 82, 2014, 3, NULL, 250, 250, 1, '2014-06-03 01:06:02', NULL, '2014-06-03 07:42:02', NULL),
(184, 1, 10, 82, 2014, 4, NULL, 250, 250, 1, '2014-06-03 01:06:02', NULL, '2014-06-03 07:42:02', NULL),
(185, 1, 10, 82, 2014, 5, NULL, 250, 250, 1, '2014-06-03 01:06:02', NULL, '2014-06-03 07:42:02', NULL),
(186, 1, 10, 82, 2014, 6, NULL, 250, 250, 1, '2014-06-03 01:06:02', NULL, '2014-06-03 07:42:02', NULL),
(187, 1, 10, 82, 2014, 7, NULL, 250, 250, 1, '2014-06-03 01:06:02', NULL, '2014-06-03 07:42:02', NULL),
(188, 1, 10, 82, 2014, 8, NULL, 250, 250, 1, '2014-06-03 01:06:02', NULL, '2014-06-03 07:42:02', NULL),
(189, 1, 10, 82, 2014, 9, NULL, 250, 250, 1, '2014-06-03 01:06:02', NULL, '2014-06-03 07:42:02', NULL),
(190, 1, 10, 82, 2014, 10, NULL, 250, 250, 1, '2014-06-03 01:06:02', NULL, '2014-06-03 07:42:02', NULL),
(191, 1, 10, 82, 2014, 11, NULL, 250, 250, 1, '2014-06-03 01:06:02', NULL, '2014-06-03 07:42:02', NULL),
(192, 1, 10, 82, 2014, 12, NULL, 250, 250, 1, '2014-06-03 01:06:02', NULL, '2014-06-03 07:42:02', NULL),
(193, 1, 10, 83, 2014, 1, NULL, 0, 0, 1, '2014-06-03 01:06:02', NULL, '2014-06-03 07:42:02', NULL),
(194, 1, 10, 83, 2014, 2, NULL, 0, 0, 1, '2014-06-03 01:06:02', NULL, '2014-06-03 07:42:02', NULL),
(195, 1, 10, 83, 2014, 3, NULL, 0, 0, 1, '2014-06-03 01:06:02', NULL, '2014-06-03 07:42:02', NULL),
(196, 1, 10, 83, 2014, 4, NULL, 0, 0, 1, '2014-06-03 01:06:02', NULL, '2014-06-03 07:42:02', NULL),
(197, 1, 10, 83, 2014, 5, NULL, 0, 0, 1, '2014-06-03 01:06:02', NULL, '2014-06-03 07:42:02', NULL),
(198, 1, 10, 83, 2014, 6, NULL, 0, 0, 1, '2014-06-03 01:06:02', NULL, '2014-06-03 07:42:02', NULL),
(199, 1, 10, 83, 2014, 7, NULL, 0, 0, 1, '2014-06-03 01:06:02', NULL, '2014-06-03 07:42:02', NULL),
(200, 1, 10, 83, 2014, 8, NULL, 0, 0, 1, '2014-06-03 01:06:02', NULL, '2014-06-03 07:42:02', NULL),
(201, 1, 10, 83, 2014, 9, NULL, 0, 0, 1, '2014-06-03 01:06:02', NULL, '2014-06-03 07:42:02', NULL),
(202, 1, 10, 83, 2014, 10, NULL, 0, 0, 1, '2014-06-03 01:06:02', NULL, '2014-06-03 07:42:02', NULL),
(203, 1, 10, 83, 2014, 11, NULL, 0, 0, 1, '2014-06-03 01:06:02', NULL, '2014-06-03 07:42:02', NULL),
(204, 1, 10, 83, 2014, 12, NULL, 0, 0, 1, '2014-06-03 01:06:02', NULL, '2014-06-03 07:42:02', NULL),
(205, 1, 10, 84, 2014, 1, NULL, 0, 0, 1, '2014-06-03 01:06:02', NULL, '2014-06-03 07:42:02', NULL),
(206, 1, 10, 84, 2014, 2, NULL, 0, 0, 1, '2014-06-03 01:06:02', NULL, '2014-06-03 07:42:02', NULL),
(207, 1, 10, 84, 2014, 3, NULL, 0, 0, 1, '2014-06-03 01:06:02', NULL, '2014-06-03 07:42:02', NULL),
(208, 1, 10, 84, 2014, 4, NULL, 0, 0, 1, '2014-06-03 01:06:02', NULL, '2014-06-03 07:42:02', NULL),
(209, 1, 10, 84, 2014, 5, NULL, 0, 0, 1, '2014-06-03 01:06:02', NULL, '2014-06-03 07:42:02', NULL),
(210, 1, 10, 84, 2014, 6, NULL, 0, 0, 1, '2014-06-03 01:06:02', NULL, '2014-06-03 07:42:02', NULL),
(211, 1, 10, 84, 2014, 7, NULL, 0, 0, 1, '2014-06-03 01:06:02', NULL, '2014-06-03 07:42:02', NULL),
(212, 1, 10, 84, 2014, 8, NULL, 0, 0, 1, '2014-06-03 01:06:02', NULL, '2014-06-03 07:42:02', NULL),
(213, 1, 10, 84, 2014, 9, NULL, 0, 0, 1, '2014-06-03 01:06:02', NULL, '2014-06-03 07:42:02', NULL),
(214, 1, 10, 84, 2014, 10, NULL, 0, 0, 1, '2014-06-03 01:06:02', NULL, '2014-06-03 07:42:02', NULL),
(215, 1, 10, 84, 2014, 11, NULL, 0, 0, 1, '2014-06-03 01:06:02', NULL, '2014-06-03 07:42:02', NULL),
(216, 1, 10, 84, 2014, 12, NULL, 0, 0, 1, '2014-06-03 01:06:02', NULL, '2014-06-03 07:42:02', NULL),
(217, 1, 10, 85, 2014, 1, NULL, 0, 0, 1, '2014-06-03 01:06:02', NULL, '2014-06-03 07:42:02', NULL),
(218, 1, 10, 85, 2014, 2, NULL, 0, 0, 1, '2014-06-03 01:06:02', NULL, '2014-06-03 07:42:02', NULL),
(219, 1, 10, 85, 2014, 3, NULL, 0, 0, 1, '2014-06-03 01:06:02', NULL, '2014-06-03 07:42:02', NULL),
(220, 1, 10, 85, 2014, 4, NULL, 0, 0, 1, '2014-06-03 01:06:02', NULL, '2014-06-03 07:42:02', NULL),
(221, 1, 10, 85, 2014, 5, NULL, 0, 0, 1, '2014-06-03 01:06:02', NULL, '2014-06-03 07:42:02', NULL),
(222, 1, 10, 85, 2014, 6, NULL, 0, 0, 1, '2014-06-03 01:06:02', NULL, '2014-06-03 07:42:02', NULL),
(223, 1, 10, 85, 2014, 7, NULL, 0, 0, 1, '2014-06-03 01:06:02', NULL, '2014-06-03 07:42:02', NULL),
(224, 1, 10, 85, 2014, 8, NULL, 0, 0, 1, '2014-06-03 01:06:02', NULL, '2014-06-03 07:42:02', NULL),
(225, 1, 10, 85, 2014, 9, NULL, 0, 0, 1, '2014-06-03 01:06:02', NULL, '2014-06-03 07:42:02', NULL),
(226, 1, 10, 85, 2014, 10, NULL, 0, 0, 1, '2014-06-03 01:06:02', NULL, '2014-06-03 07:42:02', NULL),
(227, 1, 10, 85, 2014, 11, NULL, 0, 0, 1, '2014-06-03 01:06:02', NULL, '2014-06-03 07:42:02', NULL),
(228, 1, 10, 85, 2014, 12, NULL, 0, 0, 1, '2014-06-03 01:06:02', NULL, '2014-06-03 07:42:02', NULL),
(229, 1, 10, 86, 2014, 1, NULL, 0, 0, 1, '2014-06-03 01:06:03', NULL, '2014-06-03 07:42:03', NULL),
(230, 1, 10, 86, 2014, 2, NULL, 0, 0, 1, '2014-06-03 01:06:03', NULL, '2014-06-03 07:42:03', NULL),
(231, 1, 10, 86, 2014, 3, NULL, 0, 0, 1, '2014-06-03 01:06:03', NULL, '2014-06-03 07:42:03', NULL),
(232, 1, 10, 86, 2014, 4, NULL, 0, 0, 1, '2014-06-03 01:06:03', NULL, '2014-06-03 07:42:03', NULL),
(233, 1, 10, 86, 2014, 5, NULL, 0, 0, 1, '2014-06-03 01:06:03', NULL, '2014-06-03 07:42:03', NULL),
(234, 1, 10, 86, 2014, 6, NULL, 0, 0, 1, '2014-06-03 01:06:03', NULL, '2014-06-03 07:42:03', NULL),
(235, 1, 10, 86, 2014, 7, NULL, 0, 0, 1, '2014-06-03 01:06:03', NULL, '2014-06-03 07:42:03', NULL),
(236, 1, 10, 86, 2014, 8, NULL, 0, 0, 1, '2014-06-03 01:06:03', NULL, '2014-06-03 07:42:03', NULL),
(237, 1, 10, 86, 2014, 9, NULL, 0, 0, 1, '2014-06-03 01:06:03', NULL, '2014-06-03 07:42:03', NULL),
(238, 1, 10, 86, 2014, 10, NULL, 0, 0, 1, '2014-06-03 01:06:03', NULL, '2014-06-03 07:42:03', NULL),
(239, 1, 10, 86, 2014, 11, NULL, 0, 0, 1, '2014-06-03 01:06:03', NULL, '2014-06-03 07:42:03', NULL),
(240, 1, 10, 86, 2014, 12, NULL, 0, 0, 1, '2014-06-03 01:06:03', NULL, '2014-06-03 07:42:03', NULL),
(241, 1, 10, 87, 2014, 1, NULL, 200, 200, 1, '2014-06-03 01:06:03', NULL, '2014-06-03 07:42:03', NULL),
(242, 1, 10, 87, 2014, 2, NULL, 200, 200, 1, '2014-06-03 01:06:03', NULL, '2014-06-03 07:42:03', NULL),
(243, 1, 10, 87, 2014, 3, NULL, 200, 200, 1, '2014-06-03 01:06:03', NULL, '2014-06-03 07:42:03', NULL),
(244, 1, 10, 87, 2014, 4, NULL, 200, 200, 1, '2014-06-03 01:06:03', NULL, '2014-06-03 07:42:03', NULL),
(245, 1, 10, 87, 2014, 5, NULL, 200, 200, 1, '2014-06-03 01:06:03', NULL, '2014-06-03 07:42:03', NULL),
(246, 1, 10, 87, 2014, 6, NULL, 200, 200, 1, '2014-06-03 01:06:03', NULL, '2014-06-03 07:42:03', NULL),
(247, 1, 10, 87, 2014, 7, NULL, 200, 200, 1, '2014-06-03 01:06:03', NULL, '2014-06-03 07:42:03', NULL),
(248, 1, 10, 87, 2014, 8, NULL, 200, 200, 1, '2014-06-03 01:06:03', NULL, '2014-06-03 07:42:03', NULL),
(249, 1, 10, 87, 2014, 9, NULL, 200, 200, 1, '2014-06-03 01:06:03', NULL, '2014-06-03 07:42:03', NULL),
(250, 1, 10, 87, 2014, 10, NULL, 200, 200, 1, '2014-06-03 01:06:03', NULL, '2014-06-03 07:42:03', NULL),
(251, 1, 10, 87, 2014, 11, NULL, 200, 200, 1, '2014-06-03 01:06:03', NULL, '2014-06-03 07:42:03', NULL),
(252, 1, 10, 87, 2014, 12, NULL, 200, 200, 1, '2014-06-03 01:06:03', NULL, '2014-06-03 07:42:03', NULL),
(253, 1, 10, 88, 2014, 1, NULL, 0, 0, 1, '2014-06-03 01:06:03', NULL, '2014-06-03 07:42:03', NULL),
(254, 1, 10, 88, 2014, 2, NULL, 0, 0, 1, '2014-06-03 01:06:03', NULL, '2014-06-03 07:42:03', NULL),
(255, 1, 10, 88, 2014, 3, NULL, 0, 0, 1, '2014-06-03 01:06:03', NULL, '2014-06-03 07:42:03', NULL),
(256, 1, 10, 88, 2014, 4, NULL, 0, 0, 1, '2014-06-03 01:06:03', NULL, '2014-06-03 07:42:03', NULL),
(257, 1, 10, 88, 2014, 5, NULL, 0, 0, 1, '2014-06-03 01:06:03', NULL, '2014-06-03 07:42:03', NULL),
(258, 1, 10, 88, 2014, 6, NULL, 0, 0, 1, '2014-06-03 01:06:03', NULL, '2014-06-03 07:42:03', NULL),
(259, 1, 10, 88, 2014, 7, NULL, 0, 0, 1, '2014-06-03 01:06:03', NULL, '2014-06-03 07:42:03', NULL),
(260, 1, 10, 88, 2014, 8, NULL, 0, 0, 1, '2014-06-03 01:06:03', NULL, '2014-06-03 07:42:03', NULL),
(261, 1, 10, 88, 2014, 9, NULL, 0, 0, 1, '2014-06-03 01:06:03', NULL, '2014-06-03 07:42:03', NULL),
(262, 1, 10, 88, 2014, 10, NULL, 0, 0, 1, '2014-06-03 01:06:03', NULL, '2014-06-03 07:42:03', NULL),
(263, 1, 10, 88, 2014, 11, NULL, 0, 0, 1, '2014-06-03 01:06:03', NULL, '2014-06-03 07:42:03', NULL),
(264, 1, 10, 88, 2014, 12, NULL, 0, 0, 1, '2014-06-03 01:06:03', NULL, '2014-06-03 07:42:03', NULL),
(265, 1, 10, 89, 2014, 1, NULL, 408, 408, 1, '2014-06-03 01:06:03', NULL, '2014-06-03 07:42:03', NULL),
(266, 1, 10, 89, 2014, 2, NULL, 408, 408, 1, '2014-06-03 01:06:03', NULL, '2014-06-03 07:42:03', NULL),
(267, 1, 10, 89, 2014, 3, NULL, 408, 408, 1, '2014-06-03 01:06:03', NULL, '2014-06-03 07:42:03', NULL),
(268, 1, 10, 89, 2014, 4, NULL, 408, 408, 1, '2014-06-03 01:06:03', NULL, '2014-06-03 07:42:03', NULL),
(269, 1, 10, 89, 2014, 5, NULL, 408, 408, 1, '2014-06-03 01:06:03', NULL, '2014-06-03 07:42:03', NULL),
(270, 1, 10, 89, 2014, 6, NULL, 408, 408, 1, '2014-06-03 01:06:03', NULL, '2014-06-03 07:42:03', NULL),
(271, 1, 10, 89, 2014, 7, NULL, 408, 408, 1, '2014-06-03 01:06:03', NULL, '2014-06-03 07:42:03', NULL),
(272, 1, 10, 89, 2014, 8, NULL, 408, 408, 1, '2014-06-03 01:06:03', NULL, '2014-06-03 07:42:03', NULL),
(273, 1, 10, 89, 2014, 9, NULL, 408, 408, 1, '2014-06-03 01:06:03', NULL, '2014-06-03 07:42:03', NULL),
(274, 1, 10, 89, 2014, 10, NULL, 408, 408, 1, '2014-06-03 01:06:03', NULL, '2014-06-03 07:42:03', NULL),
(275, 1, 10, 89, 2014, 11, NULL, 408, 408, 1, '2014-06-03 01:06:03', NULL, '2014-06-03 07:42:03', NULL),
(276, 1, 10, 89, 2014, 12, NULL, 412, 412, 1, '2014-06-03 01:06:03', NULL, '2014-06-03 07:42:03', NULL),
(277, 1, 10, 90, 2014, 1, NULL, 0, 0, 1, '2014-06-03 01:06:03', NULL, '2014-06-03 07:42:03', NULL),
(278, 1, 10, 90, 2014, 2, NULL, 0, 0, 1, '2014-06-03 01:06:03', NULL, '2014-06-03 07:42:03', NULL),
(279, 1, 10, 90, 2014, 3, NULL, 0, 0, 1, '2014-06-03 01:06:03', NULL, '2014-06-03 07:42:03', NULL),
(280, 1, 10, 90, 2014, 4, NULL, 0, 0, 1, '2014-06-03 01:06:03', NULL, '2014-06-03 07:42:03', NULL),
(281, 1, 10, 90, 2014, 5, NULL, 0, 0, 1, '2014-06-03 01:06:03', NULL, '2014-06-03 07:42:03', NULL),
(282, 1, 10, 90, 2014, 6, NULL, 0, 0, 1, '2014-06-03 01:06:03', NULL, '2014-06-03 07:42:03', NULL),
(283, 1, 10, 90, 2014, 7, NULL, 0, 0, 1, '2014-06-03 01:06:03', NULL, '2014-06-03 07:42:03', NULL),
(284, 1, 10, 90, 2014, 8, NULL, 0, 0, 1, '2014-06-03 01:06:03', NULL, '2014-06-03 07:42:03', NULL),
(285, 1, 10, 90, 2014, 9, NULL, 0, 0, 1, '2014-06-03 01:06:03', NULL, '2014-06-03 07:42:03', NULL),
(286, 1, 10, 90, 2014, 10, NULL, 0, 0, 1, '2014-06-03 01:06:03', NULL, '2014-06-03 07:42:03', NULL),
(287, 1, 10, 90, 2014, 11, NULL, 0, 0, 1, '2014-06-03 01:06:03', NULL, '2014-06-03 07:42:03', NULL),
(288, 1, 10, 90, 2014, 12, NULL, 0, 0, 1, '2014-06-03 01:06:03', NULL, '2014-06-03 07:42:03', NULL),
(289, 1, 10, 91, 2014, 1, NULL, 0, 0, 1, '2014-06-03 01:06:03', NULL, '2014-06-03 07:42:03', NULL),
(290, 1, 10, 91, 2014, 2, NULL, 0, 0, 1, '2014-06-03 01:06:03', NULL, '2014-06-03 07:42:03', NULL),
(291, 1, 10, 91, 2014, 3, NULL, 0, 0, 1, '2014-06-03 01:06:03', NULL, '2014-06-03 07:42:03', NULL),
(292, 1, 10, 91, 2014, 4, NULL, 0, 0, 1, '2014-06-03 01:06:03', NULL, '2014-06-03 07:42:03', NULL),
(293, 1, 10, 91, 2014, 5, NULL, 0, 0, 1, '2014-06-03 01:06:03', NULL, '2014-06-03 07:42:03', NULL),
(294, 1, 10, 91, 2014, 6, NULL, 0, 0, 1, '2014-06-03 01:06:03', NULL, '2014-06-03 07:42:03', NULL),
(295, 1, 10, 91, 2014, 7, NULL, 0, 0, 1, '2014-06-03 01:06:03', NULL, '2014-06-03 07:42:03', NULL),
(296, 1, 10, 91, 2014, 8, NULL, 0, 0, 1, '2014-06-03 01:06:03', NULL, '2014-06-03 07:42:03', NULL),
(297, 1, 10, 91, 2014, 9, NULL, 0, 0, 1, '2014-06-03 01:06:03', NULL, '2014-06-03 07:42:03', NULL),
(298, 1, 10, 91, 2014, 10, NULL, 0, 0, 1, '2014-06-03 01:06:03', NULL, '2014-06-03 07:42:03', NULL),
(299, 1, 10, 91, 2014, 11, NULL, 0, 0, 1, '2014-06-03 01:06:03', NULL, '2014-06-03 07:42:03', NULL),
(300, 1, 10, 91, 2014, 12, NULL, 0, 0, 1, '2014-06-03 01:06:03', NULL, '2014-06-03 07:42:03', NULL),
(301, 1, 10, 92, 2014, 1, NULL, 0, 0, 1, '2014-06-03 01:06:03', NULL, '2014-06-03 07:42:03', NULL),
(302, 1, 10, 92, 2014, 2, NULL, 0, 0, 1, '2014-06-03 01:06:03', NULL, '2014-06-03 07:42:03', NULL),
(303, 1, 10, 92, 2014, 3, NULL, 0, 0, 1, '2014-06-03 01:06:03', NULL, '2014-06-03 07:42:03', NULL),
(304, 1, 10, 92, 2014, 4, NULL, 0, 0, 1, '2014-06-03 01:06:03', NULL, '2014-06-03 07:42:03', NULL),
(305, 1, 10, 92, 2014, 5, NULL, 0, 0, 1, '2014-06-03 01:06:03', NULL, '2014-06-03 07:42:03', NULL),
(306, 1, 10, 92, 2014, 6, NULL, 0, 0, 1, '2014-06-03 01:06:03', NULL, '2014-06-03 07:42:03', NULL),
(307, 1, 10, 92, 2014, 7, NULL, 0, 0, 1, '2014-06-03 01:06:03', NULL, '2014-06-03 07:42:03', NULL),
(308, 1, 10, 92, 2014, 8, NULL, 0, 0, 1, '2014-06-03 01:06:03', NULL, '2014-06-03 07:42:03', NULL),
(309, 1, 10, 92, 2014, 9, NULL, 0, 0, 1, '2014-06-03 01:06:03', NULL, '2014-06-03 07:42:03', NULL),
(310, 1, 10, 92, 2014, 10, NULL, 0, 0, 1, '2014-06-03 01:06:03', NULL, '2014-06-03 07:42:03', NULL),
(311, 1, 10, 92, 2014, 11, NULL, 0, 0, 1, '2014-06-03 01:06:03', NULL, '2014-06-03 07:42:03', NULL),
(312, 1, 10, 92, 2014, 12, NULL, 0, 0, 1, '2014-06-03 01:06:03', NULL, '2014-06-03 07:42:03', NULL),
(313, 1, 10, 93, 2014, 1, NULL, 0, 0, 1, '2014-06-03 01:06:03', NULL, '2014-06-03 07:42:03', NULL),
(314, 1, 10, 93, 2014, 2, NULL, 0, 0, 1, '2014-06-03 01:06:03', NULL, '2014-06-03 07:42:03', NULL),
(315, 1, 10, 93, 2014, 3, NULL, 0, 0, 1, '2014-06-03 01:06:03', NULL, '2014-06-03 07:42:03', NULL),
(316, 1, 10, 93, 2014, 4, NULL, 0, 0, 1, '2014-06-03 01:06:03', NULL, '2014-06-03 07:42:03', NULL),
(317, 1, 10, 93, 2014, 5, NULL, 0, 0, 1, '2014-06-03 01:06:03', NULL, '2014-06-03 07:42:03', NULL),
(318, 1, 10, 93, 2014, 6, NULL, 0, 0, 1, '2014-06-03 01:06:03', NULL, '2014-06-03 07:42:03', NULL),
(319, 1, 10, 93, 2014, 7, NULL, 0, 0, 1, '2014-06-03 01:06:03', NULL, '2014-06-03 07:42:03', NULL),
(320, 1, 10, 93, 2014, 8, NULL, 0, 0, 1, '2014-06-03 01:06:03', NULL, '2014-06-03 07:42:03', NULL),
(321, 1, 10, 93, 2014, 9, NULL, 0, 0, 1, '2014-06-03 01:06:03', NULL, '2014-06-03 07:42:03', NULL),
(322, 1, 10, 93, 2014, 10, NULL, 0, 0, 1, '2014-06-03 01:06:03', NULL, '2014-06-03 07:42:03', NULL),
(323, 1, 10, 93, 2014, 11, NULL, 0, 0, 1, '2014-06-03 01:06:03', NULL, '2014-06-03 07:42:03', NULL),
(324, 1, 10, 93, 2014, 12, NULL, 0, 0, 1, '2014-06-03 01:06:03', NULL, '2014-06-03 07:42:03', NULL),
(325, 1, 10, 94, 2014, 1, NULL, 0, 0, 1, '2014-06-03 01:06:03', NULL, '2014-06-03 07:42:03', NULL),
(326, 1, 10, 94, 2014, 2, NULL, 0, 0, 1, '2014-06-03 01:06:03', NULL, '2014-06-03 07:42:03', NULL),
(327, 1, 10, 94, 2014, 3, NULL, 0, 0, 1, '2014-06-03 01:06:03', NULL, '2014-06-03 07:42:03', NULL),
(328, 1, 10, 94, 2014, 4, NULL, 0, 0, 1, '2014-06-03 01:06:03', NULL, '2014-06-03 07:42:03', NULL),
(329, 1, 10, 94, 2014, 5, NULL, 0, 0, 1, '2014-06-03 01:06:03', NULL, '2014-06-03 07:42:03', NULL),
(330, 1, 10, 94, 2014, 6, NULL, 0, 0, 1, '2014-06-03 01:06:03', NULL, '2014-06-03 07:42:03', NULL),
(331, 1, 10, 94, 2014, 7, NULL, 0, 0, 1, '2014-06-03 01:06:03', NULL, '2014-06-03 07:42:03', NULL),
(332, 1, 10, 94, 2014, 8, NULL, 0, 0, 1, '2014-06-03 01:06:03', NULL, '2014-06-03 07:42:03', NULL),
(333, 1, 10, 94, 2014, 9, NULL, 0, 0, 1, '2014-06-03 01:06:03', NULL, '2014-06-03 07:42:03', NULL),
(334, 1, 10, 94, 2014, 10, NULL, 0, 0, 1, '2014-06-03 01:06:03', NULL, '2014-06-03 07:42:03', NULL),
(335, 1, 10, 94, 2014, 11, NULL, 0, 0, 1, '2014-06-03 01:06:03', NULL, '2014-06-03 07:42:03', NULL),
(336, 1, 10, 94, 2014, 12, NULL, 0, 0, 1, '2014-06-03 01:06:03', NULL, '2014-06-03 07:42:03', NULL),
(337, 1, 10, 95, 2014, 1, NULL, 0, 0, 1, '2014-06-03 01:06:03', NULL, '2014-06-03 07:42:03', NULL),
(338, 1, 10, 95, 2014, 2, NULL, 0, 0, 1, '2014-06-03 01:06:03', NULL, '2014-06-03 07:42:03', NULL),
(339, 1, 10, 95, 2014, 3, NULL, 0, 0, 1, '2014-06-03 01:06:03', NULL, '2014-06-03 07:42:03', NULL),
(340, 1, 10, 95, 2014, 4, NULL, 0, 0, 1, '2014-06-03 01:06:03', NULL, '2014-06-03 07:42:03', NULL),
(341, 1, 10, 95, 2014, 5, NULL, 0, 0, 1, '2014-06-03 01:06:03', NULL, '2014-06-03 07:42:03', NULL),
(342, 1, 10, 95, 2014, 6, NULL, 0, 0, 1, '2014-06-03 01:06:03', NULL, '2014-06-03 07:42:03', NULL),
(343, 1, 10, 95, 2014, 7, NULL, 0, 0, 1, '2014-06-03 01:06:03', NULL, '2014-06-03 07:42:03', NULL),
(344, 1, 10, 95, 2014, 8, NULL, 0, 0, 1, '2014-06-03 01:06:03', NULL, '2014-06-03 07:42:03', NULL),
(345, 1, 10, 95, 2014, 9, NULL, 0, 0, 1, '2014-06-03 01:06:03', NULL, '2014-06-03 07:42:03', NULL),
(346, 1, 10, 95, 2014, 10, NULL, 0, 0, 1, '2014-06-03 01:06:03', NULL, '2014-06-03 07:42:03', NULL),
(347, 1, 10, 95, 2014, 11, NULL, 0, 0, 1, '2014-06-03 01:06:03', NULL, '2014-06-03 07:42:03', NULL),
(348, 1, 10, 95, 2014, 12, NULL, 0, 0, 1, '2014-06-03 01:06:03', NULL, '2014-06-03 07:42:03', NULL),
(349, 1, 10, 96, 2014, 1, NULL, 0, 0, 1, '2014-06-03 01:06:03', NULL, '2014-06-03 07:42:03', NULL),
(350, 1, 10, 96, 2014, 2, NULL, 0, 0, 1, '2014-06-03 01:06:03', NULL, '2014-06-03 07:42:03', NULL),
(351, 1, 10, 96, 2014, 3, NULL, 0, 0, 1, '2014-06-03 01:06:03', NULL, '2014-06-03 07:42:03', NULL),
(352, 1, 10, 96, 2014, 4, NULL, 0, 0, 1, '2014-06-03 01:06:03', NULL, '2014-06-03 07:42:03', NULL),
(353, 1, 10, 96, 2014, 5, NULL, 0, 0, 1, '2014-06-03 01:06:03', NULL, '2014-06-03 07:42:03', NULL),
(354, 1, 10, 96, 2014, 6, NULL, 0, 0, 1, '2014-06-03 01:06:03', NULL, '2014-06-03 07:42:03', NULL),
(355, 1, 10, 96, 2014, 7, NULL, 0, 0, 1, '2014-06-03 01:06:03', NULL, '2014-06-03 07:42:03', NULL),
(356, 1, 10, 96, 2014, 8, NULL, 0, 0, 1, '2014-06-03 01:06:03', NULL, '2014-06-03 07:42:03', NULL),
(357, 1, 10, 96, 2014, 9, NULL, 0, 0, 1, '2014-06-03 01:06:03', NULL, '2014-06-03 07:42:03', NULL),
(358, 1, 10, 96, 2014, 10, NULL, 0, 0, 1, '2014-06-03 01:06:03', NULL, '2014-06-03 07:42:03', NULL),
(359, 1, 10, 96, 2014, 11, NULL, 0, 0, 1, '2014-06-03 01:06:03', NULL, '2014-06-03 07:42:03', NULL),
(360, 1, 10, 96, 2014, 12, NULL, 0, 0, 1, '2014-06-03 01:06:03', NULL, '2014-06-03 07:42:03', NULL),
(361, 1, 10, 97, 2014, 1, NULL, 0, 0, 1, '2014-06-03 01:06:03', NULL, '2014-06-03 07:42:03', NULL),
(362, 1, 10, 97, 2014, 2, NULL, 0, 0, 1, '2014-06-03 01:06:03', NULL, '2014-06-03 07:42:03', NULL),
(363, 1, 10, 97, 2014, 3, NULL, 0, 0, 1, '2014-06-03 01:06:03', NULL, '2014-06-03 07:42:03', NULL),
(364, 1, 10, 97, 2014, 4, NULL, 0, 0, 1, '2014-06-03 01:06:03', NULL, '2014-06-03 07:42:03', NULL),
(365, 1, 10, 97, 2014, 5, NULL, 0, 0, 1, '2014-06-03 01:06:03', NULL, '2014-06-03 07:42:03', NULL),
(366, 1, 10, 97, 2014, 6, NULL, 0, 0, 1, '2014-06-03 01:06:03', NULL, '2014-06-03 07:42:03', NULL),
(367, 1, 10, 97, 2014, 7, NULL, 0, 0, 1, '2014-06-03 01:06:03', NULL, '2014-06-03 07:42:03', NULL),
(368, 1, 10, 97, 2014, 8, NULL, 0, 0, 1, '2014-06-03 01:06:03', NULL, '2014-06-03 07:42:03', NULL),
(369, 1, 10, 97, 2014, 9, NULL, 0, 0, 1, '2014-06-03 01:06:03', NULL, '2014-06-03 07:42:03', NULL),
(370, 1, 10, 97, 2014, 10, NULL, 0, 0, 1, '2014-06-03 01:06:03', NULL, '2014-06-03 07:42:03', NULL),
(371, 1, 10, 97, 2014, 11, NULL, 0, 0, 1, '2014-06-03 01:06:03', NULL, '2014-06-03 07:42:03', NULL),
(372, 1, 10, 97, 2014, 12, NULL, 0, 0, 1, '2014-06-03 01:06:03', NULL, '2014-06-03 07:42:03', NULL),
(373, 1, 10, 98, 2014, 1, NULL, 0, 0, 1, '2014-06-03 01:06:03', NULL, '2014-06-03 07:42:03', NULL),
(374, 1, 10, 98, 2014, 2, NULL, 0, 0, 1, '2014-06-03 01:06:03', NULL, '2014-06-03 07:42:03', NULL),
(375, 1, 10, 98, 2014, 3, NULL, 0, 0, 1, '2014-06-03 01:06:03', NULL, '2014-06-03 07:42:03', NULL),
(376, 1, 10, 98, 2014, 4, NULL, 0, 0, 1, '2014-06-03 01:06:03', NULL, '2014-06-03 07:42:03', NULL),
(377, 1, 10, 98, 2014, 5, NULL, 0, 0, 1, '2014-06-03 01:06:03', NULL, '2014-06-03 07:42:03', NULL),
(378, 1, 10, 98, 2014, 6, NULL, 0, 0, 1, '2014-06-03 01:06:03', NULL, '2014-06-03 07:42:03', NULL),
(379, 1, 10, 98, 2014, 7, NULL, 0, 0, 1, '2014-06-03 01:06:03', NULL, '2014-06-03 07:42:03', NULL),
(380, 1, 10, 98, 2014, 8, NULL, 0, 0, 1, '2014-06-03 01:06:03', NULL, '2014-06-03 07:42:03', NULL),
(381, 1, 10, 98, 2014, 9, NULL, 0, 0, 1, '2014-06-03 01:06:03', NULL, '2014-06-03 07:42:03', NULL),
(382, 1, 10, 98, 2014, 10, NULL, 0, 0, 1, '2014-06-03 01:06:03', NULL, '2014-06-03 07:42:03', NULL),
(383, 1, 10, 98, 2014, 11, NULL, 0, 0, 1, '2014-06-03 01:06:03', NULL, '2014-06-03 07:42:03', NULL),
(384, 1, 10, 98, 2014, 12, NULL, 0, 0, 1, '2014-06-03 01:06:03', NULL, '2014-06-03 07:42:03', NULL),
(385, 1, 10, 99, 2014, 1, NULL, 0, 0, 1, '2014-06-03 01:06:04', NULL, '2014-06-03 07:42:04', NULL),
(386, 1, 10, 99, 2014, 2, NULL, 0, 0, 1, '2014-06-03 01:06:04', NULL, '2014-06-03 07:42:04', NULL),
(387, 1, 10, 99, 2014, 3, NULL, 0, 0, 1, '2014-06-03 01:06:04', NULL, '2014-06-03 07:42:04', NULL),
(388, 1, 10, 99, 2014, 4, NULL, 0, 0, 1, '2014-06-03 01:06:04', NULL, '2014-06-03 07:42:04', NULL),
(389, 1, 10, 99, 2014, 5, NULL, 12000, 12000, 1, '2014-06-03 01:06:04', NULL, '2014-06-03 07:42:04', NULL),
(390, 1, 10, 99, 2014, 6, NULL, 0, 0, 1, '2014-06-03 01:06:04', NULL, '2014-06-03 07:42:04', NULL),
(391, 1, 10, 99, 2014, 7, NULL, 0, 0, 1, '2014-06-03 01:06:04', NULL, '2014-06-03 07:42:04', NULL),
(392, 1, 10, 99, 2014, 8, NULL, 0, 0, 1, '2014-06-03 01:06:04', NULL, '2014-06-03 07:42:04', NULL),
(393, 1, 10, 99, 2014, 9, NULL, 0, 0, 1, '2014-06-03 01:06:04', NULL, '2014-06-03 07:42:04', NULL),
(394, 1, 10, 99, 2014, 10, NULL, 0, 0, 1, '2014-06-03 01:06:04', NULL, '2014-06-03 07:42:04', NULL),
(395, 1, 10, 99, 2014, 11, NULL, 0, 0, 1, '2014-06-03 01:06:04', NULL, '2014-06-03 07:42:04', NULL),
(396, 1, 10, 99, 2014, 12, NULL, 0, 0, 1, '2014-06-03 01:06:04', NULL, '2014-06-03 07:42:04', NULL),
(397, 1, 12, 102, 2014, 1, NULL, 0, 0, 1, '2014-06-03 01:06:04', NULL, '2014-06-03 07:42:04', NULL),
(398, 1, 12, 102, 2014, 2, NULL, 0, 0, 1, '2014-06-03 01:06:04', NULL, '2014-06-03 07:42:04', NULL),
(399, 1, 12, 102, 2014, 3, NULL, 0, 0, 1, '2014-06-03 01:06:04', NULL, '2014-06-03 07:42:04', NULL),
(400, 1, 12, 102, 2014, 4, NULL, 0, 0, 1, '2014-06-03 01:06:04', NULL, '2014-06-03 07:42:04', NULL),
(401, 1, 12, 102, 2014, 5, NULL, 0, 0, 1, '2014-06-03 01:06:04', NULL, '2014-06-03 07:42:04', NULL),
(402, 1, 12, 102, 2014, 6, NULL, 0, 0, 1, '2014-06-03 01:06:04', NULL, '2014-06-03 07:42:04', NULL),
(403, 1, 12, 102, 2014, 7, NULL, 0, 0, 1, '2014-06-03 01:06:04', NULL, '2014-06-03 07:42:04', NULL),
(404, 1, 12, 102, 2014, 8, NULL, 0, 0, 1, '2014-06-03 01:06:04', NULL, '2014-06-03 07:42:04', NULL),
(405, 1, 12, 102, 2014, 9, NULL, 0, 0, 1, '2014-06-03 01:06:04', NULL, '2014-06-03 07:42:04', NULL),
(406, 1, 12, 102, 2014, 10, NULL, 0, 0, 1, '2014-06-03 01:06:04', NULL, '2014-06-03 07:42:04', NULL),
(407, 1, 12, 102, 2014, 11, NULL, 0, 0, 1, '2014-06-03 01:06:04', NULL, '2014-06-03 07:42:04', NULL),
(408, 1, 12, 102, 2014, 12, NULL, 0, 0, 1, '2014-06-03 01:06:04', NULL, '2014-06-03 07:42:04', NULL),
(409, 1, 11, 100, 2014, 1, NULL, 0, 0, 1, '2014-06-03 01:06:04', NULL, '2014-06-03 07:42:04', NULL),
(410, 1, 11, 100, 2014, 2, NULL, 0, 0, 1, '2014-06-03 01:06:04', NULL, '2014-06-03 07:42:04', NULL),
(411, 1, 11, 100, 2014, 3, NULL, 0, 0, 1, '2014-06-03 01:06:04', NULL, '2014-06-03 07:42:04', NULL),
(412, 1, 11, 100, 2014, 4, NULL, 0, 0, 1, '2014-06-03 01:06:04', NULL, '2014-06-03 07:42:04', NULL),
(413, 1, 11, 100, 2014, 5, NULL, 0, 0, 1, '2014-06-03 01:06:04', NULL, '2014-06-03 07:42:04', NULL),
(414, 1, 11, 100, 2014, 6, NULL, 0, 0, 1, '2014-06-03 01:06:04', NULL, '2014-06-03 07:42:04', NULL),
(415, 1, 11, 100, 2014, 7, NULL, 0, 0, 1, '2014-06-03 01:06:04', NULL, '2014-06-03 07:42:04', NULL),
(416, 1, 11, 100, 2014, 8, NULL, 0, 0, 1, '2014-06-03 01:06:04', NULL, '2014-06-03 07:42:04', NULL),
(417, 1, 11, 100, 2014, 9, NULL, 0, 0, 1, '2014-06-03 01:06:04', NULL, '2014-06-03 07:42:04', NULL),
(418, 1, 11, 100, 2014, 10, NULL, 0, 0, 1, '2014-06-03 01:06:04', NULL, '2014-06-03 07:42:04', NULL),
(419, 1, 11, 100, 2014, 11, NULL, 0, 0, 1, '2014-06-03 01:06:04', NULL, '2014-06-03 07:42:04', NULL),
(420, 1, 11, 100, 2014, 12, NULL, 0, 0, 1, '2014-06-03 01:06:04', NULL, '2014-06-03 07:42:04', NULL),
(421, 1, 32, 101, 2014, 1, NULL, 100, 100, 1, '2014-06-03 01:06:04', NULL, '2014-06-03 07:42:04', NULL),
(422, 1, 32, 101, 2014, 2, NULL, 100, 100, 1, '2014-06-03 01:06:04', NULL, '2014-06-03 07:42:04', NULL),
(423, 1, 32, 101, 2014, 3, NULL, 100, 100, 1, '2014-06-03 01:06:04', NULL, '2014-06-03 07:42:04', NULL),
(424, 1, 32, 101, 2014, 4, NULL, 100, 100, 1, '2014-06-03 01:06:04', NULL, '2014-06-03 07:42:04', NULL),
(425, 1, 32, 101, 2014, 5, NULL, 100, 100, 1, '2014-06-03 01:06:04', NULL, '2014-06-03 07:42:04', NULL),
(426, 1, 32, 101, 2014, 6, NULL, 100, 100, 1, '2014-06-03 01:06:04', NULL, '2014-06-03 07:42:04', NULL),
(427, 1, 32, 101, 2014, 7, NULL, 100, 100, 1, '2014-06-03 01:06:04', NULL, '2014-06-03 07:42:04', NULL),
(428, 1, 32, 101, 2014, 8, NULL, 100, 100, 1, '2014-06-03 01:06:04', NULL, '2014-06-03 07:42:04', NULL),
(429, 1, 32, 101, 2014, 9, NULL, 100, 100, 1, '2014-06-03 01:06:04', NULL, '2014-06-03 07:42:04', NULL),
(430, 1, 32, 101, 2014, 10, NULL, 100, 100, 1, '2014-06-03 01:06:04', NULL, '2014-06-03 07:42:04', NULL),
(431, 1, 32, 101, 2014, 11, NULL, 100, 100, 1, '2014-06-03 01:06:04', NULL, '2014-06-03 07:42:04', NULL),
(432, 1, 32, 101, 2014, 12, NULL, 100, 100, 1, '2014-06-03 01:06:04', NULL, '2014-06-03 07:42:04', NULL);

-- --------------------------------------------------------

--
-- Table structure for table `comp_chart_of_acct`
--

CREATE TABLE IF NOT EXISTS `comp_chart_of_acct` (
  `ID` int(11) NOT NULL AUTO_INCREMENT,
  `companyID` int(11) NOT NULL,
  `acctGroupID` int(11) NOT NULL,
  `acctCode` char(9) NOT NULL,
  `acctName` varchar(128) NOT NULL,
  `acctDesc` varchar(128) NOT NULL,
  `createdBy` int(11) NOT NULL,
  `createdTS` timestamp NOT NULL DEFAULT CURRENT_TIMESTAMP,
  `updatedBy` int(11) NOT NULL,
  `updatedTS` timestamp NOT NULL DEFAULT '0000-00-00 00:00:00' ON UPDATE CURRENT_TIMESTAMP,
  `is_delete` smallint(6) NOT NULL DEFAULT '0',
  PRIMARY KEY (`ID`)
) ENGINE=InnoDB  DEFAULT CHARSET=latin1 AUTO_INCREMENT=26555 ;

--
-- Dumping data for table `comp_chart_of_acct`
--

INSERT INTO `comp_chart_of_acct` (`ID`, `companyID`, `acctGroupID`, `acctCode`, `acctName`, `acctDesc`, `createdBy`, `createdTS`, `updatedBy`, `updatedTS`, `is_delete`) VALUES
(1, 1, 29, '100000010', 'Owner''s/Shareholder''s capital', 'hak ajf ahal ', 1, '2014-05-08 04:50:56', 0, '2014-07-24 07:31:33', 0),
(2, 1, 29, '120000000', 'Retained Earnings-Prior Year', 'hak ajf ahal ', 1, '2014-05-08 04:50:56', 0, '2014-07-25 02:16:38', 0),
(3, 1, 29, '130000000', 'Current Year Earnings', 'hak ajf ahal ', 1, '2014-05-08 04:50:56', 0, '2014-07-25 02:16:51', 0),
(4, 1, 2, '200000000', 'Fixed Assets', 'hak ajf ahal ', 1, '2014-05-08 04:50:56', 0, '2014-06-16 06:10:37', 0),
(5, 1, 2, '200010000', 'Manufacturing Plant', 'hak ajf ahal ', 1, '2014-05-08 04:50:56', 0, '2014-06-16 06:10:37', 0),
(6, 1, 2, '200010010', 'Manufacturing Plant at Cost', 'hak ajf ahal ', 1, '2014-05-08 04:50:56', 0, '2014-06-16 06:10:37', 0),
(7, 1, 2, '200010020', 'Manufacturing Plant Accum Dep''n', 'hak ajf ahal ', 1, '2014-05-08 04:50:56', 0, '2014-06-16 06:10:37', 0),
(8, 1, 2, '200020000', 'Manufacturing Equipment', 'hak ajf ahal ', 1, '2014-05-08 04:50:56', 0, '2014-06-16 06:10:37', 0),
(9, 1, 2, '200020010', 'Manufacturing Equipment at Cost', 'hak ajf ahal ', 1, '2014-05-08 04:50:56', 0, '2014-06-16 06:10:37', 0),
(10, 1, 2, '200020020', 'Manufacturing Equipment Accum Dep''n', 'hak ajf ahal ', 1, '2014-05-08 04:50:56', 0, '2014-06-16 06:10:37', 0),
(11, 1, 2, '200030000', 'Furniture & Fixtures', 'hak ajf ahal ', 1, '2014-05-08 04:50:56', 0, '2014-06-16 06:10:37', 0),
(12, 1, 2, '200030010', 'Furn & Fixtures at Cost', 'hak ajf ahal ', 1, '2014-05-08 04:50:56', 0, '2014-06-16 06:10:37', 0),
(13, 1, 2, '200030020', 'Furn & Fixtures Accum Dep''n', 'hak ajf ahal ', 1, '2014-05-08 04:50:56', 0, '2014-06-16 06:10:37', 0),
(14, 1, 2, '200040000', 'Office Equipment', 'hak ajf ahal ', 1, '2014-05-08 04:50:56', 0, '2014-06-16 06:10:37', 0),
(15, 1, 2, '200040010', 'Office Equipment at Cost', 'hak ajf ahal ', 1, '2014-05-08 04:50:56', 0, '2014-06-16 06:10:37', 0),
(16, 1, 2, '200040020', 'Office Equipment Accum Dep''n', 'hak ajf ahal ', 1, '2014-05-08 04:50:56', 0, '2014-06-16 06:10:37', 0),
(17, 1, 2, '200050000', 'Motor Vehicles', 'hak ajf ahal ', 1, '2014-05-08 04:50:56', 0, '2014-06-16 06:10:37', 0),
(18, 1, 2, '200050010', 'Motor Vehicles at Cost', 'hak ajf ahal ', 1, '2014-05-08 04:50:56', 0, '2014-06-16 06:10:37', 0),
(19, 1, 2, '200050020', 'Motor Vehicles Accum Dep''n', 'hak ajf ahal ', 1, '2014-05-08 04:50:56', 0, '2014-06-16 06:10:37', 0),
(20, 1, 3, '210000000', 'Trade Receivable', 'hak ajf ahal ', 1, '2014-05-08 04:50:56', 0, '2014-06-16 06:10:37', 0),
(21, 1, 3, '220000000', 'Cash and Bank Balances', 'hak ajf ahal ', 1, '2014-05-08 04:50:56', 0, '2014-06-16 06:10:37', 0),
(22, 1, 3, '220010000', 'Bank', 'hak ajf ahal ', 1, '2014-05-08 04:50:56', 0, '2014-06-16 06:10:37', 0),
(23, 1, 3, '220020000', 'Cash in Hand', 'hak ajf ahal ', 1, '2014-05-08 04:50:56', 0, '2014-06-16 06:10:37', 0),
(24, 1, 3, '220030000', 'Petty Cash''s', 'hak ajf ahal ', 1, '2014-05-08 04:50:56', 0, '2014-06-16 06:10:37', 0),
(25, 1, 3, '230000000', 'Inventories', 'hak ajf ahal ', 1, '2014-05-08 04:50:56', 0, '2014-06-16 06:10:37', 0),
(26, 1, 3, '230010000', 'Stock of Work in Progress', 'hak ajf ahal ', 1, '2014-05-08 04:50:56', 0, '2014-06-16 06:10:37', 0),
(27, 1, 3, '240000000', 'Other Receivables', 'hak ajf ahal ', 1, '2014-05-08 04:50:56', 0, '2014-06-16 06:10:37', 0),
(28, 1, 3, '250000000', 'Prepayments and Deposits', 'hak ajf ahal ', 1, '2014-05-08 04:50:56', 0, '2014-06-16 06:10:37', 0),
(29, 1, 3, '250010000', 'Prepayments', 'hak ajf ahal ', 1, '2014-05-08 04:50:56', 0, '2014-06-16 06:10:37', 0),
(30, 1, 3, '250020000', 'Deposits Paid', 'hak ajf ahal ', 1, '2014-05-08 04:50:56', 0, '2014-06-16 06:10:37', 0),
(31, 1, 3, '260000000', 'Tax Claimable', 'hak ajf ahal ', 1, '2014-05-08 04:50:56', 0, '2014-06-16 06:10:37', 0),
(32, 1, 3, '260010000', 'GST Input Tax', 'hak ajf ahal ', 1, '2014-05-08 04:50:56', 0, '2014-06-16 06:10:37', 0),
(33, 1, 3, '260011000', 'Provision for GST Non-Claimable', 'hak ajf ahal ', 1, '2014-05-08 04:50:56', 0, '2014-06-16 06:10:37', 0),
(34, 1, 3, '260020000', 'Suspense GST - Input Tax', 'hak ajf ahal ', 1, '2014-05-08 04:50:56', 0, '2014-06-16 06:10:37', 0),
(35, 1, 4, '300000000', 'Trade Payable', 'hak ajf ahal ', 1, '2014-05-08 04:50:56', 0, '2014-06-16 06:10:37', 0),
(36, 1, 4, '320000000', 'Other Payables', 'hak ajf ahal ', 1, '2014-05-08 04:50:56', 0, '2014-06-16 06:10:37', 0),
(37, 1, 4, '330000000', 'Tax Payable', 'hak ajf ahal ', 1, '2014-05-08 04:50:56', 0, '2014-06-16 06:10:37', 0),
(38, 1, 4, '330010000', 'GST Output Tax', 'hak ajf ahal ', 1, '2014-05-08 04:50:56', 0, '2014-06-16 06:10:37', 0),
(39, 1, 4, '330020000', 'Suspense GST - Output Tax', 'hak ajf ahal ', 1, '2014-05-08 04:50:56', 0, '2014-06-16 06:10:37', 0),
(40, 1, 4, '330030000', 'Import Duty Payable', 'hak ajf ahal ', 1, '2014-05-08 04:50:56', 0, '2014-06-16 06:10:37', 0),
(41, 1, 4, '330040000', 'Sales Tax Payable', 'hak ajf ahal ', 1, '2014-05-08 04:50:56', 0, '2014-06-16 06:10:37', 0),
(42, 1, 4, '330050000', 'Service Tax Payable', 'hak ajf ahal ', 1, '2014-05-08 04:50:56', 0, '2014-06-16 06:10:37', 0),
(43, 1, 4, '340000000', 'Accruals', 'hak ajf ahal ', 1, '2014-05-08 04:50:56', 0, '2014-06-16 06:10:37', 0),
(44, 1, 4, '340010000', 'Accrued Payroll', 'hak ajf ahal ', 1, '2014-05-08 04:50:56', 0, '2014-06-16 06:10:37', 0),
(45, 1, 4, '340020000', 'Payroll Deductions', 'hak ajf ahal ', 1, '2014-05-08 04:50:56', 0, '2014-06-16 06:10:37', 0),
(46, 1, 4, '340030000', 'PAYE Tax Payable', 'hak ajf ahal ', 1, '2014-05-08 04:50:56', 0, '2014-06-16 06:10:37', 0),
(47, 1, 4, '340040000', 'Commission Payable', 'hak ajf ahal ', 1, '2014-05-08 04:50:56', 0, '2014-06-16 06:10:37', 0),
(48, 1, 4, '350000000', 'Client Deposits', 'hak ajf ahal ', 1, '2014-05-08 04:50:56', 0, '2014-06-16 06:10:37', 0),
(49, 1, 5, '360000000', 'Deffered Tax Liabilities', 'hak ajf ahal ', 1, '2014-05-08 04:50:56', 0, '2014-06-16 06:10:37', 0),
(50, 1, 6, '370000000', 'Borrowing', 'hak ajf ahal ', 1, '2014-05-08 04:50:56', 0, '2014-06-16 06:10:37', 0),
(51, 1, 6, '370010000', 'Bank Loan', 'hak ajf ahal ', 1, '2014-05-08 04:50:56', 0, '2014-06-16 06:10:37', 0),
(52, 1, 6, '370080000', 'Other Long-Term Liabilities', 'hak ajf ahal ', 1, '2014-05-08 04:50:56', 0, '2014-06-16 06:10:37', 0),
(53, 1, 7, '400000000', 'Sales', 'hak ajf ahal ', 1, '2014-05-08 04:50:56', 0, '2014-06-16 06:10:37', 0),
(54, 1, 7, '400010000', 'Sales-Baked Items', 'hak ajf ahal ', 1, '2014-05-08 04:50:56', 0, '2014-06-16 06:10:37', 0),
(55, 1, 7, '400020000', 'Sales-Novelty Items', 'hak ajf ahal ', 1, '2014-05-08 04:50:56', 0, '2014-06-16 06:10:37', 0),
(56, 1, 7, '480000000', 'Miscellaneous Income', 'hak ajf ahal ', 1, '2014-05-08 04:50:56', 0, '2014-06-16 06:10:37', 0),
(57, 1, 8, '500000000', 'Cost of Goods Sold', 'hak ajf ahal ', 1, '2014-05-08 04:50:56', 0, '2014-06-16 06:10:37', 0),
(58, 1, 8, '500010000', 'Baked Items', 'hak ajf ahal ', 1, '2014-05-08 04:50:56', 0, '2014-06-16 06:10:37', 0),
(59, 1, 8, '500020000', 'Novelty Items', 'hak ajf ahal ', 1, '2014-05-08 04:50:56', 0, '2014-06-16 06:10:37', 0),
(60, 1, 8, '510000000', 'Purchase Price Variance', 'hak ajf ahal ', 1, '2014-05-08 04:50:56', 0, '2014-06-16 06:10:37', 0),
(61, 1, 8, '560000000', 'Freight', 'hak ajf ahal ', 1, '2014-05-08 04:50:56', 0, '2014-06-16 06:10:37', 0),
(62, 1, 8, '570000000', 'Inventory Adjustment Account', 'hak ajf ahal ', 1, '2014-05-08 04:50:56', 0, '2014-06-16 06:10:37', 0),
(63, 1, 8, '580000000', 'Commission Expense', 'hak ajf ahal ', 1, '2014-05-08 04:50:56', 0, '2014-06-16 06:10:37', 0),
(64, 1, 9, '710000000', 'Discount Received', 'hak ajf ahal ', 1, '2014-05-08 04:50:56', 0, '2014-06-16 06:10:37', 0),
(65, 1, 9, '711000000', 'Interest Income', 'hak ajf ahal ', 1, '2014-05-08 04:50:56', 0, '2014-06-16 06:10:37', 0),
(66, 1, 9, '712000000', 'Late Fees Collected', 'hak ajf ahal ', 1, '2014-05-08 04:50:56', 0, '2014-06-16 06:10:37', 0),
(67, 1, 9, '713000000', 'Freight Collected', 'hak ajf ahal ', 1, '2014-05-08 04:50:56', 0, '2014-06-16 06:10:37', 0),
(68, 1, 10, '810000000', 'Administration Expenses', 'hak ajf ahal ', 1, '2014-05-08 04:50:56', 0, '2014-06-16 06:10:37', 0),
(69, 1, 10, '810011100', 'Accounting Fees', 'hak ajf ahal ', 1, '2014-05-08 04:50:56', 0, '2014-06-16 06:10:37', 0),
(70, 1, 10, '810011200', 'Legal Fees', 'hak ajf ahal ', 1, '2014-05-08 04:50:56', 0, '2014-06-16 06:10:37', 0),
(71, 1, 10, '810014000', 'Dues & Subscriptions', 'hak ajf ahal ', 1, '2014-05-08 04:50:56', 0, '2014-06-16 06:10:37', 0),
(72, 1, 10, '810015000', 'Office Supplies', 'hak ajf ahal ', 1, '2014-05-08 04:50:56', 0, '2014-06-16 06:10:37', 0),
(73, 1, 10, '810016000', 'Freight', 'hak ajf ahal ', 1, '2014-05-08 04:50:56', 0, '2014-06-16 06:10:37', 0),
(74, 1, 10, '810017000', 'Late Payment Charges', 'hak ajf ahal ', 1, '2014-05-08 04:50:56', 0, '2014-06-16 06:10:37', 0),
(75, 1, 10, '810019000', 'Advertising & Promotion Exp', 'hak ajf ahal ', 1, '2014-05-08 04:50:56', 0, '2014-06-16 06:10:37', 0),
(76, 1, 10, '810019020', 'In-store Promotions', 'hak ajf ahal ', 1, '2014-05-08 04:50:56', 0, '2014-06-16 06:10:37', 0),
(77, 1, 10, '810020000', 'Depreciation Expense', 'hak ajf ahal ', 1, '2014-05-08 04:50:56', 0, '2014-06-16 06:10:37', 0),
(78, 1, 10, '810040000', 'GST- Non Claimable', 'hak ajf ahal ', 1, '2014-05-08 04:50:56', 0, '2014-06-16 06:10:37', 0),
(79, 1, 10, '810050000', 'Service Tax', 'hak ajf ahal ', 1, '2014-05-08 04:50:56', 0, '2014-06-16 06:10:37', 0),
(80, 1, 10, '820000000', 'Operation Expenses', 'hak ajf ahal ', 1, '2014-05-08 04:50:56', 0, '2014-06-16 06:10:37', 0),
(81, 1, 10, '820011000', 'Cleaning	Expenses', 'hak ajf ahal ', 1, '2014-05-08 04:50:56', 0, '2014-06-16 06:10:37', 0),
(82, 1, 10, '820012000', 'Postage & Delivery', 'hak ajf ahal ', 1, '2014-05-08 04:50:56', 0, '2014-06-16 06:10:37', 0),
(83, 1, 10, '820013000', 'Printing', 'hak ajf ahal ', 1, '2014-05-08 04:50:56', 0, '2014-06-16 06:10:37', 0),
(84, 1, 10, '820014000', 'Rent', 'hak ajf ahal ', 1, '2014-05-08 04:50:56', 0, '2014-06-16 06:10:37', 0),
(85, 1, 10, '820015000', 'Store Supplies', 'hak ajf ahal ', 1, '2014-05-08 04:50:56', 0, '2014-06-16 06:10:37', 0),
(86, 1, 10, '820016000', 'Telephone', 'hak ajf ahal ', 1, '2014-05-08 04:50:56', 0, '2014-06-16 06:10:37', 0),
(87, 1, 10, '820017000', 'Water', 'hak ajf ahal ', 1, '2014-05-08 04:50:56', 0, '2014-06-16 06:10:37', 0),
(88, 1, 10, '820018000', 'Shrinkage/Spoilage', 'hak ajf ahal ', 1, '2014-05-08 04:50:56', 0, '2014-06-16 06:10:37', 0),
(89, 1, 10, '820019000', 'Employment Expenses', 'hak ajf ahal ', 1, '2014-05-08 04:50:56', 0, '2014-06-16 06:10:37', 0),
(90, 1, 10, '820019010', 'Fringe Benefits Tax', 'hak ajf ahal ', 1, '2014-05-08 04:50:56', 0, '2014-06-16 06:10:37', 0),
(91, 1, 10, '820019020', 'Staff Amenities ', 'hak ajf ahal ', 1, '2014-05-08 04:50:56', 0, '2014-06-16 06:10:37', 0),
(92, 1, 10, '820019030', 'Wages & Salaries ', 'hak ajf ahal ', 1, '2014-05-08 04:50:56', 0, '2014-06-16 06:10:37', 0),
(93, 1, 10, '820019040', 'Workers'' Compensation', 'hak ajf ahal ', 1, '2014-05-08 04:50:56', 0, '2014-06-16 06:10:37', 0),
(94, 1, 10, '820019050', 'Other Employment Expenses', 'hak ajf ahal ', 1, '2014-05-08 04:50:56', 0, '2014-06-16 06:10:37', 0),
(95, 1, 10, '820020000', 'Uniforms & Laundry', 'hak ajf ahal ', 1, '2014-05-08 04:50:56', 0, '2014-06-16 06:10:37', 0),
(96, 1, 10, '830000000', 'Interest & Bank Charges', 'hak ajf ahal ', 1, '2014-05-08 04:50:56', 0, '2014-06-16 06:10:37', 0),
(97, 1, 10, '840000000', 'Discounts Given', 'hak ajf ahal ', 1, '2014-05-08 04:50:56', 0, '2014-06-16 06:10:37', 0),
(98, 1, 10, '841000000', 'Prompt Payment Discount', 'hak ajf ahal ', 1, '2014-05-08 04:50:56', 0, '2014-06-16 06:10:37', 0),
(99, 1, 10, '850000000', 'Zakat Expense', 'hak ajf ahal ', 1, '2014-05-08 04:50:56', 0, '2014-06-16 06:10:37', 0),
(100, 1, 11, '860000000', 'Bad Debt Expense', 'hak ajf ahal ', 1, '2014-05-08 04:50:56', 0, '2014-06-16 06:10:37', 0),
(101, 1, 32, '870000000', 'Exchange Difference', 'hak ajf ahal ', 1, '2014-05-08 04:50:56', 0, '2014-06-16 06:10:37', 0),
(102, 1, 12, '860000000', 'Income Tax Expense', 'hak ajf ahal ', 1, '2014-05-08 04:50:56', 0, '2014-06-16 06:10:37', 0),
(103, 1, 10, '810019010', 'Advertising', 'hak ajf ahal ', 1, '2014-05-08 04:50:56', 0, '2014-06-16 06:10:37', 0),
(128, 2, 0, '120000000', 'Retained Earnings-Prior Year', 'hak ajf ahal ', 1, '2014-05-08 04:51:13', 0, '2014-07-24 02:34:15', 0),
(129, 2, 0, '130000000', 'Current Year Earnings', 'hak ajf ahal ', 1, '2014-05-08 04:51:13', 0, '2014-07-24 02:34:15', 0),
(130, 2, 0, '200000000', 'Fixed Assets', 'hak ajf ahal ', 1, '2014-05-08 04:51:13', 0, '2014-07-24 02:34:15', 0),
(131, 2, 0, '200010000', 'Buildings & Improvements', 'hak ajf ahal ', 1, '2014-05-08 04:51:13', 0, '2014-07-24 02:34:15', 0),
(132, 2, 0, '200010010', 'Bldgs & Imprv at Cost', 'hak ajf ahal ', 1, '2014-05-08 04:51:13', 0, '2014-07-24 02:34:15', 0),
(133, 2, 0, '200010020', 'Bldgs & Imprv Accum Dep''n', 'hak ajf ahal ', 1, '2014-05-08 04:51:13', 0, '2014-07-24 02:34:15', 0),
(134, 2, 0, '200020000', 'Production Equipment', 'hak ajf ahal ', 1, '2014-05-08 04:51:13', 0, '2014-07-24 02:34:15', 0),
(135, 2, 0, '200020010', 'Production Equipment at Cost', 'hak ajf ahal ', 1, '2014-05-08 04:51:13', 0, '2014-07-24 02:34:15', 0),
(136, 2, 0, '200020020', 'Production Equipment Accum Dep''n', 'hak ajf ahal ', 1, '2014-05-08 04:51:13', 0, '2014-07-24 02:34:15', 0),
(137, 2, 0, '200030000', 'Furniture and Fixtures', 'hak ajf ahal ', 1, '2014-05-08 04:51:13', 0, '2014-07-24 02:34:15', 0),
(138, 2, 0, '200030010', 'Furniture & Fixtures at Cost', 'hak ajf ahal ', 1, '2014-05-08 04:51:13', 0, '2014-07-24 02:34:15', 0),
(139, 2, 0, '200030020', 'Furniture & Fixtures Accum Dep''n', 'hak ajf ahal ', 1, '2014-05-08 04:51:13', 0, '2014-07-24 02:34:15', 0),
(140, 2, 0, '200040000', 'Motor Vehicles', 'hak ajf ahal ', 1, '2014-05-08 04:51:13', 0, '2014-07-24 02:34:15', 0),
(141, 2, 0, '200040010', 'Motor Vehicles at Cost', 'hak ajf ahal ', 1, '2014-05-08 04:51:13', 0, '2014-07-24 02:34:15', 0),
(142, 2, 0, '200040020', 'Motor Vehicles Accum Dep''n', 'hak ajf ahal ', 1, '2014-05-08 04:51:13', 0, '2014-07-24 02:34:15', 0),
(143, 2, 0, '200050000', 'Leasehold Improvements', 'hak ajf ahal ', 1, '2014-05-08 04:51:13', 0, '2014-07-24 02:34:15', 0),
(144, 2, 0, '200050010', 'Improvements at Cost', 'hak ajf ahal ', 1, '2014-05-08 04:51:13', 0, '2014-07-24 02:34:15', 0),
(145, 2, 0, '200050020', 'Improvements Amortisation', 'hak ajf ahal ', 1, '2014-05-08 04:51:13', 0, '2014-07-24 02:34:15', 0),
(146, 2, 0, '210000000', 'Trade Receivable', 'hak ajf ahal ', 1, '2014-05-08 04:51:13', 0, '2014-07-24 02:34:15', 0),
(147, 2, 0, '220000000', 'Cash and Bank Balances', 'hak ajf ahal ', 1, '2014-05-08 04:51:13', 0, '2014-07-24 02:34:15', 0),
(148, 2, 0, '220010000', 'Bank', 'hak ajf ahal ', 1, '2014-05-08 04:51:13', 0, '2014-07-24 02:34:15', 0),
(149, 2, 0, '220020000', 'Cash in Hand', 'hak ajf ahal ', 1, '2014-05-08 04:51:13', 0, '2014-07-24 02:34:15', 0),
(150, 2, 0, '220030000', 'Petty Cash', 'hak ajf ahal ', 1, '2014-05-08 04:51:13', 0, '2014-07-24 02:34:15', 0),
(151, 2, 0, '230000000', 'Inventories', 'hak ajf ahal ', 1, '2014-05-08 04:51:13', 0, '2014-07-24 02:34:15', 0),
(152, 2, 0, '230010000', 'Stock of Work in Progress', 'hak ajf ahal ', 1, '2014-05-08 04:51:13', 0, '2014-07-24 02:34:15', 0),
(153, 2, 0, '240000000', 'Other Receivables', 'hak ajf ahal ', 1, '2014-05-08 04:51:13', 0, '2014-07-24 02:34:15', 0),
(154, 2, 0, '250000000', 'Prepayments and Deposits', 'hak ajf ahal ', 1, '2014-05-08 04:51:13', 0, '2014-07-24 02:34:15', 0),
(155, 2, 0, '250010000', 'Prepayments', 'hak ajf ahal ', 1, '2014-05-08 04:51:13', 0, '2014-07-24 02:34:15', 0),
(156, 2, 0, '250020000', 'Deposits Paid', 'hak ajf ahal ', 1, '2014-05-08 04:51:13', 0, '2014-07-24 02:34:15', 0),
(157, 2, 0, '260000000', 'Tax Claimable', 'hak ajf ahal ', 1, '2014-05-08 04:51:13', 0, '2014-07-24 02:34:15', 0),
(158, 2, 0, '260010000', 'GST Input Tax', 'hak ajf ahal ', 1, '2014-05-08 04:51:13', 0, '2014-07-24 02:34:15', 0),
(159, 2, 0, '260011000', 'Provision for GST Non-Claimable', 'hak ajf ahal ', 1, '2014-05-08 04:51:13', 0, '2014-07-24 02:34:15', 0),
(160, 2, 0, '260020000', 'Suspense GST - Input Tax', 'hak ajf ahal ', 1, '2014-05-08 04:51:13', 0, '2014-07-24 02:34:15', 0),
(161, 2, 0, '300000000', 'Trade Payable', 'hak ajf ahal ', 1, '2014-05-08 04:51:13', 0, '2014-07-24 02:34:15', 0),
(162, 2, 0, '320000000', 'Other Payables', 'hak ajf ahal ', 1, '2014-05-08 04:51:13', 0, '2014-07-24 02:34:15', 0),
(163, 2, 0, '330000000', 'Tax Payable', 'hak ajf ahal ', 1, '2014-05-08 04:51:13', 0, '2014-07-24 02:34:15', 0),
(164, 2, 0, '330010000', 'GST Output Tax', 'hak ajf ahal ', 1, '2014-05-08 04:51:13', 0, '2014-07-24 02:34:15', 0),
(165, 2, 0, '330020000', 'Suspense GST - Output Tax', 'hak ajf ahal ', 1, '2014-05-08 04:51:13', 0, '2014-07-24 02:34:15', 0),
(166, 2, 0, '330030000', 'Import Duty Payable', 'hak ajf ahal ', 1, '2014-05-08 04:51:13', 0, '2014-07-24 02:34:15', 0),
(167, 2, 0, '330040000', 'Sales Tax Payable', 'hak ajf ahal ', 1, '2014-05-08 04:51:13', 0, '2014-07-24 02:34:15', 0),
(168, 2, 0, '330050000', 'Service Tax Payable', 'hak ajf ahal ', 1, '2014-05-08 04:51:13', 0, '2014-07-24 02:34:15', 0),
(169, 2, 0, '340000000', 'Accruals', 'hak ajf ahal ', 1, '2014-05-08 04:51:13', 0, '2014-07-24 02:34:15', 0),
(170, 2, 0, '340010000', 'Accrued Payroll', 'hak ajf ahal ', 1, '2014-05-08 04:51:13', 0, '2014-07-24 02:34:15', 0),
(171, 2, 0, '340020000', 'Payroll Deductions Payable', 'hak ajf ahal ', 1, '2014-05-08 04:51:13', 0, '2014-07-24 02:34:15', 0),
(172, 2, 0, '340030000', 'PAYE Tax Payable', 'hak ajf ahal ', 1, '2014-05-08 04:51:13', 0, '2014-07-24 02:34:15', 0),
(173, 2, 0, '340040000', 'Commission Payable', 'hak ajf ahal ', 1, '2014-05-08 04:51:13', 0, '2014-07-24 02:34:15', 0),
(174, 2, 0, '350000000', 'Client Deposits', 'hak ajf ahal ', 1, '2014-05-08 04:51:13', 0, '2014-07-24 02:34:15', 0),
(175, 2, 0, '360000000', 'Deffered Tax Liabilities', 'hak ajf ahal ', 1, '2014-05-08 04:51:13', 0, '2014-07-24 02:34:15', 0),
(176, 2, 0, '370000000', 'Borrowing', 'hak ajf ahal ', 1, '2014-05-08 04:51:13', 0, '2014-07-24 02:34:15', 0),
(177, 2, 0, '370010000', 'Bank Loans', 'hak ajf ahal ', 1, '2014-05-08 04:51:13', 0, '2014-07-24 02:34:15', 0),
(178, 2, 0, '370080000', 'Other Long-Term Liabilities', 'hak ajf ahal ', 1, '2014-05-08 04:51:13', 0, '2014-07-24 02:34:15', 0),
(179, 2, 19, '400000000', 'Sales', 'hak ajf ahal ', 1, '2014-05-08 04:51:13', 0, '2014-07-24 02:34:15', 0),
(180, 2, 19, '410000000', 'Audio Equip Rental Income', 'hak ajf ahal ', 1, '2014-05-08 04:51:13', 0, '2014-07-24 02:34:15', 0),
(181, 2, 19, '420000000', 'Video Equip Rental Income', 'hak ajf ahal ', 1, '2014-05-08 04:51:13', 0, '2014-07-24 02:34:15', 0),
(182, 2, 19, '430000000', 'Other Service Fees', 'hak ajf ahal ', 1, '2014-05-08 04:51:13', 0, '2014-07-24 02:34:15', 0),
(183, 2, 19, '460000000', 'Miscellaneous Income', 'hak ajf ahal ', 1, '2014-05-08 04:51:13', 0, '2014-07-24 02:34:15', 0),
(184, 2, 0, '500000000', 'Cost of Goods Sold', 'hak ajf ahal ', 1, '2014-05-08 04:51:13', 0, '2014-07-24 02:34:15', 0),
(185, 2, 0, '500010000', 'Purchases - Audio Equip', 'hak ajf ahal ', 1, '2014-05-08 04:51:13', 0, '2014-07-24 02:34:15', 0),
(186, 2, 0, '500020000', 'Purchases - Video Equip', 'hak ajf ahal ', 1, '2014-05-08 04:51:13', 0, '2014-07-24 02:34:15', 0),
(187, 2, 0, '510000000', 'Purchase Price Variance', 'hak ajf ahal ', 1, '2014-05-08 04:51:13', 0, '2014-07-24 02:34:15', 0),
(188, 2, 0, '560000000', 'Freight', 'hak ajf ahal ', 1, '2014-05-08 04:51:13', 0, '2014-07-24 02:34:15', 0),
(189, 2, 0, '570000000', 'Inventory Adjustment Account', 'hak ajf ahal ', 1, '2014-05-08 04:51:13', 0, '2014-07-24 02:34:15', 0),
(190, 2, 0, '580000000', 'Commission Expense', 'hak ajf ahal ', 1, '2014-05-08 04:51:13', 0, '2014-07-24 02:34:15', 0),
(191, 2, 0, '710000000', 'Discount Received', 'hak ajf ahal ', 1, '2014-05-08 04:51:13', 0, '2014-07-24 02:34:15', 0),
(192, 2, 0, '711000000', 'Interest Income', 'hak ajf ahal ', 1, '2014-05-08 04:51:13', 0, '2014-07-24 02:34:15', 0),
(193, 2, 0, '712000000', 'Late Fees Collected', 'hak ajf ahal ', 1, '2014-05-08 04:51:13', 0, '2014-07-24 02:34:15', 0),
(194, 2, 0, '713000000', 'Freight Collected', 'hak ajf ahal ', 1, '2014-05-08 04:51:13', 0, '2014-07-24 02:34:15', 0),
(195, 2, 0, '810000000', 'Administration Expenses', 'hak ajf ahal ', 1, '2014-05-08 04:51:13', 0, '2014-07-24 02:34:15', 0),
(196, 2, 0, '810010000', 'Accounting Fees', 'hak ajf ahal ', 1, '2014-05-08 04:51:13', 0, '2014-07-24 02:34:15', 0),
(197, 2, 0, '810011000', 'Legal Fees', 'hak ajf ahal ', 1, '2014-05-08 04:51:13', 0, '2014-07-24 02:34:15', 0),
(198, 2, 0, '810012000', 'Postage & Delivery', 'hak ajf ahal ', 1, '2014-05-08 04:51:13', 0, '2014-07-24 02:34:15', 0),
(199, 2, 0, '810013000', 'Office Supplies', 'hak ajf ahal ', 1, '2014-05-08 04:51:13', 0, '2014-07-24 02:34:15', 0),
(200, 2, 0, '810014000', 'Dues & Subscriptions', 'hak ajf ahal ', 1, '2014-05-08 04:51:13', 0, '2014-07-24 02:34:15', 0),
(201, 2, 0, '810015000', 'Telephone', 'hak ajf ahal ', 1, '2014-05-08 04:51:13', 0, '2014-07-24 02:34:15', 0),
(202, 2, 0, '810016000', 'Advertising', 'hak ajf ahal ', 1, '2014-05-08 04:51:13', 0, '2014-07-24 02:34:15', 0),
(203, 2, 0, '810017000', 'Maintenance & Repairs', 'hak ajf ahal ', 1, '2014-05-08 04:51:13', 0, '2014-07-24 02:34:15', 0),
(204, 2, 0, '810018000', 'Freight', 'hak ajf ahal ', 1, '2014-05-08 04:51:13', 0, '2014-07-24 02:34:15', 0),
(205, 2, 0, '810019000', 'Late Payment Charges', 'hak ajf ahal ', 1, '2014-05-08 04:51:13', 0, '2014-07-24 02:34:15', 0),
(206, 2, 0, '810020000', 'Rent', 'hak ajf ahal ', 1, '2014-05-08 04:51:13', 0, '2014-07-24 02:34:15', 0),
(207, 2, 0, '810021000', 'Electricity', 'hak ajf ahal ', 1, '2014-05-08 04:51:13', 0, '2014-07-24 02:34:15', 0),
(208, 2, 0, '810022000', 'Depreciation Expense', 'hak ajf ahal ', 1, '2014-05-08 04:51:13', 0, '2014-07-24 02:34:15', 0),
(209, 2, 0, '810040000', 'GST- Non Claimable', 'hak ajf ahal ', 1, '2014-05-08 04:51:13', 0, '2014-07-24 02:34:15', 0),
(210, 2, 0, '810050000', 'Service Tax', 'hak ajf ahal ', 1, '2014-05-08 04:51:13', 0, '2014-07-24 02:34:15', 0),
(211, 2, 0, '820000000', 'Employment Expenses', 'hak ajf ahal ', 1, '2014-05-08 04:51:13', 0, '2014-07-24 02:34:15', 0),
(212, 2, 0, '820010000', 'Staff Amenities', 'hak ajf ahal ', 1, '2014-05-08 04:51:13', 0, '2014-07-24 02:34:15', 0),
(213, 2, 0, '820030000', 'Wages & Salaries', 'hak ajf ahal ', 1, '2014-05-08 04:51:13', 0, '2014-07-24 02:34:15', 0),
(214, 2, 0, '820040000', 'Workers'' Compensation', 'hak ajf ahal ', 1, '2014-05-08 04:51:13', 0, '2014-07-24 02:34:15', 0),
(215, 2, 0, '820050000', 'Other Employment Expenses', 'hak ajf ahal ', 1, '2014-05-08 04:51:13', 0, '2014-07-24 02:34:15', 0),
(216, 2, 0, '830000000', 'Interest & Bank Charges', 'hak ajf ahal ', 1, '2014-05-08 04:51:13', 0, '2014-07-24 02:34:15', 0),
(217, 2, 0, '840000000', 'Discounts Given', 'hak ajf ahal ', 1, '2014-05-08 04:51:13', 0, '2014-07-24 02:34:15', 0),
(218, 2, 0, '841000000', 'Prompt Payment Discount', 'hak ajf ahal ', 1, '2014-05-08 04:51:13', 0, '2014-07-24 02:34:15', 0),
(219, 2, 0, '850000000', 'Zakat Expense', 'hak ajf ahal ', 1, '2014-05-08 04:51:13', 0, '2014-07-24 02:34:15', 0),
(220, 2, 0, '860000000', 'Bad Debt Expense', 'hak ajf ahal ', 1, '2014-05-08 04:51:13', 0, '2014-07-24 02:34:15', 0),
(221, 2, 0, '870000000', 'Exchange Difference', 'hak ajf ahal ', 1, '2014-05-08 04:51:13', 0, '2014-07-24 02:34:15', 0),
(222, 2, 24, '860000000', 'Income Tax Expense', 'hak ajf ahal ', 1, '2014-05-08 04:51:13', 0, '2014-07-24 02:34:15', 0),
(223, 2, 0, '110000000', 'Share Capital', 'hak ajf ahal ', 1, '2014-05-08 04:51:13', 0, '2014-07-24 02:34:15', 0),
(224, 15, 230, '100000000', 'Owner''s/Shareholder''s capital', 'hak ajf ahal ', 16, '2014-06-06 08:08:24', 0, '2014-07-24 02:34:15', 0),
(225, 15, 230, '120000000', 'Retained Earnings-Prior Year', 'hak ajf ahal ', 16, '2014-06-06 08:08:24', 0, '2014-07-24 02:34:15', 0),
(226, 15, 230, '130000000', 'Current Year Earnings', 'hak ajf ahal ', 16, '2014-06-06 08:08:24', 0, '2014-07-24 02:34:15', 0),
(227, 15, 250, '200000000', 'Fixed Assets', 'hak ajf ahal ', 16, '2014-06-06 08:08:24', 0, '2014-07-24 02:34:15', 0),
(228, 15, 250, '200010000', 'Manufacturing Plant', 'hak ajf ahal ', 16, '2014-06-06 08:08:24', 0, '2014-07-24 02:34:15', 0),
(229, 15, 250, '200010010', 'Manufacturing Plant at Cost', 'hak ajf ahal ', 16, '2014-06-06 08:08:24', 0, '2014-07-24 02:34:15', 0),
(230, 15, 250, '200010020', 'Manufacturing Plant Accum Dep''n', 'hak ajf ahal ', 16, '2014-06-06 08:08:24', 0, '2014-07-24 02:34:15', 0),
(231, 15, 250, '200020000', 'Manufacturing Equipment', 'hak ajf ahal ', 16, '2014-06-06 08:08:24', 0, '2014-07-24 02:34:15', 0),
(232, 15, 250, '200020010', 'Manufacturing Equipment at Cost', 'hak ajf ahal ', 16, '2014-06-06 08:08:24', 0, '2014-07-24 02:34:15', 0),
(233, 15, 250, '200020020', 'Manufacturing Equipment Accum Dep''n', 'hak ajf ahal ', 16, '2014-06-06 08:08:24', 0, '2014-07-24 02:34:15', 0),
(234, 15, 250, '200030000', 'Furniture & Fixtures', 'hak ajf ahal ', 16, '2014-06-06 08:08:24', 0, '2014-07-24 02:34:15', 0),
(235, 15, 250, '200030010', 'Furn & Fixtures at Cost', 'hak ajf ahal ', 16, '2014-06-06 08:08:24', 0, '2014-07-24 02:34:15', 0),
(236, 15, 250, '200030020', 'Furn & Fixtures Accum Dep''n', 'hak ajf ahal ', 16, '2014-06-06 08:08:24', 0, '2014-07-24 02:34:15', 0),
(237, 15, 250, '200040000', 'Office Equipment', 'hak ajf ahal ', 16, '2014-06-06 08:08:24', 0, '2014-07-24 02:34:15', 0),
(238, 15, 250, '200040010', 'Office Equipment at Cost', 'hak ajf ahal ', 16, '2014-06-06 08:08:24', 0, '2014-07-24 02:34:15', 0),
(239, 15, 250, '200040020', 'Office Equipment Accum Dep''n', 'hak ajf ahal ', 16, '2014-06-06 08:08:24', 0, '2014-07-24 02:34:15', 0),
(240, 15, 250, '200050000', 'Motor Vehicles', 'hak ajf ahal ', 16, '2014-06-06 08:08:24', 0, '2014-07-24 02:34:15', 0),
(241, 15, 250, '200050010', 'Motor Vehicles at Cost', 'hak ajf ahal ', 16, '2014-06-06 08:08:24', 0, '2014-07-24 02:34:15', 0),
(242, 15, 250, '200050020', 'Motor Vehicles Accum Dep''n', 'hak ajf ahal ', 16, '2014-06-06 08:08:24', 0, '2014-07-24 02:34:15', 0),
(243, 15, 251, '210000000', 'Trade Receivable', 'hak ajf ahal ', 16, '2014-06-06 08:08:24', 0, '2014-07-24 02:34:15', 0),
(244, 15, 251, '220000000', 'Cash and Bank Balances', 'hak ajf ahal ', 16, '2014-06-06 08:08:24', 0, '2014-07-24 02:34:15', 0),
(245, 15, 251, '220010000', 'Bank', 'hak ajf ahal ', 16, '2014-06-06 08:08:24', 0, '2014-07-24 02:34:15', 0),
(246, 15, 251, '220020000', 'Cash in Hand', 'hak ajf ahal ', 16, '2014-06-06 08:08:24', 0, '2014-07-24 02:34:15', 0),
(247, 15, 251, '220030000', 'Petty Cash''s', 'hak ajf ahal ', 16, '2014-06-06 08:08:24', 0, '2014-07-24 02:34:15', 0),
(248, 15, 251, '230000000', 'Inventories', 'hak ajf ahal ', 16, '2014-06-06 08:08:24', 0, '2014-07-24 02:34:15', 0),
(249, 15, 251, '230010000', 'Stock of Work in Progress', 'hak ajf ahal ', 16, '2014-06-06 08:08:24', 0, '2014-07-24 02:34:15', 0),
(250, 15, 251, '240000000', 'Other Receivables', 'hak ajf ahal ', 16, '2014-06-06 08:08:24', 0, '2014-07-24 02:34:15', 0),
(251, 15, 251, '250000000', 'Prepayments and Deposits', 'hak ajf ahal ', 16, '2014-06-06 08:08:24', 0, '2014-07-24 02:34:15', 0),
(252, 15, 251, '250010000', 'Prepayments', 'hak ajf ahal ', 16, '2014-06-06 08:08:24', 0, '2014-07-24 02:34:15', 0),
(253, 15, 251, '250020000', 'Deposits Paid', 'hak ajf ahal ', 16, '2014-06-06 08:08:24', 0, '2014-07-24 02:34:15', 0),
(254, 15, 251, '260000000', 'Tax Claimable', 'hak ajf ahal ', 16, '2014-06-06 08:08:24', 0, '2014-07-24 02:34:15', 0),
(255, 15, 251, '260010000', 'GST Input Tax', 'hak ajf ahal ', 16, '2014-06-06 08:08:24', 0, '2014-07-24 02:34:15', 0),
(256, 15, 251, '260011000', 'Provision for GST Non-Claimable', 'hak ajf ahal ', 16, '2014-06-06 08:08:24', 0, '2014-07-24 02:34:15', 0),
(257, 15, 251, '260020000', 'Suspense GST - Input Tax', 'hak ajf ahal ', 16, '2014-06-06 08:08:24', 0, '2014-07-24 02:34:15', 0),
(258, 15, 248, '300000000', 'Trade Payable', 'hak ajf ahal ', 16, '2014-06-06 08:08:24', 0, '2014-07-24 02:34:15', 0),
(259, 15, 248, '320000000', 'Other Payables', 'hak ajf ahal ', 16, '2014-06-06 08:08:24', 0, '2014-07-24 02:34:15', 0),
(260, 15, 248, '330000000', 'Tax Payable', 'hak ajf ahal ', 16, '2014-06-06 08:08:24', 0, '2014-07-24 02:34:15', 0),
(261, 15, 248, '330010000', 'GST Output Tax', 'hak ajf ahal ', 16, '2014-06-06 08:08:24', 0, '2014-07-24 02:34:15', 0),
(262, 15, 248, '330020000', 'Suspense GST - Output Tax', 'hak ajf ahal ', 16, '2014-06-06 08:08:24', 0, '2014-07-24 02:34:15', 0),
(263, 15, 248, '330030000', 'Import Duty Payable', 'hak ajf ahal ', 16, '2014-06-06 08:08:24', 0, '2014-07-24 02:34:15', 0),
(264, 15, 248, '330040000', 'Sales Tax Payable', 'hak ajf ahal ', 16, '2014-06-06 08:08:24', 0, '2014-07-24 02:34:15', 0),
(265, 15, 248, '330050000', 'Service Tax Payable', 'hak ajf ahal ', 16, '2014-06-06 08:08:24', 0, '2014-07-24 02:34:15', 0),
(266, 15, 248, '340000000', 'Accruals', 'hak ajf ahal ', 16, '2014-06-06 08:08:24', 0, '2014-07-24 02:34:15', 0),
(267, 15, 248, '340010000', 'Accrued Payroll', 'hak ajf ahal ', 16, '2014-06-06 08:08:24', 0, '2014-07-24 02:34:15', 0),
(268, 15, 248, '340020000', 'Payroll Deductions', 'hak ajf ahal ', 16, '2014-06-06 08:08:24', 0, '2014-07-24 02:34:15', 0),
(269, 15, 248, '340030000', 'PAYE Tax Payable', 'hak ajf ahal ', 16, '2014-06-06 08:08:24', 0, '2014-07-24 02:34:15', 0),
(270, 15, 248, '340040000', 'Commission Payable', 'hak ajf ahal ', 16, '2014-06-06 08:08:24', 0, '2014-07-24 02:34:15', 0),
(271, 15, 248, '350000000', 'Client Deposits', 'hak ajf ahal ', 16, '2014-06-06 08:08:24', 0, '2014-07-24 02:34:15', 0),
(272, 15, 232, '360000000', 'Deffered Tax Liabilities', 'hak ajf ahal ', 16, '2014-06-06 08:08:24', 0, '2014-07-24 02:34:15', 0),
(273, 15, 233, '370000000', 'Borrowing', 'hak ajf ahal ', 16, '2014-06-06 08:08:24', 0, '2014-07-24 02:34:15', 0),
(274, 15, 233, '370010000', 'Bank Loan', 'hak ajf ahal ', 16, '2014-06-06 08:08:24', 0, '2014-07-24 02:34:15', 0),
(275, 15, 233, '370080000', 'Other Long-Term Liabilities', 'hak ajf ahal ', 16, '2014-06-06 08:08:24', 0, '2014-07-24 02:34:15', 0),
(276, 15, 240, '400000000', 'Sales', 'hak ajf ahal ', 16, '2014-06-06 08:08:24', 0, '2014-07-24 02:34:15', 0),
(277, 15, 240, '400010000', 'Sales-Baked Items', 'hak ajf ahal ', 16, '2014-06-06 08:08:24', 0, '2014-07-24 02:34:15', 0),
(278, 15, 240, '400020000', 'Sales-Novelty Items', 'hak ajf ahal ', 16, '2014-06-06 08:08:24', 0, '2014-07-24 02:34:15', 0),
(279, 15, 240, '480000000', 'Miscellaneous Income', 'hak ajf ahal ', 16, '2014-06-06 08:08:24', 0, '2014-07-24 02:34:15', 0),
(280, 15, 241, '500000000', 'Cost of Goods Sold', 'hak ajf ahal ', 16, '2014-06-06 08:08:24', 0, '2014-07-24 02:34:15', 0),
(281, 15, 241, '500010000', 'Baked Items', 'hak ajf ahal ', 16, '2014-06-06 08:08:24', 0, '2014-07-24 02:34:15', 0),
(282, 15, 241, '500020000', 'Novelty Items', 'hak ajf ahal ', 16, '2014-06-06 08:08:24', 0, '2014-07-24 02:34:15', 0),
(283, 15, 241, '510000000', 'Purchase Price Variance', 'hak ajf ahal ', 16, '2014-06-06 08:08:24', 0, '2014-07-24 02:34:15', 0),
(284, 15, 241, '560000000', 'Freight', 'hak ajf ahal ', 16, '2014-06-06 08:08:24', 0, '2014-07-24 02:34:15', 0),
(285, 15, 241, '570000000', 'Inventory Adjustment Account', 'hak ajf ahal ', 16, '2014-06-06 08:08:24', 0, '2014-07-24 02:34:15', 0),
(286, 15, 241, '580000000', 'Commission Expense', 'hak ajf ahal ', 16, '2014-06-06 08:08:24', 0, '2014-07-24 02:34:15', 0),
(287, 15, 243, '710000000', 'Discount Received', 'hak ajf ahal ', 16, '2014-06-06 08:08:24', 0, '2014-07-24 02:34:15', 0),
(288, 15, 243, '711000000', 'Interest Income', 'hak ajf ahal ', 16, '2014-06-06 08:08:24', 0, '2014-07-24 02:34:15', 0),
(289, 15, 243, '712000000', 'Late Fees Collected', 'hak ajf ahal ', 16, '2014-06-06 08:08:24', 0, '2014-07-24 02:34:15', 0),
(290, 15, 243, '713000000', 'Freight Collected', 'hak ajf ahal ', 16, '2014-06-06 08:08:24', 0, '2014-07-24 02:34:15', 0),
(291, 15, 244, '810000000', 'Administration Expenses', 'hak ajf ahal ', 16, '2014-06-06 08:08:24', 0, '2014-07-24 02:34:15', 0),
(292, 15, 244, '810011100', 'Accounting Fees', 'hak ajf ahal ', 16, '2014-06-06 08:08:24', 0, '2014-07-24 02:34:15', 0),
(293, 15, 244, '810011200', 'Legal Fees', 'hak ajf ahal ', 16, '2014-06-06 08:08:24', 0, '2014-07-24 02:34:15', 0),
(294, 15, 244, '810014000', 'Dues & Subscriptions', 'hak ajf ahal ', 16, '2014-06-06 08:08:24', 0, '2014-07-24 02:34:15', 0),
(295, 15, 244, '810015000', 'Office Supplies', 'hak ajf ahal ', 16, '2014-06-06 08:08:24', 0, '2014-07-24 02:34:15', 0),
(296, 15, 244, '810016000', 'Freight', 'hak ajf ahal ', 16, '2014-06-06 08:08:24', 0, '2014-07-24 02:34:15', 0),
(297, 15, 244, '810017000', 'Late Payment Charges', 'hak ajf ahal ', 16, '2014-06-06 08:08:24', 0, '2014-07-24 02:34:15', 0),
(298, 15, 244, '810019000', 'Advertising & Promotion Exp', 'hak ajf ahal ', 16, '2014-06-06 08:08:24', 0, '2014-07-24 02:34:15', 0),
(299, 15, 244, '810019020', 'In-store Promotions', 'hak ajf ahal ', 16, '2014-06-06 08:08:24', 0, '2014-07-24 02:34:15', 0),
(300, 15, 244, '810020000', 'Depreciation Expense', 'hak ajf ahal ', 16, '2014-06-06 08:08:24', 0, '2014-07-24 02:34:15', 0),
(301, 15, 244, '810040000', 'GST- Non Claimable', 'hak ajf ahal ', 16, '2014-06-06 08:08:24', 0, '2014-07-24 02:34:15', 0),
(302, 15, 244, '810050000', 'Service Tax', 'hak ajf ahal ', 16, '2014-06-06 08:08:24', 0, '2014-07-24 02:34:15', 0),
(303, 15, 244, '820000000', 'Operation Expenses', 'hak ajf ahal ', 16, '2014-06-06 08:08:24', 0, '2014-07-24 02:34:15', 0),
(304, 15, 244, '820011000', 'Cleaning	Expenses', 'hak ajf ahal ', 16, '2014-06-06 08:08:24', 0, '2014-07-24 02:34:15', 0),
(305, 15, 244, '820012000', 'Postage & Delivery', 'hak ajf ahal ', 16, '2014-06-06 08:08:24', 0, '2014-07-24 02:34:15', 0),
(306, 15, 244, '820013000', 'Printing', 'hak ajf ahal ', 16, '2014-06-06 08:08:24', 0, '2014-07-24 02:34:15', 0),
(307, 15, 244, '820014000', 'Rent', 'hak ajf ahal ', 16, '2014-06-06 08:08:24', 0, '2014-07-24 02:34:15', 0),
(308, 15, 244, '820015000', 'Store Supplies', 'hak ajf ahal ', 16, '2014-06-06 08:08:24', 0, '2014-07-24 02:34:15', 0),
(309, 15, 244, '820016000', 'Telephone', 'hak ajf ahal ', 16, '2014-06-06 08:08:24', 0, '2014-07-24 02:34:15', 0),
(310, 15, 244, '820017000', 'Water', 'hak ajf ahal ', 16, '2014-06-06 08:08:24', 0, '2014-07-24 02:34:15', 0),
(311, 15, 244, '820018000', 'Shrinkage/Spoilage', 'hak ajf ahal ', 16, '2014-06-06 08:08:24', 0, '2014-07-24 02:34:15', 0),
(312, 15, 244, '820019000', 'Employment Expenses', 'hak ajf ahal ', 16, '2014-06-06 08:08:24', 0, '2014-07-24 02:34:15', 0),
(313, 15, 244, '820019010', 'Fringe Benefits Tax', 'hak ajf ahal ', 16, '2014-06-06 08:08:24', 0, '2014-07-24 02:34:15', 0),
(314, 15, 244, '820019020', 'Staff Amenities ', 'hak ajf ahal ', 16, '2014-06-06 08:08:24', 0, '2014-07-24 02:34:15', 0),
(315, 15, 244, '820019030', 'Wages & Salaries ', 'hak ajf ahal ', 16, '2014-06-06 08:08:24', 0, '2014-07-24 02:34:15', 0),
(316, 15, 244, '820019040', 'Workers'' Compensation', 'hak ajf ahal ', 16, '2014-06-06 08:08:24', 0, '2014-07-24 02:34:15', 0),
(317, 15, 244, '820019050', 'Other Employment Expenses', 'hak ajf ahal ', 16, '2014-06-06 08:08:24', 0, '2014-07-24 02:34:15', 0),
(318, 15, 244, '820020000', 'Uniforms & Laundry', 'hak ajf ahal ', 16, '2014-06-06 08:08:24', 0, '2014-07-24 02:34:15', 0),
(319, 15, 244, '830000000', 'Interest & Bank Charges', 'hak ajf ahal ', 16, '2014-06-06 08:08:24', 0, '2014-07-24 02:34:15', 0),
(320, 15, 244, '840000000', 'Discounts Given', 'hak ajf ahal ', 16, '2014-06-06 08:08:24', 0, '2014-07-24 02:34:15', 0),
(321, 15, 244, '841000000', 'Prompt Payment Discount', 'hak ajf ahal ', 16, '2014-06-06 08:08:24', 0, '2014-07-24 02:34:15', 0),
(322, 15, 244, '850000000', 'Zakat Expense', 'hak ajf ahal ', 16, '2014-06-06 08:08:24', 0, '2014-07-24 02:34:15', 0),
(323, 15, 245, '860000000', 'Bad Debt Expense', 'hak ajf ahal ', 16, '2014-06-06 08:08:24', 0, '2014-07-24 02:34:15', 0),
(324, 15, 245, '870000000', 'Exchange Difference', 'hak ajf ahal ', 16, '2014-06-06 08:08:24', 0, '2014-07-24 02:34:15', 0),
(325, 15, 235, '860000000', 'Income Tax Expense', 'hak ajf ahal ', 16, '2014-06-06 08:08:24', 0, '2014-07-24 02:34:15', 0),
(326, 15, 244, '810019010', 'Advertising', 'hak ajf ahal ', 16, '2014-06-06 08:08:24', 0, '2014-07-24 02:34:15', 0),
(327, 59, 299, '120000000', 'Retained Earnings-Prior Year', '', 16, '2014-07-10 02:45:50', 0, '2014-07-24 02:34:15', 0),
(328, 59, 299, '130000000', 'Current Year Earnings', '', 16, '2014-07-10 02:45:50', 0, '2014-07-24 02:34:15', 0),
(329, 59, 319, '200000000', 'Fixed Assets', '', 16, '2014-07-10 02:45:50', 0, '2014-07-24 02:34:15', 0),
(330, 59, 319, '200010000', 'Buildings & Improvements', '', 16, '2014-07-10 02:45:50', 0, '2014-07-24 02:34:15', 0),
(331, 59, 319, '200010010', 'Bldgs & Imprv at Cost', '', 16, '2014-07-10 02:45:50', 0, '2014-07-24 02:34:15', 0),
(332, 59, 319, '200010020', 'Bldgs & Imprv Accum Dep''n', '', 16, '2014-07-10 02:45:50', 0, '2014-07-24 02:34:15', 0),
(333, 59, 319, '200020000', 'Production Equipment', '', 16, '2014-07-10 02:45:50', 0, '2014-07-24 02:34:15', 0),
(334, 59, 319, '200020010', 'Production Equipment at Cost', '', 16, '2014-07-10 02:45:50', 0, '2014-07-24 02:34:15', 0),
(335, 59, 319, '200020020', 'Production Equipment Accum Dep''n', '', 16, '2014-07-10 02:45:50', 0, '2014-07-24 02:34:15', 0),
(336, 59, 319, '200030000', 'Furniture and Fixtures', '', 16, '2014-07-10 02:45:50', 0, '2014-07-24 02:34:15', 0),
(337, 59, 319, '200030010', 'Furniture & Fixtures at Cost', '', 16, '2014-07-10 02:45:50', 0, '2014-07-24 02:34:15', 0),
(338, 59, 319, '200030020', 'Furniture & Fixtures Accum Dep''n', '', 16, '2014-07-10 02:45:50', 0, '2014-07-24 02:34:15', 0),
(339, 59, 319, '200040000', 'Motor Vehicles', '', 16, '2014-07-10 02:45:50', 0, '2014-07-24 02:34:15', 0),
(340, 59, 319, '200040010', 'Motor Vehicles at Cost', '', 16, '2014-07-10 02:45:50', 0, '2014-07-24 02:34:15', 0),
(341, 59, 319, '200040020', 'Motor Vehicles Accum Dep''n', '', 16, '2014-07-10 02:45:50', 0, '2014-07-24 02:34:15', 0),
(342, 59, 319, '200050000', 'Leasehold Improvements', '', 16, '2014-07-10 02:45:50', 0, '2014-07-24 02:34:15', 0),
(343, 59, 319, '200050010', 'Improvements at Cost', '', 16, '2014-07-10 02:45:50', 0, '2014-07-24 02:34:15', 0),
(344, 59, 319, '200050020', 'Improvements Amortisation', '', 16, '2014-07-10 02:45:50', 0, '2014-07-24 02:34:15', 0),
(345, 59, 320, '210000000', 'Trade Receivable', '', 16, '2014-07-10 02:45:50', 0, '2014-07-24 02:34:15', 0),
(346, 59, 320, '220000000', 'Cash and Bank Balances', '', 16, '2014-07-10 02:45:50', 0, '2014-07-24 02:34:15', 0),
(347, 59, 320, '220010000', 'Bank', '', 16, '2014-07-10 02:45:50', 0, '2014-07-24 02:34:15', 0),
(348, 59, 320, '220020000', 'Cash in Hand', '', 16, '2014-07-10 02:45:50', 0, '2014-07-24 02:34:15', 0),
(349, 59, 320, '220030000', 'Petty Cash', '', 16, '2014-07-10 02:45:50', 0, '2014-07-24 02:34:15', 0),
(350, 59, 320, '230000000', 'Inventories', '', 16, '2014-07-10 02:45:50', 0, '2014-07-24 02:34:15', 0),
(351, 59, 320, '230010000', 'Stock of Work in Progress', '', 16, '2014-07-10 02:45:50', 0, '2014-07-24 02:34:15', 0),
(352, 59, 320, '240000000', 'Other Receivables', '', 16, '2014-07-10 02:45:50', 0, '2014-07-24 02:34:15', 0),
(353, 59, 320, '250000000', 'Prepayments and Deposits', '', 16, '2014-07-10 02:45:50', 0, '2014-07-24 02:34:15', 0),
(354, 59, 320, '250010000', 'Prepayments', '', 16, '2014-07-10 02:45:50', 0, '2014-07-24 02:34:15', 0),
(355, 59, 320, '250020000', 'Deposits Paid', '', 16, '2014-07-10 02:45:50', 0, '2014-07-24 02:34:15', 0),
(356, 59, 320, '260000000', 'Tax Claimable', '', 16, '2014-07-10 02:45:50', 0, '2014-07-24 02:34:15', 0),
(357, 59, 320, '260010000', 'GST Input Tax', '', 16, '2014-07-10 02:45:50', 0, '2014-07-24 02:34:15', 0),
(358, 59, 320, '260011000', 'Provision for GST Non-Claimable', '', 16, '2014-07-10 02:45:50', 0, '2014-07-24 02:34:15', 0),
(359, 59, 320, '260020000', 'Suspense GST - Input Tax', '', 16, '2014-07-10 02:45:50', 0, '2014-07-24 02:34:15', 0),
(360, 59, 317, '300000000', 'Trade Payable', '', 16, '2014-07-10 02:45:50', 0, '2014-07-24 02:34:15', 0),
(361, 59, 317, '320000000', 'Other Payables', '', 16, '2014-07-10 02:45:50', 0, '2014-07-24 02:34:15', 0),
(362, 59, 317, '330000000', 'Tax Payable', '', 16, '2014-07-10 02:45:50', 0, '2014-07-24 02:34:15', 0),
(363, 59, 317, '330010000', 'GST Output Tax', '', 16, '2014-07-10 02:45:50', 0, '2014-07-24 02:34:15', 0),
(364, 59, 317, '330020000', 'Suspense GST - Output Tax', '', 16, '2014-07-10 02:45:50', 0, '2014-07-24 02:34:15', 0),
(365, 59, 317, '330030000', 'Import Duty Payable', '', 16, '2014-07-10 02:45:50', 0, '2014-07-24 02:34:15', 0),
(366, 59, 317, '330040000', 'Sales Tax Payable', '', 16, '2014-07-10 02:45:50', 0, '2014-07-24 02:34:15', 0),
(367, 59, 317, '330050000', 'Service Tax Payable', '', 16, '2014-07-10 02:45:50', 0, '2014-07-24 02:34:15', 0),
(368, 59, 317, '340000000', 'Accruals', '', 16, '2014-07-10 02:45:50', 0, '2014-07-24 02:34:15', 0),
(369, 59, 317, '340010000', 'Accrued Payroll', '', 16, '2014-07-10 02:45:50', 0, '2014-07-24 02:34:15', 0),
(370, 59, 317, '340020000', 'Payroll Deductions Payable', '', 16, '2014-07-10 02:45:50', 0, '2014-07-24 02:34:15', 0),
(371, 59, 317, '340030000', 'PAYE Tax Payable', '', 16, '2014-07-10 02:45:50', 0, '2014-07-24 02:34:15', 0),
(372, 59, 317, '340040000', 'Commission Payable', '', 16, '2014-07-10 02:45:50', 0, '2014-07-24 02:34:15', 0),
(373, 59, 317, '350000000', 'Client Deposits', '', 16, '2014-07-10 02:45:50', 0, '2014-07-24 02:34:15', 0),
(374, 59, 301, '360000000', 'Deffered Tax Liabilities', '', 16, '2014-07-10 02:45:50', 0, '2014-07-24 02:34:15', 0),
(375, 59, 302, '370000000', 'Borrowing', '', 16, '2014-07-10 02:45:50', 0, '2014-07-24 02:34:15', 0),
(376, 59, 302, '370010000', 'Bank Loans', '', 16, '2014-07-10 02:45:50', 0, '2014-07-24 02:34:15', 0),
(377, 59, 302, '370080000', 'Other Long-Term Liabilities', '', 16, '2014-07-10 02:45:50', 0, '2014-07-24 02:34:15', 0),
(378, 59, 309, '400000000', 'Sales', '', 16, '2014-07-10 02:45:50', 0, '2014-07-24 02:34:15', 0),
(379, 59, 309, '410000000', 'Audio Equip Rental Income', '', 16, '2014-07-10 02:45:50', 0, '2014-07-24 02:34:15', 0),
(380, 59, 309, '420000000', 'Video Equip Rental Income', '', 16, '2014-07-10 02:45:50', 0, '2014-07-24 02:34:15', 0),
(381, 59, 309, '430000000', 'Other Service Fees', '', 16, '2014-07-10 02:45:50', 0, '2014-07-24 02:34:15', 0),
(382, 59, 309, '460000000', 'Miscellaneous Income', '', 16, '2014-07-10 02:45:50', 0, '2014-07-24 02:34:15', 0),
(383, 59, 310, '500000000', 'Cost of Goods Sold', '', 16, '2014-07-10 02:45:50', 0, '2014-07-24 02:34:15', 0),
(384, 59, 310, '500010000', 'Purchases - Audio Equip', '', 16, '2014-07-10 02:45:50', 0, '2014-07-24 02:34:15', 0),
(385, 59, 310, '500020000', 'Purchases - Video Equip', '', 16, '2014-07-10 02:45:50', 0, '2014-07-24 02:34:15', 0),
(386, 59, 310, '510000000', 'Purchase Price Variance', '', 16, '2014-07-10 02:45:50', 0, '2014-07-24 02:34:15', 0),
(387, 59, 310, '560000000', 'Freight', '', 16, '2014-07-10 02:45:50', 0, '2014-07-24 02:34:15', 0),
(388, 59, 310, '570000000', 'Inventory Adjustment Account', '', 16, '2014-07-10 02:45:50', 0, '2014-07-24 02:34:15', 0),
(389, 59, 310, '580000000', 'Commission Expense', '', 16, '2014-07-10 02:45:50', 0, '2014-07-24 02:34:15', 0),
(390, 59, 312, '710000000', 'Discount Received', '', 16, '2014-07-10 02:45:50', 0, '2014-07-24 02:34:15', 0),
(391, 59, 312, '711000000', 'Interest Income', '', 16, '2014-07-10 02:45:50', 0, '2014-07-24 02:34:15', 0),
(392, 59, 312, '712000000', 'Late Fees Collected', '', 16, '2014-07-10 02:45:50', 0, '2014-07-24 02:34:15', 0),
(393, 59, 312, '713000000', 'Freight Collected', '', 16, '2014-07-10 02:45:50', 0, '2014-07-24 02:34:15', 0),
(394, 59, 313, '810000000', 'Administration Expenses', '', 16, '2014-07-10 02:45:50', 0, '2014-07-24 02:34:15', 0),
(395, 59, 313, '810010000', 'Accounting Fees', '', 16, '2014-07-10 02:45:50', 0, '2014-07-24 02:34:15', 0),
(396, 59, 313, '810011000', 'Legal Fees', '', 16, '2014-07-10 02:45:50', 0, '2014-07-24 02:34:15', 0),
(397, 59, 313, '810012000', 'Postage & Delivery', '', 16, '2014-07-10 02:45:50', 0, '2014-07-24 02:34:15', 0),
(398, 59, 313, '810013000', 'Office Supplies', '', 16, '2014-07-10 02:45:50', 0, '2014-07-24 02:34:15', 0),
(399, 59, 313, '810014000', 'Dues & Subscriptions', '', 16, '2014-07-10 02:45:50', 0, '2014-07-24 02:34:15', 0),
(400, 59, 313, '810015000', 'Telephone', '', 16, '2014-07-10 02:45:50', 0, '2014-07-24 02:34:15', 0),
(401, 59, 313, '810016000', 'Advertising', '', 16, '2014-07-10 02:45:50', 0, '2014-07-24 02:34:15', 0),
(402, 59, 313, '810017000', 'Maintenance & Repairs', '', 16, '2014-07-10 02:45:50', 0, '2014-07-24 02:34:15', 0),
(403, 59, 313, '810018000', 'Freight', '', 16, '2014-07-10 02:45:50', 0, '2014-07-24 02:34:15', 0),
(404, 59, 313, '810019000', 'Late Payment Charges', '', 16, '2014-07-10 02:45:50', 0, '2014-07-24 02:34:15', 0),
(405, 59, 313, '810020000', 'Rent', '', 16, '2014-07-10 02:45:50', 0, '2014-07-24 02:34:15', 0),
(406, 59, 313, '810021000', 'Electricity', '', 16, '2014-07-10 02:45:50', 0, '2014-07-24 02:34:15', 0),
(407, 59, 313, '810022000', 'Depreciation Expense', '', 16, '2014-07-10 02:45:50', 0, '2014-07-24 02:34:15', 0),
(408, 59, 313, '810040000', 'GST- Non Claimable', '', 16, '2014-07-10 02:45:50', 0, '2014-07-24 02:34:15', 0),
(409, 59, 313, '810050000', 'Service Tax', '', 16, '2014-07-10 02:45:50', 0, '2014-07-24 02:34:15', 0),
(410, 59, 313, '820000000', 'Employment Expenses', '', 16, '2014-07-10 02:45:50', 0, '2014-07-24 02:34:15', 0),
(411, 59, 313, '820010000', 'Staff Amenities', '', 16, '2014-07-10 02:45:50', 0, '2014-07-24 02:34:15', 0),
(412, 59, 313, '820030000', 'Wages & Salaries', '', 16, '2014-07-10 02:45:50', 0, '2014-07-24 02:34:15', 0),
(413, 59, 313, '820040000', 'Workers'' Compensation', '', 16, '2014-07-10 02:45:50', 0, '2014-07-24 02:34:15', 0),
(414, 59, 313, '820050000', 'Other Employment Expenses', '', 16, '2014-07-10 02:45:50', 0, '2014-07-24 02:34:15', 0),
(415, 59, 313, '830000000', 'Interest & Bank Charges', '', 16, '2014-07-10 02:45:50', 0, '2014-07-24 02:34:15', 0),
(416, 59, 313, '840000000', 'Discounts Given', '', 16, '2014-07-10 02:45:50', 0, '2014-07-24 02:34:15', 0),
(417, 59, 313, '841000000', 'Prompt Payment Discount', '', 16, '2014-07-10 02:45:50', 0, '2014-07-24 02:34:15', 0),
(418, 59, 313, '850000000', 'Zakat Expense', '', 16, '2014-07-10 02:45:50', 0, '2014-07-24 02:34:15', 0),
(419, 59, 314, '860000000', 'Bad Debt Expense', '', 16, '2014-07-10 02:45:50', 0, '2014-07-24 02:34:15', 0),
(420, 59, 314, '870000000', 'Exchange Difference', '', 16, '2014-07-10 02:45:50', 0, '2014-07-24 02:34:15', 0),
(421, 59, 304, '860000000', 'Income Tax Expense', '', 16, '2014-07-10 02:45:50', 0, '2014-07-24 02:34:15', 0),
(422, 59, 299, '110000000', 'Share Capital', '', 16, '2014-07-10 02:45:50', 0, '2014-07-24 02:34:15', 0),
(454, 19, 322, '100000000', 'Owner''s/Shareholder''s capital', '', 16, '2014-07-14 01:55:56', 0, '2014-07-24 02:34:15', 0),
(455, 19, 322, '120000000', 'Retained Earnings-Prior Year', '', 16, '2014-07-14 01:55:56', 0, '2014-07-24 02:34:15', 0),
(456, 19, 322, '130000000', 'Current Year Earnings', '', 16, '2014-07-14 01:55:56', 0, '2014-07-24 02:34:15', 0),
(457, 19, 342, '200000000', 'Fixed Assets', '', 16, '2014-07-14 01:55:56', 0, '2014-07-24 02:34:15', 0),
(458, 19, 342, '200010000', 'Manufacturing Plant', '', 16, '2014-07-14 01:55:56', 0, '2014-07-24 02:34:15', 0),
(459, 19, 342, '200010010', 'Manufacturing Plant at Cost', '', 16, '2014-07-14 01:55:56', 0, '2014-07-24 02:34:15', 0),
(460, 19, 342, '200010020', 'Manufacturing Plant Accum Dep''n', '', 16, '2014-07-14 01:55:56', 0, '2014-07-24 02:34:15', 0),
(461, 19, 342, '200020000', 'Manufacturing Equipment', '', 16, '2014-07-14 01:55:56', 0, '2014-07-24 02:34:15', 0),
(462, 19, 342, '200020010', 'Manufacturing Equipment at Cost', '', 16, '2014-07-14 01:55:56', 0, '2014-07-24 02:34:15', 0),
(463, 19, 342, '200020020', 'Manufacturing Equipment Accum Dep''n', '', 16, '2014-07-14 01:55:56', 0, '2014-07-24 02:34:15', 0),
(464, 19, 342, '200030000', 'Furniture & Fixtures', '', 16, '2014-07-14 01:55:56', 0, '2014-07-24 02:34:15', 0),
(465, 19, 342, '200030010', 'Furn & Fixtures at Cost', '', 16, '2014-07-14 01:55:56', 0, '2014-07-24 02:34:15', 0),
(466, 19, 342, '200030020', 'Furn & Fixtures Accum Dep''n', '', 16, '2014-07-14 01:55:56', 0, '2014-07-24 02:34:15', 0),
(467, 19, 342, '200040000', 'Office Equipment', '', 16, '2014-07-14 01:55:56', 0, '2014-07-24 02:34:15', 0),
(468, 19, 342, '200040010', 'Office Equipment at Cost', '', 16, '2014-07-14 01:55:56', 0, '2014-07-24 02:34:15', 0),
(469, 19, 342, '200040020', 'Office Equipment Accum Dep''n', '', 16, '2014-07-14 01:55:56', 0, '2014-07-24 02:34:15', 0),
(470, 19, 342, '200050000', 'Motor Vehicles', '', 16, '2014-07-14 01:55:56', 0, '2014-07-24 02:34:15', 0),
(471, 19, 342, '200050010', 'Motor Vehicles at Cost', '', 16, '2014-07-14 01:55:56', 0, '2014-07-24 02:34:15', 0),
(472, 19, 342, '200050020', 'Motor Vehicles Accum Dep''n', '', 16, '2014-07-14 01:55:56', 0, '2014-07-24 02:34:15', 0),
(473, 19, 343, '210000000', 'Trade Receivable', '', 16, '2014-07-14 01:55:56', 0, '2014-07-24 02:34:15', 0),
(474, 19, 343, '220000000', 'Cash and Bank Balances', '', 16, '2014-07-14 01:55:56', 0, '2014-07-24 02:34:15', 0),
(475, 19, 343, '220010000', 'Bank', '', 16, '2014-07-14 01:55:56', 0, '2014-07-24 02:34:15', 0),
(476, 19, 343, '220020000', 'Cash in Hand', '', 16, '2014-07-14 01:55:56', 0, '2014-07-24 02:34:15', 0),
(477, 19, 343, '220030000', 'Petty Cash''s', '', 16, '2014-07-14 01:55:56', 0, '2014-07-24 02:34:15', 0),
(478, 19, 343, '230000000', 'Inventories', '', 16, '2014-07-14 01:55:56', 0, '2014-07-24 02:34:15', 0),
(479, 19, 343, '230010000', 'Stock of Work in Progress', '', 16, '2014-07-14 01:55:56', 0, '2014-07-24 02:34:15', 0),
(480, 19, 343, '240000000', 'Other Receivables', '', 16, '2014-07-14 01:55:56', 0, '2014-07-24 02:34:15', 0),
(481, 19, 343, '250000000', 'Prepayments and Deposits', '', 16, '2014-07-14 01:55:56', 0, '2014-07-24 02:34:15', 0),
(482, 19, 343, '250010000', 'Prepayments', '', 16, '2014-07-14 01:55:56', 0, '2014-07-24 02:34:15', 0),
(483, 19, 343, '250020000', 'Deposits Paid', '', 16, '2014-07-14 01:55:56', 0, '2014-07-24 02:34:15', 0);
INSERT INTO `comp_chart_of_acct` (`ID`, `companyID`, `acctGroupID`, `acctCode`, `acctName`, `acctDesc`, `createdBy`, `createdTS`, `updatedBy`, `updatedTS`, `is_delete`) VALUES
(484, 19, 343, '260000000', 'Tax Claimable', '', 16, '2014-07-14 01:55:56', 0, '2014-07-24 02:34:15', 0),
(485, 19, 343, '260010000', 'GST Input Tax', '', 16, '2014-07-14 01:55:56', 0, '2014-07-24 02:34:15', 0),
(486, 19, 343, '260011000', 'Provision for GST Non-Claimable', '', 16, '2014-07-14 01:55:56', 0, '2014-07-24 02:34:15', 0),
(487, 19, 343, '260020000', 'Suspense GST - Input Tax', '', 16, '2014-07-14 01:55:56', 0, '2014-07-24 02:34:15', 0),
(488, 19, 340, '300000000', 'Trade Payable', '', 16, '2014-07-14 01:55:56', 0, '2014-07-24 02:34:15', 0),
(489, 19, 340, '320000000', 'Other Payables', '', 16, '2014-07-14 01:55:56', 0, '2014-07-24 02:34:15', 0),
(490, 19, 340, '330000000', 'Tax Payable', '', 16, '2014-07-14 01:55:56', 0, '2014-07-24 02:34:15', 0),
(491, 19, 340, '330010000', 'GST Output Tax', '', 16, '2014-07-14 01:55:56', 0, '2014-07-24 02:34:15', 0),
(492, 19, 340, '330020000', 'Suspense GST - Output Tax', '', 16, '2014-07-14 01:55:56', 0, '2014-07-24 02:34:15', 0),
(493, 19, 340, '330030000', 'Import Duty Payable', '', 16, '2014-07-14 01:55:56', 0, '2014-07-24 02:34:15', 0),
(494, 19, 340, '330040000', 'Sales Tax Payable', '', 16, '2014-07-14 01:55:56', 0, '2014-07-24 02:34:15', 0),
(495, 19, 340, '330050000', 'Service Tax Payable', '', 16, '2014-07-14 01:55:56', 0, '2014-07-24 02:34:15', 0),
(496, 19, 340, '340000000', 'Accruals', '', 16, '2014-07-14 01:55:56', 0, '2014-07-24 02:34:15', 0),
(497, 19, 340, '340010000', 'Accrued Payroll', '', 16, '2014-07-14 01:55:56', 0, '2014-07-24 02:34:15', 0),
(498, 19, 340, '340020000', 'Payroll Deductions', '', 16, '2014-07-14 01:55:56', 0, '2014-07-24 02:34:15', 0),
(499, 19, 340, '340030000', 'PAYE Tax Payable', '', 16, '2014-07-14 01:55:56', 0, '2014-07-24 02:34:15', 0),
(500, 19, 340, '340040000', 'Commission Payable', '', 16, '2014-07-14 01:55:56', 0, '2014-07-24 02:34:15', 0),
(501, 19, 340, '350000000', 'Client Deposits', '', 16, '2014-07-14 01:55:56', 0, '2014-07-24 02:34:15', 0),
(502, 19, 324, '360000000', 'Deffered Tax Liabilities', '', 16, '2014-07-14 01:55:56', 0, '2014-07-24 02:34:15', 0),
(503, 19, 325, '370000000', 'Borrowing', '', 16, '2014-07-14 01:55:56', 0, '2014-07-24 02:34:15', 0),
(504, 19, 325, '370010000', 'Bank Loan', '', 16, '2014-07-14 01:55:56', 0, '2014-07-24 02:34:15', 0),
(505, 19, 325, '370080000', 'Other Long-Term Liabilities', '', 16, '2014-07-14 01:55:56', 0, '2014-07-24 02:34:15', 0),
(506, 19, 332, '400000000', 'Sales', '', 16, '2014-07-14 01:55:56', 0, '2014-07-24 02:34:15', 0),
(507, 19, 332, '400010000', 'Sales-Baked Items', '', 16, '2014-07-14 01:55:56', 0, '2014-07-24 02:34:15', 0),
(508, 19, 332, '400020000', 'Sales-Novelty Items', '', 16, '2014-07-14 01:55:56', 0, '2014-07-24 02:34:15', 0),
(509, 19, 332, '480000000', 'Miscellaneous Income', '', 16, '2014-07-14 01:55:56', 0, '2014-07-24 02:34:15', 0),
(510, 19, 333, '500000000', 'Cost of Goods Sold', '', 16, '2014-07-14 01:55:56', 0, '2014-07-24 02:34:15', 0),
(511, 19, 333, '500010000', 'Baked Items', '', 16, '2014-07-14 01:55:56', 0, '2014-07-24 02:34:15', 0),
(512, 19, 333, '500020000', 'Novelty Items', '', 16, '2014-07-14 01:55:56', 0, '2014-07-24 02:34:15', 0),
(513, 19, 333, '510000000', 'Purchase Price Variance', '', 16, '2014-07-14 01:55:56', 0, '2014-07-24 02:34:15', 0),
(514, 19, 333, '560000000', 'Freight', '', 16, '2014-07-14 01:55:56', 0, '2014-07-24 02:34:15', 0),
(515, 19, 333, '570000000', 'Inventory Adjustment Account', '', 16, '2014-07-14 01:55:56', 0, '2014-07-24 02:34:15', 0),
(516, 19, 333, '580000000', 'Commission Expense', '', 16, '2014-07-14 01:55:56', 0, '2014-07-24 02:34:15', 0),
(517, 19, 335, '710000000', 'Discount Received', '', 16, '2014-07-14 01:55:56', 0, '2014-07-24 02:34:15', 0),
(518, 19, 335, '711000000', 'Interest Income', '', 16, '2014-07-14 01:55:56', 0, '2014-07-24 02:34:15', 0),
(519, 19, 335, '712000000', 'Late Fees Collected', '', 16, '2014-07-14 01:55:56', 0, '2014-07-24 02:34:15', 0),
(520, 19, 335, '713000000', 'Freight Collected', '', 16, '2014-07-14 01:55:56', 0, '2014-07-24 02:34:15', 0),
(521, 19, 336, '810000000', 'Administration Expenses', '', 16, '2014-07-14 01:55:56', 0, '2014-07-24 02:34:15', 0),
(522, 19, 336, '810011100', 'Accounting Fees', '', 16, '2014-07-14 01:55:56', 0, '2014-07-24 02:34:15', 0),
(523, 19, 336, '810011200', 'Legal Fees', '', 16, '2014-07-14 01:55:56', 0, '2014-07-24 02:34:15', 0),
(524, 19, 336, '810014000', 'Dues & Subscriptions', '', 16, '2014-07-14 01:55:56', 0, '2014-07-24 02:34:15', 0),
(525, 19, 336, '810015000', 'Office Supplies', '', 16, '2014-07-14 01:55:56', 0, '2014-07-24 02:34:15', 0),
(526, 19, 336, '810016000', 'Freight', '', 16, '2014-07-14 01:55:56', 0, '2014-07-24 02:34:15', 0),
(527, 19, 336, '810017000', 'Late Payment Charges', '', 16, '2014-07-14 01:55:56', 0, '2014-07-24 02:34:15', 0),
(528, 19, 336, '810019000', 'Advertising & Promotion Exp', '', 16, '2014-07-14 01:55:56', 0, '2014-07-24 02:34:15', 0),
(529, 19, 336, '810019020', 'In-store Promotions', '', 16, '2014-07-14 01:55:56', 0, '2014-07-24 02:34:15', 0),
(530, 19, 336, '810020000', 'Depreciation Expense', '', 16, '2014-07-14 01:55:56', 0, '2014-07-24 02:34:15', 0),
(531, 19, 336, '810040000', 'GST- Non Claimable', '', 16, '2014-07-14 01:55:56', 0, '2014-07-24 02:34:15', 0),
(532, 19, 336, '810050000', 'Service Tax', '', 16, '2014-07-14 01:55:56', 0, '2014-07-24 02:34:15', 0),
(533, 19, 336, '820000000', 'Operation Expenses', '', 16, '2014-07-14 01:55:56', 0, '2014-07-24 02:34:15', 0),
(534, 19, 336, '820011000', 'Cleaning	Expenses', '', 16, '2014-07-14 01:55:56', 0, '2014-07-24 02:34:15', 0),
(535, 19, 336, '820012000', 'Postage & Delivery', '', 16, '2014-07-14 01:55:56', 0, '2014-07-24 02:34:15', 0),
(536, 19, 336, '820013000', 'Printing', '', 16, '2014-07-14 01:55:56', 0, '2014-07-24 02:34:15', 0),
(537, 19, 336, '820014000', 'Rent', '', 16, '2014-07-14 01:55:56', 0, '2014-07-24 02:34:15', 0),
(538, 19, 336, '820015000', 'Store Supplies', '', 16, '2014-07-14 01:55:56', 0, '2014-07-24 02:34:15', 0),
(539, 19, 336, '820016000', 'Telephone', '', 16, '2014-07-14 01:55:56', 0, '2014-07-24 02:34:15', 0),
(540, 19, 336, '820017000', 'Water', '', 16, '2014-07-14 01:55:56', 0, '2014-07-24 02:34:15', 0),
(541, 19, 336, '820018000', 'Shrinkage/Spoilage', '', 16, '2014-07-14 01:55:56', 0, '2014-07-24 02:34:15', 0),
(542, 19, 336, '820019000', 'Employment Expenses', '', 16, '2014-07-14 01:55:56', 0, '2014-07-24 02:34:15', 0),
(543, 19, 336, '820019010', 'Fringe Benefits Tax', '', 16, '2014-07-14 01:55:56', 0, '2014-07-24 02:34:15', 0),
(544, 19, 336, '820019020', 'Staff Amenities ', '', 16, '2014-07-14 01:55:56', 0, '2014-07-24 02:34:15', 0),
(545, 19, 336, '820019030', 'Wages & Salaries ', '', 16, '2014-07-14 01:55:56', 0, '2014-07-24 02:34:15', 0),
(546, 19, 336, '820019040', 'Workers'' Compensation', '', 16, '2014-07-14 01:55:56', 0, '2014-07-24 02:34:15', 0),
(547, 19, 336, '820019050', 'Other Employment Expenses', '', 16, '2014-07-14 01:55:56', 0, '2014-07-24 02:34:15', 0),
(548, 19, 336, '820020000', 'Uniforms & Laundry', '', 16, '2014-07-14 01:55:56', 0, '2014-07-24 02:34:15', 0),
(549, 19, 336, '830000000', 'Interest & Bank Charges', '', 16, '2014-07-14 01:55:56', 0, '2014-07-24 02:34:15', 0),
(550, 19, 336, '840000000', 'Discounts Given', '', 16, '2014-07-14 01:55:56', 0, '2014-07-24 02:34:15', 0),
(551, 19, 336, '841000000', 'Prompt Payment Discount', '', 16, '2014-07-14 01:55:56', 0, '2014-07-24 02:34:15', 0),
(552, 19, 336, '850000000', 'Zakat Expense', '', 16, '2014-07-14 01:55:56', 0, '2014-07-24 02:34:15', 0),
(553, 19, 337, '860000000', 'Bad Debt Expense', '', 16, '2014-07-14 01:55:56', 0, '2014-07-24 02:34:15', 0),
(554, 19, 337, '870000000', 'Exchange Difference', '', 16, '2014-07-14 01:55:56', 0, '2014-07-24 02:34:15', 0),
(555, 19, 327, '860000000', 'Income Tax Expense', '', 16, '2014-07-14 01:55:56', 0, '2014-07-24 02:34:15', 0),
(556, 19, 336, '810019010', 'Advertising', '', 16, '2014-07-14 01:55:56', 0, '2014-07-24 02:34:15', 0),
(581, 57, 368, '100000000', 'Owner''s/Shareholder''s capital', '', 16, '2014-07-17 00:46:38', 0, '2014-07-24 02:34:15', 0),
(582, 57, 368, '120000000', 'Retained Earnings-Prior Year', '', 16, '2014-07-17 00:46:38', 0, '2014-07-24 02:34:15', 0),
(583, 57, 368, '130000000', 'Current Year Earnings', '', 16, '2014-07-17 00:46:38', 0, '2014-07-24 02:34:15', 0),
(584, 57, 388, '200000000', 'Fixed Assets', '', 16, '2014-07-17 00:46:38', 0, '2014-07-24 02:34:15', 0),
(585, 57, 388, '200010000', 'Manufacturing Plant', '', 16, '2014-07-17 00:46:38', 0, '2014-07-24 02:34:15', 0),
(586, 57, 388, '200010010', 'Manufacturing Plant at Cost', '', 16, '2014-07-17 00:46:38', 0, '2014-07-24 02:34:15', 0),
(587, 57, 388, '200010020', 'Manufacturing Plant Accum Dep''n', '', 16, '2014-07-17 00:46:38', 0, '2014-07-24 02:34:15', 0),
(588, 57, 388, '200020000', 'Manufacturing Equipment', '', 16, '2014-07-17 00:46:38', 0, '2014-07-24 02:34:15', 0),
(589, 57, 388, '200020010', 'Manufacturing Equipment at Cost', '', 16, '2014-07-17 00:46:38', 0, '2014-07-24 02:34:15', 0),
(590, 57, 388, '200020020', 'Manufacturing Equipment Accum Dep''n', '', 16, '2014-07-17 00:46:38', 0, '2014-07-24 02:34:15', 0),
(591, 57, 388, '200030000', 'Furniture & Fixtures', '', 16, '2014-07-17 00:46:38', 0, '2014-07-24 02:34:15', 0),
(592, 57, 388, '200030010', 'Furn & Fixtures at Cost', '', 16, '2014-07-17 00:46:38', 0, '2014-07-24 02:34:15', 0),
(593, 57, 388, '200030020', 'Furn & Fixtures Accum Dep''n', '', 16, '2014-07-17 00:46:38', 0, '2014-07-24 02:34:15', 0),
(594, 57, 388, '200040000', 'Office Equipment', '', 16, '2014-07-17 00:46:38', 0, '2014-07-24 02:34:15', 0),
(595, 57, 388, '200040010', 'Office Equipment at Cost', '', 16, '2014-07-17 00:46:38', 0, '2014-07-24 02:34:15', 0),
(596, 57, 388, '200040020', 'Office Equipment Accum Dep''n', '', 16, '2014-07-17 00:46:38', 0, '2014-07-24 02:34:15', 0),
(597, 57, 388, '200050000', 'Motor Vehicles', '', 16, '2014-07-17 00:46:38', 0, '2014-07-24 02:34:15', 0),
(598, 57, 388, '200050010', 'Motor Vehicles at Cost', '', 16, '2014-07-17 00:46:38', 0, '2014-07-24 02:34:15', 0),
(599, 57, 388, '200050020', 'Motor Vehicles Accum Dep''n', '', 16, '2014-07-17 00:46:38', 0, '2014-07-24 02:34:15', 0),
(600, 57, 389, '210000000', 'Trade Receivable', '', 16, '2014-07-17 00:46:38', 0, '2014-07-24 02:34:15', 0),
(601, 57, 389, '220000000', 'Cash and Bank Balances', '', 16, '2014-07-17 00:46:38', 0, '2014-07-24 02:34:15', 0),
(602, 57, 389, '220010000', 'Bank', '', 16, '2014-07-17 00:46:38', 0, '2014-07-24 02:34:15', 0),
(603, 57, 389, '220020000', 'Cash in Hand', '', 16, '2014-07-17 00:46:38', 0, '2014-07-24 02:34:15', 0),
(604, 57, 389, '220030000', 'Petty Cash''s', '', 16, '2014-07-17 00:46:38', 0, '2014-07-24 02:34:15', 0),
(605, 57, 389, '230000000', 'Inventories', '', 16, '2014-07-17 00:46:38', 0, '2014-07-24 02:34:15', 0),
(606, 57, 389, '230010000', 'Stock of Work in Progress', '', 16, '2014-07-17 00:46:38', 0, '2014-07-24 02:34:15', 0),
(607, 57, 389, '240000000', 'Other Receivables', '', 16, '2014-07-17 00:46:38', 0, '2014-07-24 02:34:15', 0),
(608, 57, 389, '250000000', 'Prepayments and Deposits', '', 16, '2014-07-17 00:46:38', 0, '2014-07-24 02:34:15', 0),
(609, 57, 389, '250010000', 'Prepayments', '', 16, '2014-07-17 00:46:38', 0, '2014-07-24 02:34:15', 0),
(610, 57, 389, '250020000', 'Deposits Paid', '', 16, '2014-07-17 00:46:38', 0, '2014-07-24 02:34:15', 0),
(611, 57, 389, '260000000', 'Tax Claimable', '', 16, '2014-07-17 00:46:38', 0, '2014-07-24 02:34:15', 0),
(612, 57, 389, '260010000', 'GST Input Tax', '', 16, '2014-07-17 00:46:38', 0, '2014-07-24 02:34:15', 0),
(613, 57, 389, '260011000', 'Provision for GST Non-Claimable', '', 16, '2014-07-17 00:46:38', 0, '2014-07-24 02:34:15', 0),
(614, 57, 389, '260020000', 'Suspense GST - Input Tax', '', 16, '2014-07-17 00:46:38', 0, '2014-07-24 02:34:15', 0),
(615, 57, 386, '300000000', 'Trade Payable', '', 16, '2014-07-17 00:46:38', 0, '2014-07-24 02:34:15', 0),
(616, 57, 386, '320000000', 'Other Payables', '', 16, '2014-07-17 00:46:38', 0, '2014-07-24 02:34:15', 0),
(617, 57, 386, '330000000', 'Tax Payable', '', 16, '2014-07-17 00:46:38', 0, '2014-07-24 02:34:15', 0),
(618, 57, 386, '330010000', 'GST Output Tax', '', 16, '2014-07-17 00:46:38', 0, '2014-07-24 02:34:15', 0),
(619, 57, 386, '330020000', 'Suspense GST - Output Tax', '', 16, '2014-07-17 00:46:38', 0, '2014-07-24 02:34:15', 0),
(620, 57, 386, '330030000', 'Import Duty Payable', '', 16, '2014-07-17 00:46:38', 0, '2014-07-24 02:34:15', 0),
(621, 57, 386, '330040000', 'Sales Tax Payable', '', 16, '2014-07-17 00:46:38', 0, '2014-07-24 02:34:15', 0),
(622, 57, 386, '330050000', 'Service Tax Payable', '', 16, '2014-07-17 00:46:38', 0, '2014-07-24 02:34:15', 0),
(623, 57, 386, '340000000', 'Accruals', '', 16, '2014-07-17 00:46:38', 0, '2014-07-24 02:34:15', 0),
(624, 57, 386, '340010000', 'Accrued Payroll', '', 16, '2014-07-17 00:46:38', 0, '2014-07-24 02:34:15', 0),
(625, 57, 386, '340020000', 'Payroll Deductions', '', 16, '2014-07-17 00:46:38', 0, '2014-07-24 02:34:15', 0),
(626, 57, 386, '340030000', 'PAYE Tax Payable', '', 16, '2014-07-17 00:46:38', 0, '2014-07-24 02:34:15', 0),
(627, 57, 386, '340040000', 'Commission Payable', '', 16, '2014-07-17 00:46:38', 0, '2014-07-24 02:34:15', 0),
(628, 57, 386, '350000000', 'Client Deposits', '', 16, '2014-07-17 00:46:38', 0, '2014-07-24 02:34:15', 0),
(629, 57, 370, '360000000', 'Deffered Tax Liabilities', '', 16, '2014-07-17 00:46:38', 0, '2014-07-24 02:34:15', 0),
(630, 57, 371, '370000000', 'Borrowing', '', 16, '2014-07-17 00:46:38', 0, '2014-07-24 02:34:15', 0),
(631, 57, 371, '370010000', 'Bank Loan', '', 16, '2014-07-17 00:46:38', 0, '2014-07-24 02:34:15', 0),
(632, 57, 371, '370080000', 'Other Long-Term Liabilities', '', 16, '2014-07-17 00:46:38', 0, '2014-07-24 02:34:15', 0),
(633, 57, 378, '400000000', 'Sales', '', 16, '2014-07-17 00:46:38', 0, '2014-07-24 02:34:15', 0),
(634, 57, 378, '400010000', 'Sales-Baked Items', '', 16, '2014-07-17 00:46:38', 0, '2014-07-24 02:34:15', 0),
(635, 57, 378, '400020000', 'Sales-Novelty Items', '', 16, '2014-07-17 00:46:38', 0, '2014-07-24 02:34:15', 0),
(636, 57, 378, '480000000', 'Miscellaneous Income', '', 16, '2014-07-17 00:46:38', 0, '2014-07-24 02:34:15', 0),
(637, 57, 379, '500000000', 'Cost of Goods Sold', '', 16, '2014-07-17 00:46:38', 0, '2014-07-24 02:34:15', 0),
(638, 57, 379, '500010000', 'Baked Items', '', 16, '2014-07-17 00:46:38', 0, '2014-07-24 02:34:15', 0),
(639, 57, 379, '500020000', 'Novelty Items', '', 16, '2014-07-17 00:46:38', 0, '2014-07-24 02:34:15', 0),
(640, 57, 379, '510000000', 'Purchase Price Variance', '', 16, '2014-07-17 00:46:38', 0, '2014-07-24 02:34:15', 0),
(641, 57, 379, '560000000', 'Freight', '', 16, '2014-07-17 00:46:38', 0, '2014-07-24 02:34:15', 0),
(642, 57, 379, '570000000', 'Inventory Adjustment Account', '', 16, '2014-07-17 00:46:38', 0, '2014-07-24 02:34:15', 0),
(643, 57, 379, '580000000', 'Commission Expense', '', 16, '2014-07-17 00:46:38', 0, '2014-07-24 02:34:15', 0),
(644, 57, 381, '710000000', 'Discount Received', '', 16, '2014-07-17 00:46:38', 0, '2014-07-24 02:34:15', 0),
(645, 57, 381, '711000000', 'Interest Income', '', 16, '2014-07-17 00:46:38', 0, '2014-07-24 02:34:15', 0),
(646, 57, 381, '712000000', 'Late Fees Collected', '', 16, '2014-07-17 00:46:38', 0, '2014-07-24 02:34:15', 0),
(647, 57, 381, '713000000', 'Freight Collected', '', 16, '2014-07-17 00:46:38', 0, '2014-07-24 02:34:15', 0),
(648, 57, 382, '810000000', 'Administration Expenses', '', 16, '2014-07-17 00:46:38', 0, '2014-07-24 02:34:15', 0),
(649, 57, 382, '810011100', 'Accounting Fees', '', 16, '2014-07-17 00:46:38', 0, '2014-07-24 02:34:15', 0),
(650, 57, 382, '810011200', 'Legal Fees', '', 16, '2014-07-17 00:46:38', 0, '2014-07-24 02:34:15', 0),
(651, 57, 382, '810014000', 'Dues & Subscriptions', '', 16, '2014-07-17 00:46:38', 0, '2014-07-24 02:34:15', 0),
(652, 57, 382, '810015000', 'Office Supplies', '', 16, '2014-07-17 00:46:38', 0, '2014-07-24 02:34:15', 0),
(653, 57, 382, '810016000', 'Freight', '', 16, '2014-07-17 00:46:38', 0, '2014-07-24 02:34:15', 0),
(654, 57, 382, '810017000', 'Late Payment Charges', '', 16, '2014-07-17 00:46:38', 0, '2014-07-24 02:34:15', 0),
(655, 57, 382, '810019000', 'Advertising & Promotion Exp', '', 16, '2014-07-17 00:46:38', 0, '2014-07-24 02:34:15', 0),
(656, 57, 382, '810019020', 'In-store Promotions', '', 16, '2014-07-17 00:46:38', 0, '2014-07-24 02:34:15', 0),
(657, 57, 382, '810020000', 'Depreciation Expense', '', 16, '2014-07-17 00:46:38', 0, '2014-07-24 02:34:15', 0),
(658, 57, 382, '810040000', 'GST- Non Claimable', '', 16, '2014-07-17 00:46:38', 0, '2014-07-24 02:34:15', 0),
(659, 57, 382, '810050000', 'Service Tax', '', 16, '2014-07-17 00:46:38', 0, '2014-07-24 02:34:15', 0),
(660, 57, 382, '820000000', 'Operation Expenses', '', 16, '2014-07-17 00:46:38', 0, '2014-07-24 02:34:15', 0),
(661, 57, 382, '820011000', 'Cleaning	Expenses', '', 16, '2014-07-17 00:46:38', 0, '2014-07-24 02:34:15', 0),
(662, 57, 382, '820012000', 'Postage & Delivery', '', 16, '2014-07-17 00:46:38', 0, '2014-07-24 02:34:15', 0),
(663, 57, 382, '820013000', 'Printing', '', 16, '2014-07-17 00:46:38', 0, '2014-07-24 02:34:15', 0),
(664, 57, 382, '820014000', 'Rent', '', 16, '2014-07-17 00:46:38', 0, '2014-07-24 02:34:15', 0),
(665, 57, 382, '820015000', 'Store Supplies', '', 16, '2014-07-17 00:46:38', 0, '2014-07-24 02:34:15', 0),
(666, 57, 382, '820016000', 'Telephone', '', 16, '2014-07-17 00:46:38', 0, '2014-07-24 02:34:15', 0),
(667, 57, 382, '820017000', 'Water', '', 16, '2014-07-17 00:46:38', 0, '2014-07-24 02:34:15', 0),
(668, 57, 382, '820018000', 'Shrinkage/Spoilage', '', 16, '2014-07-17 00:46:38', 0, '2014-07-24 02:34:15', 0),
(669, 57, 382, '820019000', 'Employment Expenses', '', 16, '2014-07-17 00:46:38', 0, '2014-07-24 02:34:15', 0),
(670, 57, 382, '820019010', 'Fringe Benefits Tax', '', 16, '2014-07-17 00:46:38', 0, '2014-07-24 02:34:15', 0),
(671, 57, 382, '820019020', 'Staff Amenities ', '', 16, '2014-07-17 00:46:38', 0, '2014-07-24 02:34:15', 0),
(672, 57, 382, '820019030', 'Wages & Salaries ', '', 16, '2014-07-17 00:46:38', 0, '2014-07-24 02:34:15', 0),
(673, 57, 382, '820019040', 'Workers'' Compensation', '', 16, '2014-07-17 00:46:38', 0, '2014-07-24 02:34:15', 0),
(674, 57, 382, '820019050', 'Other Employment Expenses', '', 16, '2014-07-17 00:46:38', 0, '2014-07-24 02:34:15', 0),
(675, 57, 382, '820020000', 'Uniforms & Laundry', '', 16, '2014-07-17 00:46:38', 0, '2014-07-24 02:34:15', 0),
(676, 57, 382, '830000000', 'Interest & Bank Charges', '', 16, '2014-07-17 00:46:38', 0, '2014-07-24 02:34:15', 0),
(677, 57, 382, '840000000', 'Discounts Given', '', 16, '2014-07-17 00:46:38', 0, '2014-07-24 02:34:15', 0),
(678, 57, 382, '841000000', 'Prompt Payment Discount', '', 16, '2014-07-17 00:46:38', 0, '2014-07-24 02:34:15', 0),
(679, 57, 382, '850000000', 'Zakat Expense', '', 16, '2014-07-17 00:46:38', 0, '2014-07-24 02:34:15', 0),
(680, 57, 383, '860000000', 'Bad Debt Expense', '', 16, '2014-07-17 00:46:38', 0, '2014-07-24 02:34:15', 0),
(681, 57, 383, '870000000', 'Exchange Difference', '', 16, '2014-07-17 00:46:38', 0, '2014-07-24 02:34:15', 0),
(682, 57, 373, '860000000', 'Income Tax Expense', '', 16, '2014-07-17 00:46:38', 0, '2014-07-24 02:34:15', 0),
(683, 57, 382, '810019010', 'Advertising', '', 16, '2014-07-17 00:46:38', 0, '2014-07-24 02:34:15', 0),
(708, 75, 391, '120000000', 'Retained Earnings-Prior Year', '', 19, '2014-07-17 03:46:17', 0, '2014-07-24 02:34:15', 0),
(709, 75, 391, '130000000', 'Current Year Earnings', '', 19, '2014-07-17 03:46:17', 0, '2014-07-24 02:34:15', 0),
(710, 75, 411, '200000000', 'Fixed Assets', '', 19, '2014-07-17 03:46:17', 0, '2014-07-24 02:34:15', 0),
(711, 75, 411, '200010000', 'Buildings & Improvements', '', 19, '2014-07-17 03:46:17', 0, '2014-07-24 02:34:15', 0),
(712, 75, 411, '200010010', 'Bldgs & Imprv at Cost', '', 19, '2014-07-17 03:46:17', 0, '2014-07-24 02:34:15', 0),
(713, 75, 411, '200010020', 'Bldgs & Imprv Accum Dep''n', '', 19, '2014-07-17 03:46:17', 0, '2014-07-24 02:34:15', 0),
(714, 75, 411, '200020000', 'Production Equipment', '', 19, '2014-07-17 03:46:17', 0, '2014-07-24 02:34:15', 0),
(715, 75, 411, '200020010', 'Production Equipment at Cost', '', 19, '2014-07-17 03:46:17', 0, '2014-07-24 02:34:15', 0),
(716, 75, 411, '200020020', 'Production Equipment Accum Dep''n', '', 19, '2014-07-17 03:46:17', 0, '2014-07-24 02:34:15', 0),
(717, 75, 411, '200030000', 'Furniture and Fixtures', '', 19, '2014-07-17 03:46:17', 0, '2014-07-24 02:34:15', 0),
(718, 75, 411, '200030010', 'Furniture & Fixtures at Cost', '', 19, '2014-07-17 03:46:17', 0, '2014-07-24 02:34:15', 0),
(719, 75, 411, '200030020', 'Furniture & Fixtures Accum Dep''n', '', 19, '2014-07-17 03:46:17', 0, '2014-07-24 02:34:15', 0),
(720, 75, 411, '200040000', 'Motor Vehicles', '', 19, '2014-07-17 03:46:17', 0, '2014-07-24 02:34:15', 0),
(721, 75, 411, '200040010', 'Motor Vehicles at Cost', '', 19, '2014-07-17 03:46:17', 0, '2014-07-24 02:34:15', 0),
(722, 75, 411, '200040020', 'Motor Vehicles Accum Dep''n', '', 19, '2014-07-17 03:46:17', 0, '2014-07-24 02:34:15', 0),
(723, 75, 411, '200050000', 'Leasehold Improvements', '', 19, '2014-07-17 03:46:17', 0, '2014-07-24 02:34:15', 0),
(724, 75, 411, '200050010', 'Improvements at Cost', '', 19, '2014-07-17 03:46:17', 0, '2014-07-24 02:34:15', 0),
(725, 75, 411, '200050020', 'Improvements Amortisation', '', 19, '2014-07-17 03:46:17', 0, '2014-07-24 02:34:15', 0),
(726, 75, 412, '210000000', 'Trade Receivable', '', 19, '2014-07-17 03:46:17', 0, '2014-07-24 02:34:15', 0),
(727, 75, 412, '220000000', 'Cash and Bank Balances', '', 19, '2014-07-17 03:46:17', 0, '2014-07-24 02:34:15', 0),
(728, 75, 412, '220010000', 'Bank', '', 19, '2014-07-17 03:46:17', 0, '2014-07-24 02:34:15', 0),
(729, 75, 412, '220020000', 'Cash in Hand', '', 19, '2014-07-17 03:46:17', 0, '2014-07-24 02:34:15', 0),
(730, 75, 412, '220030000', 'Petty Cash', '', 19, '2014-07-17 03:46:17', 0, '2014-07-24 02:34:15', 0),
(731, 75, 412, '230000000', 'Inventories', '', 19, '2014-07-17 03:46:17', 0, '2014-07-24 02:34:15', 0),
(732, 75, 412, '230010000', 'Stock of Work in Progress', '', 19, '2014-07-17 03:46:17', 0, '2014-07-24 02:34:15', 0),
(733, 75, 412, '240000000', 'Other Receivables', '', 19, '2014-07-17 03:46:17', 0, '2014-07-24 02:34:15', 0),
(734, 75, 412, '250000000', 'Prepayments and Deposits', '', 19, '2014-07-17 03:46:17', 0, '2014-07-24 02:34:15', 0),
(735, 75, 412, '250010000', 'Prepayments', '', 19, '2014-07-17 03:46:17', 0, '2014-07-24 02:34:15', 0),
(736, 75, 412, '250020000', 'Deposits Paid', '', 19, '2014-07-17 03:46:17', 0, '2014-07-24 02:34:15', 0),
(737, 75, 412, '260000000', 'Tax Claimable', '', 19, '2014-07-17 03:46:17', 0, '2014-07-24 02:34:15', 0),
(738, 75, 412, '260010000', 'GST Input Tax', '', 19, '2014-07-17 03:46:17', 0, '2014-07-24 02:34:15', 0),
(739, 75, 412, '260011000', 'Provision for GST Non-Claimable', '', 19, '2014-07-17 03:46:17', 0, '2014-07-24 02:34:15', 0),
(740, 75, 412, '260020000', 'Suspense GST - Input Tax', '', 19, '2014-07-17 03:46:17', 0, '2014-07-24 02:34:15', 0),
(741, 75, 409, '300000000', 'Trade Payable', '', 19, '2014-07-17 03:46:17', 0, '2014-07-24 02:34:15', 0),
(742, 75, 409, '320000000', 'Other Payables', '', 19, '2014-07-17 03:46:17', 0, '2014-07-24 02:34:15', 0),
(743, 75, 409, '330000000', 'Tax Payable', '', 19, '2014-07-17 03:46:17', 0, '2014-07-24 02:34:15', 0),
(744, 75, 409, '330010000', 'GST Output Tax', '', 19, '2014-07-17 03:46:17', 0, '2014-07-24 02:34:15', 0),
(745, 75, 409, '330020000', 'Suspense GST - Output Tax', '', 19, '2014-07-17 03:46:17', 0, '2014-07-24 02:34:15', 0),
(746, 75, 409, '330030000', 'Import Duty Payable', '', 19, '2014-07-17 03:46:17', 0, '2014-07-24 02:34:15', 0),
(747, 75, 409, '330040000', 'Sales Tax Payable', '', 19, '2014-07-17 03:46:17', 0, '2014-07-24 02:34:15', 0),
(748, 75, 409, '330050000', 'Service Tax Payable', '', 19, '2014-07-17 03:46:17', 0, '2014-07-24 02:34:15', 0),
(749, 75, 409, '340000000', 'Accruals', '', 19, '2014-07-17 03:46:17', 0, '2014-07-24 02:34:15', 0),
(750, 75, 409, '340010000', 'Accrued Payroll', '', 19, '2014-07-17 03:46:17', 0, '2014-07-24 02:34:15', 0),
(751, 75, 409, '340020000', 'Payroll Deductions Payable', '', 19, '2014-07-17 03:46:17', 0, '2014-07-24 02:34:15', 0),
(752, 75, 409, '340030000', 'PAYE Tax Payable', '', 19, '2014-07-17 03:46:17', 0, '2014-07-24 02:34:15', 0),
(753, 75, 409, '340040000', 'Commission Payable', '', 19, '2014-07-17 03:46:17', 0, '2014-07-24 02:34:15', 0),
(754, 75, 409, '350000000', 'Client Deposits', '', 19, '2014-07-17 03:46:17', 0, '2014-07-24 02:34:15', 0),
(755, 75, 393, '360000000', 'Deffered Tax Liabilities', '', 19, '2014-07-17 03:46:17', 0, '2014-07-24 02:34:15', 0),
(756, 75, 394, '370000000', 'Borrowing', '', 19, '2014-07-17 03:46:17', 0, '2014-07-24 02:34:15', 0),
(757, 75, 394, '370010000', 'Bank Loans', '', 19, '2014-07-17 03:46:17', 0, '2014-07-24 02:34:15', 0),
(758, 75, 394, '370080000', 'Other Long-Term Liabilities', '', 19, '2014-07-17 03:46:17', 0, '2014-07-24 02:34:15', 0),
(759, 75, 401, '400000000', 'Sales', '', 19, '2014-07-17 03:46:17', 0, '2014-07-24 02:34:15', 0),
(760, 75, 401, '410000000', 'Audio Equip Rental Income', '', 19, '2014-07-17 03:46:17', 0, '2014-07-24 02:34:15', 0),
(761, 75, 401, '420000000', 'Video Equip Rental Income', '', 19, '2014-07-17 03:46:17', 0, '2014-07-24 02:34:15', 0),
(762, 75, 401, '430000000', 'Other Service Fees', '', 19, '2014-07-17 03:46:17', 0, '2014-07-24 02:34:15', 0),
(763, 75, 401, '460000000', 'Miscellaneous Income', '', 19, '2014-07-17 03:46:17', 0, '2014-07-24 02:34:15', 0),
(764, 75, 402, '500000000', 'Cost of Goods Sold', '', 19, '2014-07-17 03:46:17', 0, '2014-07-24 02:34:15', 0),
(765, 75, 402, '500010000', 'Purchases - Audio Equip', '', 19, '2014-07-17 03:46:17', 0, '2014-07-24 02:34:15', 0),
(766, 75, 402, '500020000', 'Purchases - Video Equip', '', 19, '2014-07-17 03:46:17', 0, '2014-07-24 02:34:15', 0),
(767, 75, 402, '510000000', 'Purchase Price Variance', '', 19, '2014-07-17 03:46:17', 0, '2014-07-24 02:34:15', 0),
(768, 75, 402, '560000000', 'Freight', '', 19, '2014-07-17 03:46:17', 0, '2014-07-24 02:34:15', 0),
(769, 75, 402, '570000000', 'Inventory Adjustment Account', '', 19, '2014-07-17 03:46:17', 0, '2014-07-24 02:34:15', 0),
(770, 75, 402, '580000000', 'Commission Expense', '', 19, '2014-07-17 03:46:17', 0, '2014-07-24 02:34:15', 0),
(771, 75, 404, '710000000', 'Discount Received', '', 19, '2014-07-17 03:46:17', 0, '2014-07-24 02:34:15', 0),
(772, 75, 404, '711000000', 'Interest Income', '', 19, '2014-07-17 03:46:17', 0, '2014-07-24 02:34:15', 0),
(773, 75, 404, '712000000', 'Late Fees Collected', '', 19, '2014-07-17 03:46:17', 0, '2014-07-24 02:34:15', 0),
(774, 75, 404, '713000000', 'Freight Collected', '', 19, '2014-07-17 03:46:17', 0, '2014-07-24 02:34:15', 0),
(775, 75, 405, '810000000', 'Administration Expenses', '', 19, '2014-07-17 03:46:17', 0, '2014-07-24 02:34:15', 0),
(776, 75, 405, '810010000', 'Accounting Fees', '', 19, '2014-07-17 03:46:17', 0, '2014-07-24 02:34:15', 0),
(777, 75, 405, '810011000', 'Legal Fees', '', 19, '2014-07-17 03:46:17', 0, '2014-07-24 02:34:15', 0),
(778, 75, 405, '810012000', 'Postage & Delivery', '', 19, '2014-07-17 03:46:17', 0, '2014-07-24 02:34:15', 0),
(779, 75, 405, '810013000', 'Office Supplies', '', 19, '2014-07-17 03:46:17', 0, '2014-07-24 02:34:15', 0),
(780, 75, 405, '810014000', 'Dues & Subscriptions', '', 19, '2014-07-17 03:46:17', 0, '2014-07-24 02:34:15', 0),
(781, 75, 405, '810015000', 'Telephone', '', 19, '2014-07-17 03:46:17', 0, '2014-07-24 02:34:15', 0),
(782, 75, 405, '810016000', 'Advertising', '', 19, '2014-07-17 03:46:17', 0, '2014-07-24 02:34:15', 0),
(783, 75, 405, '810017000', 'Maintenance & Repairs', '', 19, '2014-07-17 03:46:17', 0, '2014-07-24 02:34:15', 0),
(784, 75, 405, '810018000', 'Freight', '', 19, '2014-07-17 03:46:17', 0, '2014-07-24 02:34:15', 0),
(785, 75, 405, '810019000', 'Late Payment Charges', '', 19, '2014-07-17 03:46:17', 0, '2014-07-24 02:34:15', 0),
(786, 75, 405, '810020000', 'Rent', '', 19, '2014-07-17 03:46:17', 0, '2014-07-24 02:34:15', 0),
(787, 75, 405, '810021000', 'Electricity', '', 19, '2014-07-17 03:46:17', 0, '2014-07-24 02:34:15', 0),
(788, 75, 405, '810022000', 'Depreciation Expense', '', 19, '2014-07-17 03:46:17', 0, '2014-07-24 02:34:15', 0),
(789, 75, 405, '810040000', 'GST- Non Claimable', '', 19, '2014-07-17 03:46:17', 0, '2014-07-24 02:34:15', 0),
(790, 75, 405, '810050000', 'Service Tax', '', 19, '2014-07-17 03:46:17', 0, '2014-07-24 02:34:15', 0),
(791, 75, 405, '820000000', 'Employment Expenses', '', 19, '2014-07-17 03:46:17', 0, '2014-07-24 02:34:15', 0),
(792, 75, 405, '820010000', 'Staff Amenities', '', 19, '2014-07-17 03:46:17', 0, '2014-07-24 02:34:15', 0),
(793, 75, 405, '820030000', 'Wages & Salaries', '', 19, '2014-07-17 03:46:17', 0, '2014-07-24 02:34:15', 0),
(794, 75, 405, '820040000', 'Workers'' Compensation', '', 19, '2014-07-17 03:46:17', 0, '2014-07-24 02:34:15', 0),
(795, 75, 405, '820050000', 'Other Employment Expenses', '', 19, '2014-07-17 03:46:17', 0, '2014-07-24 02:34:15', 0),
(796, 75, 405, '830000000', 'Interest & Bank Charges', '', 19, '2014-07-17 03:46:17', 0, '2014-07-24 02:34:15', 0),
(797, 75, 405, '840000000', 'Discounts Given', '', 19, '2014-07-17 03:46:17', 0, '2014-07-24 02:34:15', 0),
(798, 75, 405, '841000000', 'Prompt Payment Discount', '', 19, '2014-07-17 03:46:17', 0, '2014-07-24 02:34:15', 0),
(799, 75, 405, '850000000', 'Zakat Expense', '', 19, '2014-07-17 03:46:17', 0, '2014-07-24 02:34:15', 0),
(800, 75, 406, '860000000', 'Bad Debt Expense', '', 19, '2014-07-17 03:46:17', 0, '2014-07-24 02:34:15', 0),
(801, 75, 406, '870000000', 'Exchange Difference', '', 19, '2014-07-17 03:46:17', 0, '2014-07-24 02:34:15', 0),
(802, 75, 396, '860000000', 'Income Tax Expense', '', 19, '2014-07-17 03:46:17', 0, '2014-07-24 02:34:15', 0),
(803, 75, 391, '110000000', 'Share Capital', '', 19, '2014-07-17 03:46:17', 0, '2014-07-24 02:34:15', 0),
(835, 74, 414, '120000000', 'Retained Earnings-Prior Year', '', 20, '2014-07-17 03:46:30', 0, '2014-07-24 02:34:15', 0),
(836, 74, 414, '130000000', 'Current Year Earnings', '', 20, '2014-07-17 03:46:30', 0, '2014-07-24 02:34:15', 0),
(837, 74, 434, '200000000', 'Fixed Assets', '', 20, '2014-07-17 03:46:30', 0, '2014-07-24 02:34:15', 0),
(838, 74, 434, '200010000', 'Buildings & Improvements', '', 20, '2014-07-17 03:46:30', 0, '2014-07-24 02:34:15', 0),
(839, 74, 434, '200010010', 'Bldgs & Imprv at Cost', '', 20, '2014-07-17 03:46:30', 0, '2014-07-24 02:34:15', 0),
(840, 74, 434, '200010020', 'Bldgs & Imprv Accum Dep''n', '', 20, '2014-07-17 03:46:30', 0, '2014-07-24 02:34:15', 0),
(841, 74, 434, '200020000', 'Production Equipment', '', 20, '2014-07-17 03:46:30', 0, '2014-07-24 02:34:15', 0),
(842, 74, 434, '200020010', 'Production Equipment at Cost', '', 20, '2014-07-17 03:46:30', 0, '2014-07-24 02:34:15', 0),
(843, 74, 434, '200020020', 'Production Equipment Accum Dep''n', '', 20, '2014-07-17 03:46:30', 0, '2014-07-24 02:34:15', 0),
(844, 74, 434, '200030000', 'Furniture and Fixtures', '', 20, '2014-07-17 03:46:30', 0, '2014-07-24 02:34:15', 0),
(845, 74, 434, '200030010', 'Furniture & Fixtures at Cost', '', 20, '2014-07-17 03:46:30', 0, '2014-07-24 02:34:15', 0),
(846, 74, 434, '200030020', 'Furniture & Fixtures Accum Dep''n', '', 20, '2014-07-17 03:46:30', 0, '2014-07-24 02:34:15', 0),
(847, 74, 434, '200040000', 'Motor Vehicles', '', 20, '2014-07-17 03:46:30', 0, '2014-07-24 02:34:15', 0),
(848, 74, 434, '200040010', 'Motor Vehicles at Cost', '', 20, '2014-07-17 03:46:30', 0, '2014-07-24 02:34:15', 0),
(849, 74, 434, '200040020', 'Motor Vehicles Accum Dep''n', '', 20, '2014-07-17 03:46:30', 0, '2014-07-24 02:34:15', 0),
(850, 74, 434, '200050000', 'Leasehold Improvements', '', 20, '2014-07-17 03:46:30', 0, '2014-07-24 02:34:15', 0),
(851, 74, 434, '200050010', 'Improvements at Cost', '', 20, '2014-07-17 03:46:30', 0, '2014-07-24 02:34:15', 0),
(852, 74, 434, '200050020', 'Improvements Amortisation', '', 20, '2014-07-17 03:46:30', 0, '2014-07-24 02:34:15', 0),
(853, 74, 435, '210000000', 'Trade Receivable', '', 20, '2014-07-17 03:46:30', 0, '2014-07-24 02:34:15', 0),
(854, 74, 435, '220000000', 'Cash and Bank Balances', '', 20, '2014-07-17 03:46:30', 0, '2014-07-24 02:34:15', 0),
(855, 74, 435, '220010000', 'Bank', '', 20, '2014-07-17 03:46:30', 0, '2014-07-24 02:34:15', 0),
(856, 74, 435, '220020000', 'Cash in Hand', '', 20, '2014-07-17 03:46:30', 0, '2014-07-24 02:34:15', 0),
(857, 74, 435, '220030000', 'Petty Cash', '', 20, '2014-07-17 03:46:30', 0, '2014-07-24 02:34:15', 0),
(858, 74, 435, '230000000', 'Inventories', '', 20, '2014-07-17 03:46:30', 0, '2014-07-24 02:34:15', 0),
(859, 74, 435, '230010000', 'Stock of Work in Progress', '', 20, '2014-07-17 03:46:30', 0, '2014-07-24 02:34:15', 0),
(860, 74, 435, '240000000', 'Other Receivables', '', 20, '2014-07-17 03:46:30', 0, '2014-07-24 02:34:15', 0),
(861, 74, 435, '250000000', 'Prepayments and Deposits', '', 20, '2014-07-17 03:46:30', 0, '2014-07-24 02:34:15', 0),
(862, 74, 435, '250010000', 'Prepayments', '', 20, '2014-07-17 03:46:30', 0, '2014-07-24 02:34:15', 0),
(863, 74, 435, '250020000', 'Deposits Paid', '', 20, '2014-07-17 03:46:30', 0, '2014-07-24 02:34:15', 0),
(864, 74, 435, '260000000', 'Tax Claimable', '', 20, '2014-07-17 03:46:30', 0, '2014-07-24 02:34:15', 0),
(865, 74, 435, '260010000', 'GST Input Tax', '', 20, '2014-07-17 03:46:30', 0, '2014-07-24 02:34:15', 0),
(866, 74, 435, '260011000', 'Provision for GST Non-Claimable', '', 20, '2014-07-17 03:46:30', 0, '2014-07-24 02:34:15', 0),
(867, 74, 435, '260020000', 'Suspense GST - Input Tax', '', 20, '2014-07-17 03:46:30', 0, '2014-07-24 02:34:15', 0),
(868, 74, 432, '300000000', 'Trade Payable', '', 20, '2014-07-17 03:46:30', 0, '2014-07-24 02:34:15', 0),
(869, 74, 432, '320000000', 'Other Payables', '', 20, '2014-07-17 03:46:30', 0, '2014-07-24 02:34:15', 0),
(870, 74, 432, '330000000', 'Tax Payable', '', 20, '2014-07-17 03:46:30', 0, '2014-07-24 02:34:15', 0),
(871, 74, 432, '330010000', 'GST Output Tax', '', 20, '2014-07-17 03:46:30', 0, '2014-07-24 02:34:15', 0),
(872, 74, 432, '330020000', 'Suspense GST - Output Tax', '', 20, '2014-07-17 03:46:30', 0, '2014-07-24 02:34:15', 0),
(873, 74, 432, '330030000', 'Import Duty Payable', '', 20, '2014-07-17 03:46:30', 0, '2014-07-24 02:34:15', 0),
(874, 74, 432, '330040000', 'Sales Tax Payable', '', 20, '2014-07-17 03:46:30', 0, '2014-07-24 02:34:15', 0),
(875, 74, 432, '330050000', 'Service Tax Payable', '', 20, '2014-07-17 03:46:30', 0, '2014-07-24 02:34:15', 0),
(876, 74, 432, '340000000', 'Accruals', '', 20, '2014-07-17 03:46:30', 0, '2014-07-24 02:34:15', 0),
(877, 74, 432, '340010000', 'Accrued Payroll', '', 20, '2014-07-17 03:46:30', 0, '2014-07-24 02:34:15', 0),
(878, 74, 432, '340020000', 'Payroll Deductions Payable', '', 20, '2014-07-17 03:46:30', 0, '2014-07-24 02:34:15', 0),
(879, 74, 432, '340030000', 'PAYE Tax Payable', '', 20, '2014-07-17 03:46:30', 0, '2014-07-24 02:34:15', 0),
(880, 74, 432, '340040000', 'Commission Payable', '', 20, '2014-07-17 03:46:30', 0, '2014-07-24 02:34:15', 0),
(881, 74, 432, '350000000', 'Client Deposits', '', 20, '2014-07-17 03:46:30', 0, '2014-07-24 02:34:15', 0),
(882, 74, 416, '360000000', 'Deffered Tax Liabilities', '', 20, '2014-07-17 03:46:30', 0, '2014-07-24 02:34:15', 0),
(883, 74, 417, '370000000', 'Borrowing', '', 20, '2014-07-17 03:46:30', 0, '2014-07-24 02:34:15', 0),
(884, 74, 417, '370010000', 'Bank Loans', '', 20, '2014-07-17 03:46:30', 0, '2014-07-24 02:34:15', 0),
(885, 74, 417, '370080000', 'Other Long-Term Liabilities', '', 20, '2014-07-17 03:46:30', 0, '2014-07-24 02:34:15', 0),
(886, 74, 424, '400000000', 'Sales', '', 20, '2014-07-17 03:46:30', 0, '2014-07-24 02:34:15', 0),
(887, 74, 424, '410000000', 'Audio Equip Rental Income', '', 20, '2014-07-17 03:46:30', 0, '2014-07-24 02:34:15', 0),
(888, 74, 424, '420000000', 'Video Equip Rental Income', '', 20, '2014-07-17 03:46:30', 0, '2014-07-24 02:34:15', 0),
(889, 74, 424, '430000000', 'Other Service Fees', '', 20, '2014-07-17 03:46:30', 0, '2014-07-24 02:34:15', 0),
(890, 74, 424, '460000000', 'Miscellaneous Income', '', 20, '2014-07-17 03:46:30', 0, '2014-07-24 02:34:15', 0),
(891, 74, 425, '500000000', 'Cost of Goods Sold', '', 20, '2014-07-17 03:46:30', 0, '2014-07-24 02:34:15', 0),
(892, 74, 425, '500010000', 'Purchases - Audio Equip', '', 20, '2014-07-17 03:46:30', 0, '2014-07-24 02:34:15', 0),
(893, 74, 425, '500020000', 'Purchases - Video Equip', '', 20, '2014-07-17 03:46:30', 0, '2014-07-24 02:34:15', 0),
(894, 74, 425, '510000000', 'Purchase Price Variance', '', 20, '2014-07-17 03:46:30', 0, '2014-07-24 02:34:15', 0),
(895, 74, 425, '560000000', 'Freight', '', 20, '2014-07-17 03:46:30', 0, '2014-07-24 02:34:15', 0),
(896, 74, 425, '570000000', 'Inventory Adjustment Account', '', 20, '2014-07-17 03:46:30', 0, '2014-07-24 02:34:15', 0),
(897, 74, 425, '580000000', 'Commission Expense', '', 20, '2014-07-17 03:46:30', 0, '2014-07-24 02:34:15', 0),
(898, 74, 427, '710000000', 'Discount Received', '', 20, '2014-07-17 03:46:30', 0, '2014-07-24 02:34:15', 0),
(899, 74, 427, '711000000', 'Interest Income', '', 20, '2014-07-17 03:46:30', 0, '2014-07-24 02:34:15', 0),
(900, 74, 427, '712000000', 'Late Fees Collected', '', 20, '2014-07-17 03:46:30', 0, '2014-07-24 02:34:15', 0),
(901, 74, 427, '713000000', 'Freight Collected', '', 20, '2014-07-17 03:46:30', 0, '2014-07-24 02:34:15', 0),
(902, 74, 428, '810000000', 'Administration Expenses', '', 20, '2014-07-17 03:46:30', 0, '2014-07-24 02:34:15', 0),
(903, 74, 428, '810010000', 'Accounting Fees', '', 20, '2014-07-17 03:46:30', 0, '2014-07-24 02:34:15', 0),
(904, 74, 428, '810011000', 'Legal Fees', '', 20, '2014-07-17 03:46:30', 0, '2014-07-24 02:34:15', 0),
(905, 74, 428, '810012000', 'Postage & Delivery', '', 20, '2014-07-17 03:46:30', 0, '2014-07-24 02:34:15', 0),
(906, 74, 428, '810013000', 'Office Supplies', '', 20, '2014-07-17 03:46:30', 0, '2014-07-24 02:34:15', 0),
(907, 74, 428, '810014000', 'Dues & Subscriptions', '', 20, '2014-07-17 03:46:30', 0, '2014-07-24 02:34:15', 0),
(908, 74, 428, '810015000', 'Telephone', '', 20, '2014-07-17 03:46:30', 0, '2014-07-24 02:34:15', 0),
(909, 74, 428, '810016000', 'Advertising', '', 20, '2014-07-17 03:46:30', 0, '2014-07-24 02:34:15', 0),
(910, 74, 428, '810017000', 'Maintenance & Repairs', '', 20, '2014-07-17 03:46:30', 0, '2014-07-24 02:34:15', 0),
(911, 74, 428, '810018000', 'Freight', '', 20, '2014-07-17 03:46:30', 0, '2014-07-24 02:34:15', 0),
(912, 74, 428, '810019000', 'Late Payment Charges', '', 20, '2014-07-17 03:46:30', 0, '2014-07-24 02:34:15', 0),
(913, 74, 428, '810020000', 'Rent', '', 20, '2014-07-17 03:46:30', 0, '2014-07-24 02:34:15', 0),
(914, 74, 428, '810021000', 'Electricity', '', 20, '2014-07-17 03:46:30', 0, '2014-07-24 02:34:15', 0),
(915, 74, 428, '810022000', 'Depreciation Expense', '', 20, '2014-07-17 03:46:30', 0, '2014-07-24 02:34:15', 0),
(916, 74, 428, '810040000', 'GST- Non Claimable', '', 20, '2014-07-17 03:46:30', 0, '2014-07-24 02:34:15', 0),
(917, 74, 428, '810050000', 'Service Tax', '', 20, '2014-07-17 03:46:30', 0, '2014-07-24 02:34:15', 0),
(918, 74, 428, '820000000', 'Employment Expenses', '', 20, '2014-07-17 03:46:30', 0, '2014-07-24 02:34:15', 0),
(919, 74, 428, '820010000', 'Staff Amenities', '', 20, '2014-07-17 03:46:30', 0, '2014-07-24 02:34:15', 0),
(920, 74, 428, '820030000', 'Wages & Salaries', '', 20, '2014-07-17 03:46:30', 0, '2014-07-24 02:34:15', 0),
(921, 74, 428, '820040000', 'Workers'' Compensation', '', 20, '2014-07-17 03:46:30', 0, '2014-07-24 02:34:15', 0),
(922, 74, 428, '820050000', 'Other Employment Expenses', '', 20, '2014-07-17 03:46:30', 0, '2014-07-24 02:34:15', 0),
(923, 74, 428, '830000000', 'Interest & Bank Charges', '', 20, '2014-07-17 03:46:30', 0, '2014-07-24 02:34:15', 0),
(924, 74, 428, '840000000', 'Discounts Given', '', 20, '2014-07-17 03:46:30', 0, '2014-07-24 02:34:15', 0),
(925, 74, 428, '841000000', 'Prompt Payment Discount', '', 20, '2014-07-17 03:46:30', 0, '2014-07-24 02:34:15', 0),
(926, 74, 428, '850000000', 'Zakat Expense', '', 20, '2014-07-17 03:46:30', 0, '2014-07-24 02:34:15', 0),
(927, 74, 429, '860000000', 'Bad Debt Expense', '', 20, '2014-07-17 03:46:30', 0, '2014-07-24 02:34:15', 0),
(928, 74, 429, '870000000', 'Exchange Difference', '', 20, '2014-07-17 03:46:30', 0, '2014-07-24 02:34:15', 0),
(929, 74, 419, '860000000', 'Income Tax Expense', '', 20, '2014-07-17 03:46:30', 0, '2014-07-24 02:34:15', 0),
(930, 74, 414, '110000000', 'Share Capital', '', 20, '2014-07-17 03:46:30', 0, '2014-07-24 02:34:15', 0),
(962, 76, 437, '120000000', 'Retained Earnings-Prior Year', '', 21, '2014-07-17 03:47:42', 0, '2014-07-24 02:34:15', 0),
(963, 76, 437, '130000000', 'Current Year Earnings', '', 21, '2014-07-17 03:47:42', 0, '2014-07-24 02:34:15', 0),
(964, 76, 457, '200000000', 'Fixed Assets', '', 21, '2014-07-17 03:47:42', 0, '2014-07-24 02:34:15', 0),
(965, 76, 457, '200010000', 'Buildings & Improvements', '', 21, '2014-07-17 03:47:42', 0, '2014-07-24 02:34:15', 0),
(966, 76, 457, '200010010', 'Bldgs & Imprv at Cost', '', 21, '2014-07-17 03:47:42', 0, '2014-07-24 02:34:15', 0),
(967, 76, 457, '200010020', 'Bldgs & Imprv Accum Dep''n', '', 21, '2014-07-17 03:47:42', 0, '2014-07-24 02:34:15', 0),
(968, 76, 457, '200020000', 'Production Equipment', '', 21, '2014-07-17 03:47:42', 0, '2014-07-24 02:34:15', 0),
(969, 76, 457, '200020010', 'Production Equipment at Cost', '', 21, '2014-07-17 03:47:42', 0, '2014-07-24 02:34:15', 0),
(970, 76, 457, '200020020', 'Production Equipment Accum Dep''n', '', 21, '2014-07-17 03:47:42', 0, '2014-07-24 02:34:15', 0),
(971, 76, 457, '200030000', 'Furniture and Fixtures', '', 21, '2014-07-17 03:47:42', 0, '2014-07-24 02:34:15', 0),
(972, 76, 457, '200030010', 'Furniture & Fixtures at Cost', '', 21, '2014-07-17 03:47:42', 0, '2014-07-24 02:34:15', 0),
(973, 76, 457, '200030020', 'Furniture & Fixtures Accum Dep''n', '', 21, '2014-07-17 03:47:42', 0, '2014-07-24 02:34:15', 0),
(974, 76, 457, '200040000', 'Motor Vehicles', '', 21, '2014-07-17 03:47:42', 0, '2014-07-24 02:34:15', 0),
(975, 76, 457, '200040010', 'Motor Vehicles at Cost', '', 21, '2014-07-17 03:47:42', 0, '2014-07-24 02:34:15', 0),
(976, 76, 457, '200040020', 'Motor Vehicles Accum Dep''n', '', 21, '2014-07-17 03:47:42', 0, '2014-07-24 02:34:15', 0),
(977, 76, 457, '200050000', 'Leasehold Improvements', '', 21, '2014-07-17 03:47:42', 0, '2014-07-24 02:34:15', 0),
(978, 76, 457, '200050010', 'Improvements at Cost', '', 21, '2014-07-17 03:47:42', 0, '2014-07-24 02:34:15', 0),
(979, 76, 457, '200050020', 'Improvements Amortisation', '', 21, '2014-07-17 03:47:42', 0, '2014-07-24 02:34:15', 0),
(980, 76, 458, '210000000', 'Trade Receivable', '', 21, '2014-07-17 03:47:42', 0, '2014-07-24 02:34:15', 0),
(981, 76, 458, '220000000', 'Cash and Bank Balances', '', 21, '2014-07-17 03:47:42', 0, '2014-07-24 02:34:15', 0),
(982, 76, 458, '220010000', 'Bank', '', 21, '2014-07-17 03:47:42', 0, '2014-07-24 02:34:15', 0),
(983, 76, 458, '220020000', 'Cash in Hand', '', 21, '2014-07-17 03:47:42', 0, '2014-07-24 02:34:15', 0),
(984, 76, 458, '220030000', 'Petty Cash', '', 21, '2014-07-17 03:47:42', 0, '2014-07-24 02:34:15', 0),
(985, 76, 458, '230000000', 'Inventories', '', 21, '2014-07-17 03:47:42', 0, '2014-07-24 02:34:15', 0),
(986, 76, 458, '230010000', 'Stock of Work in Progress', '', 21, '2014-07-17 03:47:42', 0, '2014-07-24 02:34:15', 0),
(987, 76, 458, '240000000', 'Other Receivables', '', 21, '2014-07-17 03:47:42', 0, '2014-07-24 02:34:15', 0),
(988, 76, 458, '250000000', 'Prepayments and Deposits', '', 21, '2014-07-17 03:47:42', 0, '2014-07-24 02:34:15', 0),
(989, 76, 458, '250010000', 'Prepayments', '', 21, '2014-07-17 03:47:42', 0, '2014-07-24 02:34:15', 0),
(990, 76, 458, '250020000', 'Deposits Paid', '', 21, '2014-07-17 03:47:42', 0, '2014-07-24 02:34:15', 0),
(991, 76, 458, '260000000', 'Tax Claimable', '', 21, '2014-07-17 03:47:42', 0, '2014-07-24 02:34:15', 0),
(992, 76, 458, '260010000', 'GST Input Tax', '', 21, '2014-07-17 03:47:42', 0, '2014-07-24 02:34:15', 0),
(993, 76, 458, '260011000', 'Provision for GST Non-Claimable', '', 21, '2014-07-17 03:47:42', 0, '2014-07-24 02:34:15', 0),
(994, 76, 458, '260020000', 'Suspense GST - Input Tax', '', 21, '2014-07-17 03:47:42', 0, '2014-07-24 02:34:15', 0),
(995, 76, 455, '300000000', 'Trade Payable', '', 21, '2014-07-17 03:47:42', 0, '2014-07-24 02:34:15', 0),
(996, 76, 455, '320000000', 'Other Payables', '', 21, '2014-07-17 03:47:42', 0, '2014-07-24 02:34:15', 0),
(997, 76, 455, '330000000', 'Tax Payable', '', 21, '2014-07-17 03:47:42', 0, '2014-07-24 02:34:15', 0),
(998, 76, 455, '330010000', 'GST Output Tax', '', 21, '2014-07-17 03:47:42', 0, '2014-07-24 02:34:15', 0),
(999, 76, 455, '330020000', 'Suspense GST - Output Tax', '', 21, '2014-07-17 03:47:42', 0, '2014-07-24 02:34:15', 0),
(1000, 76, 455, '330030000', 'Import Duty Payable', '', 21, '2014-07-17 03:47:42', 0, '2014-07-24 02:34:15', 0),
(1001, 76, 455, '330040000', 'Sales Tax Payable', '', 21, '2014-07-17 03:47:42', 0, '2014-07-24 02:34:15', 0),
(1002, 76, 455, '330050000', 'Service Tax Payable', '', 21, '2014-07-17 03:47:42', 0, '2014-07-24 02:34:15', 0),
(1003, 76, 455, '340000000', 'Accruals', '', 21, '2014-07-17 03:47:42', 0, '2014-07-24 02:34:15', 0),
(1004, 76, 455, '340010000', 'Accrued Payroll', '', 21, '2014-07-17 03:47:42', 0, '2014-07-24 02:34:15', 0),
(1005, 76, 455, '340020000', 'Payroll Deductions Payable', '', 21, '2014-07-17 03:47:42', 0, '2014-07-24 02:34:15', 0),
(1006, 76, 455, '340030000', 'PAYE Tax Payable', '', 21, '2014-07-17 03:47:42', 0, '2014-07-24 02:34:15', 0),
(1007, 76, 455, '340040000', 'Commission Payable', '', 21, '2014-07-17 03:47:42', 0, '2014-07-24 02:34:15', 0),
(1008, 76, 455, '350000000', 'Client Deposits', '', 21, '2014-07-17 03:47:42', 0, '2014-07-24 02:34:15', 0),
(1009, 76, 439, '360000000', 'Deffered Tax Liabilities', '', 21, '2014-07-17 03:47:42', 0, '2014-07-24 02:34:15', 0),
(1010, 76, 440, '370000000', 'Borrowing', '', 21, '2014-07-17 03:47:42', 0, '2014-07-24 02:34:15', 0),
(1011, 76, 440, '370010000', 'Bank Loans', '', 21, '2014-07-17 03:47:42', 0, '2014-07-24 02:34:15', 0),
(1012, 76, 440, '370080000', 'Other Long-Term Liabilities', '', 21, '2014-07-17 03:47:42', 0, '2014-07-24 02:34:15', 0),
(1013, 76, 447, '400000000', 'Sales', '', 21, '2014-07-17 03:47:42', 0, '2014-07-24 02:34:15', 0),
(1014, 76, 447, '410000000', 'Audio Equip Rental Income', '', 21, '2014-07-17 03:47:42', 0, '2014-07-24 02:34:15', 0),
(1015, 76, 447, '420000000', 'Video Equip Rental Income', '', 21, '2014-07-17 03:47:42', 0, '2014-07-24 02:34:15', 0),
(1016, 76, 447, '430000000', 'Other Service Fees', '', 21, '2014-07-17 03:47:42', 0, '2014-07-24 02:34:15', 0),
(1017, 76, 447, '460000000', 'Miscellaneous Income', '', 21, '2014-07-17 03:47:42', 0, '2014-07-24 02:34:15', 0),
(1018, 76, 448, '500000000', 'Cost of Goods Sold', '', 21, '2014-07-17 03:47:42', 0, '2014-07-24 02:34:15', 0),
(1019, 76, 448, '500010000', 'Purchases - Audio Equip', '', 21, '2014-07-17 03:47:42', 0, '2014-07-24 02:34:15', 0),
(1020, 76, 448, '500020000', 'Purchases - Video Equip', '', 21, '2014-07-17 03:47:42', 0, '2014-07-24 02:34:15', 0),
(1021, 76, 448, '510000000', 'Purchase Price Variance', '', 21, '2014-07-17 03:47:42', 0, '2014-07-24 02:34:15', 0),
(1022, 76, 448, '560000000', 'Freight', '', 21, '2014-07-17 03:47:42', 0, '2014-07-24 02:34:15', 0),
(1023, 76, 448, '570000000', 'Inventory Adjustment Account', '', 21, '2014-07-17 03:47:42', 0, '2014-07-24 02:34:15', 0),
(1024, 76, 448, '580000000', 'Commission Expense', '', 21, '2014-07-17 03:47:42', 0, '2014-07-24 02:34:15', 0),
(1025, 76, 450, '710000000', 'Discount Received', '', 21, '2014-07-17 03:47:42', 0, '2014-07-24 02:34:15', 0),
(1026, 76, 450, '711000000', 'Interest Income', '', 21, '2014-07-17 03:47:42', 0, '2014-07-24 02:34:15', 0),
(1027, 76, 450, '712000000', 'Late Fees Collected', '', 21, '2014-07-17 03:47:42', 0, '2014-07-24 02:34:15', 0),
(1028, 76, 450, '713000000', 'Freight Collected', '', 21, '2014-07-17 03:47:42', 0, '2014-07-24 02:34:15', 0),
(1029, 76, 451, '810000000', 'Administration Expenses', '', 21, '2014-07-17 03:47:42', 0, '2014-07-24 02:34:15', 0),
(1030, 76, 451, '810010000', 'Accounting Fees', '', 21, '2014-07-17 03:47:42', 0, '2014-07-24 02:34:15', 0),
(1031, 76, 451, '810011000', 'Legal Fees', '', 21, '2014-07-17 03:47:42', 0, '2014-07-24 02:34:15', 0),
(1032, 76, 451, '810012000', 'Postage & Delivery', '', 21, '2014-07-17 03:47:42', 0, '2014-07-24 02:34:15', 0),
(1033, 76, 451, '810013000', 'Office Supplies', '', 21, '2014-07-17 03:47:42', 0, '2014-07-24 02:34:15', 0),
(1034, 76, 451, '810014000', 'Dues & Subscriptions', '', 21, '2014-07-17 03:47:42', 0, '2014-07-24 02:34:15', 0),
(1035, 76, 451, '810015000', 'Telephone', '', 21, '2014-07-17 03:47:42', 0, '2014-07-24 02:34:15', 0),
(1036, 76, 451, '810016000', 'Advertising', '', 21, '2014-07-17 03:47:42', 0, '2014-07-24 02:34:15', 0),
(1037, 76, 451, '810017000', 'Maintenance & Repairs', '', 21, '2014-07-17 03:47:42', 0, '2014-07-24 02:34:15', 0),
(1038, 76, 451, '810018000', 'Freight', '', 21, '2014-07-17 03:47:42', 0, '2014-07-24 02:34:15', 0),
(1039, 76, 451, '810019000', 'Late Payment Charges', '', 21, '2014-07-17 03:47:42', 0, '2014-07-24 02:34:15', 0),
(1040, 76, 451, '810020000', 'Rent', '', 21, '2014-07-17 03:47:42', 0, '2014-07-24 02:34:15', 0),
(1041, 76, 451, '810021000', 'Electricity', '', 21, '2014-07-17 03:47:42', 0, '2014-07-24 02:34:15', 0),
(1042, 76, 451, '810022000', 'Depreciation Expense', '', 21, '2014-07-17 03:47:42', 0, '2014-07-24 02:34:15', 0),
(1043, 76, 451, '810040000', 'GST- Non Claimable', '', 21, '2014-07-17 03:47:42', 0, '2014-07-24 02:34:15', 0),
(1044, 76, 451, '810050000', 'Service Tax', '', 21, '2014-07-17 03:47:42', 0, '2014-07-24 02:34:15', 0),
(1045, 76, 451, '820000000', 'Employment Expenses', '', 21, '2014-07-17 03:47:42', 0, '2014-07-24 02:34:15', 0),
(1046, 76, 451, '820010000', 'Staff Amenities', '', 21, '2014-07-17 03:47:42', 0, '2014-07-24 02:34:15', 0),
(1047, 76, 451, '820030000', 'Wages & Salaries', '', 21, '2014-07-17 03:47:42', 0, '2014-07-24 02:34:15', 0),
(1048, 76, 451, '820040000', 'Workers'' Compensation', '', 21, '2014-07-17 03:47:42', 0, '2014-07-24 02:34:15', 0),
(1049, 76, 451, '820050000', 'Other Employment Expenses', '', 21, '2014-07-17 03:47:42', 0, '2014-07-24 02:34:15', 0),
(1050, 76, 451, '830000000', 'Interest & Bank Charges', '', 21, '2014-07-17 03:47:42', 0, '2014-07-24 02:34:15', 0);
INSERT INTO `comp_chart_of_acct` (`ID`, `companyID`, `acctGroupID`, `acctCode`, `acctName`, `acctDesc`, `createdBy`, `createdTS`, `updatedBy`, `updatedTS`, `is_delete`) VALUES
(1051, 76, 451, '840000000', 'Discounts Given', '', 21, '2014-07-17 03:47:42', 0, '2014-07-24 02:34:15', 0),
(1052, 76, 451, '841000000', 'Prompt Payment Discount', '', 21, '2014-07-17 03:47:42', 0, '2014-07-24 02:34:15', 0),
(1053, 76, 451, '850000000', 'Zakat Expense', '', 21, '2014-07-17 03:47:42', 0, '2014-07-24 02:34:15', 0),
(1054, 76, 452, '860000000', 'Bad Debt Expense', '', 21, '2014-07-17 03:47:42', 0, '2014-07-24 02:34:15', 0),
(1055, 76, 452, '870000000', 'Exchange Difference', '', 21, '2014-07-17 03:47:42', 0, '2014-07-24 02:34:15', 0),
(1056, 76, 442, '860000000', 'Income Tax Expense', '', 21, '2014-07-17 03:47:42', 0, '2014-07-24 02:34:15', 0),
(1057, 76, 437, '110000000', 'Share Capital', '', 21, '2014-07-17 03:47:42', 0, '2014-07-24 02:34:15', 0),
(1089, 81, 460, '120000000', 'Retained Earnings-Prior Year', '', 1, '2014-07-21 01:28:26', 0, '2014-07-24 02:34:15', 0),
(1090, 81, 460, '130000000', 'Current Year Earnings', '', 1, '2014-07-21 01:28:26', 0, '2014-07-24 02:34:15', 0),
(1091, 81, 480, '200000000', 'Fixed Assets', '', 1, '2014-07-21 01:28:26', 0, '2014-07-24 02:34:15', 0),
(1092, 81, 480, '200010000', 'Buildings & Improvements', '', 1, '2014-07-21 01:28:26', 0, '2014-07-24 02:34:15', 0),
(1093, 81, 480, '200010010', 'Bldgs & Imprv at Cost', '', 1, '2014-07-21 01:28:26', 0, '2014-07-24 02:34:15', 0),
(1094, 81, 480, '200010020', 'Bldgs & Imprv Accum Dep''n', '', 1, '2014-07-21 01:28:26', 0, '2014-07-24 02:34:15', 0),
(1095, 81, 480, '200020000', 'Production Equipment', '', 1, '2014-07-21 01:28:26', 0, '2014-07-24 02:34:15', 0),
(1096, 81, 480, '200020010', 'Production Equipment at Cost', '', 1, '2014-07-21 01:28:26', 0, '2014-07-24 02:34:15', 0),
(1097, 81, 480, '200020020', 'Production Equipment Accum Dep''n', '', 1, '2014-07-21 01:28:26', 0, '2014-07-24 02:34:15', 0),
(1098, 81, 480, '200030000', 'Furniture and Fixtures', '', 1, '2014-07-21 01:28:26', 0, '2014-07-24 02:34:15', 0),
(1099, 81, 480, '200030010', 'Furniture & Fixtures at Cost', '', 1, '2014-07-21 01:28:26', 0, '2014-07-24 02:34:15', 0),
(1100, 81, 480, '200030020', 'Furniture & Fixtures Accum Dep''n', '', 1, '2014-07-21 01:28:26', 0, '2014-07-24 02:34:15', 0),
(1101, 81, 480, '200040000', 'Motor Vehicles', '', 1, '2014-07-21 01:28:26', 0, '2014-07-24 02:34:15', 0),
(1102, 81, 480, '200040010', 'Motor Vehicles at Cost', '', 1, '2014-07-21 01:28:26', 0, '2014-07-24 02:34:15', 0),
(1103, 81, 480, '200040020', 'Motor Vehicles Accum Dep''n', '', 1, '2014-07-21 01:28:26', 0, '2014-07-24 02:34:15', 0),
(1104, 81, 480, '200050000', 'Leasehold Improvements', '', 1, '2014-07-21 01:28:26', 0, '2014-07-24 02:34:15', 0),
(1105, 81, 480, '200050010', 'Improvements at Cost', '', 1, '2014-07-21 01:28:26', 0, '2014-07-24 02:34:15', 0),
(1106, 81, 480, '200050020', 'Improvements Amortisation', '', 1, '2014-07-21 01:28:26', 0, '2014-07-24 02:34:15', 0),
(1107, 81, 481, '210000000', 'Trade Receivable', '', 1, '2014-07-21 01:28:26', 0, '2014-07-24 02:34:15', 0),
(1108, 81, 481, '220000000', 'Cash and Bank Balances', '', 1, '2014-07-21 01:28:26', 0, '2014-07-24 02:34:15', 0),
(1109, 81, 481, '220010000', 'Bank', '', 1, '2014-07-21 01:28:26', 0, '2014-07-24 02:34:15', 0),
(1110, 81, 481, '220020000', 'Cash in Hand', '', 1, '2014-07-21 01:28:26', 0, '2014-07-24 02:34:15', 0),
(1111, 81, 481, '220030000', 'Petty Cash', '', 1, '2014-07-21 01:28:26', 0, '2014-07-24 02:34:15', 0),
(1112, 81, 481, '230000000', 'Inventories', '', 1, '2014-07-21 01:28:26', 0, '2014-07-24 02:34:15', 0),
(1113, 81, 481, '230010000', 'Stock of Work in Progress', '', 1, '2014-07-21 01:28:26', 0, '2014-07-24 02:34:15', 0),
(1114, 81, 481, '240000000', 'Other Receivables', '', 1, '2014-07-21 01:28:26', 0, '2014-07-24 02:34:15', 0),
(1115, 81, 481, '250000000', 'Prepayments and Deposits', '', 1, '2014-07-21 01:28:26', 0, '2014-07-24 02:34:15', 0),
(1116, 81, 481, '250010000', 'Prepayments', '', 1, '2014-07-21 01:28:26', 0, '2014-07-24 02:34:15', 0),
(1117, 81, 481, '250020000', 'Deposits Paid', '', 1, '2014-07-21 01:28:26', 0, '2014-07-24 02:34:15', 0),
(1118, 81, 481, '260000000', 'Tax Claimable', '', 1, '2014-07-21 01:28:26', 0, '2014-07-24 02:34:15', 0),
(1119, 81, 481, '260010000', 'GST Input Tax', '', 1, '2014-07-21 01:28:26', 0, '2014-07-24 02:34:15', 0),
(1120, 81, 481, '260011000', 'Provision for GST Non-Claimable', '', 1, '2014-07-21 01:28:26', 0, '2014-07-24 02:34:15', 0),
(1121, 81, 481, '260020000', 'Suspense GST - Input Tax', '', 1, '2014-07-21 01:28:26', 0, '2014-07-24 02:34:15', 0),
(1122, 81, 478, '300000000', 'Trade Payable', '', 1, '2014-07-21 01:28:26', 0, '2014-07-24 02:34:15', 0),
(1123, 81, 478, '320000000', 'Other Payables', '', 1, '2014-07-21 01:28:26', 0, '2014-07-24 02:34:15', 0),
(1124, 81, 478, '330000000', 'Tax Payable', '', 1, '2014-07-21 01:28:26', 0, '2014-07-24 02:34:15', 0),
(1125, 81, 478, '330010000', 'GST Output Tax', '', 1, '2014-07-21 01:28:26', 0, '2014-07-24 02:34:15', 0),
(1126, 81, 478, '330020000', 'Suspense GST - Output Tax', '', 1, '2014-07-21 01:28:26', 0, '2014-07-24 02:34:15', 0),
(1127, 81, 478, '330030000', 'Import Duty Payable', '', 1, '2014-07-21 01:28:26', 0, '2014-07-24 02:34:15', 0),
(1128, 81, 478, '330040000', 'Sales Tax Payable', '', 1, '2014-07-21 01:28:26', 0, '2014-07-24 02:34:15', 0),
(1129, 81, 478, '330050000', 'Service Tax Payable', '', 1, '2014-07-21 01:28:26', 0, '2014-07-24 02:34:15', 0),
(1130, 81, 478, '340000000', 'Accruals', '', 1, '2014-07-21 01:28:26', 0, '2014-07-24 02:34:15', 0),
(1131, 81, 478, '340010000', 'Accrued Payroll', '', 1, '2014-07-21 01:28:26', 0, '2014-07-24 02:34:15', 0),
(1132, 81, 478, '340020000', 'Payroll Deductions Payable', '', 1, '2014-07-21 01:28:26', 0, '2014-07-24 02:34:15', 0),
(1133, 81, 478, '340030000', 'PAYE Tax Payable', '', 1, '2014-07-21 01:28:26', 0, '2014-07-24 02:34:15', 0),
(1134, 81, 478, '340040000', 'Commission Payable', '', 1, '2014-07-21 01:28:26', 0, '2014-07-24 02:34:15', 0),
(1135, 81, 478, '350000000', 'Client Deposits', '', 1, '2014-07-21 01:28:26', 0, '2014-07-24 02:34:15', 0),
(1136, 81, 462, '360000000', 'Deffered Tax Liabilities', '', 1, '2014-07-21 01:28:26', 0, '2014-07-24 02:34:15', 0),
(1137, 81, 463, '370000000', 'Borrowing', '', 1, '2014-07-21 01:28:26', 0, '2014-07-24 02:34:15', 0),
(1138, 81, 463, '370010000', 'Bank Loans', '', 1, '2014-07-21 01:28:26', 0, '2014-07-24 02:34:15', 0),
(1139, 81, 463, '370080000', 'Other Long-Term Liabilities', '', 1, '2014-07-21 01:28:26', 0, '2014-07-24 02:34:15', 0),
(1140, 81, 470, '400000000', 'Sales', '', 1, '2014-07-21 01:28:26', 0, '2014-07-24 02:34:15', 0),
(1141, 81, 470, '410000000', 'Audio Equip Rental Income', '', 1, '2014-07-21 01:28:26', 0, '2014-07-24 02:34:15', 0),
(1142, 81, 470, '420000000', 'Video Equip Rental Income', '', 1, '2014-07-21 01:28:26', 0, '2014-07-24 02:34:15', 0),
(1143, 81, 470, '430000000', 'Other Service Fees', '', 1, '2014-07-21 01:28:26', 0, '2014-07-24 02:34:15', 0),
(1144, 81, 470, '460000000', 'Miscellaneous Income', '', 1, '2014-07-21 01:28:26', 0, '2014-07-24 02:34:15', 0),
(1145, 81, 471, '500000000', 'Cost of Goods Sold', '', 1, '2014-07-21 01:28:26', 0, '2014-07-24 02:34:15', 0),
(1146, 81, 471, '500010000', 'Purchases - Audio Equip', '', 1, '2014-07-21 01:28:26', 0, '2014-07-24 02:34:15', 0),
(1147, 81, 471, '500020000', 'Purchases - Video Equip', '', 1, '2014-07-21 01:28:26', 0, '2014-07-24 02:34:15', 0),
(1148, 81, 471, '510000000', 'Purchase Price Variance', '', 1, '2014-07-21 01:28:26', 0, '2014-07-24 02:34:15', 0),
(1149, 81, 471, '560000000', 'Freight', '', 1, '2014-07-21 01:28:26', 0, '2014-07-24 02:34:15', 0),
(1150, 81, 471, '570000000', 'Inventory Adjustment Account', '', 1, '2014-07-21 01:28:26', 0, '2014-07-24 02:34:15', 0),
(1151, 81, 471, '580000000', 'Commission Expense', '', 1, '2014-07-21 01:28:26', 0, '2014-07-24 02:34:15', 0),
(1152, 81, 473, '710000000', 'Discount Received', '', 1, '2014-07-21 01:28:26', 0, '2014-07-24 02:34:15', 0),
(1153, 81, 473, '711000000', 'Interest Income', '', 1, '2014-07-21 01:28:26', 0, '2014-07-24 02:34:15', 0),
(1154, 81, 473, '712000000', 'Late Fees Collected', '', 1, '2014-07-21 01:28:26', 0, '2014-07-24 02:34:15', 0),
(1155, 81, 473, '713000000', 'Freight Collected', '', 1, '2014-07-21 01:28:26', 0, '2014-07-24 02:34:15', 0),
(1156, 81, 474, '810000000', 'Administration Expenses', '', 1, '2014-07-21 01:28:26', 0, '2014-07-24 02:34:15', 0),
(1157, 81, 474, '810010000', 'Accounting Fees', '', 1, '2014-07-21 01:28:26', 0, '2014-07-24 02:34:15', 0),
(1158, 81, 474, '810011000', 'Legal Fees', '', 1, '2014-07-21 01:28:26', 0, '2014-07-24 02:34:15', 0),
(1159, 81, 474, '810012000', 'Postage & Delivery', '', 1, '2014-07-21 01:28:26', 0, '2014-07-24 02:34:15', 0),
(1160, 81, 474, '810013000', 'Office Supplies', '', 1, '2014-07-21 01:28:26', 0, '2014-07-24 02:34:15', 0),
(1161, 81, 474, '810014000', 'Dues & Subscriptions', '', 1, '2014-07-21 01:28:26', 0, '2014-07-24 02:34:15', 0),
(1162, 81, 474, '810015000', 'Telephone', '', 1, '2014-07-21 01:28:26', 0, '2014-07-24 02:34:15', 0),
(1163, 81, 474, '810016000', 'Advertising', '', 1, '2014-07-21 01:28:26', 0, '2014-07-24 02:34:15', 0),
(1164, 81, 474, '810017000', 'Maintenance & Repairs', '', 1, '2014-07-21 01:28:26', 0, '2014-07-24 02:34:15', 0),
(1165, 81, 474, '810018000', 'Freight', '', 1, '2014-07-21 01:28:26', 0, '2014-07-24 02:34:15', 0),
(1166, 81, 474, '810019000', 'Late Payment Charges', '', 1, '2014-07-21 01:28:26', 0, '2014-07-24 02:34:15', 0),
(1167, 81, 474, '810020000', 'Rent', '', 1, '2014-07-21 01:28:26', 0, '2014-07-24 02:34:15', 0),
(1168, 81, 474, '810021000', 'Electricity', '', 1, '2014-07-21 01:28:26', 0, '2014-07-24 02:34:15', 0),
(1169, 81, 474, '810022000', 'Depreciation Expense', '', 1, '2014-07-21 01:28:26', 0, '2014-07-24 02:34:15', 0),
(1170, 81, 474, '810040000', 'GST- Non Claimable', '', 1, '2014-07-21 01:28:26', 0, '2014-07-24 02:34:15', 0),
(1171, 81, 474, '810050000', 'Service Tax', '', 1, '2014-07-21 01:28:26', 0, '2014-07-24 02:34:15', 0),
(1172, 81, 474, '820000000', 'Employment Expenses', '', 1, '2014-07-21 01:28:26', 0, '2014-07-24 02:34:15', 0),
(1173, 81, 474, '820010000', 'Staff Amenities', '', 1, '2014-07-21 01:28:26', 0, '2014-07-24 02:34:15', 0),
(1174, 81, 474, '820030000', 'Wages & Salaries', '', 1, '2014-07-21 01:28:26', 0, '2014-07-24 02:34:15', 0),
(1175, 81, 474, '820040000', 'Workers'' Compensation', '', 1, '2014-07-21 01:28:26', 0, '2014-07-24 02:34:15', 0),
(1176, 81, 474, '820050000', 'Other Employment Expenses', '', 1, '2014-07-21 01:28:26', 0, '2014-07-24 02:34:15', 0),
(1177, 81, 474, '830000000', 'Interest & Bank Charges', '', 1, '2014-07-21 01:28:26', 0, '2014-07-24 02:34:15', 0),
(1178, 81, 474, '840000000', 'Discounts Given', '', 1, '2014-07-21 01:28:26', 0, '2014-07-24 02:34:15', 0),
(1179, 81, 474, '841000000', 'Prompt Payment Discount', '', 1, '2014-07-21 01:28:26', 0, '2014-07-24 02:34:15', 0),
(1180, 81, 474, '850000000', 'Zakat Expense', '', 1, '2014-07-21 01:28:26', 0, '2014-07-24 02:34:15', 0),
(1181, 81, 475, '860000000', 'Bad Debt Expense', '', 1, '2014-07-21 01:28:26', 0, '2014-07-24 02:34:15', 0),
(1182, 81, 475, '870000000', 'Exchange Difference', '', 1, '2014-07-21 01:28:26', 0, '2014-07-24 02:34:15', 0),
(1183, 81, 465, '860000000', 'Income Tax Expense', '', 1, '2014-07-21 01:28:26', 0, '2014-07-24 02:34:15', 0),
(1184, 81, 460, '110000000', 'Share Capital', '', 1, '2014-07-21 01:28:26', 0, '2014-07-24 02:34:15', 0),
(1216, 75, 401, '400010000', 'Sales-Shoes', '', 0, '2014-07-22 20:40:00', 0, '0000-00-00 00:00:00', 0),
(1217, 1, 29, '8999-888-', '', '', 0, '2014-07-24 01:21:54', 0, '0000-00-00 00:00:00', 0),
(1218, 1, 29, '787737273', 'hajskasnc aew', '', 0, '2014-07-24 01:31:51', 0, '0000-00-00 00:00:00', 0),
(1219, 1, 31, '_________', '', '', 0, '2014-07-24 20:15:36', 0, '0000-00-00 00:00:00', 0),
(1220, 15, 249, '111111111', 'kerete kuda', '', 0, '2014-08-03 19:31:56', 0, '2014-08-04 01:33:02', 0),
(26428, 84, 814, '120000000', 'Retained Earnings-Prior Year', '', 33, '2014-08-05 09:27:00', 0, '0000-00-00 00:00:00', 0),
(26429, 84, 814, '130000000', 'Current Year Earnings', '', 33, '2014-08-05 09:27:00', 0, '0000-00-00 00:00:00', 0),
(26430, 84, 814, '110000000', 'Share Capital', '', 33, '2014-08-05 09:27:00', 0, '0000-00-00 00:00:00', 0),
(26431, 84, 816, '360000000', 'Deffered Tax Liabilities', '', 33, '2014-08-05 09:27:00', 0, '0000-00-00 00:00:00', 0),
(26432, 84, 817, '370000000', 'Borrowing', '', 33, '2014-08-05 09:27:00', 0, '0000-00-00 00:00:00', 0),
(26433, 84, 817, '370010000', 'Bank Loans', '', 33, '2014-08-05 09:27:00', 0, '0000-00-00 00:00:00', 0),
(26434, 84, 817, '370080000', 'Other Long-Term Liabilities', '', 33, '2014-08-05 09:27:00', 0, '0000-00-00 00:00:00', 0),
(26435, 84, 819, '860000000', 'Income Tax Expense', '', 33, '2014-08-05 09:27:00', 0, '0000-00-00 00:00:00', 0),
(26436, 84, 824, '400000000', 'Sales', '', 33, '2014-08-05 09:27:00', 0, '0000-00-00 00:00:00', 0),
(26437, 84, 824, '410000000', 'Audio Equip Rental Income', '', 33, '2014-08-05 09:27:00', 0, '0000-00-00 00:00:00', 0),
(26438, 84, 824, '420000000', 'Video Equip Rental Income', '', 33, '2014-08-05 09:27:00', 0, '0000-00-00 00:00:00', 0),
(26439, 84, 824, '430000000', 'Other Service Fees', '', 33, '2014-08-05 09:27:00', 0, '0000-00-00 00:00:00', 0),
(26440, 84, 824, '460000000', 'Miscellaneous Income', '', 33, '2014-08-05 09:27:00', 0, '0000-00-00 00:00:00', 0),
(26441, 84, 825, '500000000', 'Cost of Goods Sold', '', 33, '2014-08-05 09:27:00', 0, '0000-00-00 00:00:00', 0),
(26442, 84, 825, '500010000', 'Purchases - Audio Equip', '', 33, '2014-08-05 09:27:00', 0, '0000-00-00 00:00:00', 0),
(26443, 84, 825, '500020000', 'Purchases - Video Equip', '', 33, '2014-08-05 09:27:00', 0, '0000-00-00 00:00:00', 0),
(26444, 84, 825, '510000000', 'Purchase Price Variance', '', 33, '2014-08-05 09:27:00', 0, '0000-00-00 00:00:00', 0),
(26445, 84, 825, '560000000', 'Freight', '', 33, '2014-08-05 09:27:00', 0, '0000-00-00 00:00:00', 0),
(26446, 84, 825, '570000000', 'Inventory Adjustment Account', '', 33, '2014-08-05 09:27:00', 0, '0000-00-00 00:00:00', 0),
(26447, 84, 825, '580000000', 'Commission Expense', '', 33, '2014-08-05 09:27:00', 0, '0000-00-00 00:00:00', 0),
(26448, 84, 827, '710000000', 'Discount Received', '', 33, '2014-08-05 09:27:00', 0, '0000-00-00 00:00:00', 0),
(26449, 84, 827, '711000000', 'Interest Income', '', 33, '2014-08-05 09:27:00', 0, '0000-00-00 00:00:00', 0),
(26450, 84, 827, '712000000', 'Late Fees Collected', '', 33, '2014-08-05 09:27:00', 0, '0000-00-00 00:00:00', 0),
(26451, 84, 827, '713000000', 'Freight Collected', '', 33, '2014-08-05 09:27:00', 0, '0000-00-00 00:00:00', 0),
(26452, 84, 828, '810000000', 'Administration Expenses', '', 33, '2014-08-05 09:27:00', 0, '0000-00-00 00:00:00', 0),
(26453, 84, 828, '810010000', 'Accounting Fees', '', 33, '2014-08-05 09:27:00', 0, '0000-00-00 00:00:00', 0),
(26454, 84, 828, '810011000', 'Legal Fees', '', 33, '2014-08-05 09:27:00', 0, '0000-00-00 00:00:00', 0),
(26455, 84, 828, '810012000', 'Postage & Delivery', '', 33, '2014-08-05 09:27:00', 0, '0000-00-00 00:00:00', 0),
(26456, 84, 828, '810013000', 'Office Supplies', '', 33, '2014-08-05 09:27:00', 0, '0000-00-00 00:00:00', 0),
(26457, 84, 828, '810014000', 'Dues & Subscriptions', '', 33, '2014-08-05 09:27:00', 0, '0000-00-00 00:00:00', 0),
(26458, 84, 828, '810015000', 'Telephone', '', 33, '2014-08-05 09:27:00', 0, '0000-00-00 00:00:00', 0),
(26459, 84, 828, '810016000', 'Advertising', '', 33, '2014-08-05 09:27:00', 0, '0000-00-00 00:00:00', 0),
(26460, 84, 828, '810017000', 'Maintenance & Repairs', '', 33, '2014-08-05 09:27:00', 0, '0000-00-00 00:00:00', 0),
(26461, 84, 828, '810018000', 'Freight', '', 33, '2014-08-05 09:27:00', 0, '0000-00-00 00:00:00', 0),
(26462, 84, 828, '810019000', 'Late Payment Charges', '', 33, '2014-08-05 09:27:00', 0, '0000-00-00 00:00:00', 0),
(26463, 84, 828, '810020000', 'Rent', '', 33, '2014-08-05 09:27:00', 0, '0000-00-00 00:00:00', 0),
(26464, 84, 828, '810021000', 'Electricity', '', 33, '2014-08-05 09:27:00', 0, '0000-00-00 00:00:00', 0),
(26465, 84, 828, '810022000', 'Depreciation Expense', '', 33, '2014-08-05 09:27:00', 0, '0000-00-00 00:00:00', 0),
(26466, 84, 828, '810040000', 'GST- Non Claimable', '', 33, '2014-08-05 09:27:00', 0, '0000-00-00 00:00:00', 0),
(26467, 84, 828, '810050000', 'Service Tax', '', 33, '2014-08-05 09:27:00', 0, '0000-00-00 00:00:00', 0),
(26468, 84, 828, '820000000', 'Employment Expenses', '', 33, '2014-08-05 09:27:00', 0, '0000-00-00 00:00:00', 0),
(26469, 84, 828, '820010000', 'Staff Amenities', '', 33, '2014-08-05 09:27:00', 0, '0000-00-00 00:00:00', 0),
(26470, 84, 828, '820030000', 'Wages & Salaries', '', 33, '2014-08-05 09:27:00', 0, '0000-00-00 00:00:00', 0),
(26471, 84, 828, '820040000', 'Workers'' Compensation', '', 33, '2014-08-05 09:27:00', 0, '0000-00-00 00:00:00', 0),
(26472, 84, 828, '820050000', 'Other Employment Expenses', '', 33, '2014-08-05 09:27:00', 0, '0000-00-00 00:00:00', 0),
(26473, 84, 828, '830000000', 'Interest & Bank Charges', '', 33, '2014-08-05 09:27:00', 0, '0000-00-00 00:00:00', 0),
(26474, 84, 828, '840000000', 'Discounts Given', '', 33, '2014-08-05 09:27:00', 0, '0000-00-00 00:00:00', 0),
(26475, 84, 828, '841000000', 'Prompt Payment Discount', '', 33, '2014-08-05 09:27:00', 0, '0000-00-00 00:00:00', 0),
(26476, 84, 828, '850000000', 'Zakat Expense', '', 33, '2014-08-05 09:27:00', 0, '0000-00-00 00:00:00', 0),
(26477, 84, 829, '860000000', 'Bad Debt Expense', '', 33, '2014-08-05 09:27:00', 0, '0000-00-00 00:00:00', 0),
(26478, 84, 829, '870000000', 'Exchange Difference', '', 33, '2014-08-05 09:27:00', 0, '0000-00-00 00:00:00', 0),
(26479, 84, 832, '300000000', 'Trade Payable', '', 33, '2014-08-05 09:27:00', 0, '0000-00-00 00:00:00', 0),
(26480, 84, 832, '320000000', 'Other Payables', '', 33, '2014-08-05 09:27:00', 0, '0000-00-00 00:00:00', 0),
(26481, 84, 832, '330000000', 'Tax Payable', '', 33, '2014-08-05 09:27:00', 0, '0000-00-00 00:00:00', 0),
(26482, 84, 832, '330010000', 'GST Output Tax', '', 33, '2014-08-05 09:27:00', 0, '0000-00-00 00:00:00', 0),
(26483, 84, 832, '330020000', 'Suspense GST - Output Tax', '', 33, '2014-08-05 09:27:00', 0, '0000-00-00 00:00:00', 0),
(26484, 84, 832, '330030000', 'Import Duty Payable', '', 33, '2014-08-05 09:27:00', 0, '0000-00-00 00:00:00', 0),
(26485, 84, 832, '330040000', 'Sales Tax Payable', '', 33, '2014-08-05 09:27:00', 0, '0000-00-00 00:00:00', 0),
(26486, 84, 832, '330050000', 'Service Tax Payable', '', 33, '2014-08-05 09:27:00', 0, '0000-00-00 00:00:00', 0),
(26487, 84, 832, '340000000', 'Accruals', '', 33, '2014-08-05 09:27:00', 0, '0000-00-00 00:00:00', 0),
(26488, 84, 832, '340010000', 'Accrued Payroll', '', 33, '2014-08-05 09:27:00', 0, '0000-00-00 00:00:00', 0),
(26489, 84, 832, '340020000', 'Payroll Deductions Payable', '', 33, '2014-08-05 09:27:00', 0, '0000-00-00 00:00:00', 0),
(26490, 84, 832, '340030000', 'PAYE Tax Payable', '', 33, '2014-08-05 09:27:00', 0, '0000-00-00 00:00:00', 0),
(26491, 84, 832, '340040000', 'Commission Payable', '', 33, '2014-08-05 09:27:00', 0, '0000-00-00 00:00:00', 0),
(26492, 84, 832, '350000000', 'Client Deposits', '', 33, '2014-08-05 09:27:00', 0, '0000-00-00 00:00:00', 0),
(26493, 84, 834, '200000000', 'Fixed Assets', '', 33, '2014-08-05 09:27:00', 0, '0000-00-00 00:00:00', 0),
(26494, 84, 834, '200010000', 'Buildings & Improvements', '', 33, '2014-08-05 09:27:00', 0, '0000-00-00 00:00:00', 0),
(26495, 84, 834, '200010010', 'Bldgs & Imprv at Cost', '', 33, '2014-08-05 09:27:00', 0, '0000-00-00 00:00:00', 0),
(26496, 84, 834, '200010020', 'Bldgs & Imprv Accum Dep''n', '', 33, '2014-08-05 09:27:00', 0, '0000-00-00 00:00:00', 0),
(26497, 84, 834, '200020000', 'Production Equipment', '', 33, '2014-08-05 09:27:00', 0, '0000-00-00 00:00:00', 0),
(26498, 84, 834, '200020010', 'Production Equipment at Cost', '', 33, '2014-08-05 09:27:00', 0, '0000-00-00 00:00:00', 0),
(26499, 84, 834, '200020020', 'Production Equipment Accum Dep''n', '', 33, '2014-08-05 09:27:00', 0, '0000-00-00 00:00:00', 0),
(26500, 84, 834, '200030000', 'Furniture and Fixtures', '', 33, '2014-08-05 09:27:00', 0, '0000-00-00 00:00:00', 0),
(26501, 84, 834, '200030010', 'Furniture & Fixtures at Cost', '', 33, '2014-08-05 09:27:00', 0, '0000-00-00 00:00:00', 0),
(26502, 84, 834, '200030020', 'Furniture & Fixtures Accum Dep''n', '', 33, '2014-08-05 09:27:00', 0, '0000-00-00 00:00:00', 0),
(26503, 84, 834, '200040000', 'Motor Vehicles', '', 33, '2014-08-05 09:27:00', 0, '0000-00-00 00:00:00', 0),
(26504, 84, 834, '200040010', 'Motor Vehicles at Cost', '', 33, '2014-08-05 09:27:00', 0, '0000-00-00 00:00:00', 0),
(26505, 84, 834, '200040020', 'Motor Vehicles Accum Dep''n', '', 33, '2014-08-05 09:27:00', 0, '0000-00-00 00:00:00', 0),
(26506, 84, 834, '200050000', 'Leasehold Improvements', '', 33, '2014-08-05 09:27:00', 0, '0000-00-00 00:00:00', 0),
(26507, 84, 834, '200050010', 'Improvements at Cost', '', 33, '2014-08-05 09:27:00', 0, '0000-00-00 00:00:00', 0),
(26508, 84, 834, '200050020', 'Improvements Amortisation', '', 33, '2014-08-05 09:27:00', 0, '0000-00-00 00:00:00', 0),
(26509, 84, 835, '210000000', 'Trade Receivable', '', 33, '2014-08-05 09:27:00', 0, '0000-00-00 00:00:00', 0),
(26510, 84, 835, '220000000', 'Cash and Bank Balances', '', 33, '2014-08-05 09:27:00', 0, '0000-00-00 00:00:00', 0),
(26511, 84, 835, '220010000', 'Bank', '', 33, '2014-08-05 09:27:00', 0, '0000-00-00 00:00:00', 0),
(26512, 84, 835, '220020000', 'Cash in Hand', '', 33, '2014-08-05 09:27:00', 0, '0000-00-00 00:00:00', 0),
(26513, 84, 835, '220030000', 'Petty Cash', '', 33, '2014-08-05 09:27:00', 0, '0000-00-00 00:00:00', 0),
(26514, 84, 835, '230000000', 'Inventories', '', 33, '2014-08-05 09:27:00', 0, '0000-00-00 00:00:00', 0),
(26515, 84, 835, '230010000', 'Stock of Work in Progress', '', 33, '2014-08-05 09:27:00', 0, '0000-00-00 00:00:00', 0),
(26516, 84, 835, '240000000', 'Other Receivables', '', 33, '2014-08-05 09:27:00', 0, '0000-00-00 00:00:00', 0),
(26517, 84, 835, '250000000', 'Prepayments and Deposits', '', 33, '2014-08-05 09:27:00', 0, '0000-00-00 00:00:00', 0),
(26518, 84, 835, '250010000', 'Prepayments', '', 33, '2014-08-05 09:27:00', 0, '0000-00-00 00:00:00', 0),
(26519, 84, 835, '250020000', 'Deposits Paid', '', 33, '2014-08-05 09:27:00', 0, '0000-00-00 00:00:00', 0),
(26520, 84, 835, '260000000', 'Tax Claimable', '', 33, '2014-08-05 09:27:00', 0, '0000-00-00 00:00:00', 0),
(26521, 84, 835, '260010000', 'GST Input Tax', '', 33, '2014-08-05 09:27:00', 0, '0000-00-00 00:00:00', 0),
(26522, 84, 835, '260011000', 'Provision for GST Non-Claimable', '', 33, '2014-08-05 09:27:00', 0, '0000-00-00 00:00:00', 0),
(26523, 84, 835, '260020000', 'Suspense GST - Input Tax', '', 33, '2014-08-05 09:27:00', 0, '0000-00-00 00:00:00', 0);

-- --------------------------------------------------------

--
-- Table structure for table `comp_contact`
--

CREATE TABLE IF NOT EXISTS `comp_contact` (
  `ID` int(11) NOT NULL AUTO_INCREMENT,
  `companyID` int(11) NOT NULL,
  `company_contact_name` varchar(128) NOT NULL,
  `position` varchar(32) NOT NULL,
  `telOffice` varchar(32) NOT NULL,
  `telHp` varchar(32) NOT NULL,
  `email` varchar(64) NOT NULL,
  `remaks` text NOT NULL,
  `createdID` int(11) NOT NULL,
  `createdTS` timestamp NOT NULL DEFAULT CURRENT_TIMESTAMP,
  `updatedBy` int(11) NOT NULL,
  `updatedTS` timestamp NOT NULL DEFAULT '0000-00-00 00:00:00' ON UPDATE CURRENT_TIMESTAMP,
  PRIMARY KEY (`ID`)
) ENGINE=InnoDB DEFAULT CHARSET=latin1 AUTO_INCREMENT=1 ;

-- --------------------------------------------------------

--
-- Table structure for table `comp_control_acct_setup`
--

CREATE TABLE IF NOT EXISTS `comp_control_acct_setup` (
  `ID` int(11) NOT NULL AUTO_INCREMENT,
  `refID` int(11) NOT NULL,
  `companyID` int(11) NOT NULL,
  `accountCode` varchar(64) NOT NULL,
  `updateable` smallint(6) NOT NULL DEFAULT '1',
  `accountID` int(11) NOT NULL DEFAULT '0',
  `orderNo` int(11) NOT NULL,
  `createdBy` int(11) NOT NULL,
  `createdTS` timestamp NOT NULL DEFAULT CURRENT_TIMESTAMP,
  `updatedBy` int(11) NOT NULL,
  `updatedTS` timestamp NOT NULL DEFAULT '0000-00-00 00:00:00' ON UPDATE CURRENT_TIMESTAMP,
  `is_delete` smallint(16) NOT NULL,
  PRIMARY KEY (`ID`)
) ENGINE=InnoDB  DEFAULT CHARSET=latin1 AUTO_INCREMENT=648 ;

--
-- Dumping data for table `comp_control_acct_setup`
--

INSERT INTO `comp_control_acct_setup` (`ID`, `refID`, `companyID`, `accountCode`, `updateable`, `accountID`, `orderNo`, `createdBy`, `createdTS`, `updatedBy`, `updatedTS`, `is_delete`) VALUES
(198, 80, 1, 'retainedEarnings', 0, 2, 1, 1, '2014-06-03 09:34:06', 0, '2014-08-05 01:24:58', 0),
(199, 81, 1, 'profitlostYear', 0, 3, 10, 1, '2014-06-03 09:34:06', 0, '2014-08-05 01:24:58', 0),
(200, 82, 1, 'exchangeVariances', 0, 101, 20, 1, '2014-06-03 09:34:06', 0, '2014-08-05 01:24:58', 0),
(201, 83, 1, 'bankchargesAccount', 0, 77, 30, 1, '2014-06-03 09:34:06', 0, '2014-08-05 01:24:58', 0),
(202, 107, 1, 'bank', 0, 22, 35, 0, '2014-06-25 04:47:54', 0, '2014-08-05 01:24:58', 0),
(203, 84, 1, 'rcvacct', 0, 20, 40, 1, '2014-06-03 09:34:06', 0, '2014-08-05 01:24:58', 0),
(204, 85, 1, 'saleacct', 0, 53, 50, 1, '2014-06-03 09:34:06', 0, '2014-08-05 01:24:58', 0),
(205, 86, 1, 'saledisacct', 0, 97, 60, 1, '2014-06-03 09:34:06', 0, '2014-08-05 01:24:58', 0),
(206, 87, 1, 'promptpaydisacct', 1, 98, 70, 1, '2014-06-03 09:34:06', 0, '2014-08-05 01:27:45', 0),
(207, 88, 1, 'commissionexp', 0, 63, 80, 1, '2014-06-03 09:34:06', 0, '2014-08-05 07:34:14', 0),
(208, 89, 1, 'commisionpay', 0, 63, 90, 1, '2014-06-03 09:34:06', 0, '2014-08-05 07:34:14', 0),
(209, 90, 1, 'freightcharges', 1, 42, 100, 1, '2014-06-03 09:34:06', 0, '2014-08-05 01:24:58', 0),
(210, 91, 1, 'exchangediff', 0, 101, 110, 1, '2014-06-03 09:34:06', 0, '2014-08-05 01:24:58', 0),
(211, 92, 1, 'payAcct', 0, 35, 120, 1, '2014-06-03 09:34:06', 0, '2014-08-05 01:24:58', 0),
(212, 93, 1, 'payDisc', 0, 64, 130, 1, '2014-06-03 09:34:06', 0, '2014-08-05 01:24:58', 0),
(213, 94, 1, 'invAcct', 0, 25, 140, 1, '2014-06-03 09:34:06', 0, '2014-08-05 01:24:58', 0),
(214, 95, 1, 'cogs', 0, 57, 150, 1, '2014-06-03 09:34:06', 0, '2014-08-05 01:24:58', 0),
(215, 96, 1, 'invAdjAcct', 1, 62, 160, 1, '2014-06-03 09:34:06', 0, '2014-08-05 02:52:17', 0),
(216, 97, 1, 'gstInputTax', 0, 32, 170, 1, '2014-06-03 09:34:06', 0, '2014-08-05 01:24:58', 0),
(217, 98, 1, 'gstOutTax', 0, 38, 180, 1, '2014-06-03 09:34:06', 0, '2014-08-05 01:24:58', 0),
(218, 99, 1, 'susgstInTax', 1, 34, 190, 1, '2014-06-03 09:34:06', 0, '2014-08-05 01:27:45', 0),
(219, 100, 1, 'susgstOuTax', 1, 39, 200, 1, '2014-06-03 09:34:06', 0, '2014-08-05 01:27:45', 0),
(220, 101, 1, 'gstnoclaim', 1, 78, 210, 1, '2014-06-03 09:34:06', 0, '2014-08-05 01:27:45', 0),
(221, 102, 1, 'imdutypay', 1, 40, 220, 1, '2014-06-03 09:34:06', 0, '2014-08-05 01:27:45', 0),
(222, 103, 1, 'saletaxpay', 1, 41, 230, 1, '2014-06-03 09:34:06', 0, '2014-08-05 01:27:45', 0),
(223, 104, 1, 'servtaxpay', 1, 42, 240, 1, '2014-06-03 09:34:06', 0, '2014-08-05 01:27:45', 0),
(224, 105, 1, 'zakat', 1, 99, 250, 1, '2014-06-03 09:34:06', 0, '2014-08-05 01:35:33', 0),
(230, 80, 15, 'retainedEarnings', 1, 225, 1, 1, '2014-06-05 03:53:50', 0, '2014-08-05 01:24:58', 0),
(231, 81, 15, 'profitlostYear', 1, 226, 10, 1, '2014-06-05 03:53:50', 0, '2014-08-05 01:24:58', 0),
(232, 82, 15, 'exchangeVariances', 1, 324, 20, 1, '2014-06-05 03:53:50', 0, '2014-08-05 01:24:58', 0),
(233, 83, 15, 'bankchargesAccount', 1, 319, 30, 1, '2014-06-05 03:53:50', 0, '2014-08-05 01:24:58', 0),
(234, 107, 15, 'bank', 1, 0, 35, 0, '2014-06-25 04:53:21', 0, '2014-08-05 01:24:58', 0),
(235, 84, 15, 'rcvacct', 1, 243, 40, 1, '2014-06-05 03:53:50', 0, '2014-08-05 01:24:58', 0),
(236, 85, 15, 'saleacct', 1, 276, 50, 1, '2014-06-05 03:53:50', 0, '2014-08-05 01:24:58', 0),
(237, 86, 15, 'saledisacct', 1, 320, 60, 1, '2014-06-05 03:53:50', 0, '2014-08-05 01:24:58', 0),
(238, 87, 15, 'promptpaydisacct', 1, 321, 70, 1, '2014-06-05 03:53:50', 0, '2014-08-05 01:24:58', 0),
(239, 88, 15, 'commissionexp', 1, 286, 80, 1, '2014-06-05 03:53:50', 0, '2014-08-05 01:24:58', 0),
(240, 89, 15, 'commisionpay', 1, 270, 90, 1, '2014-06-05 03:53:50', 0, '2014-08-05 01:24:58', 0),
(241, 90, 15, 'freightcharges', 1, 290, 100, 1, '2014-06-05 03:53:50', 0, '2014-08-05 01:24:58', 0),
(242, 91, 15, 'exchangediff', 1, 324, 110, 1, '2014-06-05 03:53:50', 0, '2014-08-05 01:24:58', 0),
(243, 92, 15, 'payAcct', 1, 258, 120, 1, '2014-06-05 03:53:50', 0, '2014-08-05 01:24:58', 0),
(244, 93, 15, 'payDisc', 1, 287, 130, 1, '2014-06-05 03:53:50', 0, '2014-08-05 01:24:58', 0),
(245, 94, 15, 'invAcct', 1, 248, 140, 1, '2014-06-05 03:53:50', 0, '2014-08-05 01:24:58', 0),
(246, 95, 15, 'cogs', 1, 280, 150, 1, '2014-06-05 03:53:50', 0, '2014-08-05 01:24:58', 0),
(247, 96, 15, 'invAdjAcct', 1, 285, 160, 1, '2014-06-05 03:53:50', 0, '2014-08-05 01:24:58', 0),
(248, 97, 15, 'gstInputTax', 1, 255, 170, 1, '2014-06-05 03:53:50', 0, '2014-08-05 01:24:58', 0),
(249, 98, 15, 'gstOutTax', 1, 261, 180, 1, '2014-06-05 03:53:50', 0, '2014-08-05 01:24:58', 0),
(250, 99, 15, 'susgstInTax', 1, 257, 190, 1, '2014-06-05 03:53:50', 0, '2014-08-05 01:24:58', 0),
(251, 100, 15, 'susgstOuTax', 1, 262, 200, 1, '2014-06-05 03:53:50', 0, '2014-08-05 01:24:58', 0),
(252, 101, 15, 'gstnoclaim', 1, 301, 210, 1, '2014-06-05 03:53:50', 0, '2014-08-05 01:24:58', 0),
(253, 102, 15, 'imdutypay', 1, 263, 220, 1, '2014-06-05 03:53:50', 0, '2014-08-05 01:24:58', 0),
(254, 103, 15, 'saletaxpay', 1, 264, 230, 1, '2014-06-05 03:53:50', 0, '2014-08-05 01:24:58', 0),
(255, 104, 15, 'servtaxpay', 1, 302, 240, 1, '2014-06-05 03:53:50', 0, '2014-08-05 01:24:58', 0),
(256, 105, 15, 'zakat', 1, 322, 250, 1, '2014-06-05 03:53:50', 0, '2014-08-05 01:35:33', 0),
(262, 80, 27, 'retainedEarnings', 1, 0, 1, 1, '2014-06-06 09:23:47', 0, '2014-08-05 01:24:58', 0),
(263, 81, 27, 'profitlostYear', 1, 0, 10, 1, '2014-06-06 09:23:47', 0, '2014-08-05 01:24:58', 0),
(264, 82, 27, 'exchangeVariances', 1, 0, 20, 1, '2014-06-06 09:23:47', 0, '2014-08-05 01:24:58', 0),
(265, 83, 27, 'bankchargesAccount', 1, 0, 30, 1, '2014-06-06 09:23:47', 0, '2014-08-05 01:24:58', 0),
(266, 107, 27, 'bank', 1, 0, 35, 1, '2014-06-25 04:55:02', 0, '2014-08-05 01:24:58', 0),
(267, 84, 27, 'rcvacct', 1, 0, 40, 1, '2014-06-06 09:23:47', 0, '2014-08-05 01:24:58', 0),
(268, 85, 27, 'saleacct', 1, 0, 50, 1, '2014-06-06 09:23:47', 0, '2014-08-05 01:24:58', 0),
(269, 86, 27, 'saledisacct', 1, 0, 60, 1, '2014-06-06 09:23:47', 0, '2014-08-05 01:24:58', 0),
(270, 87, 27, 'promptpaydisacct', 1, 0, 70, 1, '2014-06-06 09:23:47', 0, '2014-08-05 01:24:58', 0),
(271, 88, 27, 'commissionexp', 1, 0, 80, 1, '2014-06-06 09:23:47', 0, '2014-08-05 01:24:58', 0),
(272, 89, 27, 'commisionpay', 1, 0, 90, 1, '2014-06-06 09:23:47', 0, '2014-08-05 01:24:58', 0),
(273, 90, 27, 'freightcharges', 1, 0, 100, 1, '2014-06-06 09:23:47', 0, '2014-08-05 01:24:58', 0),
(274, 91, 27, 'exchangediff', 1, 0, 110, 1, '2014-06-06 09:23:47', 0, '2014-08-05 01:24:58', 0),
(275, 92, 27, 'payAcct', 1, 0, 120, 1, '2014-06-06 09:23:47', 0, '2014-08-05 01:24:58', 0),
(276, 93, 27, 'payDisc', 1, 0, 130, 1, '2014-06-06 09:23:47', 0, '2014-08-05 01:24:58', 0),
(277, 94, 27, 'invAcct', 1, 0, 140, 1, '2014-06-06 09:23:47', 0, '2014-08-05 01:24:58', 0),
(278, 95, 27, 'cogs', 1, 0, 150, 1, '2014-06-06 09:23:47', 0, '2014-08-05 01:24:58', 0),
(279, 96, 27, 'invAdjAcct', 1, 0, 160, 1, '2014-06-06 09:23:47', 0, '2014-08-05 01:24:58', 0),
(280, 97, 27, 'gstInputTax', 1, 0, 170, 1, '2014-06-06 09:23:47', 0, '2014-08-05 01:24:58', 0),
(281, 98, 27, 'gstOutTax', 1, 0, 180, 1, '2014-06-06 09:23:47', 0, '2014-08-05 01:24:58', 0),
(282, 99, 27, 'susgstInTax', 1, 0, 190, 1, '2014-06-06 09:23:47', 0, '2014-08-05 01:24:58', 0),
(283, 100, 27, 'susgstOuTax', 1, 0, 200, 1, '2014-06-06 09:23:47', 0, '2014-08-05 01:24:58', 0),
(284, 101, 27, 'gstnoclaim', 1, 0, 210, 1, '2014-06-06 09:23:47', 0, '2014-08-05 01:24:58', 0),
(285, 102, 27, 'imdutypay', 1, 0, 220, 1, '2014-06-06 09:23:47', 0, '2014-08-05 01:24:58', 0),
(286, 103, 27, 'saletaxpay', 1, 0, 230, 1, '2014-06-06 09:23:47', 0, '2014-08-05 01:24:58', 0),
(287, 104, 27, 'servtaxpay', 1, 0, 240, 1, '2014-06-06 09:23:47', 0, '2014-08-05 01:24:58', 0),
(288, 105, 27, 'zakat', 1, 0, 250, 1, '2014-06-06 09:23:47', 0, '2014-08-05 01:35:33', 0),
(289, 80, 45, 'retainedEarnings', 1, 0, 1, 1, '2014-07-03 01:28:06', 0, '2014-08-05 01:24:58', 0),
(290, 81, 45, 'profitlostYear', 1, 0, 10, 1, '2014-07-03 01:28:06', 0, '2014-08-05 01:24:58', 0),
(291, 82, 45, 'exchangeVariances', 1, 0, 20, 1, '2014-07-03 01:28:06', 0, '2014-08-05 01:24:58', 0),
(292, 83, 45, 'bankchargesAccount', 1, 0, 30, 1, '2014-07-03 01:28:06', 0, '2014-08-05 01:24:58', 0),
(293, 84, 45, 'rcvacct', 1, 0, 40, 1, '2014-07-03 01:28:06', 0, '2014-08-05 01:24:58', 0),
(294, 85, 45, 'saleacct', 1, 0, 50, 1, '2014-07-03 01:28:06', 0, '2014-08-05 01:24:58', 0),
(295, 86, 45, 'saledisacct', 1, 0, 60, 1, '2014-07-03 01:28:06', 0, '2014-08-05 01:24:58', 0),
(296, 87, 45, 'promptpaydisacct', 1, 0, 70, 1, '2014-07-03 01:28:06', 0, '2014-08-05 01:24:58', 0),
(297, 88, 45, 'commissionexp', 1, 0, 80, 1, '2014-07-03 01:28:06', 0, '2014-08-05 01:24:58', 0),
(298, 89, 45, 'commisionpay', 1, 0, 90, 1, '2014-07-03 01:28:06', 0, '2014-08-05 01:24:58', 0),
(299, 90, 45, 'freightcharges', 1, 0, 100, 1, '2014-07-03 01:28:06', 0, '2014-08-05 01:24:58', 0),
(300, 91, 45, 'exchangediff', 1, 0, 110, 1, '2014-07-03 01:28:06', 0, '2014-08-05 01:24:58', 0),
(301, 92, 45, 'payAcct', 1, 0, 120, 1, '2014-07-03 01:28:06', 0, '2014-08-05 01:24:58', 0),
(302, 93, 45, 'payDisc', 1, 0, 130, 1, '2014-07-03 01:28:06', 0, '2014-08-05 01:24:58', 0),
(303, 94, 45, 'invAcct', 1, 0, 140, 1, '2014-07-03 01:28:06', 0, '2014-08-05 01:24:58', 0),
(304, 95, 45, 'cogs', 1, 0, 150, 1, '2014-07-03 01:28:06', 0, '2014-08-05 01:24:58', 0),
(305, 96, 45, 'invAdjAcct', 1, 0, 160, 1, '2014-07-03 01:28:06', 0, '2014-08-05 01:24:58', 0),
(306, 97, 45, 'gstInputTax', 1, 0, 170, 1, '2014-07-03 01:28:06', 0, '2014-08-05 01:24:58', 0),
(307, 98, 45, 'gstOutTax', 1, 0, 180, 1, '2014-07-03 01:28:06', 0, '2014-08-05 01:24:58', 0),
(308, 99, 45, 'susgstInTax', 1, 0, 190, 1, '2014-07-03 01:28:06', 0, '2014-08-05 01:24:58', 0),
(309, 100, 45, 'susgstOuTax', 1, 0, 200, 1, '2014-07-03 01:28:06', 0, '2014-08-05 01:24:58', 0),
(310, 101, 45, 'gstnoclaim', 1, 0, 210, 1, '2014-07-03 01:28:06', 0, '2014-08-05 01:24:58', 0),
(311, 102, 45, 'imdutypay', 1, 0, 220, 1, '2014-07-03 01:28:06', 0, '2014-08-05 01:24:58', 0),
(312, 103, 45, 'saletaxpay', 1, 0, 230, 1, '2014-07-03 01:28:06', 0, '2014-08-05 01:24:58', 0),
(313, 104, 45, 'servtaxpay', 1, 0, 240, 1, '2014-07-03 01:28:06', 0, '2014-08-05 01:24:58', 0),
(314, 105, 45, 'zakat', 1, 0, 250, 1, '2014-07-03 01:28:06', 0, '2014-08-05 01:35:33', 0),
(315, 107, 45, 'bank', 1, 0, 35, 1, '2014-07-03 01:28:06', 0, '2014-08-05 01:24:58', 0),
(320, 80, 55, 'retainedEarnings', 1, 0, 1, 1, '2014-07-03 01:46:06', 0, '2014-08-05 01:24:58', 0),
(321, 81, 55, 'profitlostYear', 1, 0, 10, 1, '2014-07-03 01:46:06', 0, '2014-08-05 01:24:58', 0),
(322, 82, 55, 'exchangeVariances', 1, 0, 20, 1, '2014-07-03 01:46:06', 0, '2014-08-05 01:24:58', 0),
(323, 83, 55, 'bankchargesAccount', 1, 0, 30, 1, '2014-07-03 01:46:06', 0, '2014-08-05 01:24:58', 0),
(324, 84, 55, 'rcvacct', 1, 0, 40, 1, '2014-07-03 01:46:06', 0, '2014-08-05 01:24:58', 0),
(325, 85, 55, 'saleacct', 1, 0, 50, 1, '2014-07-03 01:46:06', 0, '2014-08-05 01:24:58', 0),
(326, 86, 55, 'saledisacct', 1, 0, 60, 1, '2014-07-03 01:46:06', 0, '2014-08-05 01:24:58', 0),
(327, 87, 55, 'promptpaydisacct', 1, 0, 70, 1, '2014-07-03 01:46:06', 0, '2014-08-05 01:24:58', 0),
(328, 88, 55, 'commissionexp', 1, 0, 80, 1, '2014-07-03 01:46:06', 0, '2014-08-05 01:24:58', 0),
(329, 89, 55, 'commisionpay', 1, 0, 90, 1, '2014-07-03 01:46:06', 0, '2014-08-05 01:24:58', 0),
(330, 90, 55, 'freightcharges', 1, 0, 100, 1, '2014-07-03 01:46:06', 0, '2014-08-05 01:24:58', 0),
(331, 91, 55, 'exchangediff', 1, 0, 110, 1, '2014-07-03 01:46:06', 0, '2014-08-05 01:24:58', 0),
(332, 92, 55, 'payAcct', 1, 0, 120, 1, '2014-07-03 01:46:06', 0, '2014-08-05 01:24:58', 0),
(333, 93, 55, 'payDisc', 1, 0, 130, 1, '2014-07-03 01:46:06', 0, '2014-08-05 01:24:58', 0),
(334, 94, 55, 'invAcct', 1, 0, 140, 1, '2014-07-03 01:46:06', 0, '2014-08-05 01:24:58', 0),
(335, 95, 55, 'cogs', 1, 0, 150, 1, '2014-07-03 01:46:06', 0, '2014-08-05 01:24:58', 0),
(336, 96, 55, 'invAdjAcct', 1, 0, 160, 1, '2014-07-03 01:46:06', 0, '2014-08-05 01:24:58', 0),
(337, 97, 55, 'gstInputTax', 1, 0, 170, 1, '2014-07-03 01:46:06', 0, '2014-08-05 01:24:58', 0),
(338, 98, 55, 'gstOutTax', 1, 0, 180, 1, '2014-07-03 01:46:06', 0, '2014-08-05 01:24:58', 0),
(339, 99, 55, 'susgstInTax', 1, 0, 190, 1, '2014-07-03 01:46:06', 0, '2014-08-05 01:24:58', 0),
(340, 100, 55, 'susgstOuTax', 1, 0, 200, 1, '2014-07-03 01:46:06', 0, '2014-08-05 01:24:58', 0),
(341, 101, 55, 'gstnoclaim', 1, 0, 210, 1, '2014-07-03 01:46:06', 0, '2014-08-05 01:24:58', 0),
(342, 102, 55, 'imdutypay', 1, 0, 220, 1, '2014-07-03 01:46:06', 0, '2014-08-05 01:24:58', 0),
(343, 103, 55, 'saletaxpay', 1, 0, 230, 1, '2014-07-03 01:46:06', 0, '2014-08-05 01:24:58', 0),
(344, 104, 55, 'servtaxpay', 1, 0, 240, 1, '2014-07-03 01:46:06', 0, '2014-08-05 01:24:58', 0),
(345, 105, 55, 'zakat', 1, 0, 250, 1, '2014-07-03 01:46:06', 0, '2014-08-05 01:35:33', 0),
(346, 107, 55, 'bank', 1, 0, 35, 1, '2014-07-03 01:46:06', 0, '2014-08-05 01:24:58', 0),
(351, 106, 1, 'uninvoiceAP', 1, 43, 165, 1, '2014-07-03 04:42:51', 0, '2014-08-05 01:24:58', 0),
(352, 106, 15, 'uninvoiceAP', 1, 0, 165, 1, '2014-07-03 04:43:04', 0, '2014-08-05 01:24:58', 0),
(353, 106, 27, 'uninvoiceAP', 1, 0, 165, 1, '2014-07-03 04:44:01', 0, '2014-08-05 01:24:58', 0),
(354, 106, 45, 'uninvoiceAP', 1, 0, 165, 1, '2014-07-03 04:44:09', 0, '2014-08-05 01:24:58', 0),
(355, 106, 55, 'uninvoiceAP', 1, 0, 165, 1, '2014-07-03 04:44:42', 0, '2014-08-05 01:24:58', 0),
(356, 80, 75, 'retainedEarnings', 1, 0, 1, 1, '2014-07-21 01:29:15', 0, '2014-08-05 01:20:17', 0),
(357, 81, 75, 'profitlostYear', 1, 0, 10, 1, '2014-07-21 01:29:15', 0, '2014-08-05 01:20:17', 0),
(358, 82, 75, 'exchangeVariances', 1, 0, 20, 1, '2014-07-21 01:29:15', 0, '2014-08-05 01:20:17', 0),
(359, 83, 75, 'bankchargesAccount', 1, 0, 30, 1, '2014-07-21 01:29:15', 0, '2014-08-05 01:20:17', 0),
(360, 84, 75, 'rcvacct', 1, 0, 40, 1, '2014-07-21 01:29:15', 0, '2014-08-05 01:20:17', 0),
(361, 85, 75, 'saleacct', 1, 0, 50, 1, '2014-07-21 01:29:15', 0, '2014-08-05 01:20:17', 0),
(362, 86, 75, 'saledisacct', 1, 0, 60, 1, '2014-07-21 01:29:15', 0, '2014-08-05 01:20:17', 0),
(363, 87, 75, 'promptpaydisacct', 1, 0, 70, 1, '2014-07-21 01:29:15', 0, '2014-08-05 01:20:17', 0),
(364, 88, 75, 'commissionexp', 1, 0, 80, 1, '2014-07-21 01:29:15', 0, '2014-08-05 01:20:17', 0),
(365, 89, 75, 'commisionpay', 1, 0, 90, 1, '2014-07-21 01:29:15', 0, '2014-08-05 01:20:17', 0),
(366, 90, 75, 'freightcharges', 1, 0, 100, 1, '2014-07-21 01:29:15', 0, '2014-08-05 01:20:17', 0),
(367, 91, 75, 'exchangediff', 1, 0, 110, 1, '2014-07-21 01:29:15', 0, '2014-08-05 01:20:17', 0),
(368, 92, 75, 'payAcct', 1, 0, 120, 1, '2014-07-21 01:29:15', 0, '2014-08-05 01:20:17', 0),
(369, 93, 75, 'payDisc', 1, 0, 130, 1, '2014-07-21 01:29:15', 0, '2014-08-05 01:20:17', 0),
(370, 94, 75, 'invAcct', 1, 0, 140, 1, '2014-07-21 01:29:15', 0, '2014-08-05 01:20:17', 0),
(371, 95, 75, 'cogs', 1, 0, 150, 1, '2014-07-21 01:29:15', 0, '2014-08-05 01:20:17', 0),
(372, 96, 75, 'invAdjAcct', 1, 0, 160, 1, '2014-07-21 01:29:15', 0, '2014-08-05 01:20:17', 0),
(373, 97, 75, 'gstInputTax', 1, 0, 170, 1, '2014-07-21 01:29:15', 0, '2014-08-05 01:20:17', 0),
(374, 98, 75, 'gstOutTax', 1, 0, 180, 1, '2014-07-21 01:29:15', 0, '2014-08-05 01:20:17', 0),
(375, 99, 75, 'susgstInTax', 1, 0, 190, 1, '2014-07-21 01:29:15', 0, '2014-08-05 01:20:17', 0),
(376, 100, 75, 'susgstOuTax', 1, 0, 200, 1, '2014-07-21 01:29:15', 0, '2014-08-05 01:20:17', 0),
(377, 101, 75, 'gstnoclaim', 1, 0, 210, 1, '2014-07-21 01:29:15', 0, '2014-08-05 01:20:17', 0),
(378, 102, 75, 'imdutypay', 1, 0, 220, 1, '2014-07-21 01:29:15', 0, '2014-08-05 01:20:17', 0),
(379, 103, 75, 'saletaxpay', 1, 0, 230, 1, '2014-07-21 01:29:15', 0, '2014-08-05 01:20:17', 0),
(380, 104, 75, 'servtaxpay', 1, 0, 240, 1, '2014-07-21 01:29:15', 0, '2014-08-05 01:20:17', 0),
(381, 105, 75, 'zakat', 1, 0, 250, 1, '2014-07-21 01:29:15', 0, '2014-08-05 01:35:33', 0),
(382, 106, 75, 'uninvoiceAP', 1, 0, 165, 1, '2014-07-21 01:29:15', 0, '2014-08-05 01:20:17', 0),
(383, 107, 75, 'bank', 1, 0, 35, 1, '2014-07-21 01:29:15', 0, '2014-08-05 01:20:17', 0),
(387, 80, 81, 'retainedEarnings', 1, 0, 1, 1, '2014-07-21 01:29:36', 0, '2014-08-05 01:20:17', 0),
(388, 81, 81, 'profitlostYear', 1, 0, 10, 1, '2014-07-21 01:29:36', 0, '2014-08-05 01:20:17', 0),
(389, 82, 81, 'exchangeVariances', 1, 0, 20, 1, '2014-07-21 01:29:36', 0, '2014-08-05 01:20:17', 0),
(390, 83, 81, 'bankchargesAccount', 1, 0, 30, 1, '2014-07-21 01:29:36', 0, '2014-08-05 01:20:17', 0),
(391, 84, 81, 'rcvacct', 1, 0, 40, 1, '2014-07-21 01:29:36', 0, '2014-08-05 01:20:17', 0),
(392, 85, 81, 'saleacct', 1, 0, 50, 1, '2014-07-21 01:29:36', 0, '2014-08-05 01:20:17', 0),
(393, 86, 81, 'saledisacct', 1, 0, 60, 1, '2014-07-21 01:29:36', 0, '2014-08-05 01:20:17', 0),
(394, 87, 81, 'promptpaydisacct', 1, 0, 70, 1, '2014-07-21 01:29:36', 0, '2014-08-05 01:20:17', 0),
(395, 88, 81, 'commissionexp', 1, 0, 80, 1, '2014-07-21 01:29:36', 0, '2014-08-05 01:20:17', 0),
(396, 89, 81, 'commisionpay', 1, 0, 90, 1, '2014-07-21 01:29:36', 0, '2014-08-05 01:20:17', 0),
(397, 90, 81, 'freightcharges', 1, 0, 100, 1, '2014-07-21 01:29:36', 0, '2014-08-05 01:20:17', 0),
(398, 91, 81, 'exchangediff', 1, 0, 110, 1, '2014-07-21 01:29:36', 0, '2014-08-05 01:20:17', 0),
(399, 92, 81, 'payAcct', 1, 0, 120, 1, '2014-07-21 01:29:36', 0, '2014-08-05 01:20:17', 0),
(400, 93, 81, 'payDisc', 1, 0, 130, 1, '2014-07-21 01:29:36', 0, '2014-08-05 01:20:17', 0),
(401, 94, 81, 'invAcct', 1, 0, 140, 1, '2014-07-21 01:29:36', 0, '2014-08-05 01:20:17', 0),
(402, 95, 81, 'cogs', 1, 0, 150, 1, '2014-07-21 01:29:36', 0, '2014-08-05 01:20:17', 0),
(403, 96, 81, 'invAdjAcct', 1, 0, 160, 1, '2014-07-21 01:29:36', 0, '2014-08-05 01:20:17', 0),
(404, 97, 81, 'gstInputTax', 1, 0, 170, 1, '2014-07-21 01:29:36', 0, '2014-08-05 01:20:17', 0),
(405, 98, 81, 'gstOutTax', 1, 0, 180, 1, '2014-07-21 01:29:36', 0, '2014-08-05 01:20:17', 0),
(406, 99, 81, 'susgstInTax', 1, 0, 190, 1, '2014-07-21 01:29:36', 0, '2014-08-05 01:20:17', 0),
(407, 100, 81, 'susgstOuTax', 1, 0, 200, 1, '2014-07-21 01:29:36', 0, '2014-08-05 01:20:17', 0),
(408, 101, 81, 'gstnoclaim', 1, 0, 210, 1, '2014-07-21 01:29:36', 0, '2014-08-05 01:20:17', 0),
(409, 102, 81, 'imdutypay', 1, 0, 220, 1, '2014-07-21 01:29:36', 0, '2014-08-05 01:20:17', 0),
(410, 103, 81, 'saletaxpay', 1, 0, 230, 1, '2014-07-21 01:29:36', 0, '2014-08-05 01:20:17', 0),
(411, 104, 81, 'servtaxpay', 1, 0, 240, 1, '2014-07-21 01:29:36', 0, '2014-08-05 01:20:17', 0),
(412, 105, 81, 'zakat', 1, 0, 250, 1, '2014-07-21 01:29:36', 0, '2014-08-05 01:35:33', 0),
(413, 106, 81, 'uninvoiceAP', 1, 0, 165, 1, '2014-07-21 01:29:36', 0, '2014-08-05 01:20:17', 0),
(414, 107, 81, 'bank', 1, 0, 35, 1, '2014-07-21 01:29:36', 0, '2014-08-05 01:20:17', 0),
(418, 80, 82, 'retainedEarnings', 1, 0, 1, 1, '2014-07-21 01:32:18', 0, '2014-08-05 01:20:17', 0),
(419, 81, 82, 'profitlostYear', 1, 0, 10, 1, '2014-07-21 01:32:18', 0, '2014-08-05 01:20:17', 0),
(420, 82, 82, 'exchangeVariances', 1, 0, 20, 1, '2014-07-21 01:32:18', 0, '2014-08-05 01:20:17', 0),
(421, 83, 82, 'bankchargesAccount', 1, 0, 30, 1, '2014-07-21 01:32:18', 0, '2014-08-05 01:20:17', 0),
(422, 84, 82, 'rcvacct', 1, 0, 40, 1, '2014-07-21 01:32:18', 0, '2014-08-05 01:20:17', 0),
(423, 85, 82, 'saleacct', 1, 0, 50, 1, '2014-07-21 01:32:18', 0, '2014-08-05 01:20:17', 0),
(424, 86, 82, 'saledisacct', 1, 0, 60, 1, '2014-07-21 01:32:18', 0, '2014-08-05 01:20:17', 0),
(425, 87, 82, 'promptpaydisacct', 1, 0, 70, 1, '2014-07-21 01:32:18', 0, '2014-08-05 01:20:17', 0),
(426, 88, 82, 'commissionexp', 1, 0, 80, 1, '2014-07-21 01:32:18', 0, '2014-08-05 01:20:17', 0),
(427, 89, 82, 'commisionpay', 1, 0, 90, 1, '2014-07-21 01:32:18', 0, '2014-08-05 01:20:17', 0),
(428, 90, 82, 'freightcharges', 1, 0, 100, 1, '2014-07-21 01:32:18', 0, '2014-08-05 01:20:17', 0),
(429, 91, 82, 'exchangediff', 1, 0, 110, 1, '2014-07-21 01:32:18', 0, '2014-08-05 01:20:17', 0),
(430, 92, 82, 'payAcct', 1, 0, 120, 1, '2014-07-21 01:32:18', 0, '2014-08-05 01:20:17', 0),
(431, 93, 82, 'payDisc', 1, 0, 130, 1, '2014-07-21 01:32:18', 0, '2014-08-05 01:20:17', 0),
(432, 94, 82, 'invAcct', 1, 0, 140, 1, '2014-07-21 01:32:18', 0, '2014-08-05 01:20:17', 0),
(433, 95, 82, 'cogs', 1, 0, 150, 1, '2014-07-21 01:32:18', 0, '2014-08-05 01:20:17', 0),
(434, 96, 82, 'invAdjAcct', 1, 0, 160, 1, '2014-07-21 01:32:18', 0, '2014-08-05 01:20:17', 0),
(435, 97, 82, 'gstInputTax', 1, 0, 170, 1, '2014-07-21 01:32:18', 0, '2014-08-05 01:20:17', 0),
(436, 98, 82, 'gstOutTax', 1, 0, 180, 1, '2014-07-21 01:32:18', 0, '2014-08-05 01:20:17', 0),
(437, 99, 82, 'susgstInTax', 1, 0, 190, 1, '2014-07-21 01:32:18', 0, '2014-08-05 01:20:17', 0),
(438, 100, 82, 'susgstOuTax', 1, 0, 200, 1, '2014-07-21 01:32:18', 0, '2014-08-05 01:20:17', 0),
(439, 101, 82, 'gstnoclaim', 1, 0, 210, 1, '2014-07-21 01:32:18', 0, '2014-08-05 01:20:17', 0),
(440, 102, 82, 'imdutypay', 1, 0, 220, 1, '2014-07-21 01:32:18', 0, '2014-08-05 01:20:17', 0),
(441, 103, 82, 'saletaxpay', 1, 0, 230, 1, '2014-07-21 01:32:18', 0, '2014-08-05 01:20:17', 0),
(442, 104, 82, 'servtaxpay', 1, 0, 240, 1, '2014-07-21 01:32:18', 0, '2014-08-05 01:20:17', 0),
(443, 105, 82, 'zakat', 1, 0, 250, 1, '2014-07-21 01:32:18', 0, '2014-08-05 01:35:33', 0),
(444, 106, 82, 'uninvoiceAP', 1, 0, 165, 1, '2014-07-21 01:32:18', 0, '2014-08-05 01:20:17', 0),
(445, 107, 82, 'bank', 1, 0, 35, 1, '2014-07-21 01:32:18', 0, '2014-08-05 01:20:17', 0),
(449, 112, 1, 'wakafAcrual', 1, 44, 280, 1, '2014-08-01 09:33:47', 0, '2014-08-05 01:24:58', 0),
(450, 112, 2, 'wakafAcrual', 1, 0, 280, 1, '2014-08-01 09:33:47', 0, '2014-08-05 01:24:58', 0),
(451, 112, 3, 'wakafAcrual', 1, 0, 280, 1, '2014-08-01 09:33:47', 0, '2014-08-05 01:24:58', 0),
(452, 112, 4, 'wakafAcrual', 1, 0, 280, 1, '2014-08-01 09:33:47', 0, '2014-08-05 01:24:58', 0),
(453, 112, 5, 'wakafAcrual', 1, 0, 280, 1, '2014-08-01 09:33:47', 0, '2014-08-05 01:24:58', 0),
(454, 112, 6, 'wakafAcrual', 1, 0, 280, 1, '2014-08-01 09:33:47', 0, '2014-08-05 01:24:58', 0),
(455, 112, 7, 'wakafAcrual', 1, 0, 280, 1, '2014-08-01 09:33:47', 0, '2014-08-05 01:24:58', 0),
(456, 112, 8, 'wakafAcrual', 1, 0, 280, 1, '2014-08-01 09:33:47', 0, '2014-08-05 01:24:58', 0),
(457, 112, 9, 'wakafAcrual', 1, 0, 280, 1, '2014-08-01 09:33:47', 0, '2014-08-05 01:24:58', 0),
(458, 112, 10, 'wakafAcrual', 1, 0, 280, 1, '2014-08-01 09:33:47', 0, '2014-08-05 01:24:58', 0),
(459, 112, 11, 'wakafAcrual', 1, 0, 280, 1, '2014-08-01 09:33:47', 0, '2014-08-05 01:24:58', 0),
(460, 112, 12, 'wakafAcrual', 1, 0, 280, 1, '2014-08-01 09:33:47', 0, '2014-08-05 01:24:58', 0),
(461, 112, 13, 'wakafAcrual', 1, 0, 280, 1, '2014-08-01 09:33:47', 0, '2014-08-05 01:24:58', 0),
(462, 112, 14, 'wakafAcrual', 1, 0, 280, 1, '2014-08-01 09:33:47', 0, '2014-08-05 01:24:58', 0),
(463, 112, 15, 'wakafAcrual', 1, 0, 280, 1, '2014-08-01 09:33:47', 0, '2014-08-05 01:24:58', 0),
(464, 112, 16, 'wakafAcrual', 1, 0, 280, 1, '2014-08-01 09:33:47', 0, '2014-08-05 01:24:58', 0),
(465, 112, 17, 'wakafAcrual', 1, 0, 280, 1, '2014-08-01 09:33:47', 0, '2014-08-05 01:24:58', 0),
(466, 112, 18, 'wakafAcrual', 1, 0, 280, 1, '2014-08-01 09:33:47', 0, '2014-08-05 01:24:58', 0),
(467, 112, 19, 'wakafAcrual', 1, 0, 280, 1, '2014-08-01 09:33:47', 0, '2014-08-05 01:24:58', 0),
(468, 112, 20, 'wakafAcrual', 1, 0, 280, 1, '2014-08-01 09:33:47', 0, '2014-08-05 01:24:58', 0),
(469, 112, 21, 'wakafAcrual', 1, 0, 280, 1, '2014-08-01 09:33:47', 0, '2014-08-05 01:24:58', 0),
(470, 112, 22, 'wakafAcrual', 1, 0, 280, 1, '2014-08-01 09:33:47', 0, '2014-08-05 01:24:58', 0),
(471, 112, 23, 'wakafAcrual', 1, 0, 280, 1, '2014-08-01 09:33:47', 0, '2014-08-05 01:24:58', 0),
(472, 112, 24, 'wakafAcrual', 1, 0, 280, 1, '2014-08-01 09:33:47', 0, '2014-08-05 01:24:58', 0),
(473, 112, 25, 'wakafAcrual', 1, 0, 280, 1, '2014-08-01 09:33:47', 0, '2014-08-05 01:24:58', 0),
(474, 112, 26, 'wakafAcrual', 1, 0, 280, 1, '2014-08-01 09:33:47', 0, '2014-08-05 01:24:58', 0),
(475, 112, 27, 'wakafAcrual', 1, 0, 280, 1, '2014-08-01 09:33:47', 0, '2014-08-05 01:24:58', 0),
(476, 112, 28, 'wakafAcrual', 1, 0, 280, 1, '2014-08-01 09:33:47', 0, '2014-08-05 01:24:58', 0),
(477, 112, 29, 'wakafAcrual', 1, 0, 280, 1, '2014-08-01 09:33:47', 0, '2014-08-05 01:24:58', 0),
(478, 112, 30, 'wakafAcrual', 1, 0, 280, 1, '2014-08-01 09:33:47', 0, '2014-08-05 01:24:58', 0),
(479, 112, 31, 'wakafAcrual', 1, 0, 280, 1, '2014-08-01 09:33:47', 0, '2014-08-05 01:24:58', 0),
(480, 112, 32, 'wakafAcrual', 1, 0, 280, 1, '2014-08-01 09:33:47', 0, '2014-08-05 01:24:58', 0),
(481, 112, 33, 'wakafAcrual', 1, 0, 280, 1, '2014-08-01 09:33:47', 0, '2014-08-05 01:24:58', 0),
(482, 112, 34, 'wakafAcrual', 1, 0, 280, 1, '2014-08-01 09:33:47', 0, '2014-08-05 01:24:58', 0),
(483, 112, 35, 'wakafAcrual', 1, 0, 280, 1, '2014-08-01 09:33:47', 0, '2014-08-05 01:24:58', 0),
(484, 112, 36, 'wakafAcrual', 1, 0, 280, 1, '2014-08-01 09:33:47', 0, '2014-08-05 01:24:58', 0),
(485, 112, 37, 'wakafAcrual', 1, 0, 280, 1, '2014-08-01 09:33:47', 0, '2014-08-05 01:24:58', 0),
(486, 112, 38, 'wakafAcrual', 1, 0, 280, 1, '2014-08-01 09:33:47', 0, '2014-08-05 01:24:58', 0),
(487, 112, 39, 'wakafAcrual', 1, 0, 280, 1, '2014-08-01 09:33:47', 0, '2014-08-05 01:24:58', 0),
(488, 112, 40, 'wakafAcrual', 1, 0, 280, 1, '2014-08-01 09:33:47', 0, '2014-08-05 01:24:58', 0),
(489, 112, 41, 'wakafAcrual', 1, 0, 280, 1, '2014-08-01 09:33:47', 0, '2014-08-05 01:24:58', 0),
(490, 112, 42, 'wakafAcrual', 1, 0, 280, 1, '2014-08-01 09:33:47', 0, '2014-08-05 01:24:58', 0),
(491, 112, 43, 'wakafAcrual', 1, 0, 280, 1, '2014-08-01 09:33:47', 0, '2014-08-05 01:24:58', 0),
(492, 112, 44, 'wakafAcrual', 1, 0, 280, 1, '2014-08-01 09:33:47', 0, '2014-08-05 01:24:58', 0),
(493, 112, 45, 'wakafAcrual', 1, 0, 280, 1, '2014-08-01 09:33:47', 0, '2014-08-05 01:24:58', 0),
(494, 112, 46, 'wakafAcrual', 1, 0, 280, 1, '2014-08-01 09:33:47', 0, '2014-08-05 01:24:58', 0),
(495, 112, 52, 'wakafAcrual', 1, 0, 280, 1, '2014-08-01 09:33:47', 0, '2014-08-05 01:24:58', 0),
(496, 112, 53, 'wakafAcrual', 1, 0, 280, 1, '2014-08-01 09:33:47', 0, '2014-08-05 01:24:58', 0),
(497, 112, 54, 'wakafAcrual', 1, 0, 280, 1, '2014-08-01 09:33:47', 0, '2014-08-05 01:24:58', 0),
(498, 112, 55, 'wakafAcrual', 1, 0, 280, 1, '2014-08-01 09:33:47', 0, '2014-08-05 01:24:58', 0),
(499, 112, 56, 'wakafAcrual', 1, 0, 280, 1, '2014-08-01 09:33:47', 0, '2014-08-05 01:24:58', 0),
(500, 112, 57, 'wakafAcrual', 1, 0, 280, 1, '2014-08-01 09:33:47', 0, '2014-08-05 01:24:58', 0),
(501, 112, 74, 'wakafAcrual', 1, 0, 280, 1, '2014-08-01 09:33:47', 0, '2014-08-05 01:24:58', 0),
(502, 112, 75, 'wakafAcrual', 1, 0, 280, 1, '2014-08-01 09:33:47', 0, '2014-08-05 01:24:58', 0),
(503, 112, 76, 'wakafAcrual', 1, 0, 280, 1, '2014-08-01 09:33:47', 0, '2014-08-05 01:24:58', 0),
(504, 112, 81, 'wakafAcrual', 1, 0, 280, 1, '2014-08-01 09:33:47', 0, '2014-08-05 01:24:58', 0),
(505, 112, 82, 'wakafAcrual', 1, 0, 280, 1, '2014-08-01 09:33:47', 0, '2014-08-05 01:24:58', 0),
(512, 80, 7, 'retainedEarnings', 1, 0, 1, 1, '2014-08-04 05:30:13', 0, '2014-08-05 01:20:17', 0),
(513, 81, 7, 'profitlostYear', 1, 0, 10, 1, '2014-08-04 05:30:13', 0, '2014-08-05 01:20:17', 0),
(514, 82, 7, 'exchangeVariances', 1, 0, 20, 1, '2014-08-04 05:30:13', 0, '2014-08-05 01:20:17', 0),
(515, 83, 7, 'bankchargesAccount', 1, 0, 30, 1, '2014-08-04 05:30:13', 0, '2014-08-05 01:20:17', 0),
(516, 84, 7, 'rcvacct', 1, 0, 40, 1, '2014-08-04 05:30:13', 0, '2014-08-05 01:20:17', 0),
(517, 85, 7, 'saleacct', 1, 0, 50, 1, '2014-08-04 05:30:13', 0, '2014-08-05 01:20:17', 0),
(518, 86, 7, 'saledisacct', 1, 0, 60, 1, '2014-08-04 05:30:13', 0, '2014-08-05 01:20:17', 0),
(519, 87, 7, 'promptpaydisacct', 1, 0, 70, 1, '2014-08-04 05:30:13', 0, '2014-08-05 01:20:17', 0),
(520, 88, 7, 'commissionexp', 1, 0, 80, 1, '2014-08-04 05:30:13', 0, '2014-08-05 01:20:17', 0),
(521, 89, 7, 'commisionpay', 1, 0, 90, 1, '2014-08-04 05:30:13', 0, '2014-08-05 01:20:17', 0),
(522, 90, 7, 'freightcharges', 1, 0, 100, 1, '2014-08-04 05:30:13', 0, '2014-08-05 01:20:17', 0),
(523, 91, 7, 'exchangediff', 1, 0, 110, 1, '2014-08-04 05:30:13', 0, '2014-08-05 01:20:17', 0),
(524, 92, 7, 'payAcct', 1, 0, 120, 1, '2014-08-04 05:30:13', 0, '2014-08-05 01:20:17', 0),
(525, 93, 7, 'payDisc', 1, 0, 130, 1, '2014-08-04 05:30:13', 0, '2014-08-05 01:20:17', 0),
(526, 94, 7, 'invAcct', 1, 0, 140, 1, '2014-08-04 05:30:13', 0, '2014-08-05 01:20:17', 0),
(527, 95, 7, 'cogs', 1, 0, 150, 1, '2014-08-04 05:30:13', 0, '2014-08-05 01:20:17', 0),
(528, 96, 7, 'invAdjAcct', 1, 0, 160, 1, '2014-08-04 05:30:13', 0, '2014-08-05 01:20:17', 0),
(529, 97, 7, 'gstInputTax', 1, 0, 170, 1, '2014-08-04 05:30:13', 0, '2014-08-05 01:20:17', 0),
(530, 98, 7, 'gstOutTax', 1, 0, 180, 1, '2014-08-04 05:30:13', 0, '2014-08-05 01:20:17', 0),
(531, 99, 7, 'susgstInTax', 1, 0, 190, 1, '2014-08-04 05:30:13', 0, '2014-08-05 01:20:17', 0),
(532, 100, 7, 'susgstOuTax', 1, 0, 200, 1, '2014-08-04 05:30:13', 0, '2014-08-05 01:20:17', 0),
(533, 101, 7, 'gstnoclaim', 1, 0, 210, 1, '2014-08-04 05:30:13', 0, '2014-08-05 01:20:17', 0),
(534, 102, 7, 'imdutypay', 1, 0, 220, 1, '2014-08-04 05:30:13', 0, '2014-08-05 01:20:17', 0),
(535, 103, 7, 'saletaxpay', 1, 0, 230, 1, '2014-08-04 05:30:13', 0, '2014-08-05 01:20:17', 0),
(536, 104, 7, 'servtaxpay', 1, 0, 240, 1, '2014-08-04 05:30:13', 0, '2014-08-05 01:20:17', 0),
(537, 105, 7, 'zakat', 1, 0, 250, 1, '2014-08-04 05:30:13', 0, '2014-08-05 01:35:33', 0),
(538, 106, 7, 'uninvoiceAP', 1, 0, 165, 1, '2014-08-04 05:30:13', 0, '2014-08-05 01:20:17', 0),
(539, 107, 7, 'bank', 1, 0, 35, 1, '2014-08-04 05:30:13', 0, '2014-08-05 01:20:17', 0),
(543, 114, 7, 'zakatPayable', 1, 0, 260, 1, '2014-08-04 07:30:19', 0, '2014-08-05 01:24:58', 0),
(544, 115, 7, 'wakafExpense', 1, 0, 270, 1, '2014-08-04 07:30:19', 0, '2014-08-05 01:24:58', 0),
(546, 114, 1, 'zakatPayable', 0, 1, 260, 1, '2014-08-04 08:22:00', 0, '2014-08-05 01:24:58', 0),
(547, 115, 1, 'wakafExpense', 0, 1, 270, 1, '2014-08-04 08:22:00', 0, '2014-08-05 01:24:58', 0),
(549, 114, 81, 'zakatPayable', 1, 0, 260, 1, '2014-08-04 09:08:43', 0, '2014-08-05 01:24:58', 0),
(550, 115, 81, 'wakafExpense', 1, 0, 270, 1, '2014-08-04 09:08:43', 0, '2014-08-05 01:24:58', 0),
(552, 80, 5, 'retainedEarnings', 1, 0, 1, 1, '2014-08-04 09:43:28', 0, '2014-08-05 01:20:17', 0),
(553, 81, 5, 'profitlostYear', 1, 0, 10, 1, '2014-08-04 09:43:28', 0, '2014-08-05 01:20:17', 0),
(554, 82, 5, 'exchangeVariances', 1, 0, 20, 1, '2014-08-04 09:43:28', 0, '2014-08-05 01:20:17', 0),
(555, 83, 5, 'bankchargesAccount', 1, 0, 30, 1, '2014-08-04 09:43:28', 0, '2014-08-05 01:20:17', 0),
(556, 84, 5, 'rcvacct', 1, 0, 40, 1, '2014-08-04 09:43:28', 0, '2014-08-05 01:20:17', 0),
(557, 85, 5, 'saleacct', 1, 0, 50, 1, '2014-08-04 09:43:28', 0, '2014-08-05 01:20:17', 0),
(558, 86, 5, 'saledisacct', 1, 0, 60, 1, '2014-08-04 09:43:28', 0, '2014-08-05 01:20:17', 0),
(559, 87, 5, 'promptpaydisacct', 1, 0, 70, 1, '2014-08-04 09:43:28', 0, '2014-08-05 01:20:17', 0),
(560, 88, 5, 'commissionexp', 1, 0, 80, 1, '2014-08-04 09:43:28', 0, '2014-08-05 01:20:17', 0),
(561, 89, 5, 'commisionpay', 1, 0, 90, 1, '2014-08-04 09:43:28', 0, '2014-08-05 01:20:17', 0),
(562, 90, 5, 'freightcharges', 1, 0, 100, 1, '2014-08-04 09:43:28', 0, '2014-08-05 01:20:17', 0),
(563, 91, 5, 'exchangediff', 1, 0, 110, 1, '2014-08-04 09:43:28', 0, '2014-08-05 01:20:17', 0),
(564, 92, 5, 'payAcct', 1, 0, 120, 1, '2014-08-04 09:43:28', 0, '2014-08-05 01:20:17', 0),
(565, 93, 5, 'payDisc', 1, 0, 130, 1, '2014-08-04 09:43:28', 0, '2014-08-05 01:20:17', 0),
(566, 94, 5, 'invAcct', 1, 0, 140, 1, '2014-08-04 09:43:28', 0, '2014-08-05 01:20:17', 0),
(567, 95, 5, 'cogs', 1, 0, 150, 1, '2014-08-04 09:43:28', 0, '2014-08-05 01:20:17', 0),
(568, 96, 5, 'invAdjAcct', 1, 0, 160, 1, '2014-08-04 09:43:28', 0, '2014-08-05 01:20:17', 0),
(569, 97, 5, 'gstInputTax', 1, 0, 170, 1, '2014-08-04 09:43:28', 0, '2014-08-05 01:20:17', 0),
(570, 98, 5, 'gstOutTax', 1, 0, 180, 1, '2014-08-04 09:43:28', 0, '2014-08-05 01:20:17', 0),
(571, 99, 5, 'susgstInTax', 1, 0, 190, 1, '2014-08-04 09:43:28', 0, '2014-08-05 01:20:17', 0),
(572, 100, 5, 'susgstOuTax', 1, 0, 200, 1, '2014-08-04 09:43:28', 0, '2014-08-05 01:20:17', 0),
(573, 101, 5, 'gstnoclaim', 1, 0, 210, 1, '2014-08-04 09:43:28', 0, '2014-08-05 01:20:17', 0),
(574, 102, 5, 'imdutypay', 1, 0, 220, 1, '2014-08-04 09:43:28', 0, '2014-08-05 01:20:17', 0),
(575, 103, 5, 'saletaxpay', 1, 0, 230, 1, '2014-08-04 09:43:28', 0, '2014-08-05 01:20:17', 0),
(576, 104, 5, 'servtaxpay', 1, 0, 240, 1, '2014-08-04 09:43:28', 0, '2014-08-05 01:20:17', 0),
(577, 105, 5, 'zakat', 1, 0, 250, 1, '2014-08-04 09:43:28', 0, '2014-08-05 01:35:33', 0),
(578, 106, 5, 'uninvoiceAP', 1, 0, 165, 1, '2014-08-04 09:43:28', 0, '2014-08-05 01:20:17', 0),
(579, 107, 5, 'bank', 1, 0, 35, 1, '2014-08-04 09:43:28', 0, '2014-08-05 01:20:17', 0),
(580, 114, 5, 'zakatPayable', 1, 0, 260, 1, '2014-08-04 09:43:28', 0, '2014-08-05 01:24:58', 0),
(581, 115, 5, 'wakafExpense', 1, 0, 270, 1, '2014-08-04 09:43:28', 0, '2014-08-05 01:24:58', 0),
(583, 114, 75, 'zakatPayable', 1, 0, 260, 1, '2014-08-05 00:52:48', 0, '2014-08-05 01:24:58', 0),
(584, 115, 75, 'wakafExpense', 1, 0, 270, 1, '2014-08-05 00:52:48', 0, '2014-08-05 01:24:58', 0),
(586, 80, 2, 'retainedEarnings', 1, 0, 1, 1, '2014-08-05 01:16:07', 0, '2014-08-05 01:20:17', 0),
(587, 81, 2, 'profitlostYear', 1, 0, 10, 1, '2014-08-05 01:16:07', 0, '2014-08-05 01:20:17', 0),
(588, 82, 2, 'exchangeVariances', 1, 0, 20, 1, '2014-08-05 01:16:07', 0, '2014-08-05 01:20:17', 0),
(589, 83, 2, 'bankchargesAccount', 1, 0, 30, 1, '2014-08-05 01:16:07', 0, '2014-08-05 01:20:17', 0),
(590, 84, 2, 'rcvacct', 1, 0, 40, 1, '2014-08-05 01:16:07', 0, '2014-08-05 01:20:17', 0),
(591, 85, 2, 'saleacct', 1, 0, 50, 1, '2014-08-05 01:16:07', 0, '2014-08-05 01:20:17', 0),
(592, 86, 2, 'saledisacct', 1, 0, 60, 1, '2014-08-05 01:16:07', 0, '2014-08-05 01:20:17', 0),
(593, 87, 2, 'promptpaydisacct', 1, 0, 70, 1, '2014-08-05 01:16:07', 0, '2014-08-05 01:20:17', 0),
(594, 88, 2, 'commissionexp', 1, 0, 80, 1, '2014-08-05 01:16:07', 0, '2014-08-05 01:20:17', 0),
(595, 89, 2, 'commisionpay', 1, 0, 90, 1, '2014-08-05 01:16:07', 0, '2014-08-05 01:20:17', 0),
(596, 90, 2, 'freightcharges', 1, 0, 100, 1, '2014-08-05 01:16:07', 0, '2014-08-05 01:20:17', 0),
(597, 91, 2, 'exchangediff', 1, 0, 110, 1, '2014-08-05 01:16:07', 0, '2014-08-05 01:20:17', 0),
(598, 92, 2, 'payAcct', 1, 0, 120, 1, '2014-08-05 01:16:07', 0, '2014-08-05 01:20:17', 0),
(599, 93, 2, 'payDisc', 1, 0, 130, 1, '2014-08-05 01:16:07', 0, '2014-08-05 01:20:17', 0),
(600, 94, 2, 'invAcct', 1, 0, 140, 1, '2014-08-05 01:16:07', 0, '2014-08-05 01:20:17', 0),
(601, 95, 2, 'cogs', 1, 0, 150, 1, '2014-08-05 01:16:07', 0, '2014-08-05 01:20:17', 0),
(602, 96, 2, 'invAdjAcct', 1, 0, 160, 1, '2014-08-05 01:16:07', 0, '2014-08-05 01:20:17', 0),
(603, 97, 2, 'gstInputTax', 1, 0, 170, 1, '2014-08-05 01:16:07', 0, '2014-08-05 01:20:17', 0),
(604, 98, 2, 'gstOutTax', 1, 0, 180, 1, '2014-08-05 01:16:07', 0, '2014-08-05 01:20:17', 0),
(605, 99, 2, 'susgstInTax', 1, 0, 190, 1, '2014-08-05 01:16:07', 0, '2014-08-05 01:20:17', 0),
(606, 100, 2, 'susgstOuTax', 1, 0, 200, 1, '2014-08-05 01:16:07', 0, '2014-08-05 01:20:17', 0),
(607, 101, 2, 'gstnoclaim', 1, 0, 210, 1, '2014-08-05 01:16:07', 0, '2014-08-05 01:20:17', 0),
(608, 102, 2, 'imdutypay', 1, 0, 220, 1, '2014-08-05 01:16:07', 0, '2014-08-05 01:20:17', 0),
(609, 103, 2, 'saletaxpay', 1, 0, 230, 1, '2014-08-05 01:16:07', 0, '2014-08-05 01:20:17', 0),
(610, 104, 2, 'servtaxpay', 1, 0, 240, 1, '2014-08-05 01:16:07', 0, '2014-08-05 01:20:17', 0),
(611, 105, 2, 'zakat', 1, 0, 250, 1, '2014-08-05 01:16:07', 0, '2014-08-05 01:35:33', 0),
(612, 106, 2, 'uninvoiceAP', 1, 0, 165, 1, '2014-08-05 01:16:07', 0, '2014-08-05 01:20:17', 0),
(613, 107, 2, 'bank', 1, 0, 35, 1, '2014-08-05 01:16:07', 0, '2014-08-05 01:20:17', 0),
(614, 114, 2, 'zakatPayable', 1, 0, 260, 1, '2014-08-05 01:16:07', 0, '2014-08-05 01:24:58', 0),
(615, 115, 2, 'wakafExpense', 1, 0, 270, 1, '2014-08-05 01:16:07', 0, '2014-08-05 01:24:58', 0),
(617, 80, 84, 'retainedEarnings', 1, 0, 1, 1, '2014-08-05 01:30:24', 0, '0000-00-00 00:00:00', 0),
(618, 81, 84, 'profitlostYear', 1, 0, 10, 1, '2014-08-05 01:30:24', 0, '0000-00-00 00:00:00', 0),
(619, 82, 84, 'exchangeVariances', 1, 0, 20, 1, '2014-08-05 01:30:24', 0, '0000-00-00 00:00:00', 0),
(620, 83, 84, 'bankchargesAccount', 1, 0, 30, 1, '2014-08-05 01:30:24', 0, '0000-00-00 00:00:00', 0),
(621, 84, 84, 'rcvacct', 1, 0, 40, 1, '2014-08-05 01:30:24', 0, '0000-00-00 00:00:00', 0),
(622, 85, 84, 'saleacct', 1, 0, 50, 1, '2014-08-05 01:30:24', 0, '0000-00-00 00:00:00', 0),
(623, 86, 84, 'saledisacct', 1, 0, 60, 1, '2014-08-05 01:30:24', 0, '0000-00-00 00:00:00', 0),
(624, 87, 84, 'promptpaydisacct', 1, 0, 70, 1, '2014-08-05 01:30:24', 0, '0000-00-00 00:00:00', 0),
(625, 88, 84, 'commissionexp', 1, 0, 80, 1, '2014-08-05 01:30:24', 0, '0000-00-00 00:00:00', 0),
(626, 89, 84, 'commisionpay', 1, 0, 90, 1, '2014-08-05 01:30:24', 0, '0000-00-00 00:00:00', 0),
(627, 90, 84, 'freightcharges', 1, 0, 100, 1, '2014-08-05 01:30:24', 0, '0000-00-00 00:00:00', 0),
(628, 91, 84, 'exchangediff', 1, 0, 110, 1, '2014-08-05 01:30:24', 0, '0000-00-00 00:00:00', 0),
(629, 92, 84, 'payAcct', 1, 0, 120, 1, '2014-08-05 01:30:24', 0, '0000-00-00 00:00:00', 0),
(630, 93, 84, 'payDisc', 1, 0, 130, 1, '2014-08-05 01:30:24', 0, '0000-00-00 00:00:00', 0),
(631, 94, 84, 'invAcct', 1, 0, 140, 1, '2014-08-05 01:30:24', 0, '0000-00-00 00:00:00', 0),
(632, 95, 84, 'cogs', 1, 0, 150, 1, '2014-08-05 01:30:24', 0, '0000-00-00 00:00:00', 0),
(633, 96, 84, 'invAdjAcct', 1, 0, 160, 1, '2014-08-05 01:30:24', 0, '0000-00-00 00:00:00', 0),
(634, 97, 84, 'gstInputTax', 1, 0, 170, 1, '2014-08-05 01:30:24', 0, '0000-00-00 00:00:00', 0),
(635, 98, 84, 'gstOutTax', 1, 0, 180, 1, '2014-08-05 01:30:24', 0, '0000-00-00 00:00:00', 0),
(636, 99, 84, 'susgstInTax', 1, 0, 190, 1, '2014-08-05 01:30:24', 0, '0000-00-00 00:00:00', 0),
(637, 100, 84, 'susgstOuTax', 1, 0, 200, 1, '2014-08-05 01:30:24', 0, '0000-00-00 00:00:00', 0),
(638, 101, 84, 'gstnoclaim', 1, 0, 210, 1, '2014-08-05 01:30:24', 0, '0000-00-00 00:00:00', 0),
(639, 102, 84, 'imdutypay', 1, 0, 220, 1, '2014-08-05 01:30:24', 0, '0000-00-00 00:00:00', 0),
(640, 103, 84, 'saletaxpay', 1, 0, 230, 1, '2014-08-05 01:30:24', 0, '0000-00-00 00:00:00', 0),
(641, 104, 84, 'servtaxpay', 1, 0, 240, 1, '2014-08-05 01:30:24', 0, '0000-00-00 00:00:00', 0),
(642, 105, 84, 'zakat', 1, 0, 7, 1, '2014-08-05 01:30:24', 0, '2014-08-05 01:31:29', 0),
(643, 106, 84, 'uninvoiceAP', 1, 0, 165, 1, '2014-08-05 01:30:24', 0, '0000-00-00 00:00:00', 0),
(644, 107, 84, 'bank', 1, 0, 35, 1, '2014-08-05 01:30:24', 0, '0000-00-00 00:00:00', 0),
(645, 112, 84, 'wakafAcrual', 1, 0, 280, 1, '2014-08-05 01:30:24', 0, '0000-00-00 00:00:00', 0),
(646, 114, 84, 'zakatPayable', 1, 0, 260, 1, '2014-08-05 01:30:24', 0, '0000-00-00 00:00:00', 0),
(647, 115, 84, 'wakafExpense', 1, 0, 270, 1, '2014-08-05 01:30:24', 0, '0000-00-00 00:00:00', 0);

-- --------------------------------------------------------

--
