-- Table structure for table `comp_supplier_creditnote_detail`
--

CREATE TABLE IF NOT EXISTS `comp_supplier_creditnote_detail` (
  `ID` int(11) NOT NULL AUTO_INCREMENT,
  `creditnoteID` int(11) NOT NULL,
  `invoiceDetailID` int(11) NOT NULL,
  `lineNo` int(11) NOT NULL,
  `itemID` int(11) NOT NULL,
  `itemname` varchar(64) NOT NULL,
  `itemdescription` text NOT NULL,
  `umID` int(11) NOT NULL,
  `quantity` int(11) NOT NULL,
  `unitPrice` double NOT NULL,
  `amountExcludedTax` double NOT NULL,
  `taxID` int(11) NOT NULL,
  `taxRate` double NOT NULL,
  `taxAmount` double NOT NULL,
  `amountIncludedTax` double NOT NULL,
  `accountID` int(11) NOT NULL,
  `createdBy` int(11) NOT NULL,
  `createdTS` timestamp NOT NULL DEFAULT CURRENT_TIMESTAMP ON UPDATE CURRENT_TIMESTAMP,
  `updatedBy` int(11) NOT NULL,
  `updatedTS` timestamp NOT NULL DEFAULT '0000-00-00 00:00:00',
  PRIMARY KEY (`ID`)
) ENGINE=InnoDB  DEFAULT CHARSET=latin1 AUTO_INCREMENT=84 ;

--
-- Dumping data for table `comp_supplier_creditnote_detail`
--

INSERT INTO `comp_supplier_creditnote_detail` (`ID`, `creditnoteID`, `invoiceDetailID`, `lineNo`, `itemID`, `itemname`, `itemdescription`, `umID`, `quantity`, `unitPrice`, `amountExcludedTax`, `taxID`, `taxRate`, `taxAmount`, `amountIncludedTax`, `accountID`, `createdBy`, `createdTS`, `updatedBy`, `updatedTS`) VALUES
(1, 1, 0, 1, 4, 'Plastic Chair - Blue', '331000100', 0, 2, 120, 240, 1, 6, 14.4, 254.4, 0, 1, '2014-06-17 05:35:04', 0, '0000-00-00 00:00:00'),
(2, 1, 0, 2, 7, 'Plastic Chair - Red', '331000200', 0, 5, 12, 60, 18, 6, 3.6, 63.6, 0, 1, '2014-06-17 05:35:06', 0, '0000-00-00 00:00:00'),
(3, 2, 0, 1, 8, 'Plastic Chair - White', '331000300', 0, 100, 34, 3400, 28, 10, 340, 3740, 0, 1, '2014-06-17 05:35:07', 0, '0000-00-00 00:00:00'),
(4, 2, 0, 2, 9, 'Nasi Goreng Ayam', '501012000', 0, 25, 23, 575, 10, 6, 34.5, 609.5, 0, 1, '2014-06-17 05:35:09', 0, '0000-00-00 00:00:00'),
(5, 3, 0, 1, 2, 'Steel chair for outdoor', '100300100', 0, 200, 300, 60000, 1, 6, 3600, 63600, 0, 1, '2014-06-17 05:35:10', 0, '0000-00-00 00:00:00'),
(6, 3, 0, 2, 2, 'Steel chair for outdoor', '100300100', 0, 5, 290, 1450, 1, 6, 87, 1537, 0, 1, '2014-06-17 05:35:12', 0, '0000-00-00 00:00:00'),
(7, 4, 0, 0, 0, '0', 'Teak wooden chair with natural finish', 0, 2, 10, 20, 0, 6, 1.2, 21.2, 0, 16, '2014-06-23 05:06:24', 0, '0000-00-00 00:00:00'),
(8, 5, 0, 0, 1, '0', 'Teak wooden chair with natural finish', 0, 12, 12, 144, 0, 6, 8.64, 152.64, 0, 16, '2014-06-23 07:36:57', 0, '0000-00-00 00:00:00'),
(9, 5, 0, 0, 0, '0', 'Teak wooden chair with natural finish', 0, 12, 12, 144, 0, 6, 8.64, 152.64, 0, 16, '2014-06-23 07:38:23', 0, '0000-00-00 00:00:00'),
(10, 6, 0, 0, 7, '0', 'Plastic Chair - Red', 0, 12, 2, 28, 5, 12, 3376.8, 31516.8, 0, 16, '2014-06-23 07:51:34', 0, '0000-00-00 00:00:00'),
(11, 6, 0, 0, 0, '0', 'Teak wooden chair with natural finish', 0, 12, 12, 144, 0, 6, 8.64, 152.64, 0, 16, '2014-06-23 07:51:57', 0, '0000-00-00 00:00:00'),
(12, 7, 0, 0, 1, '0', 'Teak wooden chair with natural finish', 0, 1, 0.12, 0, 0, 6, 0.0072, 0.1272, 0, 16, '2014-06-23 08:00:38', 0, '0000-00-00 00:00:00'),
(13, 7, 0, 0, 0, '0', 'Plastic Chair - Red', 0, 12, 2, 28, 0, 1, 281.4, 28421.4, 0, 16, '2014-06-23 08:00:54', 0, '0000-00-00 00:00:00'),
(14, 8, 0, 0, 1, '0', 'Teak wooden chair with natural finish', 0, 12, 12, 144, 0, 6, 8.64, 152.64, 0, 16, '2014-06-23 08:02:28', 0, '0000-00-00 00:00:00'),
(15, 8, 0, 0, 0, '0', 'Plastic Chair - Red', 0, 1, 2, 2, 0, 0, 0, 2345, 0, 16, '2014-06-23 08:02:39', 0, '0000-00-00 00:00:00'),
(16, 13, 0, 0, 7, '0', 'Plastic Chair - Red', 0, 1, 2, 2, 0, 0, 0, 2345, 0, 16, '2014-06-23 11:03:41', 0, '0000-00-00 00:00:00'),
(17, 0, 0, 0, 4, '', 'Plastic Chair - Blue', 0, 1, 0.12, 0, 1, 0, 0, 0.12, 0, 16, '2014-06-23 11:09:19', 0, '0000-00-00 00:00:00'),
(18, 14, 0, 0, 4, '0', 'Plastic Chair - Blue', 0, 1, 120, 120, 4, 1, 1.2, 121.2, 0, 16, '2014-06-23 11:15:20', 0, '0000-00-00 00:00:00'),
(19, 14, 0, 0, 4, '', 'Plastic Chair - Blue', 0, 1, 12, 12, 1, 1, 0.12, 12.12, 0, 16, '2014-06-23 11:15:42', 0, '0000-00-00 00:00:00'),
(20, 17, 0, 0, 4, '', 'Plastic Chair - Blue', 0, 12, 0, 0, 1, 0, 0, 0, 0, 16, '2014-06-23 11:29:21', 0, '0000-00-00 00:00:00'),
(21, 17, 0, 0, 4, '', 'Plastic Chair - Blue', 0, 2, 12, 24, 6, 1, 0.24, 24.24, 0, 16, '2014-06-23 11:30:03', 0, '0000-00-00 00:00:00'),
(22, 18, 0, 1, 1, '0', 'Teak wooden chair with natural finish', 0, 2, 12, 24, 13, 6, 1.44, 25.44, 0, 16, '2014-06-24 01:18:33', 0, '0000-00-00 00:00:00'),
(23, 18, 0, 2, 7, '', 'Plastic Chair - Red', 0, 12, 2, 28, 0, 21, 5909.4, 34049.4, 0, 16, '2014-06-24 01:19:41', 0, '0000-00-00 00:00:00'),
(24, 19, 0, 1, 4, '0', 'Plastic Chair - Blue', 0, 1, 1, 1, 1, 0, 0, 1, 0, 16, '2014-06-24 01:26:34', 0, '0000-00-00 00:00:00'),
(25, 20, 0, 1, 4, '0', 'Plastic Chair - Blue', 0, 1, 1, 1, 1, 6, 0.06, 1.06, 0, 16, '2014-06-24 02:55:48', 16, '0000-00-00 00:00:00'),
(26, 20, 0, 2, 7, '', 'Plastic Chair - Red', 0, 12, 2, 28, 0, 1, 281.4, 28421.4, 0, 16, '2014-06-24 01:30:15', 0, '0000-00-00 00:00:00'),
(31, 20, 0, 3, 1, '', 'Teak wooden chair with natural finish', 0, 1, 0, 10, 0, 6, 0.6, 10.6, 0, 16, '2014-07-07 04:12:19', 16, '0000-00-00 00:00:00'),
(32, 21, 0, 1, 1, '0', 'Teak wooden chair with natural finish', 0, 1, 1, 1, 0, 6, 0.06, 1.06, 0, 16, '2014-07-14 04:45:59', 0, '0000-00-00 00:00:00'),
(33, 21, 0, 2, 1, '', 'Teak wooden chair with natural finish', 0, 1, 1, 1, 0, 6, 0.06, 1.06, 0, 16, '2014-07-14 04:52:24', 0, '0000-00-00 00:00:00'),
(34, 22, 0, 1, 1, '0', 'Teak wooden chair with natural finish', 0, 1, 1, 1, 0, 6, 0.06, 1.06, 0, 16, '2014-07-14 04:55:42', 0, '0000-00-00 00:00:00'),
(35, 22, 0, 2, 4, '', 'Plastic Chair - Blue', 0, 2, 2, 4, 1, 0, 0, 4, 0, 16, '2014-07-14 04:56:38', 0, '0000-00-00 00:00:00'),
(36, 23, 0, 1, 7, '0', 'Plastic Chair - Red', 0, 1, 1, 1, 1, 6, 0.06, 1.06, 0, 16, '2014-07-14 05:03:55', 0, '0000-00-00 00:00:00'),
(37, 24, 0, 1, 7, '0', 'Plastic Chair - Red', 0, 1, 1, 1, 0, 0, 0, 1, 0, 16, '2014-07-14 05:08:21', 0, '0000-00-00 00:00:00'),
(38, 24, 0, 2, 1, '', 'Teak wooden chair with natural finish', 0, 1, 0.01, 0, 0, 6, 0.0006, 0.01, 0, 16, '2014-07-14 05:08:53', 0, '0000-00-00 00:00:00'),
(39, 25, 0, 1, 1, '0', 'Teak wooden chair with natural finish', 0, 1, 1, 1, 0, 6, 0.06, 1.06, 0, 16, '2014-07-14 05:10:22', 0, '0000-00-00 00:00:00'),
(40, 25, 0, 2, 1, '', 'Teak wooden chair with natural finish', 0, 1, 1, 1, 0, 6, 0.06, 1.06, 0, 16, '2014-07-14 05:18:41', 0, '0000-00-00 00:00:00'),
(43, 27, 0, 1, 25, '0', 'Table with Glass', 0, 1, 10, 10, 782, 6, 0.6, 10.6, 0, 16, '2014-09-18 05:59:28', 0, '0000-00-00 00:00:00'),
(44, 28, 0, 1, 25, '0', 'Table with Glass', 0, 1, 10, 10, 782, 6, 0.6, 10.6, 0, 16, '2014-09-18 05:59:47', 0, '0000-00-00 00:00:00'),
(45, 29, 0, 1, 25, '0', 'Table with Glass', 0, 1, 10, 10, 782, 6, 0.6, 10.6, 0, 16, '2014-09-18 06:02:11', 0, '0000-00-00 00:00:00'),
(46, 30, 0, 1, 25, '0', 'Table with Glass', 0, 1, 10, 10, 782, 6, 0.6, 10.6, 0, 16, '2014-09-18 06:10:09', 0, '0000-00-00 00:00:00'),
(47, 30, 0, 2, 27, '', 'STAT', 0, 1, 10, 10, 782, 6, 0.6, 10.6, 0, 16, '2014-09-18 06:11:22', 0, '0000-00-00 00:00:00'),
(48, 31, 0, 1, 27, '0', 'STAT', 0, 1, 10, 10, 787, 0, 0, 10, 0, 16, '2014-09-18 06:27:17', 0, '0000-00-00 00:00:00'),
(49, 32, 0, 1, 27, '0', 'STAT', 0, 1, 10, 10, 787, 0, 0, 10, 0, 16, '2014-09-18 06:27:21', 0, '0000-00-00 00:00:00'),
(50, 33, 0, 1, 27, '0', 'STAT', 0, 1, 10, 10, 787, 0, 0, 10, 0, 16, '2014-09-18 06:27:31', 0, '0000-00-00 00:00:00'),
(51, 34, 0, 1, 27, '0', 'STAT', 0, 1, 10, 10, 787, 0, 0, 10, 0, 16, '2014-09-18 06:27:49', 0, '0000-00-00 00:00:00'),
(52, 34, 0, 2, 27, '', 'STAT', 0, 1, 10, 10, 782, 6, 0.6, 10.6, 0, 16, '2014-09-18 07:23:49', 0, '0000-00-00 00:00:00'),
(54, 35, 0, 2, 29, '', 'Laptop Dell', 0, 23, 123, 2, 782, 6, 169.74, 2, 0, 16, '2014-09-19 09:23:39', 0, '0000-00-00 00:00:00'),
(55, 38, 0, 1, 25, '0', 'Table with Glass', 0, 12, 10, 120, 782, 6, 7.2, 127.2, 0, 16, '2014-09-23 03:42:35', 0, '0000-00-00 00:00:00'),
(56, 39, 0, 1, 29, '0', 'Laptop Dell', 2, 1, 10, 10, 787, 0, 0, 10, 0, 16, '2014-10-21 02:23:09', 16, '0000-00-00 00:00:00'),
(57, 39, 0, 2, 26, '', 'Chair with Cover', 30, 2, 10, 20, 782, 6, 1.2, 21.2, 0, 16, '2014-10-21 02:34:46', 16, '0000-00-00 00:00:00'),
(58, 40, 0, 1, 27, '0', 'STAT', 2, 1, 10, 10, 787, 0, 0, 10, 0, 16, '2014-10-21 03:15:01', 0, '0000-00-00 00:00:00'),
(59, 41, 0, 1, 0, '0', 'Chair with Cover', 1, 1, 10, 10, 782, 6, 0.6, 10.6, 0, 16, '2014-10-23 00:59:50', 0, '0000-00-00 00:00:00'),
(60, 42, 0, 1, 0, '0', 'Chair with Cover', 1, 0, 10, 0, 782, 6, 0, 0, 0, 16, '2014-10-23 02:03:04', 0, '0000-00-00 00:00:00'),
(61, 42, 0, 2, 0, '', 'Chair with Cover', 1, 0, 10, 0, 782, 6, 0, 0, 0, 16, '2014-10-23 02:03:47', 0, '0000-00-00 00:00:00'),
(62, 43, 0, 1, 26, '0', 'Chair with Cover', 1, 0, 10, 0, 782, 6, 0, 0, 0, 16, '2014-10-23 02:25:56', 0, '0000-00-00 00:00:00'),
(63, 43, 0, 2, 26, '', 'Chair with Cover', 1, 0, 10, 0, 782, 6, 0, 0, 0, 16, '2014-10-23 02:26:05', 0, '0000-00-00 00:00:00'),
(64, 44, 0, 1, 26, '0', 'Chair with Cover', 1, 0, 10, 0, 782, 6, 0, 0, 0, 16, '2014-10-23 02:27:06', 0, '0000-00-00 00:00:00'),
(65, 44, 0, 2, 29, '', 'Laptop Dell', 2, 0, 30, 0, 782, 6, 0, 0, 0, 16, '2014-10-23 02:27:37', 0, '0000-00-00 00:00:00'),
(66, 45, 0, 1, 26, '0', 'Chair with Cover', 1, 1, 20, 20, 787, 0, 0, 20, 0, 16, '2014-10-23 02:30:38', 0, '0000-00-00 00:00:00'),
(67, 45, 0, 2, 29, '', 'Laptop Dell', 1, 1, 10, 10, 787, 0, 0, 10, 0, 16, '2014-10-23 02:30:51', 0, '0000-00-00 00:00:00'),
(68, 46, 0, 1, 27, '0', 'STAT', 2, 5, 0, 0, 787, 0, 0, 0, 0, 16, '2014-10-23 02:32:08', 0, '0000-00-00 00:00:00'),
(69, 46, 0, 2, 26, '', 'Chair with Cover', 1, 1, 20, 20, 787, 0, 0, 20, 0, 16, '2014-10-23 02:32:23', 0, '0000-00-00 00:00:00'),
(70, 47, 0, 1, 26, '0', 'Chair with Cover', 2, 1, 10, 10, 782, 6, 0.6, 10.6, 0, 16, '2014-10-23 02:50:02', 0, '0000-00-00 00:00:00'),
(71, 48, 0, 1, 26, '0', 'Chair with Cover', 2, 1, 10, 10, 782, 6, 0.6, 10.6, 0, 16, '2014-10-23 02:50:42', 0, '0000-00-00 00:00:00'),
(72, 49, 0, 1, 29, '0', 'Laptop Dell', 1, 2, 30, 60, 782, 6, 3.6, 63.6, 0, 16, '2014-10-23 08:22:41', 0, '0000-00-00 00:00:00'),
(73, 41, 0, 1, 0, '', '', 0, 0, 0, 0, 0, 0, 0, 0, 0, 16, '2014-10-24 03:57:04', 0, '0000-00-00 00:00:00'),
(74, 50, 537, 1, 29, '0', 'Laptop Dell', 1, 5, 10, 50, 782, 6, 3, 53, 0, 16, '2014-10-31 02:35:05', 0, '0000-00-00 00:00:00'),
(75, 51, 537, 1, 29, '0', 'Laptop Dell', 1, 1, 10, 10, 782, 6, 0.6, 10.6, 0, 16, '2014-10-31 02:36:07', 0, '0000-00-00 00:00:00'),
(76, 51, 538, 2, 26, '', 'Chair with Cover', 3, 1, 10, 10, 782, 6, 0.6, 10.6, 0, 16, '2014-10-31 03:20:03', 16, '0000-00-00 00:00:00'),
(77, 51, 537, 3, 29, '', 'Laptop Dell', 1, 1, 10, 10, 782, 6, 0.6, 10.6, 0, 16, '2014-10-31 03:20:39', 0, '0000-00-00 00:00:00'),
(78, 52, 550, 1, 99, '0', 'Cotton', 48, 50, 10, 500, 1684, 6, 30, 530, 0, 55, '2014-11-05 08:07:52', 0, '0000-00-00 00:00:00'),
(79, 53, 536, 1, 26, '0', 'Coverasasasa', 3, 1, 10, 10, 782, 6, 0.6, 10.6, 0, 16, '2014-11-05 08:16:25', 0, '0000-00-00 00:00:00'),
(80, 53, 538, 2, 26, '', 'Chair with Cover', 3, 1, 1, 1, 782, 6, 0.06, 1.06, 0, 16, '2014-11-05 08:16:40', 0, '0000-00-00 00:00:00'),
(81, 54, 505, 1, 83, '0', '12 PCS', 13, 1, 12, 12, 1573, 6, 0.72, 12.72, 0, 33, '2014-11-11 01:56:59', 0, '0000-00-00 00:00:00'),
(82, 55, 505, 1, 83, '0', '12 PCS', 13, 1, 12, 12, 1573, 6, 0.72, 12.72, 0, 33, '2014-11-12 05:39:51', 0, '0000-00-00 00:00:00'),
(83, 56, 532, 1, 80, '0', 'asdfasdf', 3, 1, 70, 70, 1573, 6, 4.2, 74.2, 0, 33, '2014-11-12 08:05:00', 0, '0000-00-00 00:00:00');

-- --------------------------------------------------------

--
-- Table structure for table `comp_supplier_debitnote`
--

CREATE TABLE IF NOT EXISTS `comp_supplier_debitnote` (
  `ID` int(11) NOT NULL AUTO_INCREMENT,
  `serialNo` int(11) NOT NULL DEFAULT '1',
  `companyID` int(11) NOT NULL,
  `supplierID` int(11) NOT NULL,
  `formNo` varchar(32) NOT NULL,
  `debitNoteDate` date NOT NULL,
  `supplierInvoiceID` int(11) NOT NULL,
  `projectID` int(11) NOT NULL,
  `termsID` int(11) NOT NULL,
  `currencyID` int(11) NOT NULL,
  `exchangeRate` double NOT NULL,
  `agentID` int(11) NOT NULL,
  `memo` text NOT NULL,
  `employeeID` int(11) NOT NULL,
  `shippingMethodID` int(11) NOT NULL,
  `totalAmount` double NOT NULL,
  `amountPaid` decimal(10,0) NOT NULL,
  `totalTaxAmount` double NOT NULL,
  `totalPayable` double NOT NULL,
  `total` double NOT NULL,
  `createdBy` int(11) NOT NULL,
  `createdTS` timestamp NOT NULL DEFAULT CURRENT_TIMESTAMP,
  `updatedBy` int(11) NOT NULL,
  `updatedTS` timestamp NOT NULL DEFAULT '0000-00-00 00:00:00' ON UPDATE CURRENT_TIMESTAMP,
  `is_delete` smallint(16) NOT NULL,
  `updateAble` tinyint(1) NOT NULL DEFAULT '1',
  `journalNo` varchar(32) NOT NULL,
  PRIMARY KEY (`ID`)
) ENGINE=InnoDB  DEFAULT CHARSET=latin1 AUTO_INCREMENT=74 ;

--
-- Dumping data for table `comp_supplier_debitnote`
--

INSERT INTO `comp_supplier_debitnote` (`ID`, `serialNo`, `companyID`, `supplierID`, `formNo`, `debitNoteDate`, `supplierInvoiceID`, `projectID`, `termsID`, `currencyID`, `exchangeRate`, `agentID`, `memo`, `employeeID`, `shippingMethodID`, `totalAmount`, `amountPaid`, `totalTaxAmount`, `totalPayable`, `total`, `createdBy`, `createdTS`, `updatedBy`, `updatedTS`, `is_delete`, `updateAble`, `journalNo`) VALUES
(1, 1, 1, 20, 'PDN', '2014-06-02', 74, 1, 0, 1, 1, 0, 'fdv dfd', 0, 0, 0, '0', 0, 0, 0, 0, '2014-06-02 04:20:32', 0, '2014-06-17 11:22:11', 0, 1, ''),
(2, 1, 1, 1, 'PDN', '2014-06-03', 73, 1, 0, 1, 1, 0, 'fdv dfd', 0, 0, 0, '0', 0, 0, 0, 0, '2014-06-03 03:36:57', 0, '2014-06-17 11:22:13', 0, 1, ''),
(3, 1, 1, 1, 'PDN', '2014-06-11', 71, 1, 0, 1, 1, 0, 'fdv dfd', 0, 0, 0, '0', 0, 0, 0, 16, '2014-06-11 08:47:00', 0, '2014-06-17 11:22:17', 0, 0, ''),
(4, 1, 1, 20, 'PDN', '2014-06-12', 74, 10, 0, 1, 1, 0, 'fdv dfd', 0, 0, 0, '0', 0, 0, 0, 16, '2014-06-12 01:05:39', 0, '2014-06-17 11:22:18', 0, 0, ''),
(5, 1, 1, 20, 'PDN', '2014-06-16', 74, 10, 0, 2, 2, 0, '', 0, 0, 0, '0', 0, 0, 0, 16, '2014-06-16 06:46:52', 0, '2014-06-20 04:28:10', 0, 0, 'AP20140600000013'),
(6, 1, 1, 1, 'PDN', '2014-06-21', 71, 10, 0, 1, 1, 0, 'sdsdca', 0, 0, 28140, '0', 1688.4, 29828.4, 0, 16, '2014-06-21 04:32:45', 0, '0000-00-00 00:00:00', 0, 1, ''),
(7, 1, 1, 1, 'PDN', '2014-06-21', 71, 10, 0, 1, 2, 0, 'sa adED AE', 0, 0, 144, '0', 8.64, 152.64, 0, 16, '2014-06-21 05:08:45', 0, '0000-00-00 00:00:00', 0, 1, ''),
(8, 1, 1, 1, 'PDN', '2014-06-21', 72, 1, 0, 1, 2, 0, 'sdsds', 0, 0, 144, '0', 8.64, 152.64, 0, 16, '2014-06-21 05:17:14', 0, '0000-00-00 00:00:00', 0, 1, ''),
(9, 1, 1, 1, 'PDN', '2014-06-21', 71, 1, 0, 1, 1, 0, 'sds', 0, 0, 1200, '0', 72, 1272, 0, 16, '2014-06-21 05:43:08', 0, '0000-00-00 00:00:00', 0, 1, ''),
(10, 1, 1, 1, 'PDN', '2014-06-21', 71, 1, 0, 1, 1, 0, 'as', 0, 0, 0, '0', 0, 2, 0, 16, '2014-06-21 07:06:53', 0, '2014-06-21 07:07:53', 0, 1, ''),
(11, 1, 1, 20, 'PDN', '2014-06-21', 76, 10, 0, 1, 1, 0, 'as', 0, 0, 2345, '0', 281.4, 2626.4, 0, 16, '2014-06-21 07:23:44', 0, '0000-00-00 00:00:00', 0, 1, ''),
(12, 1, 1, 1, 'PDN', '2014-06-21', 71, 16, 0, 1, 2, 0, 'sds', 0, 0, 28140, '0', 281.4, 28421.4, 0, 16, '2014-06-21 07:41:36', 0, '0000-00-00 00:00:00', 0, 1, ''),
(13, 1, 1, 20, 'PDN', '2014-06-21', 74, 2, 0, 1, 1, 0, 'asa', 0, 0, 12, '0', 0, 144, 0, 16, '2014-06-21 07:49:30', 0, '2014-06-21 08:10:23', 0, 1, ''),
(14, 1, 1, 1, 'PDN', '2014-06-21', 72, 17, 0, 1, 1, 0, 'qwq', 0, 0, 2, '0', 0.12, 2.12, 0, 16, '2014-06-21 08:21:50', 0, '0000-00-00 00:00:00', 0, 1, ''),
(15, 1, 1, 1, 'PDN', '2014-06-21', 71, 17, 0, 1, 2, 0, 'asasdad', 0, 0, 144, '0', 8.64, 0, 0, 16, '2014-06-21 08:50:38', 0, '2014-06-21 08:51:07', 0, 1, ''),
(16, 1, 1, 20, 'PDN', '2014-06-23', 74, 16, 0, 1, 1, 0, 'dsd', 0, 0, 12, '0', 0.72, 12.72, 0, 16, '2014-06-23 03:33:39', 0, '0000-00-00 00:00:00', 0, 1, ''),
(17, 1, 1, 20, 'PDN', '2014-06-23', 74, 16, 0, 1, 1, 0, 'dsd', 0, 0, 12, '0', 0.72, 12.72, 0, 16, '2014-06-23 03:35:57', 0, '0000-00-00 00:00:00', 0, 1, ''),
(18, 1, 1, 20, 'PDN', '2014-06-23', 74, 16, 0, 1, 1, 0, 'dsd', 0, 0, 12, '0', 0.72, 12.72, 0, 16, '2014-06-23 03:37:06', 0, '0000-00-00 00:00:00', 0, 1, ''),
(19, 1, 1, 20, 'PDN', '2014-06-23', 74, 16, 0, 1, 1, 0, 'dsd', 0, 0, 12, '0', 0.72, 12.72, 0, 16, '2014-06-23 03:38:33', 0, '0000-00-00 00:00:00', 0, 1, ''),
(20, 1, 1, 20, 'PDN', '2014-06-23', 74, 16, 0, 1, 1, 0, 'dsd', 0, 0, 12, '0', 0.72, 12.72, 0, 16, '2014-06-23 03:39:30', 0, '0000-00-00 00:00:00', 0, 1, ''),
(21, 1, 1, 1, 'PDN', '2014-06-23', 71, 1, 0, 1, 1, 0, '', 0, 0, 12, '0', 0, 12, 0, 16, '2014-06-23 03:50:34', 0, '0000-00-00 00:00:00', 0, 1, ''),
(22, 1, 1, 1, 'PDN', '2014-06-23', 71, 1, 0, 1, 1, 0, 'ccxc', 0, 0, 156, '0', 0.72, 156.72, 0, 16, '2014-06-23 04:20:21', 0, '2014-06-23 04:20:39', 0, 1, ''),
(23, 1, 1, 1, 'PDN', '2014-06-23', 71, 1, 0, 1, 1, 0, '', 0, 0, 265, '0', 24.54, 289.53999999999996, 0, 16, '2014-06-23 04:25:24', 0, '2014-06-23 04:25:38', 0, 1, ''),
(24, 1, 1, 20, 'PDN', '2014-06-23', 74, 15, 0, 1, 1, 0, 'fac sfa', 0, 0, 12, '0', 0.72, 12.72, 0, 16, '2014-06-23 09:47:53', 0, '0000-00-00 00:00:00', 0, 1, ''),
(25, 1, 1, 1, 'PDN', '2014-06-23', 71, 16, 0, 1, 1, 0, '', 0, 0, 1.06, '0', 0.06, 1.06, 0, 16, '2014-06-23 09:50:16', 0, '2014-07-14 05:19:34', 0, 1, ''),
(26, 1, 1, 1, 'PDN', '2014-06-23', 71, 10, 0, 1, 1, 0, 'sa DEc', 0, 0, 1668, '0', 72, 1668, 0, 16, '2014-06-23 10:35:58', 0, '2014-09-17 05:21:15', 0, 1, ''),
(27, 1, 1, 23, 'PCN', '2014-06-23', 93, 2, 0, 0, 3.6, 0, '', 0, 0, 144, '0', 0, 0, 0, 16, '2014-06-23 10:38:49', 0, '2014-06-23 10:38:59', 0, 1, ''),
(28, 1, 1, 1, 'PCN', '2014-06-23', 71, 1, 0, 0, 1, 0, 'SDSD', 0, 0, 144, '0', 8.64, 0, 0, 16, '2014-06-23 10:48:49', 0, '2014-06-23 10:49:09', 0, 1, ''),
(29, 1, 1, 1, 'PCN', '2014-06-23', 71, 16, 0, 0, 1, 0, 'SSDS', 0, 0, 2345, '0', 0, 2345, 0, 16, '2014-06-23 10:56:46', 0, '0000-00-00 00:00:00', 0, 1, ''),
(30, 1, 1, 1, 'PDN', '2014-06-24', 71, 1, 0, 0, 0, 0, '', 0, 0, 26, '0', 1.56, 0, 0, 16, '2014-06-24 04:21:28', 0, '2014-07-09 04:09:10', 0, 0, 'AP20140600000014'),
(31, 1, 1, 1, 'PDN', '2014-06-24', 71, 17, 0, 0, 12, 0, 'wdee', 0, 0, 125, '0', 7.32, 0, 0, 16, '2014-06-24 04:53:19', 0, '2014-06-24 04:54:10', 0, 1, ''),
(32, 1, 1, 1, 'PDN', '2014-07-14', 72, 15, 0, 1, 1, 0, 'asd', 0, 0, 15323.77, '0', 756.77, 2368.45, 0, 16, '2014-07-14 03:37:34', 0, '2014-07-14 03:41:14', 0, 1, ''),
(33, 1, 1, 20, 'PDN', '2014-07-14', 76, 15, 0, 1, 1, 0, 'sds', 0, 0, 4.24, '0', 0.24, 1.06, 0, 16, '2014-07-14 03:42:17', 0, '2014-07-14 04:20:09', 0, 1, ''),
(34, 2, 1, 1, 'PDN', '2013-09-19', 71, 0, 0, 0, 3.1305, 0, '', 0, 0, 11.7, '0', 0, 11.7, 0, 33, '2014-09-02 03:35:43', 0, '0000-00-00 00:00:00', 0, 1, ''),
(36, 1, 93, 46, 'PDN', '2014-09-08', 244, 0, 0, 0, 1, 0, '', 0, 0, 235.06, '0', 0.06, 234, 0, 16, '2014-09-08 08:48:36', 0, '2014-09-19 08:18:46', 0, 0, 'AP20140900000013'),
(37, 2, 93, 46, 'PDN', '2014-09-12', 248, 0, 0, 0, 1, 0, '', 0, 0, 2556, '0', 0, 233, 0, 16, '2014-09-12 01:45:34', 0, '2014-09-19 09:59:10', 0, 1, ''),
(38, 3, 93, 47, 'PDN', '2014-09-12', 255, 0, 0, 0, 1, 0, '', 0, 0, 130.38, '0', 7.38, 130.38, 0, 16, '2014-09-12 01:46:07', 0, '2014-09-12 01:46:08', 0, 1, ''),
(39, 4, 93, 47, 'PDN', '2014-09-12', 250, 0, 0, 0, 1, 0, '', 0, 0, 774.9, '0', 36.9, 651.9, 0, 16, '2014-09-12 06:05:50', 0, '2014-09-18 04:14:43', 0, 0, 'AP20140900000010'),
(40, 5, 93, 47, 'PDN', '2014-09-19', 247, 30, 0, 0, 1, 0, '', 0, 0, 251047.76, '0', 14078.759999999998, 246262.38, 0, 16, '2014-09-19 07:28:49', 0, '2014-09-19 08:18:22', 0, 0, 'AP20140900000012'),
(41, 6, 93, 47, 'PDN', '2014-09-19', 250, 30, 0, 0, 1, 0, '', 0, 0, 2462.38, '0', 139.38, 2462.38, 0, 16, '2014-09-19 08:21:20', 0, '2014-09-19 08:41:34', 0, 1, ''),
(42, 7, 93, 46, 'PDN', '2014-09-23', 248, 30, 0, 0, 1, 0, '', 0, 0, 10, '0', 0, 10, 0, 16, '2014-09-23 03:40:16', 0, '0000-00-00 00:00:00', 0, 1, ''),
(43, 3, 1, 0, '0', '1970-01-01', 0, 0, 0, 0, 0, 0, '0', 0, 0, 0, '0', 0, 0, 0, 1, '2014-10-13 05:04:20', 0, '0000-00-00 00:00:00', 0, 1, ''),
(44, 8, 93, 47, 'PDN', '2014-10-20', 247, 30, 0, 0, 1, 0, '', 0, 0, 53, '0', 3, 10.6, 0, 16, '2014-10-20 10:51:20', 0, '2014-10-21 02:20:43', 0, 1, ''),
(45, 9, 93, 46, 'PDN', '2014-10-21', 244, 30, 0, 1, 1, 0, '', 0, 0, 10, '0', 0, 10, 0, 16, '2014-10-21 03:12:50', 0, '0000-00-00 00:00:00', 0, 1, ''),
(46, 10, 93, 48, 'PDN', '2014-10-21', 245, 30, 0, 1, 1, 0, '', 0, 0, 128.26, '0', 7.26, 128.26, 0, 16, '2014-10-21 03:13:48', 0, '2014-10-21 03:13:48', 0, 1, ''),
(47, 11, 93, 50, 'PDN', '2014-10-27', 422, 0, 0, 1, 1, 0, '', 0, 0, 328.6, '0', 18.6, 318, 0, 16, '2014-10-27 01:16:55', 0, '2014-10-27 01:17:09', 0, 1, ''),
(48, 12, 93, 50, 'PDN', '2014-10-27', 422, 30, 0, 1, 1, 0, '', 0, 0, 414.46000000000004, '0', 23.46, 31.8, 0, 16, '2014-10-27 01:20:15', 0, '2014-10-27 05:00:03', 0, 1, ''),
(49, 1, 111, 67, 'PDN', '2014-10-28', 429, 0, 0, 1, 1, 0, '', 0, 0, 25.44, '0', 1.44, 25.44, 0, 19, '2014-10-28 10:27:46', 0, '2014-10-28 10:28:03', 0, 0, 'AP20141000000207'),
(50, 13, 93, 47, 'PDN', '2014-10-30', 424, 31, 0, 1, 1, 0, '', 0, 0, 21.2, '0', 1.2, 21.2, 0, 16, '2014-10-30 07:13:49', 0, '2014-10-30 07:13:50', 0, 1, ''),
(51, 14, 93, 47, 'PDN', '2014-10-30', 424, 30, 0, 1, 1, 0, 'dsd', 0, 0, 10.6, '0', 0.6, 0, 0, 16, '2014-10-30 07:24:25', 0, '2014-10-30 07:29:09', 0, 1, ''),
(54, 15, 93, 47, 'PDN', '2014-10-30', 435, 30, 0, 1, 1, 0, '', 0, 0, 10.6, '0', 0.6, 10.6, 0, 16, '2014-10-30 10:35:18', 0, '2014-10-30 10:35:18', 0, 1, ''),
(55, 16, 93, 47, 'PDN', '2014-10-30', 435, 0, 0, 1, 1, 0, '', 0, 0, 10.6, '0', 0.6, 10.6, 0, 16, '2014-10-30 10:38:23', 0, '2014-10-30 10:38:23', 0, 1, ''),
(56, 17, 93, 47, 'PDN', '2014-10-30', 435, 0, 0, 1, 1, 0, '', 0, 0, 10.6, '0', 0.6, 10.6, 0, 16, '2014-10-30 10:40:47', 0, '2014-10-31 02:12:12', 0, 1, ''),
(57, 18, 93, 47, 'PDN', '2014-10-30', 435, 0, 0, 1, 1, 0, '', 0, 0, 21.2, '0', 1.2, 10.6, 0, 16, '2014-10-30 10:46:15', 0, '2014-10-30 10:48:23', 0, 1, ''),
(58, 19, 93, 47, 'PDN', '2014-10-30', 435, 0, 0, 1, 1, 0, '', 0, 0, 31.799999999999997, '0', 1.7999999999999998, 10.6, 0, 16, '2014-10-30 11:03:18', 0, '2014-10-31 02:50:43', 0, 1, ''),
(59, 1, 116, 78, 'PDN', '2014-11-05', 445, 0, 0, 1, 1, 0, '', 0, 0, 84.8, '0', 4.8, 84.8, 0, 43, '2014-11-05 07:58:52', 0, '2014-11-05 08:02:35', 0, 0, 'AP20141100000015'),
(60, 2, 116, 77, 'PDN', '2014-11-05', 442, 0, 0, 1, 1, 0, '', 0, 0, 1060, '0', 60, 1060, 0, 43, '2014-11-05 08:14:16', 0, '2014-11-05 08:19:58', 0, 0, 'AP20141100000016'),
(61, 3, 116, 78, 'PDN', '2014-11-05', 445, 0, 0, 1, 1, 0, '', 0, 0, 290.44, '0', 16.439999999999998, 42.4, 0, 43, '2014-11-05 08:31:48', 0, '2014-11-07 04:28:17', 0, 1, ''),
(62, 4, 116, 78, 'PDN', '2014-11-05', 448, 0, 0, 1, 1, 0, '', 0, 0, 106, '0', 6, 106, 0, 43, '2014-11-05 09:27:31', 0, '2014-11-05 09:28:01', 0, 0, 'AP20141100000019'),
(63, 2, 111, 64, 'PDN', '2014-11-06', 440, 0, 0, 1, 1, 0, '', 0, 0, 0, '0', 0, 7.07, 0, 33, '2014-11-06 01:31:29', 0, '2014-11-11 01:50:17', 0, 0, 'AP20141100000089'),
(64, 3, 111, 64, 'PDN', '2014-11-06', 436, 0, 0, 1, 1, 0, '', 0, 0, 274.53999999999996, '0', 15.54, 10.6, 0, 33, '2014-11-06 05:46:42', 0, '2014-11-11 01:49:50', 0, 0, 'AP20141100000088'),
(65, 5, 116, 79, 'PDN', '2014-11-07', 447, 0, 0, 1, 1, 0, '', 0, 0, 279.84, '0', 15.84, 10.6, 0, 33, '2014-11-07 04:29:40', 0, '2014-11-07 04:30:01', 0, 1, ''),
(66, 4, 111, 64, 'PDN', '2014-11-10', 440, 0, 0, 1, 1, 0, '', 0, 0, 42.4, '0', 2.4, 42.4, 0, 33, '2014-11-10 02:31:38', 0, '2014-11-10 10:06:19', 0, 0, 'AP20141100000086'),
(67, 5, 111, 66, 'PDN', '2014-11-11', 432, 35, 0, 1, 1, 0, '', 0, 0, 13250, '0', 750, 13250, 0, 33, '2014-11-11 01:00:29', 0, '2014-11-11 01:04:33', 0, 0, 'AP20141100000087'),
(68, 6, 111, 66, 'PDN', '2014-11-11', 414, 0, 0, 1, 1, 0, '', 0, 0, 53000, '0', 3000, 53000, 0, 33, '2014-11-11 01:52:33', 0, '2014-11-11 01:52:42', 0, 0, 'AP20141100000090'),
(69, 7, 111, 68, 'PDN', '2014-11-11', 433, 0, 0, 1, 1, 0, '', 0, 0, 3180, '0', 180, 3180, 0, 33, '2014-11-11 07:45:37', 0, '2014-11-11 07:45:49', 0, 0, 'AP20141100000092'),
(70, 8, 111, 65, 'PDN', '2014-11-11', 455, 0, 0, 1, 1, 0, '', 0, 0, 4.24, '0', 0.24, 4.24, 0, 33, '2014-11-11 07:59:54', 0, '2014-11-11 08:00:45', 0, 0, 'AP20141100000094'),
(71, 9, 111, 67, 'PDN', '2014-11-11', 429, 35, 0, 1, 1, 0, '', 0, 0, 4.24, '0', 0.24, 4.24, 0, 33, '2014-11-11 08:53:10', 0, '2014-11-11 08:53:26', 0, 0, 'AP20141100000095'),
(72, 10, 111, 67, 'PDN', '2014-11-11', 430, 35, 0, 1, 1, 0, '', 0, 0, 4.24, '0', 0.24, 4.24, 0, 33, '2014-11-11 08:56:12', 0, '2014-11-11 08:56:33', 0, 0, 'AP20141100000096'),
(73, 6, 116, 77, 'PDN', '2014-11-12', 461, 0, 0, 1, 1, 0, '', 0, 0, 42.4, '0', 2.4, 42.4, 0, 19, '2014-11-12 07:07:58', 0, '2014-11-12 07:08:13', 0, 0, 'AP20141100000034');

--
-- Triggers `comp_supplier_debitnote`
--
DROP TRIGGER IF EXISTS `trigger_before_insert_sdno_add_serialNo`;
DELIMITER //
CREATE TRIGGER `trigger_before_insert_sdno_add_serialNo` BEFORE INSERT ON `comp_supplier_debitnote`
 FOR EACH ROW set new.serialNo = (select nextSerialNo 
			   from view_serial_comp_supplier_debitnote
			   where companyID = new.companyID)
//
DELIMITER ;

-- --------------------------------------------------------

--
-- Table structure for table `comp_supplier_debitnote_charges`
--

CREATE TABLE IF NOT EXISTS `comp_supplier_debitnote_charges` (
  `ID` int(11) NOT NULL AUTO_INCREMENT,
  `debitNoteID` int(11) NOT NULL,
  `lineNo` int(11) NOT NULL,
  `accountNoID` int(11) NOT NULL,
  `itemname` varchar(64) NOT NULL,
  `itemdescription` text NOT NULL,
  `umID` int(11) NOT NULL,
  `quantity` int(11) NOT NULL,
  `unitPrice` double NOT NULL,
  `amountExcludedTax` double NOT NULL,
  `taxID` int(11) NOT NULL,
  `taxRate` double NOT NULL,
  `taxAmount` double NOT NULL,
  `amountIncludedTax` double NOT NULL,
  `drAccountID` int(11) NOT NULL,
  `crAccountID` int(11) NOT NULL,
  `drTaxAccountID` int(11) NOT NULL,
  `crTaxAccountID` int(11) NOT NULL,
  `createdBy` int(11) NOT NULL,
  `createdTS` timestamp NOT NULL DEFAULT CURRENT_TIMESTAMP,
  `updatedBy` int(11) NOT NULL,
  `updatedTS` timestamp NOT NULL DEFAULT '0000-00-00 00:00:00' ON UPDATE CURRENT_TIMESTAMP,
  PRIMARY KEY (`ID`)
) ENGINE=InnoDB  DEFAULT CHARSET=latin1 AUTO_INCREMENT=78 ;

--
-- Dumping data for table `comp_supplier_debitnote_charges`
--

INSERT INTO `comp_supplier_debitnote_charges` (`ID`, `debitNoteID`, `lineNo`, `accountNoID`, `itemname`, `itemdescription`, `umID`, `quantity`, `unitPrice`, `amountExcludedTax`, `taxID`, `taxRate`, `taxAmount`, `amountIncludedTax`, `drAccountID`, `crAccountID`, `drTaxAccountID`, `crTaxAccountID`, `createdBy`, `createdTS`, `updatedBy`, `updatedTS`) VALUES
(26, 19, 1, 102, '', 'qwq', 0, 0, 0, 12, 1, 0, 0.72, 12.72, 0, 0, 0, 0, 0, '2014-06-23 03:38:33', 0, '0000-00-00 00:00:00'),
(27, 20, 1, 102, '', 'qwq', 0, 0, 0, 12, 1, 0, 0.72, 12.72, 0, 0, 0, 0, 0, '2014-06-23 03:39:30', 0, '0000-00-00 00:00:00'),
(28, 27, 1, 102, '', 'qwq', 0, 0, 0, 12, 1, 0, 0.72, 12.72, 0, 0, 0, 0, 0, '2014-06-23 03:39:47', 0, '0000-00-00 00:00:00'),
(29, 21, 1, 100, '', 'sd', 0, 0, 0, 12, 4, 0, 0, 12, 0, 0, 0, 0, 0, '2014-06-23 03:50:34', 0, '0000-00-00 00:00:00'),
(30, 22, 1, 101, '', 'sdsd', 0, 0, 0, 12, 1, 0, 0.72, 12.72, 0, 0, 0, 0, 0, '2014-06-23 04:20:39', 0, '0000-00-00 00:00:00'),
(31, 0, 2, 102, '', 'aasa', 0, 0, 0, 12, 18, 0, 0.72, 12.72, 0, 0, 0, 0, 0, '2014-06-23 04:21:37', 0, '0000-00-00 00:00:00'),
(32, 23, 1, 101, '', '121as', 0, 0, 0, 121, 1, 0, 7.26, 128.26, 0, 0, 0, 0, 0, '2014-06-23 04:25:38', 0, '0000-00-00 00:00:00'),
(33, 24, 1, 102, '', '12sds', 0, 0, 0, 12, 1, 0, 0.72, 12.72, 0, 0, 0, 0, 0, '2014-06-23 09:47:53', 0, '0000-00-00 00:00:00'),
(34, 25, 1, 102, '', 'asa', 0, 0, 0, 1, 1, 0, 0.06, 1.06, 0, 0, 0, 0, 0, '2014-06-23 09:50:16', 0, '0000-00-00 00:00:00'),
(35, 26, 1, 102, '', 'ASA', 0, 0, 0, 12, 4, 0, 0, 12, 0, 0, 0, 0, 16, '2014-06-23 10:36:38', 0, '0000-00-00 00:00:00'),
(36, 0, 2, 102, '', 'ASA', 0, 0, 0, 1, 12, 0, 0.05, 1.05, 0, 0, 0, 0, 16, '2014-06-23 10:36:55', 0, '0000-00-00 00:00:00'),
(37, 30, 1, 101, '', '1sdas', 0, 0, 0, 12, 1, 0, 0.72, 12.72, 0, 0, 0, 0, 16, '2014-06-24 04:35:41', 0, '0000-00-00 00:00:00'),
(38, 0, 2, 97, '', 'xad', 0, 0, 0, 1, 3, 0, 0, 1, 0, 0, 0, 0, 16, '2014-06-24 04:49:56', 0, '0000-00-00 00:00:00'),
(39, 31, 1, 99, '', 'sdaqw', 0, 0, 0, 2, 14, 0, 7.32, 129.32, 0, 0, 0, 0, 16, '2014-06-24 04:53:20', 16, '2014-06-24 06:19:19'),
(40, 31, 2, 85, '', '2323211', 0, 0, 0, 122, 13, 0, 12, 3, 0, 0, 0, 0, 16, '2014-06-24 04:53:42', 16, '2014-06-24 06:35:37'),
(41, 0, 2, 102, '', 'SDS', 0, 0, 0, 12, 4, 0, 0, 12, 0, 0, 0, 0, 16, '2014-07-04 06:39:50', 0, '0000-00-00 00:00:00'),
(42, 0, 2, 101, '', 'SD', 0, 0, 0, 1, 1, 0, 0.06, 1.06, 0, 0, 0, 0, 16, '2014-07-04 06:40:41', 0, '0000-00-00 00:00:00'),
(43, 30, 2, 101, '', 'asa', 0, 0, 0, 1, 1, 0, 0.06, 1.06, 0, 0, 0, 0, 16, '2014-07-04 06:44:55', 0, '0000-00-00 00:00:00'),
(47, 30, 3, 101, '', 'vvc', 0, 0, 0, 1, 1, 0, 0.06, 1.06, 0, 0, 0, 0, 16, '2014-07-04 07:25:54', 0, '0000-00-00 00:00:00'),
(48, 32, 1, 101, '', 'asa', 0, 0, 0, 11111, 1, 0, 666.66, 11777.66, 0, 0, 0, 0, 16, '2014-07-14 03:41:14', 0, '0000-00-00 00:00:00'),
(49, 33, 1, 102, '', 'sds', 0, 0, 0, 1, 1, 0, 0.06, 1.06, 0, 0, 0, 0, 16, '2014-07-14 03:42:17', 0, '0000-00-00 00:00:00'),
(50, 33, 2, 102, '', 'aq', 0, 0, 0, 1, 1, 0, 0.06, 1.06, 0, 0, 0, 0, 16, '2014-07-14 03:42:56', 16, '2014-07-14 04:13:43'),
(51, 36, 1, 28370, '', 'adfafd', 0, 0, 0, 234, 0, 0, 0, 234, 0, 0, 0, 0, 16, '2014-09-08 08:48:36', 0, '0000-00-00 00:00:00'),
(52, 37, 1, 28370, '', 'scvzcv', 0, 0, 0, 233, 787, 0, 0, 233, 0, 0, 0, 0, 16, '2014-09-12 01:45:34', 16, '2014-09-19 09:58:55'),
(53, 38, 1, 28370, '', 'dfasdf', 0, 0, 0, 123, 783, 0, 7.38, 130.38, 0, 0, 0, 0, 16, '2014-09-12 01:46:08', 0, '0000-00-00 00:00:00'),
(54, 39, 1, 28370, '', 'sfgsdf', 0, 0, 0, 123, 785, 0, 0, 123, 0, 0, 0, 0, 16, '2014-09-12 06:05:52', 0, '0000-00-00 00:00:00'),
(55, 36, 1, 28370, '', 'sds', 0, 0, 0, 1, 768, 0, 0.06, 1.06, 0, 0, 0, 0, 16, '2014-09-17 05:06:07', 0, '0000-00-00 00:00:00'),
(56, 40, 1, 28370, '', 'asfasdf', 0, 0, 0, 232323, 782, 0, 13939.38, 246262.38, 0, 0, 0, 0, 16, '2014-09-19 07:28:49', 0, '0000-00-00 00:00:00'),
(58, 40, 2, 28370, '', 'asdfasf', 0, 0, 0, 2323, 0, 0, 0, 2323, 0, 0, 0, 0, 16, '2014-09-19 07:47:21', 16, '2014-09-19 07:53:52'),
(59, 40, 2, 28370, '', 'asfasf', 0, 0, 0, 2323, 782, 0, 139.38, 2462.38, 0, 0, 0, 0, 16, '2014-09-19 07:54:13', 16, '2014-09-19 08:17:11'),
(71, 41, 11, 28370, '', 'dafasdf', 0, 0, 0, 2323, 768, 0, 139.38, 2462.38, 0, 0, 0, 0, 16, '2014-09-19 08:41:34', 0, '0000-00-00 00:00:00'),
(72, 37, 2, 28369, '', 'ADAd', 0, 0, 0, 2323, 787, 0, 0, 2323, 0, 0, 0, 0, 16, '2014-09-19 09:59:10', 0, '0000-00-00 00:00:00'),
(73, 46, 1, 29558, '', 'DASA', 0, 0, 0, 121, 768, 0, 7.26, 128.26, 0, 0, 0, 0, 16, '2014-10-21 03:13:48', 0, '0000-00-00 00:00:00'),
(75, 64, 1, 30115, '', 'asdfasfd', 0, 0, 0, 234, 1559, 0, 14.04, 248.04, 0, 0, 0, 0, 33, '2014-11-06 05:46:52', 0, '0000-00-00 00:00:00'),
(76, 61, 1, 30330, '', 'sdfasdf', 0, 0, 0, 234, 1657, 0, 14.04, 248.04, 0, 0, 0, 0, 33, '2014-11-07 04:28:17', 0, '0000-00-00 00:00:00'),
(77, 65, 1, 30335, '', 'asdfasfd', 0, 0, 0, 234, 1657, 0, 14.04, 248.04, 0, 0, 0, 0, 33, '2014-11-07 04:30:00', 0, '0000-00-00 00:00:00');

-- --------------------------------------------------------

--
-- Table structure for table `comp_supplier_debitnote_detail`
--

CREATE TABLE IF NOT EXISTS `comp_supplier_debitnote_detail` (
  `ID` int(11) NOT NULL AUTO_INCREMENT,
  `debitnoteID` int(11) NOT NULL,
  `invoiceDetailID` int(11) NOT NULL,
  `lineNo` int(11) NOT NULL,
  `itemID` int(11) NOT NULL,
  `itemname` varchar(64) NOT NULL,
  `itemdescription` text NOT NULL,
  `umID` int(11) NOT NULL,
  `quantity` int(11) NOT NULL,
  `unitPrice` double NOT NULL,
  `amountExcludedTax` double NOT NULL,
  `taxID` int(11) NOT NULL,
  `taxRate` double NOT NULL,
  `taxAmount` double NOT NULL,
  `amountIncludedTax` double NOT NULL,
  `accountID` int(11) NOT NULL,
  `createdBy` int(11) NOT NULL,
  `createdTS` timestamp NOT NULL DEFAULT CURRENT_TIMESTAMP ON UPDATE CURRENT_TIMESTAMP,
  `updatedBy` int(11) NOT NULL,
  `updatedTS` timestamp NOT NULL DEFAULT '0000-00-00 00:00:00',
  PRIMARY KEY (`ID`)
) ENGINE=InnoDB  DEFAULT CHARSET=latin1 AUTO_INCREMENT=97 ;

--
-- Dumping data for table `comp_supplier_debitnote_detail`
--

INSERT INTO `comp_supplier_debitnote_detail` (`ID`, `debitnoteID`, `invoiceDetailID`, `lineNo`, `itemID`, `itemname`, `itemdescription`, `umID`, `quantity`, `unitPrice`, `amountExcludedTax`, `taxID`, `taxRate`, `taxAmount`, `amountIncludedTax`, `accountID`, `createdBy`, `createdTS`, `updatedBy`, `updatedTS`) VALUES
(1, 1, 0, 1, 4, 'Plastic Chair - Blue', '331000100', 0, 1, 300, 300, 1, 6, 18, 318, 0, 0, '2014-06-17 11:21:33', 0, '0000-00-00 00:00:00'),
(2, 1, 0, 2, 8, 'Plastic Chair - White', '331000300', 0, 1, 450, 450, 28, 10, 45, 495, 0, 0, '2014-06-17 11:21:35', 0, '0000-00-00 00:00:00'),
(3, 2, 0, 1, 10, 'Bola Tampar Buaya', 'B01', 0, 3, 10, 30, 0, 0, 0, 30, 0, 0, '2014-06-17 11:21:37', 0, '0000-00-00 00:00:00'),
(4, 3, 0, 1, 2, 'Steel chair for outdoor', 'B13 Steel Chair', 0, 2, 1, 2, 1, 6, 0.12, 2.12, 0, 16, '2014-06-17 11:21:38', 0, '0000-00-00 00:00:00'),
(5, 4, 0, 1, 2, 'Steel chair for outdoor', 'B13 Steel Chair', 0, 2, 12, 24, 1, 6, 1.44, 25.44, 0, 16, '2014-06-17 11:21:40', 0, '0000-00-00 00:00:00'),
(6, 4, 0, 2, 1, 'Teak wooden chair with natural finish', 'A12 Wooden Chair', 0, 1, 1, 1, 0, 1, 0.01, 1.01, 0, 16, '2014-06-17 11:21:41', 0, '0000-00-00 00:00:00'),
(7, 5, 0, 1, 4, 'Plastic Chair - Blue', 'A23 Plastic Chair', 0, 3, 3, 9, 1, 6, 0.54, 9.54, 0, 16, '2014-06-17 11:21:43', 0, '0000-00-00 00:00:00'),
(8, 7, 0, 0, 4, '', 'Plastic Chair - Blue', 0, 12, 12, 0, 1, 6, 0, 0, 0, 16, '2014-06-21 05:08:45', 0, '0000-00-00 00:00:00'),
(9, 8, 0, 0, 1, '', 'Teak wooden chair with natural finish', 0, 12, 12, 0, 1, 6, 0, 0, 0, 16, '2014-06-21 05:17:14', 0, '0000-00-00 00:00:00'),
(10, 8, 0, 0, 1, '', 'Teak wooden chair with natural finish', 0, 12, 12, 0, 14, 6, 0, 0, 0, 16, '2014-06-21 05:17:42', 0, '0000-00-00 00:00:00'),
(11, 9, 0, 0, 1, '', 'Teak wooden chair with natural finish', 0, 1, 1200, 0, 1, 6, 0, 0, 0, 16, '2014-06-21 05:43:08', 0, '0000-00-00 00:00:00'),
(12, 10, 0, 0, 1, '', 'Teak wooden chair with natural finish', 0, 12, 0, 0, 3, 0, 0, 0, 0, 16, '2014-06-21 07:06:53', 0, '0000-00-00 00:00:00'),
(13, 10, 0, 0, 1, '', 'Teak wooden chair with natural finish', 0, 1, 12, 0, 6, 0, 0, 0, 0, 16, '2014-06-21 07:07:12', 0, '0000-00-00 00:00:00'),
(14, 10, 0, 0, 8, '', 'Plastic Chair - White', 0, 2, 0, 0, 3, 0, 0, 0, 0, 16, '2014-06-21 07:07:53', 0, '0000-00-00 00:00:00'),
(15, 11, 0, 0, 7, '', 'Plastic Chair - Red', 0, 1, 2345, 0, 0, 12, 0, 0, 0, 16, '2014-06-21 07:23:44', 0, '0000-00-00 00:00:00'),
(16, 12, 0, 0, 7, '', 'Plastic Chair - Red', 0, 12, 2345, 28140, 0, 1, 281.4, 28421.4, 0, 16, '2014-06-21 07:41:36', 0, '0000-00-00 00:00:00'),
(17, 13, 0, 0, 8, '', 'Plastic Chair - White', 0, 12, 1, 12, 28, 0, 0, 12, 0, 16, '2014-06-21 07:49:31', 0, '0000-00-00 00:00:00'),
(18, 13, 0, 0, 9, '', 'Nasi Goreng Ayam', 0, 21, 1, 0, 26, 2, 0, 0, 0, 16, '2014-06-21 07:49:54', 0, '0000-00-00 00:00:00'),
(19, 13, 0, 0, 8, '', 'Plastic Chair - White', 0, 12, 12, 0, 28, 0, 0, 0, 0, 16, '2014-06-21 08:10:23', 0, '0000-00-00 00:00:00'),
(20, 14, 0, 0, 1, '', 'Teak wooden chair with natural finish', 0, 2, 1, 2, 0, 6, 0.12, 2.12, 0, 16, '2014-06-21 08:21:50', 0, '0000-00-00 00:00:00'),
(21, 15, 0, 1, 1, '0', 'Teak wooden chair with natural finish', 0, 12, 12, 144, 13, 6, 8.64, 152.64, 0, 16, '2014-06-23 01:57:22', 16, '0000-00-00 00:00:00'),
(22, 15, 0, 2, 8, '0', 'Plastic Chair - White', 0, 12, 3244, 38928, 28, 1, 389.28, 39317.28, 0, 16, '2014-06-23 01:57:30', 16, '0000-00-00 00:00:00'),
(23, 15, 0, 3, 10, '0', 'Bola Tampar Buaya', 0, 22, 12, 264, 13, 1, 2.64, 266.64, 0, 16, '2014-06-23 01:57:39', 16, '0000-00-00 00:00:00'),
(24, 15, 0, 4, 8, '', 'Plastic Chair - White', 0, 23, 12, 276, 28, 12, 33.12, 309.12, 0, 16, '2014-06-21 08:59:54', 0, '0000-00-00 00:00:00'),
(25, 29, 0, 1, 7, '', 'Plastic Chair - Red', 0, 1, 2345, 2345, 0, 0, 0, 2345, 0, 16, '2014-06-23 03:51:06', 0, '0000-00-00 00:00:00'),
(26, 22, 0, 1, 4, '', 'Plastic Chair - Blue', 0, 12, 12, 144, 4, 0, 0, 144, 0, 16, '2014-06-23 04:20:21', 0, '0000-00-00 00:00:00'),
(27, 23, 0, 1, 1, '', 'Teak wooden chair with natural finish', 0, 12, 12, 144, 7, 12, 17.28, 161.28, 0, 16, '2014-06-23 04:25:24', 0, '0000-00-00 00:00:00'),
(28, 0, 0, 1, 7, '', 'Plastic Chair - Red', 0, 9, 2345, 21105, 0, 0, 0, 21105, 0, 16, '2014-06-23 08:51:32', 0, '0000-00-00 00:00:00'),
(29, 26, 0, 1, 4, '', 'Plastic Chair - Blue', 0, 12, 12, 144, 3, 0, 0, 144, 0, 16, '2014-06-23 10:35:58', 0, '0000-00-00 00:00:00'),
(30, 26, 0, 2, 1, '', 'Teak wooden chair with natural finish', 0, 12, 120, 1440, 12, 5, 72, 1512, 0, 16, '2014-06-23 10:36:24', 0, '0000-00-00 00:00:00'),
(31, 27, 0, 1, 1, '', 'Teak wooden chair with natural finish', 0, 12, 12, 144, 3, 0, 0, 144, 0, 16, '2014-06-23 10:38:49', 0, '0000-00-00 00:00:00'),
(32, 27, 0, 2, 10, '', 'Bola Tampar Buaya', 0, 1, 111, 111, 0, 6, 6.66, 117.66, 0, 16, '2014-06-23 10:38:59', 0, '0000-00-00 00:00:00'),
(33, 0, 0, 3, 2, '', 'Steel chair for outdoor', 0, 12, 3244, 38928, 1, 0, 0, 38928, 0, 16, '2014-06-23 10:41:59', 0, '0000-00-00 00:00:00'),
(34, 28, 0, 1, 4, '', 'Plastic Chair - Blue', 0, 12, 12, 144, 13, 6, 8.64, 152.64, 0, 16, '2014-06-23 10:48:49', 0, '0000-00-00 00:00:00'),
(35, 28, 0, 2, 7, '', 'Plastic Chair - Red', 0, 1, 2345, 2345, 0, 0, 0, 2345, 0, 16, '2014-06-23 10:49:09', 0, '0000-00-00 00:00:00'),
(36, 29, 0, 1, 7, '', 'Plastic Chair - Red', 0, 1, 2345, 2345, 0, 0, 0, 2345, 0, 16, '2014-06-23 10:56:46', 0, '0000-00-00 00:00:00'),
(37, 30, 0, 1, 4, '', 'Plastic Chair - Blue', 0, 1, 1, 1, 1, 0, 0, 1, 0, 16, '2014-07-04 07:39:00', 16, '0000-00-00 00:00:00'),
(38, 31, 0, 1, 7, '', 'Plastic Chair - Red', 0, 1, 2345, 2345, 0, 12, 281.4, 2626.4, 0, 16, '2014-06-24 04:54:10', 0, '0000-00-00 00:00:00'),
(40, 30, 0, 2, 1, '', 'Teak wooden chair with natural finish', 0, 1, 1, 1, 0, 6, 0.06, 1.06, 0, 16, '2014-07-04 07:45:05', 0, '0000-00-00 00:00:00'),
(41, 30, 0, 3, 1, '', 'Teak wooden chair with natural finish', 0, 1, 1, 1, 0, 6, 0.06, 1.06, 0, 16, '2014-07-04 07:54:53', 0, '0000-00-00 00:00:00'),
(43, 30, 0, 4, 1, '', 'Teak wooden chair with natural finish', 0, 1, 1, 1, 0, 6, 0.06, 1.06, 0, 16, '2014-07-04 07:57:03', 0, '0000-00-00 00:00:00'),
(45, 32, 0, 1, 7, '', 'Plastic Chair - Red', 0, 1, 2345, 2345, 0, 1, 23.45, 2368.45, 0, 16, '2014-07-14 03:37:34', 0, '0000-00-00 00:00:00'),
(46, 32, 0, 2, 1, '', 'Teak wooden chair with natural finish', 0, 1, 1111, 1111, 0, 6, 66.66, 1177.66, 0, 16, '2014-07-14 03:39:55', 0, '0000-00-00 00:00:00'),
(47, 33, 0, 1, 1, '', 'Teak wooden chair with natural finish', 0, 2, 1, 2, 0, 6, 0.12, 2.12, 0, 16, '2014-07-14 04:20:09', 16, '0000-00-00 00:00:00'),
(48, 34, 0, 1, 7, '', 'Plastic Chair - Red', 0, 5, 2.34, 11.7, 0, 0, 0, 11.7, 0, 33, '2014-09-02 03:35:43', 0, '0000-00-00 00:00:00'),
(50, 39, 0, 1, 27, '', 'STAT', 0, 5, 123, 615, 782, 6, 36.9, 651.9, 0, 16, '2014-09-12 06:05:50', 0, '0000-00-00 00:00:00'),
(52, 42, 0, 1, 27, '', 'STAT', 0, 1, 10, 10, 787, 0, 0, 10, 0, 16, '2014-09-23 03:40:16', 0, '0000-00-00 00:00:00'),
(53, 43, 0, 0, 0, '', '0', 0, 0, 0, 0, 0, 0, 0, 0, 0, 1, '2014-10-13 05:04:20', 0, '0000-00-00 00:00:00'),
(54, 44, 0, 1, 29, '', 'Laptop Dell', 1, 1, 10, 10, 782, 6, 0.6, 10.6, 0, 16, '2014-10-20 10:51:20', 0, '0000-00-00 00:00:00'),
(55, 44, 0, 2, 27, '', 'STAT', 2, 1, 10, 10, 782, 6, 0.6, 10.6, 0, 16, '2014-10-21 02:04:26', 16, '0000-00-00 00:00:00'),
(56, 44, 0, 3, 41, '', 'tangga', 2, 1, 20, 20, 782, 6, 1.2, 21.2, 0, 16, '2014-10-21 02:02:57', 16, '0000-00-00 00:00:00'),
(58, 44, 0, 5, 29, '', 'Laptop Dell', 2, 1, 10, 10, 782, 6, 0.6, 10.6, 0, 16, '2014-10-21 02:20:43', 0, '0000-00-00 00:00:00'),
(59, 45, 0, 1, 26, '', 'Chair with Cover', 2, 1, 10, 10, 787, 0, 0, 10, 0, 16, '2014-10-21 03:12:50', 0, '0000-00-00 00:00:00'),
(60, 47, 0, 1, 29, '', 'Laptop Dell', 2, 10, 30, 300, 782, 6, 18, 318, 0, 16, '2014-10-27 01:16:55', 0, '0000-00-00 00:00:00'),
(61, 47, 0, 2, 26, '', 'Chair with Cover', 1, 1, 10, 10, 782, 6, 0.6, 10.6, 0, 16, '2014-10-27 01:17:09', 0, '0000-00-00 00:00:00'),
(62, 48, 0, 1, 29, '', 'Laptop Dell', 2, 1, 30, 30, 782, 6, 1.8, 31.8, 0, 16, '2014-10-27 01:20:15', 0, '0000-00-00 00:00:00'),
(63, 48, 0, 2, 26, '', 'Chair with Cover', 1, 1, 1, 1, 782, 6, 0.06, 1.06, 0, 16, '2014-10-27 04:57:38', 16, '0000-00-00 00:00:00'),
(64, 48, 0, 3, 29, '', 'Laptop Dell', 2, 12, 30, 360, 782, 6, 21.6, 381.6, 0, 16, '2014-10-27 05:00:03', 16, '0000-00-00 00:00:00'),
(65, 49, 0, 1, 93, '', 'Samsung Note 4', 13, 1, 24, 24, 1573, 6, 1.44, 25.44, 0, 19, '2014-10-28 10:27:46', 0, '0000-00-00 00:00:00'),
(66, 50, 0, 1, 29, '', 'Laptop Dell', 1, 2, 10, 20, 782, 6, 1.2, 21.2, 0, 16, '2014-10-30 07:13:50', 0, '0000-00-00 00:00:00'),
(67, 51, 0, 1, 26, '', 'Chair with Cover', 3, 1, 0, 0, 782, 6, 0, 0, 0, 16, '2014-10-30 07:24:25', 0, '0000-00-00 00:00:00'),
(68, 51, 0, 2, 29, '', 'Laptop Dell', 1, 1, 10, 10, 782, 6, 0.6, 10.6, 0, 16, '2014-10-30 07:29:09', 0, '0000-00-00 00:00:00'),
(72, 54, 0, 1, 538, '', 'Chair with Cover', 3, 1, 10, 10, 782, 6, 0.6, 10.6, 0, 16, '2014-10-30 10:35:18', 0, '0000-00-00 00:00:00'),
(73, 55, 538, 1, 26, '', 'Chair with Cover', 3, 1, 10, 10, 782, 6, 0.6, 10.6, 0, 16, '2014-10-30 10:41:56', 0, '0000-00-00 00:00:00'),
(74, 56, 537, 1, 29, '', 'Laptop Dell', 3, 1, 10, 10, 782, 6, 0.6, 10.6, 0, 16, '2014-10-31 02:10:49', 16, '0000-00-00 00:00:00'),
(75, 57, 538, 1, 26, '', 'Laptop Dell', 1, 2, 10, 20, 782, 6, 1.2, 21.2, 0, 16, '2014-10-31 02:02:53', 16, '0000-00-00 00:00:00'),
(76, 58, 537, 1, 29, '', 'aaaaa', 1, 0, 10, 10, 782, 6, 0.6, 10.6, 0, 16, '2014-10-31 01:53:11', 16, '0000-00-00 00:00:00'),
(78, 58, 537, 2, 29, '', 'Laptop Dell', 1, 1, 10, 10, 782, 6, 0.6, 10.6, 0, 16, '2014-10-31 02:50:21', 0, '0000-00-00 00:00:00'),
(79, 58, 536, 3, 26, '', 'Coverasasasa', 3, 1, 10, 10, 782, 6, 0.6, 10.6, 0, 16, '2014-10-31 02:50:42', 0, '0000-00-00 00:00:00'),
(80, 59, 549, 1, 102, '', 'Baju Kebarung(', 49, 2, 40, 80, 1684, 6, 4.8, 84.8, 0, 43, '2014-11-05 07:58:52', 0, '0000-00-00 00:00:00'),
(81, 60, 544, 1, 98, '', 'Tudung Merah', 47, 1, 1000, 1000, 1684, 6, 60, 1060, 0, 43, '2014-11-05 08:14:16', 0, '0000-00-00 00:00:00'),
(82, 61, 549, 1, 102, '', 'Baju Kebarung', 49, 1, 40, 40, 1671, 6, 2.4, 42.4, 0, 43, '2014-11-05 08:31:48', 0, '0000-00-00 00:00:00'),
(83, 62, 555, 1, 100, '', 'Merah', 49, 5, 20, 100, 1684, 6, 6, 106, 0, 43, '2014-11-05 09:27:31', 0, '0000-00-00 00:00:00'),
(85, 64, 539, 1, 78, '', 'TUDUNG BAWAL', 3, 3, 5, 15, 1573, 6, 0.9, 15.9, 0, 33, '2014-11-06 05:48:03', 33, '0000-00-00 00:00:00'),
(86, 64, 539, 2, 78, '', 'TUDUNG BAWAL', 0, 2, 5, 10, 1573, 6, 0.6, 10.6, 0, 33, '2014-11-06 05:53:02', 0, '0000-00-00 00:00:00'),
(87, 65, 552, 1, 99, '', 'Cotton', 48, 1, 10, 10, 1671, 6, 0.6, 10.6, 0, 33, '2014-11-07 04:29:40', 0, '0000-00-00 00:00:00'),
(88, 65, 553, 2, 99, '', 'Cotton', 48, 2, 10, 20, 1671, 6, 1.2, 21.2, 0, 33, '2014-11-07 04:29:48', 0, '0000-00-00 00:00:00'),
(89, 66, 543, 1, 90, '', 'Mineral Water', 13, 1, 40, 40, 1573, 6, 2.4, 42.4, 0, 33, '2014-11-10 02:31:39', 0, '0000-00-00 00:00:00'),
(90, 67, 533, 1, 94, '', 'Kawasaki ninja', 3, 1, 12500, 12500, 1559, 6, 750, 13250, 0, 33, '2014-11-11 01:00:29', 0, '0000-00-00 00:00:00'),
(91, 68, 495, 1, 80, '', 'CHSS4567S', 35, 1, 0, 50000, 1573, 6, 3000, 53000, 0, 33, '2014-11-11 01:52:33', 0, '0000-00-00 00:00:00'),
(92, 69, 534, 1, 93, '', 'Samsung Note 4', 17, 2, 1500, 3000, 1573, 6, 180, 3180, 0, 33, '2014-11-11 07:45:37', 0, '0000-00-00 00:00:00'),
(93, 70, 564, 1, 109, '', 'Paper Mate pen', 3, 2, 2, 4, 1573, 6, 0.24, 4.24, 0, 33, '2014-11-11 07:59:54', 0, '0000-00-00 00:00:00'),
(94, 71, 528, 1, 93, '', 'Samsung Note 4', 17, 2, 2, 4, 1573, 6, 0.24, 4.24, 0, 33, '2014-11-11 08:53:10', 0, '0000-00-00 00:00:00'),
(95, 72, 529, 1, 93, '', 'Samsung Note 4', 17, 2, 2, 4, 1573, 6, 0.24, 4.24, 0, 33, '2014-11-11 08:56:12', 0, '0000-00-00 00:00:00'),
(96, 73, 570, 1, 107, '', 'Seluar Hitam', 49, 4, 10, 40, 1671, 6, 2.4, 42.4, 0, 19, '2014-11-12 07:07:58', 0, '0000-00-00 00:00:00');

-- --------------------------------------------------------

--
-- Table structure for table `comp_supplier_invoice`
--

CREATE TABLE IF NOT EXISTS `comp_supplier_invoice` (
  `ID` int(11) NOT NULL AUTO_INCREMENT,
  `serialNo` int(11) NOT NULL DEFAULT '1',
  `companyID` int(11) NOT NULL,
  `purchaseInvoiceCodeID` int(11) NOT NULL COMMENT '1=puchase inv, 2=direct purch inv, 3=debit note, 4=credit note',
  `purchaserID` int(11) NOT NULL,
  `supplierID` int(11) NOT NULL,
  `formNo` varchar(32) NOT NULL,
  `invoiceDate` date NOT NULL,
  `supplierInvoiceNo` varchar(32) NOT NULL,
  `projectID` int(11) NOT NULL,
  `termsID` int(11) NOT NULL,
  `shipToID` int(11) NOT NULL,
  `locationID` int(11) NOT NULL,
  `currencyID` int(11) NOT NULL,
  `exchangeRate` double NOT NULL,
  `agentID` int(11) NOT NULL,
  `memo` text NOT NULL,
  `employeeID` int(11) NOT NULL,
  `shippingMethodID` int(11) NOT NULL,
  `totalAmount` double NOT NULL,
  `amountPaid` decimal(10,0) NOT NULL,
  `totalTaxAmount` double NOT NULL,
  `totalPayable` double NOT NULL,
  `total` double NOT NULL,
  `createdBy` int(11) NOT NULL,
  `createdTS` timestamp NOT NULL DEFAULT CURRENT_TIMESTAMP,
  `updatedBy` int(11) NOT NULL,
  `updatedTS` timestamp NOT NULL DEFAULT '0000-00-00 00:00:00' ON UPDATE CURRENT_TIMESTAMP,
  `is_delete` smallint(16) NOT NULL,
  `updateAble` tinyint(1) NOT NULL DEFAULT '1',
  `journalNo` varchar(32) NOT NULL,
  PRIMARY KEY (`ID`)
) ENGINE=InnoDB  DEFAULT CHARSET=latin1 AUTO_INCREMENT=463 ;

--
-- Dumping data for table `comp_supplier_invoice`
--

INSERT INTO `comp_supplier_invoice` (`ID`, `serialNo`, `companyID`, `purchaseInvoiceCodeID`, `purchaserID`, `supplierID`, `formNo`, `invoiceDate`, `supplierInvoiceNo`, `projectID`, `termsID`, `shipToID`, `locationID`, `currencyID`, `exchangeRate`, `agentID`, `memo`, `employeeID`, `shippingMethodID`, `totalAmount`, `amountPaid`, `totalTaxAmount`, `totalPayable`, `total`, `createdBy`, `createdTS`, `updatedBy`, `updatedTS`, `is_delete`, `updateAble`, `journalNo`) VALUES
(71, 1, 1, 1, 0, 1, 'PI2014 - invoice', '2013-04-22', 'apr 2013', 2, 7, 1, 1, 2, 3.1305, 0, '', 0, 0, 0, '301', 0, -301, 0, 0, '2014-05-22 03:06:36', 0, '2014-09-18 02:51:51', 0, 1, ''),
(72, 1, 1, 1, 0, 1, 'PI2014nasi goreng', '2013-05-22', 'may 2013', 1, 5, 1, 1, 2, 3.1305, 0, '', 0, 0, 0, '2', 0, -2, 0, 0, '2014-05-22 03:09:47', 0, '2014-09-18 02:51:51', 0, 1, ''),
(73, 1, 1, 2, 0, 1, 'sds', '2013-06-22', 'jun 2013', 2, 5, 1, 1, 2, 3.1305, 0, '', 0, 0, 0, '2', 0, -2, 0, 0, '2014-05-22 03:23:12', 0, '2014-09-18 02:51:51', 0, 1, ''),
(74, 1, 1, 2, 0, 20, 'PI2tr14nasi goreng', '2013-07-22', 'jul 2013', 2, 6, 1, 1, 1, 0, 0, '', 0, 0, 0, '22', 0, -22, 0, 0, '2014-05-22 03:31:55', 0, '2014-09-18 02:51:51', 0, 1, ''),
(75, 1, 1, 2, 0, 1, 'A', '2013-08-22', 'aug 2013', 1, 6, 1, 1, 2, 3.1305, 0, '', 0, 0, 0, '2', 0, -2, 0, 0, '2014-05-22 03:42:36', 0, '2014-09-18 02:51:51', 0, 1, ''),
(76, 1, 1, 2, 0, 20, 'PI2014nasi goreng', '2013-09-22', 'sept 2013', 1, 5, 1, 1, 1, 0, 0, '', 0, 0, 0, '122', 0, -122, 0, 0, '2014-05-22 03:51:54', 0, '2014-09-18 02:51:51', 0, 1, ''),
(77, 1, 1, 2, 0, 1, 'PI2014nasi goreng', '2013-10-22', 'oct 2013', 1, 5, 1, 1, 2, 3.1305, 0, '', 0, 0, 0, '2', 0, -2, 0, 0, '2014-05-22 03:58:24', 0, '2014-09-18 02:51:51', 0, 1, ''),
(78, 1, 1, 2, 0, 1, 'df', '2013-11-22', 'nov 2013', 1, 5, 1, 0, 2, 3.1305, 0, '', 0, 0, 0, '14', 0, -14, 0, 0, '2014-05-22 04:01:44', 0, '2014-09-18 02:51:51', 0, 1, ''),
(79, 1, 1, 2, 0, 1, 'PI2014nasi goreng', '2013-12-22', 'dec 2013', 1, 5, 1, 0, 2, 3.1305, 0, '', 0, 0, 0, '2', 0, -2, 0, 0, '2014-05-22 04:15:09', 0, '2014-09-18 02:51:51', 0, 1, ''),
(80, 1, 1, 2, 0, 1, 'PI2014nasi goreng', '2014-01-22', ' jan 2014.', 2, 6, 1, 2, 2, 3.1305, 0, '', 0, 0, 0, '5', 0, -4, 0, 0, '2014-05-22 11:17:23', 0, '2014-09-18 02:51:51', 0, 1, ''),
(81, 1, 1, 2, 0, 1, 'as', '2014-02-13', 'feb 2014', 1, 5, 1, 1, 2, 3.1305, 0, '', 0, 0, 0, '5', 0, -4, 0, 0, '2014-05-23 07:34:21', 0, '2014-09-18 02:51:51', 0, 1, ''),
(82, 1, 1, 2, 0, 1, 'PI2014-82', '2014-03-07', 'mac 2014', 2, 5, 1, 1, 2, 3.1305, 0, 'xcxx', 0, 0, 100700, '677845', 0, -577145, 0, 0, '2014-05-29 01:25:00', 0, '2014-09-18 02:51:51', 0, 1, ''),
(83, 1, 1, 2, 0, 1, 'PI2014nasi goreng', '2014-04-29', 'apr 2014', 1, 5, 1, 1, 2, 3.1305, 0, 'sdsdsd', 0, 0, 0, '17', 0, -17, 0, 0, '2014-05-29 01:27:20', 0, '2014-09-18 02:51:51', 0, 1, ''),
(84, 1, 1, 2, 7, 1, 'PI2014nasi goreng', '2014-05-29', 'fd', 1, 5, 1, 1, 2, 3.1305, 0, 'dfsger', 0, 73, 0, '17', 30, -17, 0, 0, '2014-05-29 01:33:15', 0, '2014-09-18 02:51:51', 0, 1, ''),
(85, 1, 1, 2, 6, 1, 'PI2014nasi goreng', '2014-06-03', '006', 1, 5, 1, 1, 2, 3.1305, 0, '', 0, 7, 0, '12', 0, -12, 0, 0, '2014-06-03 03:30:34', 0, '2014-09-18 02:51:51', 0, 1, ''),
(86, 1, 1, 2, 9, 1, 'PI2014nasi goreng', '2014-06-03', 'supplier invoice no 00000011111', 2, 5, 3, 1, 2, 3.1305, 0, '', 0, 6, 0, '122', 0, -122, 0, 0, '2014-06-03 10:38:31', 0, '2014-09-18 02:51:51', 0, 1, ''),
(87, 1, 1, 2, 9, 1, 'PI2014', '2014-06-04', '34ssss', 2, 6, 4, 1, 2, 3.1305, 0, '', 0, 4, 0, '12', 0, -12, 0, 0, '2014-06-04 11:06:46', 0, '2014-09-18 02:51:51', 0, 1, ''),
(88, 1, 1, 2, 7, 1, 'PI2014', '2014-06-11', 'wew', 1, 5, 2, 1, 2, 3.1305, 0, 'sds', 0, 3, 0, '12', 0, -12, 0, 0, '2014-06-11 12:13:17', 0, '2014-09-18 02:51:51', 0, 1, ''),
(89, 1, 1, 2, 6, 1, 'PI2014', '2014-06-18', 'sd', 1, 5, 1, 1, 2, 3.1305, 0, 'dsds', 0, 73, 0, '0', 0, 0, 0, 0, '2014-06-18 09:09:02', 0, '2014-09-18 02:51:51', 0, 1, ''),
(90, 1, 1, 2, 6, 20, 'PI2014', '2014-06-18', '.,mjl;l', 1, 5, 1, 1, 1, 0, 0, 'uiuop', 0, 5, 0, '0', 0, 0, 0, 0, '2014-06-18 09:40:46', 0, '2014-09-18 02:51:51', 0, 1, ''),
(91, 1, 1, 2, 6, 1, 'PI2014', '2014-06-18', 'da', 1, 6, 3, 1, 2, 3.1305, 0, 'asaaa', 0, 73, 0, '0', 0, 0, 0, 0, '2014-06-18 10:11:37', 0, '2014-09-18 02:51:51', 0, 1, ''),
(92, 1, 1, 2, 7, 1, 'PI2014', '2014-06-18', 'da', 1, 5, 1, 1, 2, 3.1305, 0, 'asa', 0, 74, 0, '0', 0, 0, 0, 0, '2014-06-18 10:27:37', 0, '2014-09-18 02:51:51', 0, 1, ''),
(93, 1, 1, 2, 7, 1, 'PI2014', '2014-06-19', 'qeq', 10, 6, 5, 1, 2, 3.1305, 0, 'acw weqwq', 0, 73, 0, '12', 0, -12, 0, 0, '2014-06-19 01:02:31', 0, '2014-09-18 02:51:51', 0, 1, ''),
(94, 1, 1, 2, 7, 1, 'PI2014', '2014-06-19', 'qwq', 16, 7, 1, 1, 2, 3.1305, 0, 'adwe', 0, 5, 0, '0', 0, 0, 0, 0, '2014-06-19 01:09:11', 0, '2014-09-18 02:51:51', 0, 1, ''),
(95, 1, 1, 2, 7, 1, 'PI2014', '2014-06-19', 'asq', 1, 5, 1, 1, 2, 3.1305, 0, 'sdq', 0, 73, 0, '26', 0, -26, 0, 0, '2014-06-19 01:27:02', 0, '2014-09-18 02:51:51', 0, 1, ''),
(96, 1, 1, 2, 6, 1, 'PI2014', '2014-06-19', 'wqw', 1, 5, 1, 1, 2, 3.1305, 0, 'weqwq', 0, 5, 0, '122', 0, -122, 0, 0, '2014-06-19 01:37:31', 0, '2014-09-18 02:51:51', 0, 1, ''),
(97, 1, 1, 2, 7, 1, 'PI2014', '2014-06-19', 'dwe', 10, 5, 1, 1, 2, 3.1305, 0, '21da', 0, 74, 3.18, '12', 0.18, -8.82, 0, 0, '2014-06-19 01:59:53', 16, '2014-09-18 02:51:51', 0, 1, ''),
(98, 1, 1, 2, 7, 1, 'PI2014', '2014-06-20', '90', 1, 5, 3, 1, 2, 3.1305, 0, 'kjl;', 0, 6, 0, '12', 0, -12, 0, 0, '2014-06-20 09:36:39', 0, '2014-09-18 02:51:51', 0, 1, ''),
(99, 1, 1, 2, 6, 1, 'PI2014', '2014-06-23', 'jklk', 16, 6, 1, 1, 2, 3.1305, 0, 'lkl', 0, 5, 0, '0', 0, 0, 0, 0, '2014-06-23 03:21:52', 0, '2014-09-18 02:51:51', 0, 1, ''),
(100, 1, 1, 2, 7, 1, 'PI2014[00000001]', '2014-08-13', '234234', 1, 6, 0, 1, 2, 3.1305, 0, '', 0, 73, 0, '121', 0, -121, 0, 16, '2014-06-24 08:19:17', 16, '2014-09-18 02:51:51', 0, 1, ''),
(101, 1, 1, 2, 7, 1, 'PI2014', '2014-06-26', 'kl09887', 1, 5, 2, 1, 2, 3.1305, 0, '', 0, 5, 0, '1213', 0, -1213, 0, 16, '2014-06-26 06:44:47', 16, '2014-09-18 02:51:51', 0, 1, ''),
(102, 1, 15, 2, 12, 26, 'PI2014', '2014-07-01', 'sup inv 321', 19, 5, 1, 3, 2, 3.8, 0, '', 0, 5, 0, '0', 0, 0, 0, 16, '2014-07-01 05:04:07', 16, '2014-09-18 02:51:51', 0, 0, 'AP20140200000001'),
(103, 1, 1, 2, 7, 1, 'PI2014', '2014-07-04', 'as', 1, 5, 1, 1, 2, 3.1305, 0, 'sdsd', 0, 74, 0, '131', 0, -1, 0, 16, '2014-07-04 00:14:51', 16, '2014-09-18 02:51:51', 0, 0, 'AP20140700000001'),
(104, 1, 1, 2, 6, 1, 'PI2014', '2014-05-26', '2452354', 1, 5, 1, 0, 2, 3.1305, 0, 'dfa dfasfd ', 0, 3, 1555.02, '1698', 0, -142.98000000000002, 0, 16, '2014-07-07 02:45:16', 16, '2014-09-18 02:51:51', 0, 1, ''),
(105, 1, 1, 2, 6, 1, 'PI2014', '2014-05-26', '24', 1, 5, 1, 0, 2, 3.1305, 0, 'we rtwe r', 0, 6, 0, '0', 0, 0, 0, 16, '2014-07-07 02:46:54', 0, '2014-09-18 02:51:51', 0, 1, ''),
(106, 1, 1, 2, 6, 1, 'PI2014', '2014-05-26', '345234', 1, 5, 1, 0, 2, 3.1305, 0, 'afsdasdf asdf asfd', 0, 3, 0, '0', 0, 0, 0, 16, '2014-07-07 03:44:54', 0, '2014-09-18 02:51:51', 0, 1, ''),
(107, 1, 1, 2, 6, 1, 'PI2014', '2014-05-26', '345234', 1, 5, 1, 0, 2, 3.1305, 0, 'afsdasdf asdf asfd', 0, 3, 0, '0', 0, 0, 0, 16, '2014-07-07 03:45:03', 0, '2014-09-18 02:51:51', 0, 1, ''),
(108, 1, 1, 2, 6, 1, 'PI2014', '2014-05-26', '0', 17, 5, 1, 0, 2, 3.1305, 0, 'zcsdfas', 0, 74, 0, '0', 0, 0, 0, 16, '2014-07-07 03:47:27', 0, '2014-09-18 02:51:51', 0, 1, ''),
(109, 1, 1, 2, 6, 1, 'PI2014', '2014-05-26', '342', 1, 5, 1, 0, 2, 3.1305, 0, '', 0, 74, 0, '0', 0, 0, 0, 16, '2014-07-07 03:48:51', 0, '2014-09-18 02:51:51', 0, 1, ''),
(112, 1, 1, 1, 6, 1, 'PI2014', '2014-05-26', '0', 10, 5, 1, 1, 2, 3.1305, 0, 'WAE DADFSDF ASDFASFD ', 6, 74, 345, '741', 20.7, -396, 0, 16, '2014-07-07 04:59:30', 0, '2014-09-18 02:51:51', 0, 1, ''),
(113, 1, 1, 1, 6, 1, 'PI2014', '2014-05-26', '0', 10, 5, 1, 1, 2, 3.1305, 0, 'WAE DADFSDF ASDFASFD ', 6, 74, 345, '345', 20.7, 0, 0, 16, '2014-07-07 05:01:40', 0, '2014-09-18 02:51:51', 0, 1, ''),
(114, 1, 1, 1, 6, 1, 'PI2014', '2014-05-26', '0', 10, 5, 1, 1, 2, 3.1305, 0, 'WAE DADFSDF ASDFASFD ', 6, 74, 0, '366', 0, -366, 0, 16, '2014-07-07 05:03:39', 0, '2014-09-18 02:51:51', 0, 1, ''),
(115, 1, 1, 1, 6, 1, 'PI2014', '2014-05-26', '0', 1, 5, 1, 1, 2, 3.1305, 0, '', 6, 5, 345, '366', 20.7, -21, 0, 16, '2014-07-07 05:05:18', 0, '2014-09-18 02:51:51', 0, 1, ''),
(116, 1, 1, 1, 6, 1, 'PI2014', '2014-05-26', '0', 1, 5, 1, 1, 2, 3.1305, 0, '', 6, 5, 345, '366', 20.7, -21, 0, 16, '2014-07-07 05:07:02', 0, '2014-09-18 02:51:51', 0, 1, ''),
(117, 1, 1, 1, 6, 1, 'PI2014', '2014-05-26', '0', 1, 5, 1, 1, 2, 3.1305, 0, '', 6, 74, 345, '366', 20.7, -21, 0, 16, '2014-07-07 05:09:32', 0, '2014-09-18 02:51:51', 0, 1, ''),
(118, 1, 1, 1, 6, 1, 'PI2014', '2014-05-26', '0', 1, 5, 1, 1, 2, 3.1305, 0, '', 6, 74, 345, '0', 20.7, 365.7, 0, 16, '2014-07-07 05:10:16', 0, '2014-09-18 02:51:51', 0, 1, ''),
(119, 1, 1, 1, 6, 1, 'PI2014', '2014-05-26', '0', 1, 5, 1, 1, 2, 3.1305, 0, '', 6, 74, 345, '0', 20.7, 365.7, 0, 16, '2014-07-07 05:10:31', 0, '2014-09-18 02:51:51', 0, 1, ''),
(120, 1, 1, 1, 6, 1, 'PI2014', '2014-05-26', '0', 1, 5, 1, 1, 2, 3.1305, 0, '', 6, 74, 345, '366', 20.7, -21, 0, 16, '2014-07-07 05:10:48', 0, '2014-09-18 02:51:51', 0, 1, ''),
(121, 1, 1, 1, 6, 1, 'PI2014', '2014-05-26', '0', 10, 5, 1, 1, 2, 3.1305, 0, 'qwefqwerwqr', 6, 73, 456, '483', 27.36, -27, 0, 16, '2014-07-07 05:13:10', 0, '2014-09-18 02:51:51', 0, 1, ''),
(122, 1, 1, 1, 6, 1, 'PI2014', '2014-05-26', '0', 10, 5, 1, 1, 2, 3.1305, 0, 'qwefqwerwqr', 6, 73, 456, '483', 27.36, -27, 0, 16, '2014-07-07 05:13:53', 0, '2014-09-18 02:51:51', 0, 1, ''),
(123, 1, 1, 1, 6, 1, 'PI2014', '2014-05-26', '0', 1, 5, 1, 1, 2, 3.1305, 0, '', 6, 6, 345, '366', 20.7, -21, 0, 16, '2014-07-07 05:15:55', 0, '2014-09-18 02:51:51', 0, 1, ''),
(124, 1, 1, 1, 6, 1, 'PI2014', '2014-05-26', 'fghdfhg7464356', 10, 5, 1, 1, 2, 3.1305, 0, '', 6, 6, 345, '366', 20.7, -21, 0, 16, '2014-07-07 05:21:03', 0, '2014-09-18 02:51:51', 0, 1, ''),
(125, 1, 1, 1, 6, 1, 'PI2014', '2014-05-26', 'fghdfhg7464356', 10, 5, 1, 1, 2, 3.1305, 0, '', 6, 6, 345, '366', 20.7, -21, 0, 16, '2014-07-07 05:23:41', 0, '2014-09-18 02:51:51', 0, 1, ''),
(126, 1, 1, 1, 6, 1, 'PI2014', '2014-05-26', 'fghdfhg7464356', 10, 5, 1, 1, 2, 3.1305, 0, '', 6, 6, 345, '366', 20.7, -21, 0, 16, '2014-07-07 05:24:45', 0, '2014-09-18 02:51:51', 0, 1, ''),
(127, 1, 1, 1, 6, 1, 'PI2014', '2014-05-26', 'fghdfhg7464356', 10, 5, 1, 1, 2, 3.1305, 0, '', 6, 6, 345, '837', 0, -492, 0, 16, '2014-07-07 05:39:00', 16, '2014-09-18 02:51:51', 0, 1, ''),
(128, 1, 1, 1, 6, 1, 'PI2014', '2014-06-19', 'ert3453', 1, 6, 1, 1, 2, 3.1305, 0, 'qw', 6, 73, 456, '483', 27.36, -27, 0, 16, '2014-07-07 05:43:02', 0, '2014-09-18 02:51:51', 0, 1, ''),
(129, 1, 1, 1, 6, 1, 'PI2014', '2014-06-19', 'ert3453', 1, 6, 1, 1, 2, 3.1305, 0, 'qw', 6, 73, 456, '483', 27.36, -27, 0, 16, '2014-07-07 05:43:24', 0, '2014-09-18 02:51:51', 0, 1, ''),
(130, 1, 1, 1, 6, 1, 'PI2014', '2014-06-19', 'ert3453', 1, 6, 1, 1, 2, 3.1305, 0, 'qw', 6, 73, 456, '483', 27.36, -27, 0, 16, '2014-07-07 05:43:34', 0, '2014-09-18 02:51:51', 0, 1, ''),
(131, 1, 1, 1, 6, 1, 'PI2014', '2014-06-19', 'sdfg356345', 1, 5, 1, 1, 2, 3.1305, 0, 'qw', 6, 5, 345, '345', 0, 0, 0, 16, '2014-07-07 05:46:41', 16, '2014-09-18 02:51:51', 0, 1, ''),
(132, 1, 1, 2, 7, 1, 'PI2014', '2014-07-07', '326523', 1, 5, 1, 0, 2, 3.1305, 0, 'efgsdfg', 0, 4, 0, '0', 0, 0, 0, 16, '2014-07-07 05:51:45', 0, '2014-09-18 02:51:51', 0, 1, ''),
(133, 1, 1, 2, 7, 1, 'PI2014', '2014-07-07', '326523', 1, 5, 1, 0, 2, 3.1305, 0, 'efgsdfg', 0, 4, 0, '0', 0, 0, 0, 16, '2014-07-07 05:51:55', 0, '2014-09-18 02:51:51', 0, 1, ''),
(134, 1, 1, 2, 7, 1, 'PI2014', '2014-07-07', 'wetwert326523', 1, 5, 1, 1, 2, 3.1305, 0, 'efgsdfg', 0, 4, 0, '0', 0, 0, 0, 16, '2014-07-07 05:52:17', 16, '2014-09-18 02:51:51', 0, 1, ''),
(135, 1, 1, 1, 7, 1, 'PI2014', '2014-06-20', 'xfgsd35365', 10, 5, 1, 1, 2, 3.1305, 0, 'ASA', 7, 73, 4356, '28', 0, 4328, 0, 16, '2014-07-07 05:57:08', 16, '2014-09-18 02:51:51', 0, 1, ''),
(136, 1, 1, 1, 6, 1, 'PI2014', '2014-05-26', 'sf3535634', 1, 6, 2, 1, 2, 3.1305, 0, 'fsgdsfg', 6, 5, 567, '567', 34.02, 0, 0, 16, '2014-07-07 05:59:07', 0, '2014-09-18 02:51:51', 0, 1, ''),
(137, 1, 1, 1, 6, 1, 'PI2014', '2014-05-26', 'sf3535634', 1, 6, 2, 1, 2, 3.1305, 0, 'fsgdsfg', 6, 5, 567, '567', 34.02, 0, 0, 16, '2014-07-07 05:59:38', 0, '2014-09-18 02:51:51', 0, 1, ''),
(138, 1, 1, 1, 7, 1, 'PI2014', '2014-05-26', 'sf3535634', 1, 6, 2, 1, 2, 3.1305, 0, 'asa', 7, 5, 567, '567', 0, 0, 0, 16, '2014-07-07 06:00:01', 16, '2014-09-18 02:51:51', 0, 1, ''),
(139, 1, 1, 1, 6, 1, 'PI2014', '2014-06-19', 'dafd2345234', 1, 5, 1, 1, 2, 3.1305, 0, 'qw', 6, 3, 0, '0', 0, 0, 0, 16, '2014-07-07 06:17:13', 0, '2014-09-18 02:51:51', 0, 1, ''),
(140, 1, 1, 1, 6, 1, 'PI2014', '2014-06-19', 'dafd2345234', 1, 5, 1, 1, 2, 3.1305, 0, 'qw', 6, 3, 0, '0', 0, 0, 0, 16, '2014-07-07 06:17:37', 0, '2014-09-18 02:51:51', 0, 1, ''),
(141, 1, 1, 1, 6, 1, 'PI2014', '2014-06-19', 'dafd2345234', 1, 5, 1, 1, 2, 3.1305, 0, 'qw', 6, 3, 0, '0', 0, 0, 0, 16, '2014-07-07 06:17:43', 0, '2014-09-18 02:51:51', 0, 1, ''),
(142, 1, 1, 1, 6, 1, 'PI2014', '2014-06-19', 'zsfsf324523', 1, 5, 1, 1, 2, 3.1305, 0, 'qw', 6, 74, 0, '0', 0, 0, 0, 16, '2014-07-07 06:20:29', 0, '2014-09-18 02:51:51', 0, 1, ''),
(143, 1, 1, 1, 6, 1, 'PI2014', '2014-06-19', 'zsfsf324523', 1, 5, 1, 1, 2, 3.1305, 0, 'qw', 6, 74, 0, '0', 0, 0, 0, 16, '2014-07-07 06:20:40', 0, '2014-09-18 02:51:51', 0, 1, ''),
(144, 1, 1, 1, 6, 1, 'PI2014', '2014-06-19', 'zsfsf324523', 1, 5, 1, 1, 2, 3.1305, 0, 'qw', 6, 74, 0, '0', 0, 0, 0, 16, '2014-07-07 06:21:36', 0, '2014-09-18 02:51:51', 0, 1, ''),
(145, 1, 1, 1, 6, 1, 'PI2014', '2014-06-19', 'dfgd345634', 1, 5, 2, 1, 2, 3.1305, 0, 'qw', 6, 3, 0, '0', 0, 0, 0, 16, '2014-07-07 06:22:37', 0, '2014-09-18 02:51:51', 0, 1, ''),
(146, 1, 1, 1, 7, 20, 'PI2014', '2014-05-26', 'sdfgsd3456346', 17, 7, 2, 1, 1, 0, 0, 'sdsd', 7, 74, 0, '0', 0, 0, 0, 16, '2014-07-07 06:27:14', 0, '2014-09-18 02:51:51', 0, 1, ''),
(147, 1, 1, 1, 7, 20, 'PI2014', '2014-05-26', 'sdfgsd3456346', 17, 7, 2, 1, 1, 0, 0, 'sdsd', 7, 74, 0, '0', 0, 0, 0, 16, '2014-07-07 06:28:19', 0, '2014-09-18 02:51:51', 0, 1, ''),
(148, 1, 1, 1, 7, 1, 'PI2014', '2014-06-12', 'asdfasfd23452354', 1, 5, 2, 1, 2, 3.1305, 0, 'ww', 7, 74, 0, '0', 0, 0, 0, 16, '2014-07-07 06:48:23', 0, '2014-09-18 02:51:51', 0, 1, ''),
(149, 1, 1, 1, 7, 20, 'PI2014', '2014-06-02', 'dfsagf2353', 1, 5, 1, 1, 1, 0, 0, '', 7, 74, 0, '0', 0, 0, 0, 16, '2014-07-07 06:49:31', 0, '2014-09-18 02:51:51', 0, 1, ''),
(155, 1, 1, 2, 7, 23, 'PI20143', '2014-07-09', '326523', 1, 5, 4, 2, 2, 3.1305, 0, 'efgsdfg lorem ipsum', 0, 74, 638.12, '0', 36.120000000000005, 2496.4, 0, 16, '2014-07-07 05:51:45', 16, '2014-09-18 02:51:51', 0, 1, ''),
(156, 1, 1, 2, 7, 1, 'PI2014', '2014-07-07', '326523', 1, 5, 1, 0, 2, 3.1305, 0, 'efgsdfg', 0, 4, 0, '0', 0, 0, 0, 16, '2014-07-07 05:51:55', 0, '2014-09-18 02:51:51', 0, 1, ''),
(157, 1, 1, 1, 6, 1, 'PI2014', '2014-05-26', 'zdafdsf234243', 2, 6, 1, 1, 2, 3.1305, 0, 'ascadfasd', 6, 74, 0, '0', 0, 0, 0, 16, '2014-07-10 03:56:24', 0, '2014-09-18 02:51:51', 0, 1, ''),
(158, 1, 1, 2, 7, 23, 'PI20143', '2014-07-09', '326523', 1, 5, 4, 2, 2, 3.1305, 0, 'efgsdfg lorem ipsum', 0, 74, 638.12, '0', 36.120000000000005, 2496.4, 0, 16, '2014-07-07 05:51:45', 16, '2014-09-18 02:51:51', 0, 1, ''),
(159, 1, 1, 2, 6, 1, 'PI2014', '2014-07-11', 'sds', 15, 5, 1, 1, 2, 3.1305, 0, 'sdsfdw', 0, 5, 0, '0', 0, 0, 0, 16, '2014-07-11 04:12:34', 0, '2014-09-18 02:51:51', 0, 1, ''),
(160, 1, 1, 2, 6, 1, 'PI2014', '2014-07-11', 'sds', 15, 5, 1, 1, 2, 3.1305, 0, 'sdsfdw', 0, 5, 40.28, '0', 2.2800000000000002, 0, 0, 16, '2014-07-11 04:17:30', 0, '2014-09-18 02:51:51', 0, 1, ''),
(161, 1, 1, 2, 7, 1, 'PI2014', '2014-07-11', 's', 1, 5, 1, 1, 2, 3.1305, 0, 'w', 0, 5, 0, '0', 0, 0, 0, 16, '2014-07-11 06:49:35', 0, '2014-09-18 02:51:51', 0, 1, ''),
(162, 1, 1, 2, 6, 1, 'PI2014', '2014-07-11', 'ytr', 1, 5, 1, 1, 2, 3.1305, 0, 'd', 0, 8, 2251.28, '0', 127.28, 0, 0, 16, '2014-07-11 07:16:54', 0, '2014-09-18 02:51:51', 0, 1, ''),
(163, 1, 1, 1, 6, 1, 'PI2014', '2014-05-13', 'afsfgsd3453', 1, 5, 1, 1, 2, 3.1305, 0, '', 6, 73, 567, '601', 34.02, -34, 0, 16, '2014-07-14 03:38:17', 0, '2014-09-18 02:51:51', 0, 1, ''),
(164, 1, 1, 1, 6, 1, 'PI2014', '2014-05-13', 'asdfa42354', 2, 7, 1, 1, 2, 3.1305, 0, 'rw wert wert wet', 6, 74, 0, '0', 0, 0, 0, 16, '2014-07-14 03:42:58', 0, '2014-09-18 02:51:51', 0, 1, ''),
(165, 1, 1, 1, 6, 1, 'PI2014', '2014-05-14', 'asdf23452', 15, 6, 1, 1, 2, 3.1305, 0, 'sdfasfdsafd', 6, 74, 0, '0', 0, 0, 0, 16, '2014-07-14 04:04:10', 0, '2014-09-18 02:51:51', 0, 1, ''),
(166, 1, 1, 1, 6, 1, 'PI2014', '2014-05-12', 'dfasd2454', 2, 5, 1, 1, 2, 3.1305, 0, '', 6, 74, 0, '12', 0, -12, 0, 16, '2014-07-14 04:16:04', 0, '2014-09-18 02:51:51', 0, 1, ''),
(167, 1, 1, 1, 6, 1, 'PI2014', '2014-05-12', 'adfasd45', 15, 6, 1, 1, 2, 3.1305, 0, '', 6, 5, 12, '12', 0, 0, 0, 16, '2014-07-14 04:19:01', 0, '2014-09-18 02:51:51', 0, 1, ''),
(168, 1, 1, 1, 6, 1, 'PI2014', '2014-05-12', 'adasdf45345', 2, 6, 1, 1, 2, 3.1305, 0, '', 6, 74, 12, '12', 0, 0, 0, 16, '2014-07-14 04:26:29', 0, '2014-09-18 02:51:51', 0, 1, ''),
(169, 1, 1, 1, 6, 1, 'PI2014', '2014-05-12', 'adasdf45345', 2, 6, 1, 1, 2, 3.1305, 0, '', 6, 74, 12, '12', 0, 0, 0, 16, '2014-07-14 04:29:17', 0, '2014-09-18 02:51:51', 0, 1, ''),
(170, 1, 1, 1, 6, 1, 'PI2014', '2014-05-12', 'dfadf24523', 1, 6, 1, 1, 2, 3.1305, 0, '', 6, 73, 260.76, '261', 0, -0.2400000000000091, 0, 16, '2014-07-14 04:50:57', 16, '2014-09-18 02:51:51', 0, 1, ''),
(171, 1, 1, 1, 6, 1, 'PI2014', '2014-05-12', 'aDFASF243523', 1, 5, 1, 1, 2, 3.1305, 0, '', 6, 73, 12, '12', 0, 0, 0, 16, '2014-07-14 04:57:32', 0, '2014-09-18 02:51:51', 0, 1, ''),
(172, 1, 1, 1, 6, 1, 'PI2014', '2014-05-12', 'asdf2345', 2, 6, 1, 1, 2, 3.1305, 0, '', 6, 73, 4937.4800000000005, '20', 0, 4917.4800000000005, 0, 16, '2014-07-14 04:59:15', 16, '2014-09-18 02:51:51', 0, 1, ''),
(173, 1, 1, 1, 6, 1, 'PI2014', '2014-05-12', 'asgf3w4523', 10, 5, 2, 1, 2, 3.1305, 0, '', 6, 74, 483.36, '849', 0, -365.64, 0, 16, '2014-07-14 05:05:32', 16, '2014-09-18 02:51:51', 0, 1, ''),
(174, 1, 1, 1, 6, 1, 'PI2014', '2014-05-12', 'qwdqe42341234', 10, 6, 1, 1, 2, 3.1305, 0, '', 6, 74, 367, '389', 22.02, -22, 0, 16, '2014-07-14 05:06:55', 0, '2014-09-18 02:51:51', 0, 1, ''),
(175, 1, 1, 1, 6, 1, 'PI2014', '2014-05-12', 'qwdqe42341234', 10, 6, 1, 1, 2, 3.1305, 0, '', 6, 74, 367, '389', 22.02, -22, 0, 16, '2014-07-14 05:12:39', 0, '2014-09-18 02:51:51', 0, 1, ''),
(176, 1, 1, 1, 6, 1, 'PI2014', '2014-05-13', 'zfgst35325', 1, 5, 1, 1, 2, 3.1305, 0, '', 6, 73, 588, '623', 35.28, -35, 0, 16, '2014-07-14 05:15:49', 0, '2014-09-18 02:51:51', 0, 1, ''),
(177, 1, 1, 1, 6, 1, 'PI2014', '2014-05-14', 'asdf2345', 10, 5, 1, 1, 2, 3.1305, 0, '', 6, 74, 0, '625', 590, -625, 0, 16, '2014-07-14 05:21:47', 0, '2014-09-18 02:51:51', 0, 1, ''),
(178, 1, 1, 1, 6, 1, 'PI2014', '2014-05-29', 'asfg2356236', 1, 7, 2, 1, 2, 3.1305, 0, '', 6, 74, 0, '70', 67, -70, 0, 16, '2014-07-14 05:27:13', 0, '2014-09-18 02:51:51', 0, 1, ''),
(179, 1, 1, 1, 6, 1, 'PI2014', '2014-05-29', 'dafs23532', 1, 5, 1, 1, 2, 3.1305, 0, '', 6, 73, 0, '24', 0, -24, 0, 16, '2014-07-14 05:31:07', 16, '2014-09-18 02:51:51', 0, 1, ''),
(180, 1, 1, 1, 6, 20, 'PI2014', '2014-06-24', 'zdafdsf234243', 10, 6, 1, 1, 1, 0, 0, '', 6, 73, 71.7, '0', 0, 71.7, 0, 16, '2014-07-14 05:55:13', 16, '2014-09-18 02:51:51', 0, 1, ''),
(181, 1, 1, 1, 6, 1, 'PI2014', '2014-05-28', 'asfgasfa453', 10, 5, 1, 1, 2, 3.1305, 0, 'asf', 6, 74, 71.36, '71', 0, 0.35999999999999943, 0, 16, '2014-07-14 05:58:24', 16, '2014-09-18 02:51:51', 0, 1, ''),
(182, 1, 15, 1, 12, 26, 'PI2014', '2014-07-16', 'awan biru 1', 19, 5, 1, 3, 2, 3.8, 0, '', 12, 7, 664.5, '0', 37.5, 702, 0, 16, '2014-07-16 00:27:26', 0, '2014-09-22 07:26:36', 0, 0, 'AP20140200000002'),
(183, 1, 15, 1, 9, 26, 'PI2014', '2014-07-16', 'awan biru 2', 19, 5, 2, 4, 2, 3.8, 0, '', 9, 5, 21.2, '0', 1.2, 22.4, 0, 16, '2014-07-16 00:35:38', 0, '2014-09-22 07:26:36', 0, 0, 'AP20140200000003'),
(184, 1, 1, 1, 6, 1, 'PI2014', '2014-07-16', 'qwfd245', 10, 5, 1, 1, 2, 3.1305, 0, '', 6, 73, 22, '23', 0.66, -1, 0, 16, '2014-07-16 01:04:15', 0, '2014-09-18 02:51:51', 0, 1, ''),
(185, 1, 15, 1, 9, 26, 'PI2014', '2014-07-16', 'awan biru 3', 19, 5, 1, 3, 2, 3.8, 0, '', 9, 5, 15.9, '0', 0.9, 16.8, 0, 16, '2014-07-16 01:14:00', 0, '2014-09-22 07:26:36', 0, 1, ''),
(186, 1, 1, 1, 6, 1, 'PI2014', '2014-07-16', 'sfg2342', 1, 6, 1, 1, 2, 3.1305, 0, '', 6, 74, 13, '13', 0.06, 0, 0, 16, '2014-07-16 01:22:33', 0, '2014-09-18 02:51:51', 0, 1, ''),
(187, 1, 1, 1, 6, 1, 'PI2014', '2014-07-16', 'sdfg356', 1, 5, 1, 1, 2, 3.1305, 0, '', 6, 4, 11, '11', 0, 0, 0, 16, '2014-07-16 01:23:41', 0, '2014-09-18 02:51:51', 0, 1, ''),
(188, 1, 1, 1, 6, 1, 'PI2014', '2014-07-16', 'sfg356', 15, 6, 1, 1, 2, 3.1305, 0, '', 6, 3, 23, '24', 0.66, -1, 0, 16, '2014-07-16 01:24:56', 0, '2014-09-18 02:51:51', 0, 1, ''),
(189, 1, 1, 1, 6, 1, 'PI2014', '2014-07-16', 'sdfg3653', 1, 5, 1, 1, 2, 3.1305, 0, '', 6, 73, 11, '12', 0.66, -1, 0, 16, '2014-07-16 01:29:14', 0, '2014-09-18 02:51:51', 0, 1, ''),
(190, 1, 1, 1, 6, 1, 'PI2014', '2014-07-16', 'zdafdsf234243', 2, 5, 1, 1, 2, 3.1305, 0, '', 6, 6, 23.66, '24', 0.66, -0.33999999999999986, 0, 16, '2014-07-16 01:43:57', 0, '2014-09-18 02:51:51', 0, 1, ''),
(191, 1, 15, 1, 9, 26, 'PI2014', '2014-07-16', 'awan biru 4', 19, 5, 2, 5, 2, 3.8, 0, '', 9, 5, 2368.04, '0', 134.04, 2502.08, 0, 16, '2014-07-16 02:10:14', 0, '2014-09-22 07:26:36', 0, 1, ''),
(192, 1, 1, 1, 6, 1, 'PI2014', '2014-07-16', 'sdf45345', 1, 5, 1, 1, 2, 3.1305, 0, '', 6, 74, 1476, '6', 0, 1470, 0, 16, '2014-07-16 02:11:05', 0, '2014-09-18 02:51:51', 0, 1, ''),
(193, 1, 15, 1, 12, 26, 'PI2014', '2014-07-16', 'l;,;k;l12', 19, 5, 1, 3, 2, 3.8, 0, '', 12, 74, 42395.76, '0', 2399.76, 44795.520000000004, 0, 16, '2014-07-16 02:11:51', 0, '2014-09-22 07:26:36', 0, 1, ''),
(194, 1, 1, 1, 6, 1, 'PI2014', '2014-05-29', 'adfas2452354', 1, 5, 1, 1, 2, 3.1305, 0, '', 6, 74, 70.76, '71', 2.76, -0.23999999999999488, 0, 16, '2014-07-17 00:33:33', 16, '2014-09-18 02:51:51', 0, 1, ''),
(195, 1, 1, 1, 6, 1, 'PI2014', '2014-07-17', 'asdf2345', 1, 5, 1, 1, 2, 3.1305, 0, '', 6, 74, 70.36, '70', 3.36, 0.35999999999999943, 0, 16, '2014-07-17 00:35:51', 16, '2014-09-18 02:51:51', 0, 1, ''),
(196, 1, 1, 1, 6, 1, 'PI2014', '2014-07-17', 'asdfsafd54', 1, 5, 1, 1, 2, 3.1305, 0, '', 6, 74, 419.76, '420', 23.76, -0.2400000000000091, 0, 16, '2014-07-17 05:40:09', 0, '2014-09-18 02:51:51', 0, 1, ''),
(197, 1, 81, 1, 21, 32, 'PI', '2014-07-21', '001', 22, 17, 1, 9, 1, 1, 0, '', 21, 6, 0, '0', 0, 0, 0, 29, '2014-07-21 04:50:46', 0, '2014-09-18 02:41:18', 0, 0, ''),
(198, 1, 81, 1, 21, 32, 'PI', '2014-07-21', '001copy', 22, 17, 1, 9, 1, 1, 0, '', 21, 6, 0, '0', 0, 0, 0, 29, '2014-07-21 04:50:46', 0, '2014-09-18 02:41:18', 0, 1, ''),
(199, 1, 81, 2, 21, 32, 'PI', '2014-07-21', '001', 22, 17, 1, 9, 1, 1, 0, '', 0, 6, 1166, '0', 66, 0, 0, 29, '2014-07-21 07:29:28', 0, '2014-09-18 02:41:18', 0, 1, ''),
(200, 1, 1, 1, 6, 31, 'PI2014', '2014-07-24', '003', 24, 17, 9, 1, 1, 0, 0, 'testset', 6, 73, 63.6, '0', 3.6, 67.2, 0, 1, '2014-07-24 03:55:05', 0, '2014-09-22 07:26:36', 0, 1, ''),
(201, 1, 1, 1, 6, 31, 'PI2014', '2014-07-24', '003', 24, 17, 9, 1, 1, 0, 0, 'testset', 6, 73, 63.6, '0', 3.6, 67.2, 0, 1, '2014-07-24 03:55:07', 0, '2014-09-22 07:26:36', 0, 1, ''),
(202, 2, 1, 2, 7, 1, 'PI2014', '2014-06-26', 'kl09887', 1, 5, 2, 1, 2, 3.1305, 0, '', 0, 5, 0, '1213', 0, -1213, 0, 16, '2014-06-26 06:44:47', 16, '2014-09-18 02:51:51', 0, 1, ''),
(203, 3, 1, 2, 7, 1, 'PI2014', '2014-06-26', 'kl09887', 1, 5, 2, 1, 2, 3.1305, 0, '', 0, 5, 0, '1213', 0, -1213, 0, 16, '2014-06-26 06:44:47', 16, '2014-09-18 02:51:51', 0, 1, ''),
(204, 4, 1, 2, 7, 1, 'PI2014', '2014-06-26', 'kl09887', 1, 5, 2, 1, 2, 3.1305, 0, '', 0, 5, 0, '1213', 0, -1213, 0, 16, '2014-06-26 06:44:47', 16, '2014-09-18 02:51:51', 0, 1, ''),
(205, 5, 1, 2, 7, 1, 'PI2014', '2014-06-26', 'kl09887', 1, 5, 2, 1, 2, 3.1305, 0, '', 0, 5, 0, '1213', 0, -1213, 0, 16, '2014-06-26 06:44:47', 16, '2014-09-18 02:51:51', 0, 1, ''),
(206, 6, 1, 2, 7, 1, 'PI2014', '2014-06-26', 'kl09887', 1, 5, 2, 1, 2, 3.1305, 0, '', 0, 5, 0, '1213', 0, -1213, 0, 16, '2014-06-26 06:44:47', 16, '2014-09-18 02:51:51', 0, 1, ''),
(207, 2, 81, 1, 27, 33, 'PI', '2014-08-05', '1111', 23, 17, 1, 9, 1, 1, 0, 'test', 27, 4, 670, '0', 0, 670, 0, 29, '2014-08-05 01:23:47', 0, '2014-09-18 02:41:18', 0, 1, ''),
(208, 1, 84, 1, 29, 34, 'PI20140813', '2014-08-11', 'asdfasdf1234', 26, 17, 0, 10, 1, 0, 0, 'lorem ipsum dolor sit emet', 29, 73, 0, '0', 130.38, 130.38, 0, 33, '2014-08-13 04:58:44', 0, '2014-09-18 02:41:18', 0, 1, ''),
(209, 7, 1, 1, 30, 23, 'PI20140820MLK[00000007]', '2014-08-20', 'gfjkfjgfj5656', 1, 17, 0, 1, 2, 3.1305, 0, 'khgkhgkhg', 30, 3, 12.72, '0', 0.72, 13.440000000000001, 0, 33, '2014-08-20 02:27:21', 33, '2014-09-22 07:26:36', 0, 1, ''),
(210, 8, 1, 2, 6, 1, 'PI20140820MLK', '2014-08-20', '4545', 1, 17, 1, 0, 2, 3.1305, 0, 'khgkhgkhg', 0, 4, 130.38, '0', 7.38, 0, 0, 33, '2014-08-20 02:30:42', 0, '2014-09-18 02:51:51', 0, 1, ''),
(211, 9, 1, 2, 6, 1, 'PI20140820MLK', '2014-08-20', '4545', 1, 17, 1, 0, 2, 3.1305, 0, 'khgkhgkhg', 0, 4, 130.38, '0', 7.38, 0, 0, 33, '2014-08-20 02:30:54', 0, '2014-09-18 02:51:51', 0, 1, ''),
(212, 10, 1, 2, 6, 1, 'PI20140820MLK', '2014-08-20', '4545', 1, 17, 1, 0, 2, 3.1305, 0, 'khgkhgkhg', 0, 4, 130.38, '0', 7.38, 0, 0, 33, '2014-08-20 02:32:10', 0, '2014-09-18 02:51:51', 0, 1, ''),
(213, 11, 1, 2, 6, 1, 'PI20140820MLK', '2014-08-20', '4545', 1, 17, 1, 0, 2, 3.1305, 0, 'khgkhgkhg', 0, 4, 130.38, '0', 7.38, 0, 0, 33, '2014-08-20 02:32:21', 0, '2014-09-18 02:51:51', 0, 1, ''),
(214, 12, 1, 2, 7, 1, 'PI20140820MLK', '2014-08-20', '2542354', 1, 17, 1, 0, 2, 3.1305, 0, 'fasdfsafd', 0, 3, 130.38, '0', 7.38, 0, 0, 33, '2014-08-20 02:33:11', 0, '2014-09-18 02:42:51', 0, 1, ''),
(215, 13, 1, 2, 7, 1, 'PI20140820MLK', '2014-08-20', '2542354', 1, 17, 1, 0, 2, 3.1305, 0, 'fasdfsafd', 0, 3, 130.38, '0', 7.38, 0, 0, 33, '2014-08-20 02:33:23', 0, '2014-09-18 02:42:51', 0, 1, ''),
(216, 14, 1, 2, 7, 1, 'PI20140820MLK', '2014-08-20', '2542354', 1, 17, 1, 0, 2, 3.1305, 0, 'fasdfsafd', 0, 3, 130.38, '0', 7.38, 0, 0, 33, '2014-08-20 02:35:53', 0, '2014-09-18 02:42:51', 0, 1, ''),
(217, 15, 1, 1, 30, 1, 'PI20140827MLK', '2016-04-01', 'dfgdxgh456345', 1, 17, 1, 1, 2, 3.1305, 0, '', 30, 4, 0, '0', 154.04, 154.04, 0, 33, '2014-08-26 21:16:57', 0, '2014-09-18 02:51:51', 0, 1, ''),
(218, 16, 1, 1, 30, 1, 'PI20140827MLK', '2013-08-31', 'adfqwreq', 1, 17, 0, 1, 2, 3.1305, 0, '', 30, 74, 260519.72, '0', 12.72, 260532.44, 0, 33, '2014-08-27 07:53:45', 0, '2014-09-22 07:26:36', 0, 1, ''),
(219, 17, 1, 1, 6, 1, 'PI20140827MLK', '2013-08-27', 'adfas2345423', 1, 17, 0, 1, 2, 3.1305, 0, '', 6, 5, 3819.18, '0', 216.18, 4035.3599999999997, 0, 33, '2014-08-27 08:09:43', 0, '2014-09-22 07:26:36', 0, 1, ''),
(220, 18, 1, 1, 6, 1, 'PI20140827MLK', '2013-08-27', 'ZXCzXc232', 1, 5, 0, 1, 2, 3.1305, 0, '', 6, 5, 248.04, '0', 0, 260934.18, 0, 33, '2014-08-27 08:11:23', 33, '2014-09-18 02:51:51', 0, 1, ''),
(221, 19, 1, 1, 6, 1, 'PI20140827MLK', '2013-08-27', 'asdfas', 1, 17, 0, 1, 2, 3.1305, 0, '', 6, 5, 391.14, '0', 22.14, 413.28, 0, 33, '2014-08-27 08:14:37', 0, '2014-09-22 07:26:36', 0, 1, ''),
(233, 20, 1, 1, 7, 1, 'PI20140827MLK', '2013-08-08', 'sfgsd23452', 1, 17, 0, 1, 2, 3.1305, 0, '', 7, 4, 0, '0', 0, 2485.7, 0, 33, '2014-08-27 10:18:06', 0, '2014-09-18 02:51:51', 0, 1, ''),
(234, 1, 86, 1, 32, 42, 'PI20140827', '2013-08-22', '5345', 28, 5, 0, 14, 1, 1, 0, '', 32, 4, 8543.6, '0', 483.6, 9027.2, 0, 19, '2014-08-27 12:07:54', 0, '2014-09-22 07:26:36', 0, 0, 'AP20130800000001'),
(235, 2, 86, 1, 0, 42, 'PI20140827', '2013-08-31', 'afd343', 28, 5, 0, 14, 1, 2.3, 0, '', 0, 0, 63.6, '0', 3.6, 130.38, 0, 19, '2014-08-27 13:12:41', 0, '2014-09-18 02:41:18', 0, 1, ''),
(236, 3, 86, 1, 0, 42, 'PI20140827', '2013-08-23', 'adfs242', 28, 17, 0, 14, 1, 3.3, 0, '', 0, 0, 0, '0', 0, 248.04, 0, 19, '2014-08-27 13:14:04', 0, '2014-09-18 02:41:18', 0, 1, ''),
(237, 4, 86, 1, 0, 42, 'PI20140827', '2013-08-15', 'fasdf34', 28, 17, 0, 14, 1, 2.3, 0, '', 0, 0, 234, '0', 14.04, 248.04, 0, 19, '2014-08-27 13:15:24', 0, '2014-09-18 02:41:18', 0, 1, ''),
(238, 5, 86, 2, 0, 43, 'PI20140828', '2013-08-09', '435435', 28, 5, 12, 14, 1, 1, 0, '', 0, 0, 10600, '0', 600, 0, 0, 19, '2014-08-28 01:22:37', 0, '2014-09-18 02:41:18', 0, 0, 'AP20130800000002'),
(239, 6, 86, 1, 0, 43, 'PI20140828', '2013-08-22', 'Inv1233', 0, 5, 0, 0, 1, 0, 0, '', 0, 0, 300, '0', 18, 318, 0, 19, '2014-08-28 04:08:47', 0, '2014-09-18 02:41:18', 0, 0, 'AP20130800000003'),
(240, 7, 86, 1, 0, 43, 'PI20140828', '2013-08-06', 'werw', 0, 5, 0, 0, 1, 0, 0, '', 0, 0, 36.04, '0', 0, 60.42, 0, 19, '2014-08-28 04:17:57', 19, '2014-09-18 02:41:18', 0, 1, ''),
(241, 21, 1, 2, 0, 1, 'PI20140902MLK', '2013-09-18', 'ewrw', 1, 17, 1, 1, 2, 3.1305, 0, '', 0, 0, 3604, '0', 204, 0, 0, 1, '2014-09-02 07:01:39', 0, '2014-09-18 02:42:51', 0, 1, ''),
(242, 22, 1, 1, 0, 20, 'PI20140903MLK', '2014-09-03', 'adsf23452', 0, 6, 0, 0, 1, 0, 0, '', 0, 0, 30, '0', 1.2, 31.2, 0, 33, '2014-09-03 02:30:27', 0, '2014-09-18 02:51:51', 0, 1, ''),
(243, 1, 93, 1, 37, 48, 'PI T0002', '2014-09-04', 'AAA INV0002', 0, 2, 0, 17, 1, 1, 0, '', 37, 4, 10000, '0', 600, 10600, 0, 42, '2014-09-04 07:01:50', 0, '2014-09-18 02:41:18', 0, 0, 'AP20140900000001'),
(244, 2, 93, 2, 0, 46, 'PI', '2014-09-04', 'asdf123', 0, 2, 0, 17, 1, 1, 0, '', 0, 0, 7956, '0', 0, 0, 0, 16, '2014-09-04 08:58:52', 0, '2014-09-18 02:41:18', 0, 0, 'AP20140900000005'),
(245, 3, 93, 1, 37, 48, 'PI T0003', '2014-09-04', 'AAA INV0003', 0, 2, 0, 17, 1, 1, 0, 'Kamarul', 37, 4, 30000, '0', 1800, 31800, 0, 42, '2014-09-04 10:34:52', 0, '2014-09-18 02:41:18', 0, 0, 'AP20140900000002'),
(246, 1, 95, 1, 40, 49, 'SH-0003', '2014-09-05', 'SHI-0003', 0, 3, 0, 20, 1, 1, 0, 'Barang jualan', 40, 4, 10100, '0', 606, 10706, 0, 42, '2014-09-05 07:32:41', 0, '2014-09-18 02:41:18', 0, 0, 'AP20140900000001'),
(247, 4, 93, 1, 0, 47, 'PI', '2014-09-05', '45345', 0, 3, 0, 0, 1, 1, 0, '', 0, 0, 10000, '16141', 0, -6141, 0, 19, '2014-09-05 09:11:12', 16, '2014-09-26 01:49:30', 0, 1, ''),
(248, 5, 93, 1, 37, 46, 'PI', '2014-09-08', 'sdf345', 0, 2, 0, 17, 1, 1, 0, '', 37, 74, 291591.23, '3934', 0, 287657.23, 0, 16, '2014-09-08 08:14:42', 16, '2014-09-26 02:43:00', 0, 1, ''),
(249, 6, 93, 1, 37, 46, 'PI', '2014-09-08', 'zxcver', 0, 1, 0, 17, 1, 1, 0, '', 37, 5, 1000, '1000', 0, 0, 0, 16, '2014-09-08 08:15:29', 0, '2014-09-18 02:41:18', 0, 1, ''),
(250, 7, 93, 1, 0, 47, 'PI', '2014-09-10', '456465', 0, 3, 0, 0, 1, 1, 0, '', 0, 0, 2, '0', 0.12, 1.9, 0, 19, '2014-09-10 06:27:45', 0, '2014-09-18 02:41:18', 0, 0, 'AP20140900000003'),
(251, 8, 93, 1, 0, 47, 'PI', '2014-09-10', '46546', 0, 3, 0, 0, 1, 1, 0, '', 0, 0, 424, '3466', 24, -3042, 0, 19, '2014-09-10 06:32:37', 0, '2014-09-18 02:41:18', 0, 1, ''),
(252, 9, 93, 1, 0, 48, 'PI', '2014-09-10', '546', 0, 2, 0, 0, 1, 1, 0, '', 0, 0, 10600, '0', 600, 11200, 0, 19, '2014-09-10 06:50:17', 0, '2014-09-22 07:26:36', 0, 1, ''),
(253, 10, 93, 1, 0, 48, 'PI', '2014-09-10', 'do 09877', 0, 2, 0, 0, 1, 1, 0, '', 0, 0, 5000, '0', 300, 5300, 0, 19, '2014-09-10 07:35:51', 0, '2014-09-18 02:41:18', 0, 1, ''),
(254, 11, 93, 2, 0, 48, 'PI', '2014-09-10', 'sfdgs345635', 0, 2, 0, 15, 1, 1, 0, '', 0, 0, 2793.0999999999995, '0', 158.09999999999997, 0, 0, 16, '2014-09-10 07:40:59', 0, '2014-09-18 02:41:18', 0, 1, ''),
(255, 12, 93, 1, 0, 47, 'PI', '2014-09-10', '34234', 0, 3, 0, 0, 1, 1, 0, '', 0, 0, 1980, '2099', 118.8, -119, 0, 19, '2014-09-10 09:55:01', 0, '2014-09-18 02:41:18', 0, 1, ''),
(256, 13, 93, 1, 0, 46, 'PI', '2014-09-10', '533', 0, 2, 0, 0, 1, 1, 0, '', 0, 0, 11.66, '18', 0.6599999999999999, -8, 0, 19, '2014-09-10 09:56:34', 0, '2014-09-18 02:41:18', 0, 1, ''),
(257, 14, 93, 1, 0, 47, 'PI', '2014-09-10', '4335435', 0, 3, 0, 0, 1, 1, 0, '', 0, 0, 10000, '10600', 600, -600, 0, 19, '2014-09-10 09:58:10', 0, '2014-09-18 02:41:18', 0, 1, ''),
(258, 15, 93, 1, 0, 46, 'PI', '2014-09-11', 'sdfs24534', 0, 2, 0, 15, 1, 1, 0, '', 0, 0, 553, '553', 0, 0, 0, 16, '2014-09-11 04:51:18', 16, '2014-09-18 02:41:18', 0, 1, ''),
(259, 16, 93, 2, 0, 46, 'PI', '2014-09-11', '234', 0, 2, 0, 0, 1, 1, 0, '', 0, 0, 343, '0', 0, 0, 0, 16, '2014-09-11 04:53:03', 0, '2014-09-18 02:41:18', 0, 1, ''),
(260, 17, 93, 1, 0, 46, 'PI', '2014-09-11', 'asdfas4353', 0, 2, 0, 15, 1, 1, 0, '', 0, 0, 0, '11', 1054, -11, 0, 16, '2014-09-11 04:59:19', 0, '2014-09-18 02:41:18', 0, 1, ''),
(261, 18, 93, 2, 0, 47, 'PI', '2014-09-11', 'asdfasdf23', 0, 3, 0, 15, 1, 1, 0, '', 0, 0, 3780.74, '0', 169.74, 0, 0, 16, '2014-09-11 05:01:11', 0, '2014-09-18 02:41:18', 0, 1, ''),
(262, 23, 1, 2, 0, 20, 'PI20140911MLK', '2014-09-11', '232', 0, 3, 1, 0, 1, 0, 0, '', 0, 0, 365.7, '0', 20.7, 0, 0, 16, '2014-09-11 08:55:36', 0, '2014-09-18 02:51:51', 0, 1, ''),
(263, 24, 1, 2, 0, 23, 'PI20140911MLK', '2014-09-11', '245', 0, 3, 0, 0, 2, 3.1305, 0, '', 0, 0, 365.7, '0', 20.7, 0, 0, 16, '2014-09-11 09:09:22', 0, '2014-09-18 02:42:51', 0, 1, ''),
(264, 25, 1, 2, 0, 20, 'PI20140911MLK', '2014-09-11', '24234', 0, 1, 7, 0, 1, 0, 0, '', 0, 0, 15053.74, '0', 436.74, 0, 0, 16, '2014-09-11 09:11:39', 0, '2014-09-18 02:51:51', 0, 1, ''),
(265, 26, 1, 1, 0, 20, 'PI20140911MLK', '2014-09-11', 'asdf345', 0, 1, 0, 0, 1, 0, 0, '', 0, 0, 0, '0', 0, 0, 0, 16, '2014-09-11 10:02:19', 16, '2014-09-18 02:51:51', 0, 1, ''),
(266, 19, 93, 1, 38, 50, 'PI', '2014-09-15', '45465', 0, 1, 0, 0, 1, 1, 0, '', 38, 8, 60000, '127200', 0, 0, 0, 19, '2014-09-15 05:54:35', 0, '2014-09-18 02:41:18', 0, 1, ''),
(267, 20, 93, 2, 0, 46, 'PI', '2014-09-15', 'asa', 30, 2, 13, 16, 1, 1, 0, '', 0, 0, 20, '0', 0, 0, 0, 16, '2014-09-15 06:31:34', 0, '2014-09-18 02:41:18', 0, 1, ''),
(268, 21, 93, 2, 0, 50, 'PI', '2014-09-15', '6456', 0, 1, 13, 15, 1, 1, 0, '', 0, 0, 1060, '0', 60, 0, 0, 19, '2014-09-15 06:53:17', 0, '2014-09-18 02:41:18', 0, 0, 'AP20140900000004'),
(269, 22, 93, 1, 0, 46, 'PI', '2014-09-15', 'sasdf234', 30, 1, 0, 15, 1, 1, 0, '', 0, 0, 1210, '1210', 0, 0, 0, 16, '2014-09-15 07:10:28', 0, '2014-09-18 02:41:18', 0, 1, ''),
(270, 1, 103, 1, 0, 52, '12', '2014-09-15', '12345', 0, 1, 0, 23, 1, 1, 0, '', 0, 8, 50, '53', 3, -3, 0, 50, '2014-09-15 09:18:18', 0, '2014-09-18 02:41:18', 0, 0, 'AP20140900000001'),
(271, 2, 103, 1, 0, 52, '123', '2014-09-16', '123', 0, 1, 0, 23, 1, 1, 0, '', 0, 0, 0, '0', 0, 0, 0, 50, '2014-09-16 01:50:59', 0, '2014-09-18 02:41:18', 0, 1, ''),
(272, 23, 93, 2, 36, 47, 'PI', '2014-09-16', 'dd', 30, 3, 13, 15, 1, 1, 0, 'sds', 0, 8, 12.67, '0', 0.6699999999999999, 0, 0, 16, '2014-09-16 04:21:38', 0, '2014-09-18 02:41:18', 0, 0, 'AP20140900000006'),
(273, 24, 93, 1, 38, 48, 'PI', '2014-09-16', 'xcx', 30, 2, 0, 15, 1, 1, 0, 'xf', 38, 8, 1170, '1000', 70.2, 170, 0, 16, '2014-09-16 05:00:35', 0, '2014-09-18 02:41:18', 0, 0, 'AP20140900000007'),
(274, 1, 105, 2, 45, 55, 'PI', '2014-09-16', '0001122', 0, 2, 14, 24, 1, 1, 0, '', 0, 4, 265000, '0', 15000, 0, 0, 19, '2014-09-16 05:07:22', 0, '2014-09-18 02:41:18', 0, 0, 'AP20140900000001'),
(275, 25, 93, 2, 0, 47, 'PI', '2014-09-16', 'as', 30, 3, 13, 15, 1, 1, 0, '', 0, 0, 10.6, '0', 0.6, 0, 0, 16, '2014-09-16 05:18:02', 0, '2014-09-18 02:41:18', 0, 1, ''),
(276, 26, 93, 2, 0, 47, 'PI', '2014-09-16', 'as', 30, 3, 13, 16, 1, 1, 0, '', 0, 0, 10.6, '0', 0.6, 0, 0, 16, '2014-09-16 05:29:39', 0, '2014-09-18 02:41:18', 0, 1, ''),
(277, 2, 105, 1, 45, 55, 'PI', '2014-09-16', '3333', 0, 2, 0, 0, 1, 1, 0, '', 45, 3, 160000, '169600', 9600, -9600, 0, 19, '2014-09-16 05:37:23', 0, '2014-09-18 02:41:18', 0, 0, 'AP20140900000002'),
(278, 27, 93, 2, 0, 46, 'PI', '2014-09-16', 'as', 0, 2, 13, 15, 1, 1, 0, '', 0, 0, 500, '100', 0, 0, 0, 16, '2014-09-16 05:38:53', 0, '2014-09-18 02:41:18', 0, 1, ''),
(279, 3, 105, 2, 0, 56, 'PI', '2014-09-16', '455', 0, 3, 0, 24, 1, 1, 0, '', 0, 0, 400000, '0', 0, 400000, 0, 19, '2014-09-16 06:34:32', 0, '2014-09-18 02:41:18', 0, 0, 'AP20140900000003'),
(280, 28, 93, 2, 0, 47, 'PI', '2014-09-17', 'ABC supp 1000001', 0, 3, 13, 15, 1, 1, 0, '', 0, 0, 31291.2, '2900', 1771.2, 28391.2, 0, 16, '2014-09-17 01:41:31', 0, '2014-09-29 03:38:58', 0, 0, 'AP20140900000008'),
(281, 29, 93, 1, 0, 48, 'PI', '2014-09-17', 'AAA supp 876', 0, 2, 0, 0, 1, 1, 0, '', 0, 0, 2307, '0', 140.22, 2447.22, 0, 16, '2014-09-17 01:57:31', 0, '2014-09-18 02:41:18', 0, 0, 'AP20140900000009'),
(282, 30, 93, 1, 0, 48, 'PI', '2014-09-17', 'AAA supp 8899', 0, 2, 0, 0, 1, 1, 0, '', 0, 0, 55, '0', 0, 55, 0, 16, '2014-09-17 02:01:33', 0, '2014-09-18 02:41:18', 0, 1, ''),
(283, 31, 93, 1, 0, 47, 'PI', '2014-09-17', 'sdasdf234', 30, 3, 0, 16, 1, 1, 0, '', 0, 0, 0, '0', 123, 130.38, 0, 16, '2014-09-17 02:15:36', 0, '2014-09-18 02:41:18', 0, 1, ''),
(284, 32, 93, 1, 0, 48, 'PI', '2014-09-17', 'adfa4w545', 30, 2, 0, 15, 1, 1, 0, '', 0, 0, 378.41999999999996, '0', 21.419999999999998, 399.84, 0, 16, '2014-09-17 02:30:20', 0, '2014-09-22 07:26:36', 0, 1, ''),
(285, 33, 93, 2, 0, 47, 'PI', '2014-09-17', '123', 30, 3, 13, 0, 1, 1, 0, '', 0, 0, 130.38, '100', 7.38, 30.379999999999995, 0, 16, '2014-09-17 02:34:30', 0, '2014-09-26 02:36:32', 0, 1, ''),
(286, 34, 93, 1, 0, 47, 'PI', '2014-09-17', 'sam1234', 30, 3, 0, 0, 1, 1, 0, '', 0, 0, 0, '500', 12344, -500, 0, 16, '2014-09-17 02:36:40', 0, '2014-09-26 02:00:16', 0, 1, ''),
(287, 35, 93, 1, 0, 47, 'PI', '2014-09-17', 'sam4321', 30, 3, 0, 0, 1, 1, 0, '', 0, 0, 0, '0', 123456, 130863.36, 0, 16, '2014-09-17 02:43:48', 0, '2014-09-18 02:41:18', 0, 1, ''),
(288, 36, 93, 1, 0, 47, 'PI', '2014-09-17', 'sam5678', 30, 3, 0, 0, 1, 1, 0, '', 0, 0, 123456, '500', 7407.36, 122956, 0, 16, '2014-09-17 02:49:03', 0, '2014-09-29 03:38:58', 0, 1, ''),
(289, 37, 93, 2, 0, 47, 'PI', '2014-09-17', '5768', 0, 3, 13, 0, 1, 1, 0, '', 0, 0, 130863.36, '0', 7407.36, 138270.72, 0, 16, '2014-09-17 02:50:28', 0, '2014-09-22 07:26:36', 0, 1, ''),
(290, 38, 93, 2, 0, 47, 'PI', '2014-09-17', '23423', 31, 3, 13, 0, 1, 1, 0, '', 0, 0, 130.38, '0', 7.38, 137.76, 0, 16, '2014-09-17 02:53:14', 0, '2014-09-22 07:26:36', 0, 1, ''),
(291, 39, 93, 1, 0, 46, 'PI', '2014-09-17', 'asdfasdf1245', 30, 2, 0, 15, 1, 1, 0, '', 0, 0, 29445, '731', 184512.15, 28714, 0, 16, '2014-09-17 03:06:55', 0, '2014-09-25 07:20:47', 0, 1, ''),
(292, 40, 93, 2, 39, 46, 'PI', '2014-09-17', 'sd', 30, 2, 13, 15, 1, 1, 0, '', 0, 3, 0, '0', 0, 1.06, 0, 16, '2014-09-17 04:37:00', 0, '2014-09-18 02:41:18', 0, 1, ''),
(293, 41, 93, 1, 0, 48, 'PI', '2014-09-18', 'sfd245345', 30, 2, 0, 16, 1, 1, 0, '', 0, 0, 0, '0', 0, 0, 0, 16, '2014-09-18 02:12:58', 0, '2014-09-18 02:41:18', 0, 1, ''),
(294, 42, 93, 1, 0, 47, 'PI', '2014-09-18', 'asdfas2342', 0, 3, 0, 0, 1, 1, 0, '', 0, 0, 34523, '0', 2071.38, 36594.38, 0, 16, '2014-09-18 02:14:32', 0, '2014-09-18 02:41:18', 0, 1, ''),
(295, 43, 93, 1, 0, 47, 'PI', '2014-09-18', 'asdf3434', 0, 3, 0, 0, 1, 1, 0, '', 0, 0, 3435, '0', 206.1, 3641.1, 0, 16, '2014-09-18 02:18:31', 0, '2014-09-18 02:41:18', 0, 1, ''),
(296, 44, 93, 1, 0, 47, 'PI', '2014-09-18', 'safd345w', 30, 3, 0, 15, 1, 1, 0, '', 0, 0, 1234, '0', 74.04, 1308.04, 0, 16, '2014-09-18 02:24:25', 0, '2014-09-18 02:24:25', 0, 1, ''),
(297, 45, 93, 2, 0, 47, 'PI', '2014-09-18', 'sdfasd2323', 0, 3, 0, 15, 1, 1, 0, '', 0, 0, 4432.92, '0', 250.92, 4683.84, 0, 16, '2014-09-18 02:30:14', 0, '2014-09-22 07:26:36', 0, 1, ''),
(298, 46, 93, 2, 0, 48, 'PI', '2014-09-18', 'asdf345', 0, 2, 0, 0, 1, 1, 0, '', 0, 0, 7279.02, '0', 412.02, 7691.040000000001, 0, 16, '2014-09-18 02:30:45', 0, '2014-09-22 07:26:36', 0, 1, ''),
(299, 47, 93, 2, 0, 47, 'PI', '2014-09-01', 'cver34', 30, 3, 13, 0, 1, 1, 0, '', 0, 0, 365.7, '0', 20.7, 386.4, 0, 16, '2014-09-18 02:32:48', 0, '2014-09-22 07:26:36', 0, 1, ''),
(300, 48, 93, 2, 0, 47, 'PI', '2014-09-18', 'asdfa3424', 30, 3, 13, 15, 1, 1, 0, '', 0, 0, 2485.7, '0', 140.7, 2626.3999999999996, 0, 16, '2014-09-18 02:35:14', 0, '2014-09-22 07:26:36', 0, 1, ''),
(301, 49, 93, 1, 0, 46, 'PI', '2014-09-18', 'supp 009', 0, 2, 0, 0, 1, 1, 0, '', 0, 0, 52, '200', 409.24, -148, 0, 19, '2014-09-18 07:37:55', 0, '2014-09-25 07:16:19', 0, 1, ''),
(302, 50, 93, 1, 0, 47, 'PI', '2014-09-18', 'asdf3434', 30, 3, 0, 15, 1, 1, 0, '', 0, 0, 6476.530000000001, '0', 0, 6476.53, 0, 16, '2014-09-18 09:18:18', 16, '2014-09-18 09:18:34', 0, 1, ''),
(303, 51, 93, 2, 0, 47, 'PI', '2014-09-18', 'sfads435345', 0, 3, 13, 15, 1, 1, 0, '', 0, 0, 3640.04, '0', 206.04, 3846.08, 0, 16, '2014-09-18 09:33:07', 0, '2014-09-22 07:26:36', 0, 1, ''),
(304, 52, 93, 1, 0, 47, 'PI', '2014-09-18', 'asdf2324', 30, 3, 0, 0, 1, 1, 0, '', 0, 0, 123, '0', 7.38, 130.38, 0, 16, '2014-09-18 10:01:46', 0, '2014-09-18 10:01:47', 0, 1, ''),
(305, 53, 93, 1, 0, 46, 'PI', '2014-09-19', 'asdf34', 0, 2, 0, 0, 1, 1, 0, '', 0, 0, 2323, '335', 0, 1988, 0, 16, '2014-09-19 09:46:40', 0, '2014-09-25 07:16:19', 0, 1, ''),
(306, 54, 93, 1, 0, 46, 'PI', '2014-09-19', 'sadfa3424', 0, 2, 0, 0, 1, 1, 0, '', 0, 0, 234, '0', 0, 234, 0, 16, '2014-09-19 09:47:15', 0, '2014-09-19 09:47:16', 0, 1, ''),
(307, 55, 93, 2, 0, 46, 'PI', '2014-09-19', 'sdaf34', 0, 2, 0, 16, 1, 1, 0, '', 0, 0, 3434, '200', 0, 3234, 0, 16, '2014-09-19 09:54:53', 0, '2014-09-26 02:43:00', 0, 1, ''),
(308, 56, 93, 2, 0, 46, 'PI', '2014-09-19', 'asdfasf345', 0, 2, 0, 15, 1, 1, 0, '', 0, 0, 234434, '0', 0, 234434, 0, 16, '2014-09-19 10:03:08', 0, '2014-09-19 10:03:08', 0, 1, ''),
(309, 27, 1, 2, 0, 20, 'PI20140911MLK', '2014-09-11', '232', 0, 3, 1, 0, 1, 0, 0, '', 0, 0, 365.7, '0', 20.7, 0, 0, 16, '2014-09-11 08:55:36', 0, '2014-09-18 02:51:51', 0, 1, ''),
(310, 28, 1, 2, 0, 20, 'PI20140911MLK', '2014-09-11', '232', 0, 3, 1, 0, 1, 0, 0, '', 0, 0, 365.7, '0', 20.7, 0, 0, 16, '2014-09-11 08:55:36', 0, '2014-09-18 02:51:51', 0, 1, ''),
(311, 29, 1, 2, 0, 23, 'PI20140911MLK', '2014-09-11', '245', 0, 3, 0, 0, 2, 3.1305, 0, '', 0, 0, 365.7, '0', 20.7, 0, 0, 16, '2014-09-11 09:09:22', 0, '2014-09-18 02:42:51', 0, 1, ''),
(312, 30, 1, 2, 0, 20, 'PI20140911MLK', '2014-09-11', '232', 0, 3, 1, 0, 1, 0, 0, '', 0, 0, 365.7, '0', 20.7, 0, 0, 16, '2014-09-11 08:55:36', 0, '2014-09-18 02:51:51', 0, 1, ''),
(313, 31, 1, 2, 0, 23, 'PI20140911MLK', '2014-09-11', '245', 0, 3, 0, 0, 2, 3.1305, 0, '', 0, 0, 365.7, '0', 20.7, 0, 0, 16, '2014-09-11 09:09:22', 0, '2014-09-18 02:42:51', 0, 1, ''),
(314, 57, 93, 1, 0, 46, 'PI', '2014-09-22', '23452354', 0, 2, 0, 15, 1, 1, 0, '', 0, 0, 20, '0', 0, 20, 0, 16, '2014-09-22 06:40:35', 0, '2014-09-22 06:40:36', 0, 1, ''),
(315, 58, 93, 2, 0, 48, 'PI', '2014-09-22', 'ljkj', 0, 2, 0, 15, 1, 1, 0, '', 0, 0, 1778196.64, '0', 100652.64, 1878849.2799999998, 0, 16, '2014-09-22 06:53:45', 0, '2014-09-22 07:26:36', 0, 1, ''),
(316, 2, 95, 1, 0, 57, 'PI', '2014-09-22', 'INV001', 0, 2, 0, 20, 1, 1, 0, '', 0, 0, 6572, '0', 372, 7011.200000000001, 0, 43, '2014-09-22 06:58:36', 0, '2014-09-22 08:20:41', 0, 0, 'AP20140900000002'),
(317, 59, 93, 2, 0, 50, 'PI', '2014-09-22', 'dgfdfgd', 0, 1, 13, 15, 1, 1, 0, '', 0, 0, 55912.880000000005, '0', 3164.88, 59077.76, 0, 16, '2014-09-22 07:03:42', 0, '2014-09-22 07:26:36', 0, 1, ''),
(318, 3, 95, 2, 0, 49, 'PI', '2014-09-22', 'LIHIJN', 0, 3, 0, 20, 1, 1, 0, '', 0, 0, 328.6, '0', 18.6, 347.20000000000005, 0, 43, '2014-09-22 07:07:20', 0, '2014-09-22 07:26:36', 0, 1, ''),
(319, 60, 93, 2, 36, 47, 'PI', '2014-09-23', 'asa', 30, 3, 13, 16, 1, 1, 0, 'asasa', 0, 6, 12.72, '0', 0.72, 12.72, 0, 16, '2014-09-23 00:58:54', 0, '2014-09-23 00:59:20', 0, 0, 'AP20140900000014'),
(320, 61, 93, 2, 0, 47, 'PI', '2014-09-23', 'as', 30, 3, 13, 16, 1, 0, 0, '', 0, 0, 6755.339999999999, '0', 382.34000000000003, 6755.339999999999, 0, 16, '2014-09-23 01:13:35', 0, '2014-09-23 02:03:36', 0, 0, 'AP20140900000015'),
(321, 62, 93, 1, 37, 47, 'PI', '2014-09-23', 'sdsa', 30, 2, 0, 17, 1, 1, 0, 'zxz ', 37, 8, 13.73, '0', 0, 13.73, 0, 16, '2014-09-23 01:19:22', 16, '2014-09-23 01:20:25', 0, 1, ''),
(322, 63, 93, 2, 0, 47, 'PI', '2014-09-23', 'zs', 30, 3, 13, 16, 1, 2, 0, '', 0, 0, 344.45, '0', 0, 344.45, 0, 16, '2014-09-23 01:34:08', 16, '2014-09-23 01:57:20', 0, 0, 'AP20140900000016'),
(323, 64, 93, 1, 0, 47, 'PI', '2014-09-23', 'sds', 30, 3, 0, 15, 1, 1, 0, '', 0, 0, 258.03999999999996, '0', 0, 258.04, 0, 16, '2014-09-23 01:36:08', 16, '2014-09-23 01:57:21', 0, 0, 'AP20140900000017'),
(324, 65, 93, 1, 0, 48, 'PI', '2014-09-23', 'suppp inv', 0, 2, 0, 15, 1, 1, 0, '', 0, 0, 161, '0', 6, 164.3, 0, 16, '2014-09-23 01:52:58', 0, '2014-09-24 03:48:55', 0, 1, ''),
(325, 66, 93, 2, 0, 48, 'PI', '2014-09-23', 'DSDS', 30, 2, 13, 15, 1, 1, 0, '', 0, 0, 135.02999999999997, '0', 11.030000000000001, 135.02999999999997, 0, 16, '2014-09-23 02:11:49', 0, '2014-09-24 05:05:53', 0, 0, 'AP20140900000019'),
(326, 67, 93, 1, 0, 47, 'PI', '2014-09-23', 'ASA', 30, 3, 0, 15, 1, 1, 0, '', 0, 0, 13.86, '0', 0.86, 13.86, 0, 16, '2014-09-23 02:13:12', 16, '2014-09-23 02:17:56', 0, 0, 'AP20140900000018'),
(327, 1, 107, 1, 0, 58, 'PI', '2014-09-24', '54212', 0, 2, 0, 0, 1, 1, 0, '', 0, 0, 32860, '0', 0, 32, 0, 19, '2014-09-24 03:10:21', 19, '2014-09-24 04:00:55', 0, 0, 'AP20140900000001'),
(328, 68, 93, 1, 0, 48, 'PI', '2014-09-24', 'adfasdf23452345', 0, 2, 0, 0, 1, 1, 0, '', 0, 0, 248350.34, '0', 14057.34, 248356.1, 0, 16, '2014-09-24 03:41:57', 0, '2014-09-24 03:43:04', 0, 1, ''),
(329, 69, 93, 1, 0, 48, 'PI', '2014-09-24', 'asdf45345', 0, 2, 0, 15, 0, 1, 0, '', 0, 0, 59, '0', 3.3, 62.3, 0, 16, '2014-09-24 03:49:46', 0, '0000-00-00 00:00:00', 0, 1, ''),
(330, 2, 107, 1, 0, 58, 'PI', '2014-09-24', '54646', 0, 2, 0, 0, 0, 1, 0, '', 0, 5, 15000, '0', 900, 15900, 0, 19, '2014-09-24 04:41:58', 0, '2014-09-24 04:42:21', 0, 0, 'AP20140900000002'),
(331, 70, 93, 1, 37, 48, 'PI', '2014-09-24', 'asdfasdf', 30, 2, 13, 0, 1, 1, 0, '', 37, 3, 3497, '0', 209.82, 3706.82, 0, 16, '2014-09-24 04:48:49', 0, '2014-09-24 04:48:55', 0, 1, ''),
(332, 71, 93, 1, 0, 48, 'PI', '2014-09-24', 'asfsa45345', 0, 2, 18, 0, 0, 1, 0, '', 0, 0, 322.24, '0', 0, 322.24, 0, 16, '2014-09-24 04:51:58', 16, '2014-09-24 04:52:10', 0, 1, ''),
(333, 3, 107, 1, 0, 58, 'PI', '2014-09-24', 'normal puchase invoice', 0, 2, 15, 0, 0, 1, 0, '', 0, 0, 2000, '0', 120, 2120, 0, 19, '2014-09-24 07:50:46', 0, '2014-09-24 07:51:41', 0, 0, 'AP20140900000003'),
(334, 4, 107, 1, 0, 59, 'PI', '2014-09-24', 'supplier not gst reg', 0, 2, 15, 0, 0, 1, 0, '', 0, 0, 30000, '0', 0, 30000, 0, 19, '2014-09-24 07:57:12', 0, '2014-09-24 07:58:29', 0, 0, 'AP20140900000004'),
(335, 5, 107, 1, 0, 58, 'PI', '2014-09-24', 'with charges', 0, 2, 15, 0, 1, 1, 0, '', 0, 0, 2120, '0', 127.2, 2247.2, 0, 19, '2014-09-24 10:35:14', 0, '2014-09-24 10:37:08', 0, 0, 'AP20140900000005'),
(336, 6, 107, 1, 0, 58, 'PI', '2014-09-24', 'with gst', 0, 2, 0, 0, 0, 1, 0, '', 0, 0, 8000, '0', 480, 8480, 0, 19, '2014-09-24 11:03:01', 0, '0000-00-00 00:00:00', 0, 1, ''),
(337, 4, 95, 1, 48, 60, 'PI', '2014-09-25', 'IV1540412', 0, 3, 0, 0, 0, 1, 0, '', 48, 3, 0, '0', 0, 40244.81, 0, 43, '2014-09-25 01:29:40', 0, '2014-09-25 01:44:50', 0, 1, ''),
(338, 5, 95, 1, 49, 60, 'PI', '2012-04-02', 'IV1540751', 0, 3, 0, 0, 0, 1, 0, '', 49, 3, 52604.5, '0', 3156.27, 55760.77, 0, 43, '2014-09-25 02:10:08', 0, '2014-09-25 02:13:00', 0, 0, 'AP20130100000001'),
(339, 6, 95, 1, 48, 60, 'PI', '2012-04-06', 'IV1543390', 0, 3, 0, 0, 0, 1, 0, '', 48, 3, 94113.6, '49880', 5646.82, 44233.600000000006, 0, 43, '2014-09-25 03:50:14', 0, '2014-09-25 04:57:40', 0, 0, 'AP20130100000002'),
(340, 7, 95, 1, 48, 60, 'PI', '2012-04-09', 'IV1549343', 0, 3, 0, 0, 0, 1, 0, '', 48, 3, 38340.8, '40641', 2300.45, -2300.199999999997, 0, 43, '2014-09-25 04:45:00', 0, '2014-09-25 04:57:40', 0, 0, 'AP20130100000003'),
(341, 32, 1, 2, 0, 20, 'PI20140911MLK', '2014-09-11', '232', 0, 3, 1, 0, 1, 0, 0, '', 0, 0, 365.7, '0', 20.7, 0, 0, 16, '2014-09-11 08:55:36', 0, '2014-09-18 02:51:51', 0, 1, ''),
(342, 33, 1, 2, 0, 20, 'PI20140911MLK', '2014-09-11', '232', 0, 3, 1, 0, 1, 0, 0, '', 0, 0, 365.7, '0', 20.7, 0, 0, 16, '2014-09-11 08:55:36', 0, '2014-09-18 02:51:51', 0, 1, ''),
(343, 34, 1, 2, 0, 20, 'PI20140911MLK', '2014-09-11', '232', 0, 3, 1, 0, 1, 0, 0, '', 0, 0, 365.7, '0', 20.7, 0, 0, 16, '2014-09-11 08:55:36', 0, '2014-09-18 02:51:51', 0, 1, ''),
(344, 7, 107, 2, 0, 58, 'PI', '2014-09-30', '1000', 0, 2, 0, 28, 1, 1, 0, '', 0, 0, 23320, '0', 1320, 23320, 0, 19, '2014-09-30 01:37:44', 0, '2014-09-30 01:38:54', 0, 0, 'AP20140900000006'),
(345, 8, 107, 1, 0, 58, 'PI', '2014-09-30', '21212', 0, 2, 15, 0, 0, 1, 0, '', 0, 0, 22000, '0', 1320, 23320, 0, 19, '2014-09-30 01:53:49', 0, '2014-09-30 01:53:59', 0, 0, 'AP20140900000007'),
(346, 1, 110, 1, 51, 61, 'PI', '2014-09-30', '45522', 0, 2, 19, 0, 0, 1, 0, '', 51, 3, 300000, '0', 18000, 318000, 0, 19, '2014-09-30 10:42:03', 0, '2014-09-30 10:43:58', 0, 0, 'AP20140900000001'),
(347, 2, 110, 1, 51, 61, 'PI', '2014-09-30', '654', 0, 2, 0, 0, 0, 1, 0, '', 51, 3, 300000, '0', 18000, 318000, 0, 19, '2014-09-30 10:42:50', 0, '2014-09-30 10:43:59', 0, 0, 'AP20140900000002'),
(348, 3, 110, 1, 0, 61, 'PI', '2014-09-30', '1000', 0, 2, 19, 0, 0, 1, 0, '', 0, 0, 400000, '0', 24000, 424000, 0, 19, '2014-09-30 10:43:11', 0, '2014-09-30 10:44:00', 0, 0, 'AP20140900000003'),
(349, 4, 110, 1, 51, 61, 'PI', '2014-09-30', '200', 0, 2, 19, 0, 0, 1, 0, '', 51, 3, 500000, '0', 30000, 530000, 0, 19, '2014-09-30 10:43:35', 0, '2014-09-30 10:44:00', 0, 0, 'AP20140900000004'),
(350, 5, 110, 1, 51, 61, 'PI', '2014-09-30', '41122', 0, 2, 19, 0, 0, 1, 0, '', 51, 3, 39500, '0', 2370, 41870, 0, 19, '2014-09-30 11:52:04', 0, '2014-09-30 12:00:51', 0, 0, 'AP20140900000005'),
(351, 6, 110, 1, 51, 61, 'PI', '2014-09-30', '121', 0, 2, 19, 0, 0, 1, 0, '', 51, 5, 43500, '0', 600, 44100, 0, 19, '2014-09-30 11:52:34', 0, '2014-09-30 12:00:52', 0, 0, 'AP20140900000006'),
(352, 7, 110, 1, 51, 61, 'PI', '2014-09-30', '2000', 0, 2, 19, 0, 0, 1, 0, '', 51, 3, 40200, '0', 1722, 41922, 0, 19, '2014-09-30 11:54:57', 0, '2014-09-30 12:00:53', 0, 0, 'AP20140900000007'),
(353, 8, 110, 1, 51, 61, 'PI', '2014-09-30', '300', 0, 2, 19, 0, 0, 1, 0, '', 51, 5, 30300, '0', 1542, 31842, 0, 19, '2014-09-30 11:55:35', 0, '2014-09-30 12:00:54', 0, 0, 'AP20140900000008'),
(354, 9, 110, 1, 50, 61, 'PI', '2014-09-30', '400', 0, 2, 19, 0, 0, 1, 0, '', 50, 5, 37400, '0', 450, 37850, 0, 19, '2014-09-30 11:56:04', 0, '2014-09-30 12:00:56', 0, 0, 'AP20140900000009'),
(355, 10, 110, 1, 50, 61, 'PI', '2014-09-30', '500', 0, 2, 19, 0, 0, 1, 0, '', 50, 3, 41900, '0', 1914, 43814, 0, 19, '2014-09-30 11:56:29', 0, '2014-09-30 12:00:57', 0, 0, 'AP20140900000010');
INSERT INTO `comp_supplier_invoice` (`ID`, `serialNo`, `companyID`, `purchaseInvoiceCodeID`, `purchaserID`, `supplierID`, `formNo`, `invoiceDate`, `supplierInvoiceNo`, `projectID`, `termsID`, `shipToID`, `locationID`, `currencyID`, `exchangeRate`, `agentID`, `memo`, `employeeID`, `shippingMethodID`, `totalAmount`, `amountPaid`, `totalTaxAmount`, `totalPayable`, `total`, `createdBy`, `createdTS`, `updatedBy`, `updatedTS`, `is_delete`, `updateAble`, `journalNo`) VALUES
(356, 11, 110, 1, 51, 61, 'PI', '2014-09-30', '600', 0, 2, 19, 0, 0, 1, 0, '', 51, 74, 23000, '0', 1380, 24380, 0, 19, '2014-09-30 11:57:11', 0, '2014-09-30 12:00:58', 0, 0, 'AP20140900000011'),
(357, 12, 110, 1, 50, 61, 'PI', '2014-09-30', '600', 0, 2, 19, 0, 0, 1, 0, '', 50, 74, 48500, '0', 450, 48950, 0, 19, '2014-09-30 11:57:44', 0, '2014-09-30 12:01:00', 0, 0, 'AP20140900000012'),
(358, 13, 110, 1, 50, 61, 'PI', '2014-09-30', '700', 0, 2, 19, 0, 0, 1, 0, '', 50, 3, 12700, '0', 762, 13462, 0, 19, '2014-09-30 11:58:05', 0, '2014-09-30 12:01:01', 0, 0, 'AP20140900000013'),
(359, 14, 110, 1, 50, 61, 'PI', '2014-09-30', '101', 0, 2, 19, 0, 0, 1, 0, '', 50, 3, 6000, '0', 360, 6360, 0, 19, '2014-09-30 11:58:26', 0, '2014-09-30 12:01:02', 0, 0, 'AP20140900000014'),
(360, 15, 110, 1, 51, 61, 'PI', '2014-09-30', '202', 0, 2, 19, 0, 0, 1, 0, '', 51, 73, 200, '0', 0, 200, 0, 19, '2014-09-30 11:58:55', 0, '2014-09-30 12:01:03', 0, 0, 'AP20140900000015'),
(361, 16, 110, 1, 50, 61, 'PI', '2014-09-30', '303', 0, 2, 19, 0, 0, 1, 0, '', 50, 3, 2100, '0', 0, 2100, 0, 19, '2014-09-30 11:59:16', 0, '2014-09-30 12:01:04', 0, 0, 'AP20140900000016'),
(362, 17, 110, 1, 51, 62, 'PI', '2014-09-30', '12', 0, 27, 19, 0, 0, 1, 0, '', 51, 5, 76300, '0', 0, 76300, 0, 19, '2014-09-30 11:59:47', 0, '2014-09-30 12:01:04', 0, 0, 'AP20140900000017'),
(363, 18, 110, 1, 50, 62, 'PI', '2014-09-30', '21212', 0, 27, 0, 0, 0, 1, 0, '', 50, 5, 80800, '0', 0, 80800, 0, 19, '2014-09-30 12:00:21', 0, '2014-09-30 12:01:05', 0, 0, 'AP20140900000018'),
(364, 19, 110, 1, 0, 62, 'PI', '2014-09-30', '231', 0, 27, 19, 0, 0, 1, 0, '', 0, 0, 14200, '0', 0, 14200, 0, 19, '2014-09-30 12:00:38', 0, '2014-09-30 12:01:06', 0, 0, 'AP20140900000019'),
(365, 72, 93, 2, 0, 46, 'PI', '2014-10-03', 'asas', 30, 2, 13, 16, 1, 1, 0, '', 0, 0, 10, '0', 0, 10, 0, 16, '2014-10-03 07:14:44', 0, '2014-10-03 08:30:53', 0, 0, 'AP20141000000002'),
(366, 73, 93, 2, 0, 46, 'PI', '2014-10-03', 'asas', 30, 2, 13, 16, 1, 1, 0, '', 0, 0, 106000, '0', 6000, 10, 0, 16, '2014-10-03 07:14:44', 0, '2014-10-09 07:31:51', 0, 1, 'AP20141000000002'),
(367, 74, 93, 2, 0, 46, 'PI', '2014-10-03', 'asas', 30, 2, 13, 16, 1, 1, 0, '', 0, 0, 10, '0', 0, 10, 0, 16, '2014-10-03 07:14:44', 0, '2014-10-03 08:30:53', 0, 1, 'AP20141000000002'),
(368, 75, 93, 2, 0, 46, 'PI', '2014-10-03', 'dd', 30, 2, 13, 16, 1, 1, 0, '', 0, 0, 30, '10', 0, 20, 0, 16, '2014-10-03 08:33:32', 0, '2014-10-10 02:38:47', 0, 0, 'AP20141000000003'),
(369, 35, 1, 1, 0, 23, 'PI20141008MLK', '2014-10-08', 'zxcsfz', 0, 1, 0, 0, 0, 3.1305, 0, '', 0, 0, 0, '0', 0, 0, 0, 16, '2014-10-08 01:15:59', 0, '0000-00-00 00:00:00', 0, 1, ''),
(370, 36, 1, 1, 0, 20, 'PI20141008MLK', '2014-10-08', 'dfghdfg', 0, 1, 1, 0, 0, 1, 0, '', 0, 0, 15, '0', 0.06, 15.06, 0, 16, '2014-10-08 02:11:35', 0, '2014-10-08 04:11:20', 0, 0, 'AP20141000000006'),
(371, 37, 1, 2, 0, 20, 'PI20141008MLK', '2014-10-08', '36123', 0, 2, 1, 2, 1, 1, 0, '', 0, 0, 106, '0', 6, 106, 0, 16, '2014-10-08 05:23:06', 0, '2014-10-08 05:23:45', 0, 0, 'AP20141000000007'),
(372, 38, 1, 2, 0, 20, 'PI20141008MLK', '2014-10-08', '36123', 0, 2, 1, 2, 1, 1, 0, '', 0, 0, 1060, '0', 60, 106, 0, 16, '2014-10-08 05:23:06', 0, '2014-10-09 07:28:29', 0, 1, 'AP20141000000007'),
(373, 39, 1, 1, 0, 20, 'PI20141008MLK', '2014-10-08', 'dfghdfg', 0, 1, 1, 0, 0, 1, 0, '', 0, 0, 15, '0', 0.06, 15.06, 0, 16, '2014-10-08 02:11:35', 0, '2014-10-08 04:11:20', 0, 1, 'AP20141000000006'),
(374, 40, 1, 1, 0, 23, 'PI20141008MLK', '2014-10-08', 'zxcsfz', 0, 1, 0, 0, 0, 3.1305, 0, '', 0, 0, 0, '0', 0, 0, 0, 16, '2014-10-08 01:15:59', 0, '0000-00-00 00:00:00', 0, 1, ''),
(375, 41, 1, 2, 0, 20, 'PI20141008MLK', '2014-10-09', '36123', 0, 2, 1, 2, 1, 1, 0, '', 0, 0, 106, '0', 6, 106, 0, 16, '2014-10-08 05:23:06', 0, '2014-10-08 05:23:45', 0, 1, 'AP20141000000007'),
(376, 42, 1, 1, 0, 23, 'PI20141008MLK', '2014-10-09', 'zxcsfz', 0, 1, 0, 0, 0, 3.1305, 0, '', 0, 0, 0, '0', 0, 0, 0, 16, '2014-10-08 01:15:59', 0, '0000-00-00 00:00:00', 0, 1, ''),
(377, 8, 95, 2, 48, 60, 'PI', '2014-10-09', 'IV100001', 0, 3, 0, 20, 1, 1, 0, '', 0, 3, 53000, '0', 3000, 53000, 0, 43, '2014-10-09 02:23:04', 0, '2014-10-09 02:37:31', 0, 0, 'AP20141000000001'),
(378, 43, 1, 1, 33, 20, 'PI20141009MLK', '2014-10-09', 'sas', 1, 1, 1, 0, 0, 1, 0, 'sa sas', 33, 3, 0, '0', 0, 400, 0, 16, '2014-10-09 02:41:24', 0, '2014-10-09 04:19:04', 0, 1, ''),
(379, 9, 95, 1, 0, 49, 'PI', '2014-10-09', 'INV222', 0, 3, 0, 0, 0, 1, 0, '', 0, 0, 10, '0', 0.6, 10.6, 0, 43, '2014-10-09 04:16:08', 0, '2014-10-09 04:16:23', 0, 0, 'AP20141000000002'),
(380, 44, 1, 1, 30, 20, 'PI20141009MLK', '2014-10-09', 'asa', 1, 1, 7, 0, 0, 1, 0, 'asa', 30, 3, 100, '0', 6, 106, 0, 16, '2014-10-09 04:37:34', 0, '2014-10-09 04:39:47', 0, 0, 'AP20141000000008'),
(381, 45, 1, 1, 0, 20, 'PI20141009MLK', '2014-10-09', 'sxs', 0, 1, 0, 0, 0, 1, 0, '', 0, 0, 100, '0', 0, 100, 0, 16, '2014-10-09 05:04:59', 0, '0000-00-00 00:00:00', 0, 1, ''),
(382, 46, 1, 1, 0, 20, 'PI20141009MLK', '2014-10-09', 'asa', 0, 1, 0, 0, 0, 1, 0, '', 0, 0, 100, '0', 0, 100, 0, 16, '2014-10-09 05:07:19', 0, '0000-00-00 00:00:00', 0, 1, ''),
(383, 47, 1, 1, 0, 20, 'PI20141009MLK', '2014-10-09', 'sds', 0, 1, 0, 0, 0, 1, 0, '', 0, 0, 100, '0', 0, 100, 0, 16, '2014-10-09 05:16:12', 0, '0000-00-00 00:00:00', 0, 1, ''),
(384, 48, 1, 1, 0, 20, 'PI20141009MLK', '2014-10-09', 'asa', 0, 1, 0, 0, 0, 1, 0, '', 0, 0, 100, '0', 0, 100, 0, 16, '2014-10-09 05:20:38', 0, '0000-00-00 00:00:00', 0, 1, ''),
(385, 49, 1, 1, 0, 20, 'PI20141009MLK', '2014-10-09', 'xzsa', 1, 1, 7, 0, 0, 1, 0, '', 0, 0, 100, '0', 0, 100, 0, 16, '2014-10-09 05:23:16', 0, '0000-00-00 00:00:00', 0, 1, ''),
(386, 50, 1, 1, 33, 20, 'PI20141009MLK', '2014-10-09', 'asa', 1, 1, 10, 0, 0, 1, 0, 'asa', 33, 73, 100, '0', 0, 100, 0, 16, '2014-10-09 05:24:44', 0, '0000-00-00 00:00:00', 0, 1, ''),
(387, 51, 1, 1, 0, 20, 'PI20141009MLK', '2014-10-09', 'za', 0, 1, 0, 0, 0, 1, 0, '', 0, 0, 0, '0', 0, 55, 0, 16, '2014-10-09 05:25:58', 0, '2014-10-09 05:31:52', 0, 1, ''),
(388, 52, 1, 1, 0, 20, 'PI20141009MLK', '2014-10-09', 'asa', 0, 1, 0, 0, 0, 1, 0, '', 0, 0, 1, '0', 0.06, 1.06, 0, 16, '2014-10-09 05:28:51', 0, '0000-00-00 00:00:00', 0, 1, ''),
(389, 53, 1, 1, 0, 20, 'PI20141009MLK', '2014-10-09', 'asa', 0, 1, 0, 0, 0, 1, 0, '', 0, 0, 100, '0', 0, 100, 0, 16, '2014-10-09 06:22:33', 0, '0000-00-00 00:00:00', 0, 1, ''),
(390, 54, 1, 1, 0, 20, 'PI20141009MLK', '2014-10-09', 'asas', 0, 1, 0, 0, 0, 1, 0, '', 0, 0, 100, '0', 0, 100, 0, 16, '2014-10-09 06:28:04', 0, '0000-00-00 00:00:00', 0, 1, ''),
(391, 55, 1, 1, 30, 20, 'PI20141009MLK', '2014-10-09', 'hvb', 2, 1, 7, 0, 0, 1, 0, '', 30, 4, 100, '0', 0, 100, 0, 16, '2014-10-09 06:29:11', 0, '0000-00-00 00:00:00', 0, 1, ''),
(392, 56, 1, 1, 0, 20, 'PI20141009MLK', '2014-10-09', 'asa', 0, 1, 0, 0, 0, 1, 0, '', 0, 0, 14, '0', 0, 14, 0, 16, '2014-10-09 06:30:01', 0, '0000-00-00 00:00:00', 0, 1, ''),
(393, 57, 1, 1, 0, 20, 'PI20141009MLK', '2014-10-09', 'dsd', 0, 1, 0, 0, 0, 1, 0, '', 0, 0, 100, '0', 0, 100, 0, 16, '2014-10-09 06:37:09', 0, '0000-00-00 00:00:00', 0, 1, ''),
(394, 58, 1, 1, 0, 20, 'PI20141009MLK', '2014-10-09', 'asa', 0, 1, 0, 0, 0, 1, 0, '', 0, 0, 0, '0', 0, 100, 0, 16, '2014-10-09 07:05:34', 0, '2014-10-09 07:19:53', 0, 1, ''),
(395, 76, 93, 1, 37, 46, 'PI', '2014-10-10', 'zxzds', 31, 2, 13, 0, 0, 1, 0, 'asa', 37, 3, 1000, '0', 0, 1000, 0, 16, '2014-10-10 02:43:10', 0, '2014-10-10 02:44:19', 0, 0, 'AP20141000000004'),
(396, 77, 93, 2, 0, 46, 'PI', '2014-10-10', 'aas', 30, 2, 13, 15, 1, 1, 0, '', 0, 0, 2000, '0', 0, 2000, 0, 16, '2014-10-10 02:43:57', 0, '2014-10-10 02:44:28', 0, 0, 'AP20141000000005'),
(397, 78, 93, 1, 0, 48, 'PI', '2014-10-10', 'asa', 0, 2, 0, 0, 0, 1, 0, '', 0, 0, 55, '0', 3.3, 58.3, 0, 16, '2014-10-10 02:54:50', 0, '2014-10-10 02:56:13', 0, 0, 'AP20141000000006'),
(398, 79, 93, 2, 0, 48, 'PI', '2014-10-10', 'qwq', 30, 2, 16, 15, 1, 1, 0, '', 0, 0, 106, '0', 6, 106, 0, 16, '2014-10-10 02:55:58', 0, '2014-10-10 02:56:14', 0, 0, 'AP20141000000007'),
(399, 80, 93, 1, 0, 48, 'PI', '2014-10-10', 'rer', 0, 2, 0, 0, 0, 1, 0, '', 0, 0, 100, '0', 6, 106, 0, 16, '2014-10-10 03:00:49', 0, '0000-00-00 00:00:00', 0, 1, ''),
(400, 81, 93, 1, 0, 48, 'PI', '2014-10-10', 'asa', 0, 2, 0, 0, 0, 1, 0, '', 0, 0, 116.6, '0', 6.6, 116.6, 0, 16, '2014-10-10 03:17:49', 0, '2014-10-10 03:18:30', 0, 0, 'AP20141000000008'),
(401, 1, 111, 2, 55, 64, 'PI', '2014-10-14', 'SH001', 0, 3, 0, 31, 1, 1, 0, '', 0, 0, 530, '530', 30, 0, 0, 43, '2014-10-14 01:34:40', 0, '2014-10-14 08:10:47', 0, 0, 'AP20141000000001'),
(402, 2, 111, 2, 57, 64, 'PI', '2014-10-14', 'SH002', 0, 3, 20, 31, 1, 1, 0, '', 0, 3, 1060, '1060', 60, 0, 0, 43, '2014-10-14 02:21:43', 0, '2014-10-14 03:36:00', 0, 0, 'AP20141000000002'),
(403, 3, 111, 2, 54, 64, 'PI', '2014-10-14', 'SH002', 0, 3, 20, 31, 1, 1, 0, '', 0, 0, 1060, '1060', 60, 0, 0, 43, '2014-10-14 02:36:02', 0, '2014-10-16 04:01:32', 0, 1, ''),
(404, 4, 111, 2, 58, 64, 'PI', '2014-10-14', 'SH004', 0, 3, 20, 31, 1, 1, 0, '', 0, 0, 3433.76, '26', 137.76, 3407.76, 0, 43, '2014-10-14 02:40:52', 0, '2014-11-05 08:30:21', 0, 0, 'AP20141000000005'),
(405, 5, 111, 2, 63, 64, 'PI', '2014-10-14', 'SH006', 0, 3, 20, 31, 1, 1, 0, '', 0, 3, 53, '0', 3, 53, 0, 43, '2014-10-14 04:02:15', 0, '2014-10-14 04:02:16', 0, 1, ''),
(406, 6, 111, 2, 58, 64, 'PI', '2014-10-14', '12345', 0, 3, 20, 32, 1, 1, 0, '', 0, 6, 53000, '1000', 3000, 52000, 0, 19, '2014-10-14 07:25:04', 0, '2014-11-05 07:10:26', 0, 0, 'AP20141000000006'),
(407, 82, 93, 2, 0, 46, 'PI', '2014-10-14', 'as', 30, 2, 13, 16, 1, 1, 0, '', 0, 0, 10, '0', 0, 10, 0, 16, '2014-10-14 07:28:38', 0, '2014-10-14 07:37:01', 0, 0, ''),
(408, 83, 93, 2, 0, 46, 'PI', '2014-10-14', 'ewe', 30, 2, 13, 15, 1, 1, 0, '', 0, 0, 10, '0', 0, 10, 0, 16, '2014-10-14 07:40:34', 0, '2014-10-14 07:54:49', 0, 0, 'AP20141000000010'),
(409, 7, 111, 2, 65, 65, 'PI', '2014-10-14', '4545454', 0, 3, 20, 32, 1, 1, 0, '', 0, 3, 10598.94, '10599', 599.94, -0.05999999999949068, 0, 19, '2014-10-14 07:58:21', 0, '2014-10-16 10:20:40', 0, 0, 'AP20141000000007'),
(410, 9, 107, 2, 47, 58, 'PI', '2014-01-01', '3434', 0, 2, 15, 26, 1, 1, 0, '', 0, 6, 1060, '0', 60, 1060, 0, 19, '2014-10-14 10:10:19', 0, '2014-10-14 10:10:31', 0, 0, 'AP20140100000001'),
(411, 8, 111, 2, 76, 66, 'PI', '2014-10-17', 'PSSB45678', 0, 4, 22, 34, 1, 1, 0, '', 0, 3, 116600, '0', 6600, 116600, 0, 43, '2014-10-17 01:49:08', 0, '2014-10-17 01:57:51', 0, 0, 'AP20141000000012'),
(412, 9, 111, 2, 0, 67, 'PI', '2014-10-17', 'IV6785', 0, 2, 23, 34, 1, 1, 0, '', 0, 0, 63600, '4', 3600, 63596, 0, 43, '2014-10-17 02:28:43', 0, '2014-11-05 08:41:38', 0, 0, 'AP20141000000013'),
(413, 84, 93, 2, 0, 46, 'PI', '2014-10-17', 'sa', 0, 2, 13, 15, 1, 1, 0, '', 0, 0, 30, '0', 0, 30, 0, 16, '2014-10-17 03:20:36', 0, '2014-10-17 03:26:04', 0, 0, 'AP20141000000011'),
(414, 10, 111, 2, 0, 66, 'PI', '2014-10-17', 'IV45678', 0, 4, 20, 31, 1, 1, 0, '', 0, 0, 127200, '0', 7200, 127200, 0, 43, '2014-10-17 03:36:31', 0, '2014-10-17 03:40:48', 0, 0, 'AP20141000000014'),
(415, 11, 111, 2, 0, 67, 'PI', '2014-10-17', 'PO6789', 0, 2, 20, 31, 1, 1, 0, '', 0, 0, 1060, '0', 60, 1060, 0, 43, '2014-10-17 07:28:46', 0, '2014-10-17 07:29:57', 0, 0, 'AP20141000000015'),
(416, 4, 105, 1, 0, 56, 'PI 123', '2014-10-17', 'SI 123', 0, 3, 14, 0, 0, 1, 0, '', 0, 0, 34000, '34000', 0, 0, 0, 51, '2014-10-17 09:19:40', 0, '2014-10-17 09:21:12', 0, 0, 'AP20141000000001'),
(417, 85, 93, 2, 36, 46, 'PI', '2014-10-20', 'sd', 30, 2, 13, 15, 1, 1, 0, 'sds', 0, 3, 53, '0', 3, 34.2, 0, 16, '2014-10-20 03:05:10', 0, '2014-10-20 05:49:05', 0, 1, ''),
(418, 12, 111, 2, 0, 64, 'PI', '2014-10-20', 'suppinvno002', 0, 3, 20, 32, 1, 1, 0, '', 0, 0, 37.44, '0', 1.44, 37.44, 0, 19, '2014-10-20 05:54:45', 0, '2014-10-20 05:56:13', 0, 0, 'AP20141000000016'),
(419, 86, 93, 2, 36, 46, 'PI', '2014-10-20', 'dsd', 31, 2, 13, 15, 1, 1, 0, '', 0, 125, 120, '0', 0, 120, 0, 16, '2014-10-20 05:56:34', 0, '2014-10-20 05:57:23', 0, 1, ''),
(420, 13, 111, 2, 0, 67, 'PI', '2014-10-21', '3423', 0, 2, 20, 32, 1, 1, 0, '', 0, 0, 21200, '21200', 1200, 0, 0, 19, '2014-10-21 09:47:55', 0, '2014-10-24 09:03:32', 0, 1, ''),
(421, 14, 111, 2, 0, 67, 'PI', '2014-01-21', '2323', 0, 2, 21, 32, 1, 1, 0, '', 0, 0, 21200, '0', 1200, 21200, 0, 19, '2014-10-21 09:48:48', 0, '2014-10-21 09:49:01', 0, 0, 'AP20140100000001'),
(422, 87, 93, 2, 0, 50, 'PI', '2014-10-21', 'rfds', 30, 1, 13, 15, 1, 1, 0, '', 0, 0, 678.4, '0', 38.4, 678.4, 0, 16, '2014-10-21 10:34:07', 0, '2014-10-21 10:34:21', 0, 1, ''),
(423, 88, 93, 2, 0, 46, 'PI', '2014-10-23', 'asda', 0, 2, 13, 15, 1, 1, 0, '', 0, 0, 240, '0', 0, 240, 0, 16, '2014-10-23 02:29:19', 0, '2014-10-23 02:29:32', 0, 1, ''),
(424, 89, 93, 2, 0, 47, 'PI', '2014-10-23', 'asa', 30, 3, 13, 15, 1, 1, 0, '', 0, 0, 59, '0', 9, 59, 0, 16, '2014-10-23 02:48:54', 0, '2014-10-24 03:03:01', 0, 1, ''),
(425, 15, 111, 1, 0, 67, 'PI', '2014-10-23', 'INV7899', 0, 2, 20, 0, 0, 1, 0, '', 0, 0, 53, '53', 3, 0, 0, 43, '2014-10-23 04:00:57', 0, '2014-10-23 04:03:50', 0, 0, 'AP20141000000056'),
(426, 16, 111, 1, 65, 64, 'PI', '2014-10-24', 'supinvno007', 0, 3, 20, 0, 0, 1, 0, '', 65, 8, 1590, '0', 90, 1590, 0, 33, '2014-10-24 04:31:11', 0, '0000-00-00 00:00:00', 0, 1, ''),
(427, 17, 111, 1, 0, 64, 'PI', '2014-10-24', 'supinv0078', 0, 3, 20, 0, 0, 1, 0, '', 0, 0, 1098.16, '0', 62.16, 1098.16, 0, 33, '2014-10-24 04:38:12', 0, '0000-00-00 00:00:00', 0, 1, ''),
(428, 59, 1, 2, 0, 20, 'PI20141024MLK', '2014-10-24', '2412', 0, 1, 0, 2, 1, 1, 0, '', 0, 0, 25.68, '0', 6, 25.68, 0, 1, '2014-10-24 08:32:33', 0, '2014-10-24 08:38:55', 0, 1, ''),
(429, 18, 111, 1, 53, 67, 'PI', '2014-10-27', '3453535', 0, 2, 20, 0, 0, 1, 0, '', 53, 74, 50880, '0', 2880, 50880, 0, 19, '2014-10-27 03:25:15', 0, '0000-00-00 00:00:00', 0, 1, ''),
(430, 19, 111, 1, 0, 67, 'PI', '2014-10-28', '777', 0, 2, 21, 0, 0, 1, 0, '', 0, 0, 50880, '0', 2880, 50880, 0, 19, '2014-10-28 10:15:29', 0, '0000-00-00 00:00:00', 0, 1, ''),
(431, 20, 111, 1, 0, 64, 'PI', '2014-10-28', '666', 0, 3, 20, 0, 0, 1, 0, '', 0, 0, 292600, '0', 12600, 292600, 0, 19, '2014-10-28 10:17:20', 0, '0000-00-00 00:00:00', 0, 1, ''),
(432, 21, 111, 1, 0, 66, 'PI', '2014-10-29', 'suppInv777', 0, 4, 21, 0, 1, 1, 0, '', 0, 0, 10848.04, '0', 614.04, 10848.04, 0, 33, '2014-10-29 01:31:55', 0, '2014-10-29 01:31:56', 0, 1, ''),
(433, 22, 111, 1, 65, 68, 'PI', '2014-10-30', 'SH 0001', 0, 2, 21, 0, 0, 1, 0, 'dgdgsgdfg', 65, 3, 15900, '0', 900, 15900, 0, 55, '2014-10-30 03:02:33', 0, '2014-10-30 04:14:20', 0, 0, 'AP20141000000246'),
(434, 23, 111, 1, 76, 69, 'PI 5555', '2014-10-30', 'HM-88881', 0, 2, 20, 0, 0, 1, 0, 'asdadasdasd', 76, 74, 2120, '0', 120, 2120, 0, 55, '2014-10-30 03:52:10', 0, '2014-10-30 03:53:33', 0, 0, 'AP20141000000245'),
(435, 90, 93, 2, 0, 47, 'PI', '2014-10-30', 'wew', 30, 3, 13, 15, 1, 1, 0, '', 0, 0, 84.8, '0', 4.8, 84.8, 0, 16, '2014-10-30 07:54:45', 0, '2014-10-30 07:55:24', 0, 1, ''),
(436, 24, 111, 1, 55, 64, 'PI', '2014-10-30', 'inv999', 0, 3, 20, 0, 0, 1, 0, '', 55, 74, 106, '0', 6, 106, 0, 43, '2014-10-30 08:07:33', 0, '2014-10-30 08:07:51', 0, 0, 'AP20141000000247'),
(437, 25, 111, 1, 76, 69, 'PI 9999', '2014-10-31', '9999', 0, 2, 20, 0, 0, 1, 0, 'cgdgdfggfd', 76, 3, 1060, '0', 60, 1060, 0, 55, '2014-10-31 02:52:17', 0, '2014-10-31 02:52:49', 0, 0, 'AP20141000000248'),
(438, 26, 111, 1, 0, 71, 'PI', '2014-10-31', 'INV6654', 0, 2, 22, 0, 0, 1, 0, '', 0, 0, 530, '0', 30, 530, 0, 43, '2014-10-31 03:55:12', 0, '2014-10-31 03:56:30', 0, 0, 'AP20141000000249'),
(439, 27, 111, 1, 76, 75, 'PI 9191', '2014-11-03', '919191', 0, 2, 23, 0, 0, 1, 0, 'edgsdgsgdgsdf', 76, 3, 21200, '0', 1200, 21200, 0, 55, '2014-11-03 02:05:12', 0, '2014-11-03 02:06:34', 0, 0, 'AP20141100000001'),
(440, 28, 111, 1, 76, 64, 'PI', '2014-11-03', 'asfdasdf888', 35, 3, 20, 32, 0, 1, 0, 'asdfasdfasd', 76, 8, 42.4, '0', 2.4, 42.4, 0, 33, '2014-11-03 08:56:10', 0, '2014-11-10 05:58:38', 0, 1, ''),
(441, 29, 111, 1, 0, 68, 'PI', '2014-11-04', '3424', 0, 2, 0, 0, 1, 1, 0, '', 0, 0, 1166, '0', 66, 1166, 0, 19, '2014-11-04 08:05:12', 0, '2014-11-04 08:05:21', 0, 1, ''),
(442, 1, 116, 1, 0, 77, 'PI', '2014-11-04', '22111', 0, 2, 25, 0, 1, 1, 0, '', 0, 0, 1166, '1166', 66, 0, 0, 19, '2014-11-04 08:20:31', 0, '2014-11-05 09:37:10', 0, 0, 'AP20141100000001'),
(443, 2, 116, 2, 0, 77, 'PI', '2014-11-04', '2222', 0, 2, 25, 44, 1, 1, 0, '', 0, 0, 2332, '0', 132, 2332, 0, 19, '2014-11-04 08:32:21', 0, '2014-11-04 08:41:03', 0, 0, 'AP20141100000002'),
(444, 3, 116, 2, 0, 77, 'PI', '2014-11-04', '3434', 0, 2, 25, 44, 1, 1, 0, '', 0, 0, 823.6199999999999, '0', 46.62, 823.6199999999999, 0, 19, '2014-11-04 08:56:26', 0, '2014-11-04 09:00:43', 0, 0, 'AP20141100000003'),
(445, 4, 116, 1, 82, 78, 'PI', '2014-11-04', 'inv123', 0, 2, 27, 0, 1, 1, 0, '', 82, 3, 1431, '1431', 81, 0, 0, 43, '2014-11-04 09:44:12', 0, '2014-11-06 07:52:47', 0, 0, 'AP20141100000008'),
(446, 5, 116, 1, 82, 79, 'PI 3333', '2014-11-05', '3333', 0, 2, 26, 0, 0, 1, 0, 'rabu', 82, 3, 5300, '2000', 300, 3300, 0, 55, '2014-11-05 02:04:08', 0, '2014-11-06 08:51:36', 0, 0, 'AP20141100000011'),
(447, 6, 116, 2, 82, 79, 'PI 33333', '2014-11-05', '3333', 0, 2, 26, 45, 1, 1, 0, 'rabu', 0, 74, 7526, '4300', 426, 3226, 0, 55, '2014-11-05 02:49:26', 0, '2014-11-05 06:49:03', 0, 0, 'AP20141100000012'),
(448, 7, 116, 1, 0, 78, 'PI', '2014-11-05', 'inv444', 0, 2, 0, 0, 0, 1, 0, '', 0, 0, 1404.5, '1405', 79.5, -0.5, 0, 43, '2014-11-05 09:01:35', 0, '2014-11-06 07:52:47', 0, 0, 'AP20141100000017'),
(449, 8, 116, 2, 0, 80, 'PI', '2014-11-06', 'inv777', 0, 1, 27, 46, 1, 1, 0, '', 0, 0, 200, '0', 0, 200, 0, 43, '2014-11-06 01:44:49', 0, '2014-11-06 01:45:11', 0, 0, 'AP20141100000021'),
(450, 9, 116, 1, 0, 80, 'PI', '2014-11-06', 'INV222', 0, 1, 27, 0, 0, 1, 0, '', 0, 0, 5000, '0', 0, 5000, 0, 43, '2014-11-06 02:21:26', 0, '2014-11-06 02:21:45', 0, 0, 'AP20141100000022'),
(451, 10, 116, 1, 0, 77, 'PI', '2014-11-06', '32311', 0, 2, 25, 0, 1, 1, 0, '', 0, 0, 10706, '0', 606, 10706, 0, 19, '2014-11-06 08:23:44', 0, '2014-11-06 08:24:13', 0, 0, 'AP20141100000024'),
(452, 91, 93, 2, 0, 46, 'PI', '2014-11-06', 'ijk', 0, 2, 0, 17, 1, 1, 0, '', 0, 0, 10, '0', 0, 10, 0, 16, '2014-11-06 09:56:35', 0, '2014-11-06 09:58:38', 0, 0, 'AP20141100000001'),
(453, 92, 93, 2, 0, 47, 'PI', '2014-11-06', 'qw', 0, 3, 16, 15, 1, 1, 0, '', 0, 0, 10.6, '0', 0.6, 10.6, 0, 16, '2014-11-06 10:14:11', 0, '2014-11-06 10:14:11', 0, 1, ''),
(454, 11, 116, 1, 0, 77, 'PI', '2014-11-07', '5556', 0, 2, 25, 0, 0, 1, 0, '', 0, 0, 21200, '0', 1200, 21200, 0, 19, '2014-11-07 01:53:51', 0, '2014-11-07 01:54:02', 0, 0, 'AP20141100000026'),
(455, 30, 111, 1, 0, 65, 'PI', '2014-11-07', 'asfasdf555', 35, 3, 21, 0, 0, 1, 0, '', 0, 0, 21.2, '0', 1.2, 21.2, 0, 33, '2014-11-07 02:33:51', 0, '2014-11-07 02:34:04', 0, 0, 'AP20141100000011'),
(456, 12, 116, 1, 0, 77, 'PI', '2014-11-07', '343', 0, 2, 25, 0, 0, 1, 0, '', 0, 0, 53000, '0', 3000, 53000, 0, 19, '2014-11-07 02:52:58', 0, '2014-11-07 02:56:10', 0, 0, 'AP20141100000027'),
(457, 13, 116, 1, 82, 79, 'PI', '2014-11-07', '657657', 0, 2, 26, 0, 0, 1, 0, 'sss', 82, 3, 106000, '0', 6000, 106000, 0, 55, '2014-11-07 04:06:50', 0, '2014-11-07 04:07:03', 0, 0, 'AP20141100000028'),
(458, 14, 116, 1, 82, 79, 'PI 1111', '2014-11-10', '11111', 0, 2, 26, 0, 1, 1, 0, 'isnin', 82, 3, 10706, '0', 606, 10706, 0, 55, '2014-11-10 03:41:45', 0, '2014-11-10 03:47:21', 0, 0, 'AP20141100000029'),
(459, 15, 116, 1, 82, 79, 'PI 2222', '2014-11-11', '22222', 0, 2, 26, 0, 0, 1, 0, 'selasa', 82, 3, 106000, '0', 6000, 106000, 0, 55, '2014-11-11 01:58:14', 0, '2014-11-11 02:23:23', 0, 0, 'AP20141100000030'),
(460, 16, 116, 1, 82, 79, 'PI 2112', '2014-11-11', '21112', 0, 2, 26, 0, 0, 1, 0, 'selasa 21', 82, 3, 3180, '0', 180, 3180, 0, 55, '2014-11-11 02:51:31', 0, '2014-11-11 02:51:46', 0, 0, 'AP20141100000031'),
(461, 17, 116, 2, 0, 77, 'PI', '2014-11-12', '34434', 0, 2, 25, 44, 1, 1, 0, '', 0, 0, 212, '0', 12, 212, 0, 19, '2014-11-12 04:59:35', 0, '2014-11-12 05:00:08', 0, 0, 'AP20141100000032'),
(462, 18, 116, 1, 0, 78, 'PI', '2014-11-12', 'INV4323', 0, 2, 0, 0, 0, 1, 0, '', 0, 0, 424, '0', 24, 424, 0, 43, '2014-11-12 06:59:26', 0, '2014-11-12 07:00:01', 0, 0, 'AP20141100000033');

--
-- Triggers `comp_supplier_invoice`
--
DROP TRIGGER IF EXISTS `trigger_before_insert_si_add_serialNo`;
DELIMITER //
CREATE TRIGGER `trigger_before_insert_si_add_serialNo` BEFORE INSERT ON `comp_supplier_invoice`
 FOR EACH ROW set new.serialNo = (select nextSerialNo 
			   from view_serial_comp_supplier_invoice 
			   where companyID = new.companyID)
//
DELIMITER ;

-- --------------------------------------------------------

--
-- Table structure for table `comp_supplier_invoice_charges`
--

CREATE TABLE IF NOT EXISTS `comp_supplier_invoice_charges` (
  `ID` int(11) NOT NULL AUTO_INCREMENT,
  `invoiceID` int(11) NOT NULL,
  `lineNo` int(11) NOT NULL,
  `accountNoID` int(11) NOT NULL,
  `chargeDescription` text NOT NULL,
  `itemname` varchar(64) NOT NULL,
  `itemdescription` text NOT NULL,
  `umID` int(11) NOT NULL,
  `quantity` int(11) NOT NULL,
  `unitPrice` double NOT NULL,
  `amountExcludedTax` double NOT NULL,
  `taxID` int(11) NOT NULL,
  `taxRate` double NOT NULL,
  `taxAmount` double NOT NULL,
  `amountIncludedTax` double NOT NULL,
  `drAccountID` int(11) NOT NULL,
  `crAccountID` int(11) NOT NULL,
  `drTaxAccountID` int(11) NOT NULL,
  `crTaxAccountID` int(11) NOT NULL,
  `createdBy` int(11) NOT NULL,
  `createdTS` timestamp NOT NULL DEFAULT CURRENT_TIMESTAMP,
  `updatedBy` int(11) NOT NULL,
  `updatedTS` timestamp NOT NULL DEFAULT '0000-00-00 00:00:00' ON UPDATE CURRENT_TIMESTAMP,
  PRIMARY KEY (`ID`)
) ENGINE=InnoDB  DEFAULT CHARSET=latin1 AUTO_INCREMENT=213 ;

--
-- Dumping data for table `comp_supplier_invoice_charges`
--

INSERT INTO `comp_supplier_invoice_charges` (`ID`, `invoiceID`, `lineNo`, `accountNoID`, `chargeDescription`, `itemname`, `itemdescription`, `umID`, `quantity`, `unitPrice`, `amountExcludedTax`, `taxID`, `taxRate`, `taxAmount`, `amountIncludedTax`, `drAccountID`, `crAccountID`, `drTaxAccountID`, `crTaxAccountID`, `createdBy`, `createdTS`, `updatedBy`, `updatedTS`) VALUES
(19, 88, 1, 101, '', '', 'sds', 0, 0, 0, 12, 1, 0, 0.72, 12.72, 0, 0, 0, 0, 0, '2014-06-11 12:13:28', 0, '2014-06-18 02:00:50'),
(20, 93, 1, 101, '', '', 'qwqwq', 0, 0, 0, 12, 1, 0, 0.72, 12.72, 0, 0, 0, 0, 0, '2014-06-19 01:03:13', 0, '0000-00-00 00:00:00'),
(21, 93, 2, 100, '', '', '1213 weq', 0, 0, 0, 121, 5, 0, 0, 121, 0, 0, 0, 0, 0, '2014-06-19 01:03:36', 0, '0000-00-00 00:00:00'),
(22, 95, 1, 101, '', '', 'qwq', 0, 0, 0, 12, 1, 0, 0.72, 12.72, 0, 0, 0, 0, 0, '2014-06-19 01:28:57', 0, '0000-00-00 00:00:00'),
(23, 96, 1, 102, '', '', 'qwq', 0, 0, 0, 12, 4, 0, 0, 12, 0, 0, 0, 0, 0, '2014-06-19 01:38:49', 0, '0000-00-00 00:00:00'),
(24, 97, 1, 101, '', '', 'gcfdzhsKL;ASKJV', 0, 0, 0, 1, 1, 0, 0.06, 1.06, 0, 0, 0, 0, 0, '2014-06-19 02:14:49', 16, '2014-07-09 01:47:26'),
(26, 103, 0, 100, '', '', 'df desfr', 0, 0, 0, 1, 5, 0, 0, 1, 0, 0, 0, 0, 16, '2014-07-04 01:03:16', 0, '0000-00-00 00:00:00'),
(27, 103, 1, 101, '', '', 'sdsd sd', 0, 0, 0, 1, 1, 0, 0.06, 1.06, 0, 0, 0, 0, 16, '2014-07-04 01:05:32', 0, '0000-00-00 00:00:00'),
(28, 103, 2, 100, '', '', 'wewrw', 0, 0, 0, 1, 3, 0, 0, 1, 0, 0, 0, 0, 16, '2014-07-04 01:10:02', 0, '0000-00-00 00:00:00'),
(29, 103, 3, 101, '', '', 'sds', 0, 0, 0, 1, 1, 0, 0.06, 1.06, 0, 0, 0, 0, 16, '2014-07-04 01:11:22', 0, '0000-00-00 00:00:00'),
(30, 103, 4, 101, '', '', 'dfdr', 0, 0, 0, 111, 1, 0, 6.66, 117.66, 0, 0, 0, 0, 16, '2014-07-04 01:15:11', 16, '2014-07-04 01:24:04'),
(31, 103, 5, 101, '', '', 'tgrt', 0, 0, 0, 1, 1, 0, 0.06, 1.06, 0, 0, 0, 0, 16, '2014-07-04 01:24:21', 0, '0000-00-00 00:00:00'),
(32, 104, 1, 101, '', '', 'asdfas12341234', 0, 0, 0, 345, 1, 0, 20.7, 365.7, 0, 0, 0, 0, 16, '2014-07-07 02:45:16', 0, '0000-00-00 00:00:00'),
(33, 105, 1, 100, '', '', 'sgf sfg s', 0, 0, 0, 2345, 1, 0, 140.7, 2485.7, 0, 0, 0, 0, 16, '2014-07-07 02:46:54', 0, '0000-00-00 00:00:00'),
(34, 106, 1, 101, '', '', 'adfs32452354', 0, 0, 0, 345, 1, 0, 20.7, 365.7, 0, 0, 0, 0, 16, '2014-07-07 03:44:54', 0, '0000-00-00 00:00:00'),
(35, 107, 1, 101, '', '', 'adfs32452354', 0, 0, 0, 345, 1, 0, 20.7, 365.7, 0, 0, 0, 0, 16, '2014-07-07 03:45:03', 0, '0000-00-00 00:00:00'),
(36, 108, 1, 100, '', '', 'awer23452354', 0, 0, 0, 4546, 1, 0, 272.76, 4818.76, 0, 0, 0, 0, 16, '2014-07-07 03:47:27', 0, '0000-00-00 00:00:00'),
(37, 109, 1, 100, '', '', 'asdf23452', 0, 0, 0, 454, 1, 0, 27.24, 481.24, 0, 0, 0, 0, 16, '2014-07-07 03:48:51', 0, '0000-00-00 00:00:00'),
(38, 127, 1, 101, '0', '', '', 0, 0, 0, 0, 1, 0, 0, 0, 0, 0, 0, 0, 16, '2014-07-07 05:39:00', 0, '0000-00-00 00:00:00'),
(39, 127, 2, 102, '', '', 'asdf234234', 0, 0, 0, 433, 1, 0, 25.98, 458.98, 0, 0, 0, 0, 16, '2014-07-07 05:40:23', 0, '0000-00-00 00:00:00'),
(40, 128, 1, 101, '0', '', '', 0, 0, 0, 0, 1, 0, 0, 0, 0, 0, 0, 0, 16, '2014-07-07 05:43:02', 0, '0000-00-00 00:00:00'),
(41, 129, 1, 101, '0', '', '', 0, 0, 0, 0, 1, 0, 0, 0, 0, 0, 0, 0, 16, '2014-07-07 05:43:24', 0, '0000-00-00 00:00:00'),
(42, 130, 1, 101, '0', '', '', 0, 0, 0, 0, 1, 0, 0, 0, 0, 0, 0, 0, 16, '2014-07-07 05:43:34', 0, '0000-00-00 00:00:00'),
(43, 131, 1, 101, '0', '', '', 0, 0, 0, 0, 1, 0, 0, 0, 0, 0, 0, 0, 16, '2014-07-07 05:46:42', 0, '0000-00-00 00:00:00'),
(44, 131, 2, 101, '', '', 'dddde455', 0, 0, 0, 56, 1, 0, 3.36, 59.36, 0, 0, 0, 0, 16, '2014-07-07 05:49:25', 0, '0000-00-00 00:00:00'),
(45, 131, 3, 102, '', '', 'dsg345', 0, 0, 0, 567, 1, 0, 34.02, 601.02, 0, 0, 0, 0, 16, '2014-07-07 05:49:42', 0, '0000-00-00 00:00:00'),
(46, 132, 1, 101, '', '', 'asdf asdf 243', 0, 0, 0, 456, 1, 0, 27.36, 483.36, 0, 0, 0, 0, 16, '2014-07-07 05:51:45', 0, '0000-00-00 00:00:00'),
(47, 133, 1, 101, '', '', 'asdf asdf 243', 0, 0, 0, 456, 1, 0, 27.36, 483.36, 0, 0, 0, 0, 16, '2014-07-07 05:51:55', 0, '0000-00-00 00:00:00'),
(48, 135, 1, 101, '0', '', '', 0, 0, 0, 0, 1, 0, 0, 0, 0, 0, 0, 0, 16, '2014-07-07 05:57:08', 0, '0000-00-00 00:00:00'),
(49, 135, 2, 102, '', '', 'qwer245', 0, 0, 0, 435, 1, 0, 26.1, 461.1, 0, 0, 0, 0, 16, '2014-07-07 05:57:31', 0, '0000-00-00 00:00:00'),
(50, 136, 1, 101, '0', '', '', 0, 0, 0, 0, 1, 0, 0, 0, 0, 0, 0, 0, 16, '2014-07-07 05:59:07', 0, '0000-00-00 00:00:00'),
(51, 137, 1, 101, '0', '', '', 0, 0, 0, 0, 1, 0, 0, 0, 0, 0, 0, 0, 16, '2014-07-07 05:59:38', 0, '0000-00-00 00:00:00'),
(52, 138, 1, 101, '0', '', '', 0, 0, 0, 0, 1, 0, 0, 0, 0, 0, 0, 0, 16, '2014-07-07 06:00:01', 0, '0000-00-00 00:00:00'),
(53, 138, 2, 101, '', '', 'sfdg456456', 0, 0, 0, 456, 1, 0, 27.36, 483.36, 0, 0, 0, 0, 16, '2014-07-07 06:01:35', 0, '0000-00-00 00:00:00'),
(55, 156, 1, 101, '', '', 'asdf asdf 243', 0, 0, 0, 456, 1, 0, 27.36, 483.36, 0, 0, 0, 0, 16, '2014-07-07 05:51:55', 0, '0000-00-00 00:00:00'),
(56, 104, 2, 102, 'adfsdf2345235', '', 'adfsdf2345235', 0, 0, 0, 456, 1, 0, 27.36, 483.36, 0, 0, 0, 0, 16, '2014-07-11 01:51:51', 16, '2014-07-11 02:14:17'),
(57, 155, 2, 101, 'sfgsfg3563456', '', 'fsdfgsd34535', 0, 0, 0, 466, 1, 0, 27.96, 493.96, 0, 0, 0, 0, 16, '2014-07-11 01:54:12', 16, '2014-07-11 02:08:34'),
(63, 158, 2, 101, 'sfgsfg3563456', '', 'fsdfgsd34535', 0, 0, 0, 466, 1, 0, 27.96, 493.96, 0, 0, 0, 0, 16, '2014-07-11 01:54:12', 16, '2014-07-11 02:08:34'),
(64, 160, 1, 100, 'sdda', '', '', 0, 0, 0, 12, 10, 0, 0.72, 12.72, 0, 0, 0, 0, 16, '2014-07-11 04:39:13', 0, '0000-00-00 00:00:00'),
(65, 160, 1, 100, 'sdda', '', '', 0, 0, 0, 12, 10, 0, 0.72, 12.72, 0, 0, 0, 0, 16, '2014-07-11 04:39:28', 0, '0000-00-00 00:00:00'),
(66, 160, 1, 100, 'sdda', '', '', 0, 0, 0, 12, 10, 0, 0.72, 12.72, 0, 0, 0, 0, 16, '2014-07-11 04:40:12', 0, '0000-00-00 00:00:00'),
(67, 162, 1, 100, 'asa', '', '', 0, 0, 0, 1, 5, 0, 0, 1, 0, 0, 0, 0, 16, '2014-07-11 07:21:59', 0, '0000-00-00 00:00:00'),
(68, 162, 2, 100, 'ddd', '', '', 0, 0, 0, 2121, 10, 0, 127.26, 2248.26, 0, 0, 0, 0, 16, '2014-07-11 07:22:21', 0, '0000-00-00 00:00:00'),
(69, 163, 1, 101, '0', '', '', 0, 0, 0, 0, 1, 0, 0, 0, 0, 0, 0, 0, 16, '2014-07-14 03:38:17', 0, '0000-00-00 00:00:00'),
(70, 170, 1, 101, 'asdfa2435', '', '', 0, 0, 0, 234, 1, 0, 14.04, 248.04, 0, 0, 0, 0, 16, '2014-07-14 04:51:34', 0, '0000-00-00 00:00:00'),
(71, 172, 1, 101, 'asfgs234523', '', '', 0, 0, 0, 4646, 1, 0, 278.76, 4924.76, 0, 0, 0, 0, 16, '2014-07-14 05:02:55', 0, '0000-00-00 00:00:00'),
(72, 173, 1, 100, '0', '', '', 0, 0, 0, 0, 1, 0, 0, 0, 0, 0, 0, 0, 16, '2014-07-14 05:05:32', 0, '0000-00-00 00:00:00'),
(73, 173, 2, 100, 'sfg235', '', '', 0, 0, 0, 456, 1, 0, 27.36, 483.36, 0, 0, 0, 0, 16, '2014-07-14 05:06:15', 0, '0000-00-00 00:00:00'),
(74, 174, 1, 101, '0', '', '', 0, 0, 0, 0, 1, 0, 0, 0, 0, 0, 0, 0, 16, '2014-07-14 05:06:55', 0, '0000-00-00 00:00:00'),
(75, 176, 1, 101, '0', '', '', 0, 0, 0, 0, 1, 0, 0, 0, 0, 0, 0, 0, 16, '2014-07-14 05:15:49', 0, '0000-00-00 00:00:00'),
(79, 180, 1, 101, 'asdfs345', '', '', 0, 0, 0, 45, 1, 0, 2.7, 47.7, 0, 0, 0, 0, 16, '2014-07-14 05:55:30', 0, '0000-00-00 00:00:00'),
(80, 181, 1, 101, 'asfsdf245', '', '', 0, 0, 0, 34, 1, 0, 2.04, 36.04, 0, 0, 0, 0, 16, '2014-07-14 05:58:40', 0, '0000-00-00 00:00:00'),
(81, 182, 1, 319, '0', '', '', 0, 0, 0, 0, 2, 0, 0, 0, 0, 0, 0, 0, 16, '2014-07-16 00:27:26', 0, '0000-00-00 00:00:00'),
(82, 191, 1, 293, '0', '', '', 0, 0, 0, 0, 1, 0, 0, 0, 0, 0, 0, 0, 16, '2014-07-16 02:10:14', 0, '0000-00-00 00:00:00'),
(84, 194, 2, 101, 'sfgsdf25345', '', '', 0, 0, 0, 45, 1, 0, 2.7, 47.7, 0, 0, 0, 0, 16, '2014-07-17 00:33:58', 0, '0000-00-00 00:00:00'),
(85, 195, 1, 101, 'asdf2435', '', '', 0, 0, 0, 45, 1, 0, 2.7, 47.7, 0, 0, 0, 0, 16, '2014-07-17 00:36:04', 0, '0000-00-00 00:00:00'),
(86, 208, 1, 27494, '0', '', '', 0, 0, 0, 0, 1, 0, 0, 0, 0, 0, 0, 0, 33, '2014-08-13 04:58:45', 0, '0000-00-00 00:00:00'),
(88, 210, 1, 101, '', '', 'khgkjgjk', 0, 0, 0, 123, 14, 0, 7.38, 130.38, 0, 0, 0, 0, 33, '2014-08-20 02:30:42', 0, '0000-00-00 00:00:00'),
(89, 211, 1, 101, '', '', 'khgkjgjk', 0, 0, 0, 123, 14, 0, 7.38, 130.38, 0, 0, 0, 0, 33, '2014-08-20 02:30:54', 0, '0000-00-00 00:00:00'),
(90, 212, 1, 101, '', '', 'khgkjgjk', 0, 0, 0, 123, 14, 0, 7.38, 130.38, 0, 0, 0, 0, 33, '2014-08-20 02:32:10', 0, '0000-00-00 00:00:00'),
(91, 213, 1, 101, '', '', 'dafdasdf', 0, 0, 0, 123, 14, 0, 7.38, 130.38, 0, 0, 0, 0, 33, '2014-08-20 02:32:21', 0, '0000-00-00 00:00:00'),
(92, 214, 1, 101, '', '', 'afsfd2452345', 0, 0, 0, 123, 14, 0, 7.38, 130.38, 0, 0, 0, 0, 33, '2014-08-20 02:33:11', 0, '0000-00-00 00:00:00'),
(93, 215, 1, 101, '', '', 'afsfd2452345', 0, 0, 0, 123, 14, 0, 7.38, 130.38, 0, 0, 0, 0, 33, '2014-08-20 02:33:23', 0, '0000-00-00 00:00:00'),
(94, 216, 1, 101, '', '', 'afsfd2452345', 0, 0, 0, 123, 14, 0, 7.38, 130.38, 0, 0, 0, 0, 33, '2014-08-20 02:35:53', 0, '0000-00-00 00:00:00'),
(95, 1, 2, 101, 'dadad23424', '', '', 0, 0, 0, 234234, 14, 0, 14054.04, 248288.04, 0, 0, 0, 0, 33, '2014-08-20 02:36:23', 0, '0000-00-00 00:00:00'),
(96, 1, 2, 101, 'dadad23424', '', '', 0, 0, 0, 234234, 14, 0, 14054.04, 248288.04, 0, 0, 0, 0, 33, '2014-08-20 02:46:09', 0, '0000-00-00 00:00:00'),
(97, 1, 2, 101, 'dadad23424', '', '', 0, 0, 0, 234234, 14, 0, 14054.04, 248288.04, 0, 0, 0, 0, 33, '2014-08-20 02:47:04', 0, '0000-00-00 00:00:00'),
(98, 1, 2, 101, 'dadad23424', '', '', 0, 0, 0, 234234, 14, 0, 14054.04, 248288.04, 0, 0, 0, 0, 33, '2014-08-20 02:48:14', 0, '0000-00-00 00:00:00'),
(99, 1, 2, 101, 'dadad23424', '', '', 0, 0, 0, 234234, 14, 0, 14054.04, 248288.04, 0, 0, 0, 0, 33, '2014-08-20 02:48:32', 0, '0000-00-00 00:00:00'),
(100, 1, 2, 101, 'dadad23424', '', '', 0, 0, 0, 234234, 14, 0, 14054.04, 248288.04, 0, 0, 0, 0, 33, '2014-08-20 02:49:18', 0, '0000-00-00 00:00:00'),
(101, 1, 2, 101, 'dadad23424', '', '', 0, 0, 0, 234234, 14, 0, 14054.04, 248288.04, 0, 0, 0, 0, 33, '2014-08-20 02:49:45', 0, '0000-00-00 00:00:00'),
(102, 1, 2, 101, 'dadad23424', '', '', 0, 0, 0, 234234, 14, 0, 14054.04, 248288.04, 0, 0, 0, 0, 33, '2014-08-20 02:51:05', 0, '0000-00-00 00:00:00'),
(103, 1, 2, 101, 'dadad23424', '', '', 0, 0, 0, 234234, 14, 0, 14054.04, 248288.04, 0, 0, 0, 0, 33, '2014-08-20 02:51:26', 0, '0000-00-00 00:00:00'),
(104, 217, 1, 101, '0', '', '', 0, 0, 0, 0, 1, 0, 0, 0, 0, 0, 0, 0, 33, '2014-08-26 21:16:57', 0, '0000-00-00 00:00:00'),
(105, 218, 1, 101, '0', '', '', 0, 0, 0, 0, 14, 0, 0, 0, 0, 0, 0, 0, 33, '2014-08-27 07:53:45', 0, '0000-00-00 00:00:00'),
(106, 219, 1, 101, '0', '', '', 0, 0, 0, 0, 14, 0, 0, 0, 0, 0, 0, 0, 33, '2014-08-27 08:09:43', 0, '0000-00-00 00:00:00'),
(107, 220, 1, 102, 'adasd', '', '', 0, 0, 0, 234, 16, 0, 14.04, 248.04, 0, 0, 0, 0, 33, '2014-08-27 08:11:41', 0, '0000-00-00 00:00:00'),
(108, 235, 1, 28112, '0', '', '', 0, 0, 0, 0, 237, 0, 0, 0, 0, 0, 0, 0, 19, '2014-08-27 13:12:41', 0, '0000-00-00 00:00:00'),
(109, 236, 1, 28112, '0', '', '', 0, 0, 0, 0, 237, 0, 0, 0, 0, 0, 0, 0, 19, '2014-08-27 13:14:04', 0, '0000-00-00 00:00:00'),
(110, 237, 1, 28112, '0', '', '', 0, 0, 0, 0, 239, 0, 0, 0, 0, 0, 0, 0, 19, '2014-08-27 13:15:24', 0, '0000-00-00 00:00:00'),
(111, 239, 1, 28096, '0', '', '', 0, 0, 0, 0, 237, 0, 0, 0, 0, 0, 0, 0, 19, '2014-08-28 04:08:47', 0, '0000-00-00 00:00:00'),
(112, 240, 1, 28113, '0', '', '', 0, 0, 0, 0, 238, 0, 0, 0, 0, 0, 0, 0, 19, '2014-08-28 04:17:57', 0, '0000-00-00 00:00:00'),
(113, 240, 2, 28113, 'trr', '', '', 0, 0, 0, 34, 237, 0, 2.04, 36.04, 0, 0, 0, 0, 19, '2014-08-28 04:18:12', 0, '0000-00-00 00:00:00'),
(114, 246, 1, 28488, '0', '', '', 0, 0, 0, 0, 1034, 0, 0, 0, 0, 0, 0, 0, 42, '2014-09-05 07:32:41', 0, '0000-00-00 00:00:00'),
(116, 258, 1, 28370, '0', '', '', 0, 0, 0, 0, 0, 0, 0, 0, 0, 0, 0, 0, 16, '2014-09-11 04:51:18', 0, '0000-00-00 00:00:00'),
(117, 258, 2, 28370, 'sdaf34', '', '', 0, 0, 0, 343, 0, 0, 0, 343, 0, 0, 0, 0, 16, '2014-09-11 04:51:37', 0, '0000-00-00 00:00:00'),
(118, 259, 1, 28370, '', '', 'asdfasdf', 0, 0, 0, 343, 0, 0, 0, 343, 0, 0, 0, 0, 16, '2014-09-11 04:53:03', 0, '0000-00-00 00:00:00'),
(119, 1, 2, 28370, 'asdfasdf', '', '', 0, 0, 0, 3434, 0, 0, 0, 3434, 0, 0, 0, 0, 16, '2014-09-11 04:53:12', 0, '0000-00-00 00:00:00'),
(120, 260, 1, 28370, '0', '', '', 0, 0, 0, 0, 787, 0, 0, 0, 0, 0, 0, 0, 16, '2014-09-11 04:59:19', 0, '0000-00-00 00:00:00'),
(121, 262, 1, 101, '', '', 'afasdf', 0, 0, 0, 345, 16, 0, 20.7, 365.7, 0, 0, 0, 0, 16, '2014-09-11 08:55:36', 0, '0000-00-00 00:00:00'),
(122, 1, 2, 96, 'wwre', '', '', 0, 0, 0, 343, 16, 0, 20.58, 363.58, 0, 0, 0, 0, 16, '2014-09-11 08:57:29', 0, '0000-00-00 00:00:00'),
(123, 1, 2, 96, 'wwre', '', '', 0, 0, 0, 343, 16, 0, 20.58, 363.58, 0, 0, 0, 0, 16, '2014-09-11 08:57:40', 0, '0000-00-00 00:00:00'),
(124, 1, 2, 96, 'wwre', '', '', 0, 0, 0, 343, 16, 0, 20.58, 363.58, 0, 0, 0, 0, 16, '2014-09-11 09:05:39', 0, '0000-00-00 00:00:00'),
(125, 263, 1, 101, '', '', 'asdfasdf', 0, 0, 0, 345, 18, 0, 20.7, 365.7, 0, 0, 0, 0, 16, '2014-09-11 09:09:22', 0, '0000-00-00 00:00:00'),
(126, 264, 1, 101, '', '', 'sfasdf', 0, 0, 0, 3435, 15, 0, 206.1, 3641.1, 0, 0, 0, 0, 16, '2014-09-11 09:11:40', 0, '0000-00-00 00:00:00'),
(127, 264, 2, 100, 'asdfasf', '', '', 0, 0, 0, 3234, 15, 0, 194.04, 3428.04, 0, 0, 0, 0, 16, '2014-09-11 09:12:50', 0, '0000-00-00 00:00:00'),
(129, 256, 1, 28369, 'sdsd', '', '', 0, 0, 0, 1, 784, 0, 0.06, 1.06, 0, 0, 0, 0, 16, '2014-09-16 02:44:08', 0, '0000-00-00 00:00:00'),
(130, 272, 1, 28371, 'asa', '', '', 0, 0, 0, 1, 0, 0, 0.01, 1.01, 0, 0, 0, 0, 16, '2014-09-16 04:25:16', 0, '0000-00-00 00:00:00'),
(131, 272, 2, 28370, 'd', '', '', 0, 0, 0, 1, 783, 0, 0.06, 1.06, 0, 0, 0, 0, 16, '2014-09-16 04:25:42', 0, '0000-00-00 00:00:00'),
(132, 280, 1, 28353, 'sewa lori', '', '', 0, 0, 0, 55, 782, 0, 3.3, 58.3, 0, 0, 0, 0, 16, '2014-09-17 01:43:24', 0, '0000-00-00 00:00:00'),
(133, 281, 1, 28331, '0', '', '', 0, 0, 0, 0, 0, 0, 0, 0, 0, 0, 0, 0, 16, '2014-09-17 01:57:31', 0, '0000-00-00 00:00:00'),
(134, 282, 1, 28337, '0', '', '', 0, 0, 0, 0, 0, 0, 0, 0, 0, 0, 0, 0, 16, '2014-09-17 02:01:34', 0, '0000-00-00 00:00:00'),
(135, 283, 1, 28370, '0', '', '', 0, 0, 0, 0, 6, 0, 0, 0, 0, 0, 0, 0, 16, '2014-09-17 02:15:36', 0, '0000-00-00 00:00:00'),
(136, 284, 1, 28353, 'asdfasdf', '', '', 0, 0, 0, 234, 6, 0, 14.04, 248.04, 0, 0, 0, 0, 16, '2014-09-17 02:30:20', 0, '0000-00-00 00:00:00'),
(137, 284, 2, 28370, 'FASDFA', '', '', 0, 0, 0, 123, 768, 0, 7.38, 130.38, 0, 0, 0, 0, 16, '2014-09-17 02:32:45', 0, '0000-00-00 00:00:00'),
(138, 285, 1, 28382, '', '', 'zxcvzxcv', 0, 0, 0, 123, 784, 0, 7.38, 130.38, 0, 0, 0, 0, 16, '2014-09-17 02:34:30', 0, '0000-00-00 00:00:00'),
(139, 286, 1, 28371, 'asdfasdfa', '', '', 0, 0, 0, 12344, 6, 0, 740.64, 13084.64, 0, 0, 0, 0, 16, '2014-09-17 02:36:40', 0, '0000-00-00 00:00:00'),
(140, 287, 1, 28353, 'Text1234', '', '', 0, 0, 0, 123456, 6, 0, 7407.36, 130863.36, 0, 0, 0, 0, 16, '2014-09-17 02:43:48', 0, '0000-00-00 00:00:00'),
(141, 288, 1, 28353, 'asdfasfd123', '', '', 0, 0, 0, 123456, 6, 0, 7407.36, 130863.36, 0, 0, 0, 0, 16, '2014-09-17 02:49:03', 0, '0000-00-00 00:00:00'),
(142, 289, 1, 28370, '', '', 'asdfasdf123', 0, 0, 0, 123456, 782, 0, 7407.36, 130863.36, 0, 0, 0, 0, 16, '2014-09-17 02:50:28', 0, '0000-00-00 00:00:00'),
(143, 290, 1, 28381, '', '', 'asdf245345', 0, 0, 0, 123, 782, 0, 7.38, 130.38, 0, 0, 0, 0, 16, '2014-09-17 02:53:14', 0, '0000-00-00 00:00:00'),
(144, 291, 1, 28371, 'asdfasd234', '', '', 0, 0, 0, 23445, 787, 0, 184512.15, 207957.15, 0, 0, 0, 0, 16, '2014-09-17 03:06:55', 0, '0000-00-00 00:00:00'),
(146, 294, 1, 28370, 'asdfa234', '', '', 0, 0, 0, 34523, 6, 0, 2071.38, 36594.38, 0, 0, 0, 0, 16, '2014-09-18 02:14:32', 0, '0000-00-00 00:00:00'),
(147, 295, 1, 28370, 'asdfsadf', '', '', 0, 0, 0, 3435, 6, 0, 206.1, 3641.1, 0, 0, 0, 0, 16, '2014-09-18 02:18:32', 0, '0000-00-00 00:00:00'),
(148, 296, 1, 28369, 'asdfasfd24434', '', '', 0, 0, 0, 1234, 6, 0, 74.04, 1308.04, 0, 0, 0, 0, 16, '2014-09-18 02:24:25', 0, '0000-00-00 00:00:00'),
(149, 298, 1, 28370, 'asdf4253', '', '', 0, 0, 0, 3433, 783, 0, 205.98, 3638.98, 0, 0, 0, 0, 16, '2014-09-18 02:30:46', 0, '0000-00-00 00:00:00'),
(150, 298, 2, 28381, 'adf424545', '', '', 0, 0, 0, 3434, 768, 0, 206.04, 3640.04, 0, 0, 0, 0, 16, '2014-09-18 02:32:02', 0, '0000-00-00 00:00:00'),
(151, 299, 1, 28381, 'adsfa234', '', '', 0, 0, 0, 345, 768, 0, 20.7, 365.7, 0, 0, 0, 0, 16, '2014-09-18 02:32:48', 0, '0000-00-00 00:00:00'),
(152, 300, 1, 28370, 'asdfsa', '', '', 0, 0, 0, 2345, 782, 0, 140.7, 2485.7, 0, 0, 0, 0, 16, '2014-09-18 02:35:14', 0, '0000-00-00 00:00:00'),
(153, 301, 1, 28369, 'upah lawyer', '', '', 0, 0, 0, 52, 787, 0, 409.24, 461.24, 0, 0, 0, 0, 19, '2014-09-18 07:37:55', 0, '0000-00-00 00:00:00'),
(154, 302, 1, 28370, 'asfdasf3434', '', '', 0, 0, 0, 3223, 6, 0, 193.38, 3416.38, 0, 0, 0, 0, 16, '2014-09-18 09:18:18', 0, '0000-00-00 00:00:00'),
(155, 302, 2, 28370, 'sfsdg3435', '', '', 0, 0, 0, 345, 787, 0, 2715.15, 3060.15, 0, 0, 0, 0, 16, '2014-09-18 09:18:33', 0, '0000-00-00 00:00:00'),
(156, 303, 1, 28370, 'sdfgsdfg', '', '', 0, 0, 0, 3434, 768, 0, 206.04, 3640.04, 0, 0, 0, 0, 16, '2014-09-18 09:33:07', 0, '0000-00-00 00:00:00'),
(157, 304, 1, 28370, 'asfs1234', '', '', 0, 0, 0, 123, 0, 0, 7.38, 130.38, 0, 0, 0, 0, 16, '2014-09-18 10:01:47', 16, '2014-09-18 10:06:12'),
(158, 305, 1, 28370, 'asdfasf', '', '', 0, 0, 0, 2323, 0, 0, 0, 2323, 0, 0, 0, 0, 16, '2014-09-19 09:46:40', 0, '0000-00-00 00:00:00'),
(159, 306, 1, 28369, 'asdf', '', '', 0, 0, 0, 234, 0, 0, 0, 234, 0, 0, 0, 0, 16, '2014-09-19 09:47:15', 0, '0000-00-00 00:00:00'),
(160, 307, 1, 28370, 'asdf', '', '', 0, 0, 0, 3434, 787, 0, 0, 3434, 0, 0, 0, 0, 16, '2014-09-19 09:54:53', 0, '0000-00-00 00:00:00'),
(161, 308, 1, 28370, 'asdfasdf', '', '', 0, 0, 0, 234434, 787, 0, 0, 234434, 0, 0, 0, 0, 16, '2014-09-19 10:03:08', 0, '0000-00-00 00:00:00'),
(164, 248, 1, 28370, 'dfafd', '', '', 0, 0, 0, 2323, 787, 1, 23.23, 2346.23, 0, 0, 0, 0, 16, '2014-09-19 10:28:00', 16, '2014-09-23 02:21:09'),
(165, 248, 2, 28371, 'asdfas', '', '', 0, 0, 0, 23423, 787, 0, 0, 23423, 0, 0, 0, 0, 16, '2014-09-19 10:29:54', 16, '2014-09-19 10:29:58'),
(166, 248, 3, 28370, 'asfsadf', '', '', 0, 0, 0, 234234, 787, 0, 0, 234234, 0, 0, 0, 0, 16, '2014-09-19 10:30:55', 0, '0000-00-00 00:00:00'),
(167, 309, 1, 101, '', '', 'afasdf', 0, 0, 0, 345, 16, 0, 20.7, 365.7, 0, 0, 0, 0, 16, '2014-09-11 08:55:36', 0, '0000-00-00 00:00:00'),
(168, 310, 1, 101, '', '', 'afasdf', 0, 0, 0, 345, 16, 0, 20.7, 365.7, 0, 0, 0, 0, 16, '2014-09-11 08:55:36', 0, '0000-00-00 00:00:00'),
(169, 311, 1, 101, '', '', 'asdfasdf', 0, 0, 0, 345, 18, 0, 20.7, 365.7, 0, 0, 0, 0, 16, '2014-09-11 09:09:22', 0, '0000-00-00 00:00:00'),
(170, 312, 1, 101, '', '', 'afasdf', 0, 0, 0, 345, 16, 0, 20.7, 365.7, 0, 0, 0, 0, 16, '2014-09-11 08:55:36', 0, '0000-00-00 00:00:00'),
(171, 313, 1, 101, '', '', 'asdfasdf', 0, 0, 0, 345, 18, 0, 20.7, 365.7, 0, 0, 0, 0, 16, '2014-09-11 09:09:22', 0, '0000-00-00 00:00:00'),
(172, 314, 1, 28370, 'test je', '', '', 0, 0, 0, 20, 0, 0, 0, 20, 0, 0, 0, 0, 16, '2014-09-22 06:40:35', 0, '0000-00-00 00:00:00'),
(173, 316, 1, 28478, 'CHRG', '', '', 0, 0, 0, 200, 6, 0, 12, 212, 0, 0, 0, 0, 43, '2014-09-22 06:58:37', 0, '0000-00-00 00:00:00'),
(174, 317, 1, 28370, 'hgjhg', '', '', 0, 0, 0, 3452, 768, 0, 207.12, 3659.12, 0, 0, 0, 0, 16, '2014-09-22 07:04:35', 0, '0000-00-00 00:00:00'),
(175, 318, 1, 28502, 'ASD', '', '', 0, 0, 0, 10, 1020, 0, 0.6, 10.6, 0, 0, 0, 0, 43, '2014-09-22 07:08:24', 0, '0000-00-00 00:00:00'),
(176, 319, 1, 29428, 'sdsa', '', '', 0, 0, 0, 12, 783, 0, 0.72, 12.72, 0, 0, 0, 0, 16, '2014-09-23 00:58:54', 0, '0000-00-00 00:00:00'),
(177, 320, 1, 29428, 'ass', '', '', 0, 0, 0, 12, 768, 6, 0.72, 12.72, 0, 0, 0, 0, 16, '2014-09-23 01:13:35', 0, '0000-00-00 00:00:00'),
(178, 320, 2, 28371, 'aaasadc', '', '', 0, 0, 0, 1, 786, 2, 0.02, 1.02, 0, 0, 0, 0, 16, '2014-09-23 01:14:29', 0, '0000-00-00 00:00:00'),
(179, 321, 1, 29556, 'zxaz', '', '', 0, 0, 0, 1, 1, 0, 0.01, 1.01, 0, 0, 0, 0, 16, '2014-09-23 01:19:23', 0, '0000-00-00 00:00:00'),
(180, 321, 2, 29428, 'asasa', '', '', 0, 0, 0, 12, 6, 0, 0.72, 12.72, 0, 0, 0, 0, 16, '2014-09-23 01:20:25', 0, '0000-00-00 00:00:00'),
(181, 322, 1, 29428, 'sdsfs', '', '', 0, 0, 0, 1, 783, 6, 0.01, 1.01, 0, 0, 0, 0, 16, '2014-09-23 01:34:08', 16, '2014-09-23 01:55:23'),
(182, 322, 2, 29558, 'ds', '', '', 0, 0, 0, 112, 783, 6, 6.72, 118.72, 0, 0, 0, 0, 16, '2014-09-23 01:35:10', 0, '0000-00-00 00:00:00'),
(183, 323, 1, 29558, 'sds', '', '', 0, 0, 0, 12, 783, 6, 0.12, 12.12, 0, 0, 0, 0, 16, '2014-09-23 01:36:08', 16, '2014-09-23 01:55:40'),
(184, 323, 2, 29558, 'ssd', '', '', 0, 0, 0, 232, 784, 6, 13.92, 245.92, 0, 0, 0, 0, 16, '2014-09-23 01:37:20', 0, '0000-00-00 00:00:00'),
(185, 324, 1, 29556, 'charge lebih masa', '', '', 0, 0, 0, 100, 768, 6, 6, 106, 0, 0, 0, 0, 16, '2014-09-23 01:52:58', 0, '0000-00-00 00:00:00'),
(186, 323, 3, 29428, 'sds', '', '', 0, 0, 0, 0, 791, 4, 0, 0, 0, 0, 0, 0, 16, '2014-09-23 01:53:04', 0, '0000-00-00 00:00:00'),
(187, 322, 3, 28370, 'dsdfsdca', '', '', 0, 0, 0, 212, 768, 6, 12.72, 224.72, 0, 0, 0, 0, 16, '2014-09-23 01:55:10', 0, '0000-00-00 00:00:00'),
(188, 325, 1, 28371, 'SAA', '', '', 0, 0, 0, 1, 768, 6, 0.06, 1.06, 0, 0, 0, 0, 16, '2014-09-23 02:11:49', 0, '0000-00-00 00:00:00'),
(189, 325, 2, 29428, 'SXAQFSDS', '', '', 0, 0, 0, 2, 783, 4, 0.08, 2.08, 0, 0, 0, 0, 16, '2014-09-23 02:12:16', 0, '0000-00-00 00:00:00'),
(190, 326, 1, 28370, 'ASA', '', '', 0, 0, 0, 1, 786, 6, 0.06, 1.06, 0, 0, 0, 0, 16, '2014-09-23 02:13:12', 0, '0000-00-00 00:00:00'),
(191, 326, 2, 28371, 'SDS', '', '', 0, 0, 0, 1, 786, 3, 0.03, 1.03, 0, 0, 0, 0, 16, '2014-09-23 02:13:37', 0, '0000-00-00 00:00:00'),
(192, 325, 3, 29428, 'XCCXC', '', '', 0, 0, 0, 121, 784, 9, 10.89, 131.89, 0, 0, 0, 0, 16, '2014-09-23 02:14:55', 0, '0000-00-00 00:00:00'),
(193, 326, 3, 29428, 'SDSD', '', '', 0, 0, 0, 11, 790, 7, 0.77, 11.77, 0, 0, 0, 0, 16, '2014-09-23 02:17:05', 0, '0000-00-00 00:00:00'),
(194, 327, 1, 29377, 'Freight from ipoh to Kuala Lumpur', '', '', 0, 0, 0, 1000, 1384, 6, 60, 1060, 0, 0, 0, 0, 19, '2014-09-24 03:10:21', 19, '2014-09-24 03:16:56'),
(195, 328, 1, 28370, 'asdfasdf', '', '', 0, 0, 0, 234234, 782, 6, 14054.04, 248288.04, 0, 0, 0, 0, 16, '2014-09-24 03:41:57', 0, '0000-00-00 00:00:00'),
(196, 331, 1, 29558, 'asdf', '', '', 0, 0, 0, 3434, 768, 6, 206.04, 3640.04, 0, 0, 0, 0, 16, '2014-09-24 04:48:49', 0, '0000-00-00 00:00:00'),
(197, 332, 1, 28371, 'asdfasfd', '', '', 0, 0, 0, 245, 768, 6, 14.7, 259.7, 0, 0, 0, 0, 16, '2014-09-24 04:52:10', 0, '0000-00-00 00:00:00'),
(198, 335, 1, 29379, 'sewa lori', '', '', 0, 0, 0, 120, 1370, 6, 7.2, 127.2, 0, 0, 0, 0, 19, '2014-09-24 10:35:14', 0, '0000-00-00 00:00:00'),
(199, 341, 1, 101, '', '', 'afasdf', 0, 0, 0, 345, 16, 0, 20.7, 365.7, 0, 0, 0, 0, 16, '2014-09-11 08:55:36', 0, '0000-00-00 00:00:00'),
(200, 342, 1, 101, '', '', 'afasdf', 0, 0, 0, 345, 16, 0, 20.7, 365.7, 0, 0, 0, 0, 16, '2014-09-11 08:55:36', 0, '0000-00-00 00:00:00'),
(201, 343, 1, 101, '', '', 'afasdf', 0, 0, 0, 345, 16, 0, 20.7, 365.7, 0, 0, 0, 0, 16, '2014-09-11 08:55:36', 0, '0000-00-00 00:00:00'),
(202, 418, 1, 29804, 'Bank Charge', '', '', 0, 0, 0, 12, 1576, 0, 0, 12, 0, 0, 0, 0, 19, '2014-10-20 05:55:22', 0, '0000-00-00 00:00:00'),
(203, 432, 1, 30166, 'fasdf', '', '', 0, 0, 0, 234, 1559, 6, 14.04, 248.04, 0, 0, 0, 0, 33, '2014-10-29 01:31:56', 0, '0000-00-00 00:00:00'),
(204, 441, 1, 29776, 'dfd', '', '', 0, 0, 0, 100, 1573, 6, 6, 106, 0, 0, 0, 0, 19, '2014-11-04 08:05:12', 0, '0000-00-00 00:00:00'),
(205, 442, 1, 30299, 'Langkawi', '', '', 0, 0, 0, 100, 1671, 6, 6, 106, 0, 0, 0, 0, 19, '2014-11-04 08:20:31', 0, '0000-00-00 00:00:00'),
(206, 443, 1, 30299, 'Penang', '', '', 0, 0, 0, 200, 1671, 6, 12, 212, 0, 0, 0, 0, 19, '2014-11-04 08:32:42', 0, '0000-00-00 00:00:00'),
(207, 444, 1, 30299, 'Puchong', '', '', 0, 0, 0, 222, 1671, 6, 13.32, 235.32, 0, 0, 0, 0, 19, '2014-11-04 08:56:28', 0, '0000-00-00 00:00:00'),
(208, 445, 1, 30299, 'xxx', '', '', 0, 0, 0, 50, 1671, 6, 3, 53, 0, 0, 0, 0, 43, '2014-11-04 09:44:12', 0, '0000-00-00 00:00:00'),
(209, 447, 1, 30315, 'ppppppppp', '', '', 0, 0, 0, 100, 1671, 6, 6, 106, 0, 0, 0, 0, 55, '2014-11-05 02:51:45', 0, '0000-00-00 00:00:00'),
(210, 451, 1, 30299, 'Langkawi', '', '', 0, 0, 0, 100, 1671, 6, 6, 106, 0, 0, 0, 0, 19, '2014-11-06 08:23:44', 0, '0000-00-00 00:00:00'),
(211, 458, 1, 30299, 'freight', '', '', 0, 0, 0, 100, 1671, 6, 6, 106, 0, 0, 0, 0, 55, '2014-11-10 03:41:45', 0, '0000-00-00 00:00:00'),
(212, 461, 1, 30299, 'kajang', '', '', 0, 0, 0, 100, 1671, 6, 6, 106, 0, 0, 0, 0, 19, '2014-11-12 04:59:35', 0, '0000-00-00 00:00:00');

-- --------------------------------------------------------

--
-- Table structure for table `comp_supplier_invoice_detail`
--

CREATE TABLE IF NOT EXISTS `comp_supplier_invoice_detail` (
  `ID` int(11) NOT NULL AUTO_INCREMENT,
  `invoiceID` int(11) NOT NULL,
  `receiveID` int(11) NOT NULL COMMENT 'Is used for receive detail id instead of receive ID',
  `lineNo` int(11) NOT NULL,
  `itemID` int(11) NOT NULL,
  `itemname` varchar(64) NOT NULL,
  `itemdescription` text NOT NULL,
  `umID` int(11) NOT NULL,
  `quantity` int(11) NOT NULL,
  `unitPrice` double NOT NULL,
  `amountExcludedTax` double NOT NULL,
  `taxID` int(11) NOT NULL,
  `taxRate` double NOT NULL,
  `taxAmount` double NOT NULL,
  `amountIncludedTax` double NOT NULL,
  `accountID` int(11) NOT NULL,
  `createdBy` int(11) NOT NULL,
  `createdTS` timestamp NOT NULL DEFAULT CURRENT_TIMESTAMP ON UPDATE CURRENT_TIMESTAMP,
  `updatedBy` int(11) NOT NULL,
  `updatedTS` timestamp NOT NULL DEFAULT '0000-00-00 00:00:00',
  PRIMARY KEY (`ID`)
) ENGINE=InnoDB  DEFAULT CHARSET=latin1 AUTO_INCREMENT=572 ;

--
-- Dumping data for table `comp_supplier_invoice_detail`
--

INSERT INTO `comp_supplier_invoice_detail` (`ID`, `invoiceID`, `receiveID`, `lineNo`, `itemID`, `itemname`, `itemdescription`, `umID`, `quantity`, `unitPrice`, `amountExcludedTax`, `taxID`, `taxRate`, `taxAmount`, `amountIncludedTax`, `accountID`, `createdBy`, `createdTS`, `updatedBy`, `updatedTS`) VALUES
(146, 88, 0, 1, 2, '100300100', 'Steel chair for outdoor', 0, 1, 1, 1, 1, 6, 0, 0, 0, 0, '2014-06-18 01:57:50', 0, '0000-00-00 00:00:00'),
(147, 89, 0, 1, 0, '', 'Teak wooden chair with natural finish', 0, 123, 0, 0, 0, 0, 0, 0, 0, 0, '2014-09-24 03:48:23', 0, '0000-00-00 00:00:00'),
(148, 90, 0, 1, 0, '', 'Plastic Chair - White', 0, 1, 0, 0, 28, 10, 0, 0, 0, 0, '2014-09-24 03:48:23', 0, '0000-00-00 00:00:00'),
(149, 90, 0, 2, 0, '', 'Plastic Chair - Blue', 0, 54, 1112, 60048, 1, 6, 0, 0, 0, 0, '2014-09-24 03:48:23', 0, '0000-00-00 00:00:00'),
(150, 91, 0, 1, 0, '', 'Plastic Chair - Red', 0, 12, 2345, 28140, 0, 0, 0, 0, 0, 0, '2014-06-18 10:11:37', 0, '0000-00-00 00:00:00'),
(151, 91, 0, 2, 1, '', 'Teak wooden chair with natural finish', 0, 1, 0, 2345, 0, 0, 0, 0, 0, 0, '2014-09-24 03:48:23', 16, '0000-00-00 00:00:00'),
(152, 92, 0, 1, 0, '', 'Teak wooden chair with natural finish', 0, 21, 120, 2520, 0, 0, 0, 0, 0, 0, '2014-09-24 03:48:23', 0, '0000-00-00 00:00:00'),
(153, 93, 0, 1, 1, '', 'Teak wooden chair with natural finish', 0, 12, 122, 1464, 0, 0, 0, 0, 0, 0, '2014-09-24 03:48:23', 0, '0000-00-00 00:00:00'),
(154, 93, 0, 2, 0, '', 'Plastic Chair - Blue', 0, 123, 0.12, 14.76, 1, 6, 0, 0, 0, 0, '2014-09-24 03:48:23', 0, '0000-00-00 00:00:00'),
(155, 93, 0, 3, 0, '', 'Teak wooden chair with natural finish', 0, 212, 12, 2544, 0, 0, 0, 0, 0, 0, '2014-09-24 03:48:23', 0, '0000-00-00 00:00:00'),
(156, 93, 0, 4, 0, '', 'Steel chair for outdoor', 0, 12, 3244, 38928, 1, 6, 0, 0, 0, 0, '2014-09-24 03:48:23', 0, '0000-00-00 00:00:00'),
(157, 94, 0, 1, 4, '', 'Plastic Chair - Blue', 0, 12, 12, 144, 1, 6, 0, 0, 0, 0, '2014-09-24 03:48:23', 0, '0000-00-00 00:00:00'),
(158, 94, 0, 2, 0, '', 'Plastic Chair - Red', 0, 12, 2345, 28140, 1, 6, 0, 0, 0, 0, '2014-06-19 01:09:53', 0, '0000-00-00 00:00:00'),
(159, 94, 0, 3, 0, '', 'Plastic Chair - Blue', 0, 12, 12, 144, 1, 6, 0, 0, 0, 0, '2014-09-24 03:48:23', 0, '0000-00-00 00:00:00'),
(160, 94, 0, 4, 0, '', 'Plastic Chair - Blue', 0, 2, 12, 24, 1, 6, 0, 0, 0, 0, '2014-09-24 03:48:23', 0, '0000-00-00 00:00:00'),
(161, 95, 0, 1, 7, '', 'Plastic Chair - Red', 0, 12, 2, 144, 0, 0, 0, 0, 0, 0, '2014-06-21 00:55:47', 0, '0000-00-00 00:00:00'),
(162, 95, 0, 2, 7, '', 'Plastic Chair - Red', 0, 2, 2, 24, 0, 0, 0, 0, 0, 0, '2014-06-21 00:55:38', 0, '0000-00-00 00:00:00'),
(163, 95, 0, 3, 1, '', 'Teak wooden chair with natural finish', 0, 12, 0, 38, 0, 0, 0, 0, 0, 0, '2014-09-24 03:48:23', 0, '0000-00-00 00:00:00'),
(164, 96, 0, 1, 1, '', 'Teak wooden chair with natural finish', 0, 12, 12, 144, 0, 0, 0, 0, 0, 0, '2014-09-24 03:48:23', 0, '0000-00-00 00:00:00'),
(165, 96, 0, 2, 4, '', 'Plastic Chair - Blue', 0, 12, 12, 144, 10, 6, 0, 0, 0, 0, '2014-06-19 01:38:11', 0, '0000-00-00 00:00:00'),
(166, 96, 0, 3, 10, '', 'Bola Tampar Buaya', 0, 12, 111, 1332, 0, 0, 0, 0, 0, 0, '2014-09-24 03:48:23', 0, '0000-00-00 00:00:00'),
(167, 97, 0, 1, 1, '', 'Teak wooden chair with natural finish', 0, 2, 1, 2, 0, 0, 0.12, 2.12, 0, 0, '2014-09-24 03:48:23', 16, '0000-00-00 00:00:00'),
(173, 98, 0, 1, 1, '', 'Teak wooden chair with natural finish', 0, 8, 99, 792, 0, 0, 47.52, 839.52, 0, 0, '2014-09-24 03:48:23', 0, '0000-00-00 00:00:00'),
(174, 99, 0, 1, 1, '', 'Teak wooden chair with natural finish', 0, 0, 0, 0, 0, 0, 0, 0, 0, 0, '2014-09-24 03:48:23', 0, '0000-00-00 00:00:00'),
(175, 100, 0, 1, 1, '', 'Teak wooden chair with natural finish', 0, 34, 0, 0, 0, 0, 0, 0, 0, 16, '2014-09-24 03:48:23', 0, '0000-00-00 00:00:00'),
(176, 100, 0, 2, 7, '', 'Plastic Chair - Red', 0, 44, 2345, 103180, 0, 0, 0, 103180, 0, 16, '2014-06-24 08:20:47', 0, '0000-00-00 00:00:00'),
(177, 101, 0, 1, 1, '', 'Teak wooden chair with natural finish', 0, 3, 3, 9, 0, 0, 0.54, 9.54, 0, 16, '2014-09-24 03:48:23', 0, '0000-00-00 00:00:00'),
(178, 101, 0, 2, 7, '', 'Plastic Chair - Red', 0, 12, 2345, 28140, 0, 0, 0, 28140, 0, 16, '2014-06-26 06:45:09', 0, '0000-00-00 00:00:00'),
(179, 102, 0, 1, 11, '', 'saiz 10. warna gold', 0, 3, 1222, 3666, 15, 6, 366.6, 4032.6, 0, 16, '2014-09-24 03:48:23', 16, '0000-00-00 00:00:00'),
(180, 103, 0, 1, 1, '', 'Teak wooden chair with natural finish', 0, 1, 1, 1, 0, 0, 0.06, 1.06, 0, 16, '2014-09-24 03:48:23', 0, '0000-00-00 00:00:00'),
(181, 103, 0, 2, 7, '', 'Plastic Chair - Red', 0, 1, 2345, 2345, 0, 0, 0, 2345, 0, 16, '2014-07-04 02:24:44', 0, '0000-00-00 00:00:00'),
(182, 103, 0, 3, 4, '', 'Plastic Chair - Blue', 0, 2, 2, 4, 1, 6, 0, 4, 0, 16, '2014-09-24 03:48:23', 0, '0000-00-00 00:00:00'),
(183, 103, 0, 4, 1, '', 'Teak wooden chair with natural finish', 0, 2, 12, 24, 0, 0, 1.44, 25.44, 0, 16, '2014-09-24 03:48:23', 0, '0000-00-00 00:00:00'),
(184, 103, 0, 5, 1, '', 'Teak wooden chair with natural finish', 0, 1, 1, 1, 0, 0, 0.06, 1.06, 0, 16, '2014-09-24 03:48:23', 0, '0000-00-00 00:00:00'),
(185, 103, 0, 6, 4, '', 'Plastic Chair - Blue', 0, 1, 1, 1, 1, 6, 0, 1, 0, 16, '2014-09-24 03:48:23', 0, '0000-00-00 00:00:00'),
(186, 113, 0, 1, 2, '', '', 0, 11, 1, 11, 1, 6, 0.66, 11.66, 0, 16, '2014-09-24 03:48:23', 0, '0000-00-00 00:00:00'),
(187, 114, 0, 1, 2, '', 'Plastic Chair - Red', 0, 11, 2345, 11, 1, 6, 0.66, 11.66, 0, 16, '2014-07-10 08:55:17', 16, '0000-00-00 00:00:00'),
(188, 123, 0, 1, 2, 'B13 Steel Chair', 'Steel chair for outdoor', 0, 11, 1, 11, 1, 6, 0.66, 11.66, 0, 16, '2014-09-24 03:48:23', 0, '0000-00-00 00:00:00'),
(189, 124, 0, 1, 2, 'B13 Steel Chair', 'Steel chair for outdoor', 0, 11, 1, 11, 1, 6, 0.66, 11.66, 0, 16, '2014-09-24 03:48:23', 0, '0000-00-00 00:00:00'),
(190, 125, 0, 1, 2, 'B13 Steel Chair', 'Steel chair for outdoor', 0, 11, 1, 11, 1, 6, 0.66, 11.66, 0, 16, '2014-09-24 03:48:23', 0, '0000-00-00 00:00:00'),
(191, 126, 0, 1, 2, 'B13 Steel Chair', 'Steel chair for outdoor', 0, 11, 1, 11, 1, 6, 0.66, 11.66, 0, 16, '2014-09-24 03:48:23', 0, '0000-00-00 00:00:00'),
(192, 127, 0, 1, 2, 'B13 Steel Chair', 'Steel chair for outdoor', 0, 11, 1, 11, 1, 6, 0.66, 11.66, 0, 16, '2014-09-24 03:48:23', 0, '0000-00-00 00:00:00'),
(193, 131, 0, 1, 8, 'A25 Plastic Chair', 'Plastic Chair - White', 0, 1, 1, 144, 10, 6, 8.64, 152.64, 0, 16, '2014-09-24 03:48:23', 0, '0000-00-00 00:00:00'),
(194, 131, 0, 2, 1, 'A12 Wooden Chair', 'Teak wooden chair with natural finish', 0, 1, 1, 1, 1, 6, 0.06, 1.06, 0, 16, '2014-09-24 03:48:23', 0, '0000-00-00 00:00:00'),
(195, 131, 0, 3, 1, 'A12 Wooden Chair', 'Teak wooden chair with natural finish', 0, 1, 10, 10, 1, 6, 0.6, 10.6, 0, 16, '2014-09-24 03:48:23', 0, '0000-00-00 00:00:00'),
(196, 131, 0, 4, 1, 'A12 Wooden Chair', 'Teak wooden chair with natural finish', 0, 1, 0, 0, 1, 6, 0, 0, 0, 16, '2014-09-24 03:48:23', 0, '0000-00-00 00:00:00'),
(197, 134, 0, 1, 1, '', 'Teak wooden chair with natural finish', 0, 45, 0, 0, 1, 6, 0, 0, 0, 16, '2014-07-07 05:52:17', 0, '0000-00-00 00:00:00'),
(198, 135, 0, 1, 1, 'A12 Wooden Chair', 'Teak wooden chair with natural finish', 0, 12, 12, 144, 1, 6, 8.64, 152.64, 0, 16, '2014-09-24 03:48:23', 0, '0000-00-00 00:00:00'),
(199, 138, 0, 1, 2, 'B13 Steel Chair', 'Steel chair for outdoor', 0, 22, 1, 0, 29, 10, 0, 0, 0, 16, '2014-09-24 03:48:23', 0, '0000-00-00 00:00:00'),
(200, 139, 0, 1, 2, 'B13 Steel Chair', 'Steel chair for outdoor', 0, 2, 111, 0, 1, 6, 0, 0, 0, 16, '2014-09-24 03:48:23', 0, '0000-00-00 00:00:00'),
(201, 139, 0, 2, 1, 'A12 Wooden Chair', 'Teak wooden chair with natural finish', 0, 12, 1, 12, 1, 6, 0.72, 12.72, 0, 16, '2014-09-24 03:48:23', 0, '0000-00-00 00:00:00'),
(202, 140, 0, 1, 2, 'B13 Steel Chair', 'Steel chair for outdoor', 0, 2, 111, 0, 1, 6, 0, 0, 0, 16, '2014-09-24 03:48:23', 0, '0000-00-00 00:00:00'),
(203, 140, 0, 2, 1, 'A12 Wooden Chair', 'Teak wooden chair with natural finish', 0, 12, 1, 12, 1, 6, 0.72, 12.72, 0, 16, '2014-09-24 03:48:23', 0, '0000-00-00 00:00:00'),
(204, 141, 0, 1, 2, 'B13 Steel Chair', 'Steel chair for outdoor', 0, 2, 111, 0, 1, 6, 0, 0, 0, 16, '2014-09-24 03:48:23', 0, '0000-00-00 00:00:00'),
(205, 141, 0, 2, 1, 'A12 Wooden Chair', 'Teak wooden chair with natural finish', 0, 12, 1, 12, 1, 6, 0.72, 12.72, 0, 16, '2014-09-24 03:48:23', 0, '0000-00-00 00:00:00'),
(206, 142, 0, 1, 1, 'A12 Wooden Chair', 'Teak wooden chair with natural finish', 0, 12, 1, 12, 1, 6, 0.72, 12.72, 0, 16, '2014-09-24 03:48:23', 0, '0000-00-00 00:00:00'),
(207, 143, 0, 1, 1, 'A12 Wooden Chair', 'Teak wooden chair with natural finish', 0, 12, 1, 12, 1, 6, 0.72, 12.72, 0, 16, '2014-09-24 03:48:23', 0, '0000-00-00 00:00:00'),
(208, 144, 0, 1, 1, 'A12 Wooden Chair', 'Teak wooden chair with natural finish', 0, 12, 1, 12, 1, 6, 0.72, 12.72, 0, 16, '2014-09-24 03:48:23', 0, '0000-00-00 00:00:00'),
(209, 145, 0, 1, 1, 'A12 Wooden Chair', 'Teak wooden chair with natural finish', 0, 12, 1, 12, 1, 6, 0.72, 12.72, 0, 16, '2014-09-24 03:48:23', 0, '0000-00-00 00:00:00'),
(210, 155, 0, 1, 2, '', 'asdfsf2345', 0, 4, 34, 136, 1, 6, 8.16, 144.16, 0, 16, '2014-07-11 01:17:15', 16, '0000-00-00 00:00:00'),
(211, 104, 0, 1, 4, '', 'Plastic Chair - Blue', 0, 33, 0, 1122, 1, 6, 67.32, 1189.32, 0, 16, '2014-09-24 03:48:23', 16, '0000-00-00 00:00:00'),
(213, 104, 0, 2, 4, '', 'Plastic Chair - Blue', 0, 0, 0, 0, 1, 6, 0, 0, 0, 16, '2014-09-24 03:48:23', 0, '0000-00-00 00:00:00'),
(216, 158, 0, 1, 2, '', 'asdfsf2345', 0, 4, 34, 136, 1, 6, 8.16, 144.16, 0, 16, '2014-07-11 01:17:15', 16, '0000-00-00 00:00:00'),
(217, 159, 0, 1, 1, '', 'Teak wooden chair with natural finish', 0, 2, 1, 2, 0, 0, 0.12, 2.12, 0, 16, '2014-09-24 03:48:23', 0, '0000-00-00 00:00:00'),
(218, 160, 0, 1, 1, '', 'Teak wooden chair with natural finish', 0, 2, 1, 2, 0, 0, 0.12, 2.12, 0, 16, '2014-09-24 03:48:23', 0, '0000-00-00 00:00:00'),
(219, 161, 0, 1, 1, '', 'Teak wooden chair with natural finish', 0, 1, 1, 1, 1, 6, 0.06, 1.06, 0, 16, '2014-07-11 06:49:35', 0, '0000-00-00 00:00:00'),
(220, 162, 0, 1, 9, '', 'Nasi Goreng Ayam', 0, 1, 1, 1, 26, 0, 0, 1, 0, 16, '2014-07-11 07:16:54', 0, '0000-00-00 00:00:00'),
(221, 162, 0, 2, 7, '', 'Plastic Chair - Red', 0, 1, 1, 1, 0, 0, 0.02, 1.02, 0, 16, '2014-09-24 03:48:23', 16, '0000-00-00 00:00:00'),
(222, 170, 21, 1, 1, 'A12 Wooden Chair', 'Teak wooden chair with natural finish', 0, 12, 10, 12, 1, 6, 0.72, 12.72, 0, 16, '2014-09-24 03:48:23', 0, '0000-00-00 00:00:00'),
(223, 171, 15, 1, 4, 'A23 Plastic Chair', 'Plastic Chair - Blue', 0, 1, 1, 12, 0, 0, 0, 12, 0, 16, '2014-07-14 04:57:32', 0, '0000-00-00 00:00:00'),
(224, 172, 21, 1, 1, 'A12 Wooden Chair', 'Teak wooden chair with natural finish', 0, 12, 10, 12, 1, 6, 0.72, 12.72, 0, 16, '2014-09-24 03:48:23', 0, '0000-00-00 00:00:00'),
(225, 174, 15, 1, 4, 'A23 Plastic Chair', 'Plastic Chair - Blue', 0, 1, 1, 12, 0, 0, 0, 12, 0, 16, '2014-07-14 05:06:55', 0, '0000-00-00 00:00:00'),
(226, 174, 21, 2, 7, 'A24 Plastic Chair', 'Plastic Chair - Red', 0, 5, 1, 11, 0, 0, 0, 11, 0, 16, '2014-07-14 05:06:55', 0, '0000-00-00 00:00:00'),
(227, 175, 21, 1, 1, 'A12 Wooden Chair', 'Teak wooden chair with natural finish', 0, 12, 10, 12, 1, 6, 0.72, 12.72, 0, 16, '2014-09-24 03:48:23', 0, '0000-00-00 00:00:00'),
(228, 176, 18, 1, 2, 'B13 Steel Chair', 'Steel chair for outdoor', 0, 5, 1, 11, 1, 6, 0.66, 11.66, 0, 16, '2014-09-24 03:48:23', 0, '0000-00-00 00:00:00'),
(229, 177, 11, 1, 2, 'B13 Steel Chair', 'Steel chair for outdoor', 0, 5, 1, 11, 1, 6, 0.66, 11.66, 0, 16, '2014-09-24 03:48:23', 0, '0000-00-00 00:00:00'),
(230, 177, 11, 2, 4, 'A23 Plastic Chair', 'Plastic Chair - Blue', 0, 1, 1, 12, 0, 0, 0, 12, 0, 16, '2014-07-14 05:21:47', 0, '0000-00-00 00:00:00'),
(231, 178, 10, 1, 2, 'B13 Steel Chair', 'Steel chair for outdoor', 0, 5, 1, 11, 1, 6, 0.66, 11.66, 0, 16, '2014-09-24 03:48:23', 0, '0000-00-00 00:00:00'),
(232, 178, 10, 2, 7, 'A24 Plastic Chair', 'Plastic Chair - Red', 0, 5, 1, 11, 0, 0, 0, 11, 0, 16, '2014-07-14 05:27:13', 0, '0000-00-00 00:00:00'),
(233, 179, 9, 1, 4, 'A23 Plastic Chair', 'Plastic Chair - Blue', 0, 1, 1, 12, 0, 0, 0, 12, 0, 16, '2014-07-14 05:31:07', 0, '0000-00-00 00:00:00'),
(234, 179, 12, 2, 2, 'B13 Steel Chair', 'Steel chair for outdoor', 0, 5, 1, 11, 1, 6, 0.66, 11.66, 0, 16, '2014-09-24 03:48:23', 0, '0000-00-00 00:00:00'),
(235, 180, 41, 1, 4, 'A23 Plastic Chair', 'Plastic Chair - Blue', 0, 2, 12, 24, 0, 0, 0, 24, 0, 16, '2014-07-14 05:55:13', 0, '0000-00-00 00:00:00'),
(236, 181, 8, 1, 2, 'B13 Steel Chair', 'Steel chair for outdoor', 0, 5, 1, 11, 1, 6, 0.66, 11.66, 0, 16, '2014-09-24 03:48:23', 0, '0000-00-00 00:00:00'),
(237, 181, 8, 2, 4, 'A23 Plastic Chair', 'Plastic Chair - Blue', 0, 2, 1, 12, 0, 0, 0, 12, 0, 16, '2014-07-14 05:58:24', 0, '0000-00-00 00:00:00'),
(238, 181, 9, 3, 2, 'B13 Steel Chair', 'Steel chair for outdoor', 0, 5, 1, 11, 1, 6, 0.66, 11.66, 0, 16, '2014-09-24 03:48:23', 0, '0000-00-00 00:00:00'),
(239, 182, 32, 1, 11, 'Meja makan bulat', 'saiz 10. warna gold', 0, 5, 125, 625, 1, 6, 37.5, 662.5, 0, 16, '2014-09-24 03:48:23', 0, '0000-00-00 00:00:00'),
(240, 183, 62, 1, 11, 'Meja makan bulat', 'saiz 10. warna gold', 0, 1, 2, 20, 1, 6, 1.2, 21.2, 0, 16, '2014-09-24 03:48:23', 0, '0000-00-00 00:00:00'),
(241, 184, 13, 1, 2, 'B13 Steel Chair', 'Steel chair for outdoor', 0, 5, 1, 11, 1, 6, 0.66, 11.66, 0, 16, '2014-09-24 03:48:23', 0, '0000-00-00 00:00:00'),
(242, 184, 14, 2, 7, 'A24 Plastic Chair', 'Plastic Chair - Red', 0, 5, 1, 11, 0, 0, 0, 11, 0, 16, '2014-07-16 01:04:15', 0, '0000-00-00 00:00:00'),
(243, 185, 62, 1, 12, 'Meja makan lonjong', 'saiz 10. warna hitam', 0, 1, 3, 15, 1, 6, 0.9, 15.9, 0, 16, '2014-09-24 03:48:23', 0, '0000-00-00 00:00:00'),
(244, 186, 16, 1, 1, 'A12 Wooden Chair', 'Teak wooden chair with natural finish', 0, 1, 12.5, 1, 1, 6, 0.06, 1.06, 0, 16, '2014-09-24 03:48:23', 0, '0000-00-00 00:00:00'),
(245, 186, 16, 2, 4, 'A23 Plastic Chair', 'Plastic Chair - Blue', 0, 5, 1, 12, 0, 0, 0, 12, 0, 16, '2014-07-16 01:22:34', 0, '0000-00-00 00:00:00'),
(246, 187, 17, 1, 7, 'A24 Plastic Chair', 'Plastic Chair - Red', 0, 5, 1, 11, 0, 0, 0, 11, 0, 16, '2014-07-16 01:23:41', 0, '0000-00-00 00:00:00'),
(247, 188, 20, 1, 4, 'A23 Plastic Chair', 'Plastic Chair - Blue', 0, 1, 1, 12, 0, 0, 0, 12, 0, 16, '2014-07-16 01:24:56', 0, '0000-00-00 00:00:00'),
(248, 188, 22, 2, 1, 'A12 Wooden Chair', 'Teak wooden chair with natural finish', 0, 11, 9, 11, 1, 6, 0.66, 11.66, 0, 16, '2014-09-24 03:48:23', 0, '0000-00-00 00:00:00'),
(249, 189, 23, 1, 2, 'B13 Steel Chair', 'Steel chair for outdoor', 0, 5, 1, 11, 1, 6, 0.66, 11.66, 0, 16, '2014-09-24 03:48:23', 0, '0000-00-00 00:00:00'),
(250, 190, 24, 1, 4, 'A23 Plastic Chair', 'Plastic Chair - Blue', 0, 1, 1, 12, 0, 0, 0, 12, 0, 16, '2014-07-16 01:43:57', 0, '0000-00-00 00:00:00'),
(251, 190, 25, 2, 2, 'B13 Steel Chair', 'Steel chair for outdoor', 0, 5, 1, 11, 1, 6, 0.66, 11.66, 0, 16, '2014-09-24 03:48:23', 0, '0000-00-00 00:00:00'),
(252, 191, 71, 1, 11, 'Meja makan bulat', 'saiz 10. warna gold', 0, 1, 2222, 2222, 1, 6, 133.32, 2355.32, 0, 16, '2014-09-24 03:48:23', 0, '0000-00-00 00:00:00'),
(253, 192, 25, 1, 9, 'Nasi Goreng', 'Nasi Goreng Ayam', 0, 122, 12, 1464, 5, 0, 0, 1464, 0, 16, '2014-07-16 02:11:05', 0, '0000-00-00 00:00:00'),
(254, 192, 26, 2, 4, 'A23 Plastic Chair', 'Plastic Chair - Blue', 0, 1, 1, 12, 0, 0, 0, 12, 0, 16, '2014-07-16 02:11:05', 0, '0000-00-00 00:00:00'),
(255, 193, 71, 1, 12, 'Meja makan lonjong', 'saiz 10. warna hitam', 0, 4, 3333, 39996, 1, 6, 2399.76, 42395.76, 0, 16, '2014-09-24 03:48:23', 0, '0000-00-00 00:00:00'),
(256, 194, 26, 1, 1, 'A12 Wooden Chair', 'Teak wooden chair with natural finish', 0, 1, 13, 1, 1, 6, 0.06, 1.06, 0, 16, '2014-09-24 03:48:23', 0, '0000-00-00 00:00:00'),
(257, 194, 27, 2, 7, 'A24 Plastic Chair', 'Plastic Chair - Red', 0, 1, 1, 11, 0, 0, 0, 11, 0, 16, '2014-07-17 00:33:33', 0, '0000-00-00 00:00:00'),
(258, 194, 28, 3, 7, 'A24 Plastic Chair', 'Plastic Chair - Red', 0, 1, 1, 11, 0, 0, 0, 11, 0, 16, '2014-07-17 00:33:33', 0, '0000-00-00 00:00:00'),
(259, 195, 28, 1, 2, 'B13 Steel Chair', 'Steel chair for outdoor', 0, 1, 1, 11, 1, 6, 0.66, 11.66, 0, 16, '2014-09-24 03:48:23', 0, '0000-00-00 00:00:00'),
(260, 195, 29, 2, 7, 'A24 Plastic Chair', 'Plastic Chair - Red', 0, 1, 1, 11, 0, 0, 0, 11, 0, 16, '2014-07-17 00:35:51', 0, '0000-00-00 00:00:00'),
(261, 196, 29, 1, 1, 'A12 Wooden Chair', 'Teak wooden chair with natural finish', 0, 21, 12, 252, 1, 6, 15.12, 267.12, 0, 16, '2014-09-24 03:48:23', 0, '0000-00-00 00:00:00'),
(262, 196, 37, 2, 1, 'A12 Wooden Chair', 'Teak wooden chair with natural finish', 0, 12, 12, 144, 1, 6, 8.64, 152.64, 0, 16, '2014-09-24 03:48:23', 0, '0000-00-00 00:00:00'),
(263, 199, 0, 1, 16, '', 'Wireless', 0, 10, 110, 1100, 0, 0, 66, 1166, 0, 29, '2014-09-24 03:48:23', 0, '0000-00-00 00:00:00'),
(264, 200, 68, 1, 13, 'ALAT TULIS', 'ALATAN TULIS DAN MELUKIS', 0, 10, 2, 30, 1, 6, 1.8, 31.8, 0, 1, '2014-09-24 03:48:23', 0, '0000-00-00 00:00:00'),
(265, 200, 69, 2, 13, 'ALAT TULIS', 'ALATAN TULIS DAN MELUKIS', 0, 5, 2, 30, 1, 6, 1.8, 31.8, 0, 1, '2014-09-24 03:48:23', 0, '0000-00-00 00:00:00'),
(266, 201, 68, 1, 13, 'ALAT TULIS', 'ALATAN TULIS DAN MELUKIS', 0, 10, 2, 30, 1, 6, 1.8, 31.8, 0, 1, '2014-09-24 03:48:23', 0, '0000-00-00 00:00:00'),
(267, 201, 69, 2, 13, 'ALAT TULIS', 'ALATAN TULIS DAN MELUKIS', 0, 5, 2, 30, 1, 6, 1.8, 31.8, 0, 1, '2014-09-24 03:48:23', 0, '0000-00-00 00:00:00'),
(268, 202, 0, 1, 1, '', 'Teak wooden chair with natural finish', 0, 3, 3, 9, 0, 0, 0.54, 9.54, 0, 16, '2014-09-24 03:48:23', 0, '0000-00-00 00:00:00'),
(269, 202, 0, 2, 7, '', 'Plastic Chair - Red', 0, 12, 2345, 28140, 0, 0, 0, 28140, 0, 16, '2014-06-26 06:45:09', 0, '0000-00-00 00:00:00'),
(270, 203, 0, 1, 1, '', 'Teak wooden chair with natural finish', 0, 3, 3, 9, 0, 0, 0.54, 9.54, 0, 16, '2014-09-24 03:48:23', 0, '0000-00-00 00:00:00'),
(271, 203, 0, 2, 7, '', 'Plastic Chair - Red', 0, 12, 2345, 28140, 0, 0, 0, 28140, 0, 16, '2014-06-26 06:45:09', 0, '0000-00-00 00:00:00'),
(272, 204, 0, 1, 1, '', 'Teak wooden chair with natural finish', 0, 3, 3, 9, 0, 0, 0.54, 9.54, 0, 16, '2014-09-24 03:48:23', 0, '0000-00-00 00:00:00'),
(273, 204, 0, 2, 7, '', 'Plastic Chair - Red', 0, 12, 2345, 28140, 0, 0, 0, 28140, 0, 16, '2014-06-26 06:45:09', 0, '0000-00-00 00:00:00'),
(274, 205, 0, 1, 1, '', 'Teak wooden chair with natural finish', 0, 3, 3, 9, 0, 0, 0.54, 9.54, 0, 16, '2014-09-24 03:48:23', 0, '0000-00-00 00:00:00'),
(275, 205, 0, 2, 7, '', 'Plastic Chair - Red', 0, 12, 2345, 28140, 0, 0, 0, 28140, 0, 16, '2014-06-26 06:45:09', 0, '0000-00-00 00:00:00'),
(276, 206, 0, 1, 1, '', 'Teak wooden chair with natural finish', 0, 3, 3, 9, 0, 0, 0.54, 9.54, 0, 16, '2014-09-24 03:48:23', 0, '0000-00-00 00:00:00'),
(277, 206, 0, 2, 7, '', 'Plastic Chair - Red', 0, 12, 2345, 28140, 0, 0, 0, 28140, 0, 16, '2014-06-26 06:45:09', 0, '0000-00-00 00:00:00'),
(278, 207, 76, 1, 18, 'Laptop Dell', 'Dell High Specification', 0, 5, 100, 500, 0, 0, 0, 500, 0, 29, '2014-08-05 01:23:47', 0, '0000-00-00 00:00:00'),
(279, 207, 77, 2, 17, 'Sony Projector', 'Projector 1 set with remote', 0, 3, 34, 170, 0, 0, 0, 170, 0, 29, '2014-08-05 01:23:47', 0, '0000-00-00 00:00:00'),
(280, 209, 45, 1, 1, 'A12 Wooden Chair', 'Teak wooden chair with natural finish', 0, 1, 12, 12, 1, 6, 0.72, 12.72, 0, 33, '2014-09-24 03:48:23', 0, '0000-00-00 00:00:00'),
(282, 217, 30, 1, 4, 'A23 Plastic Chair', 'Plastic Chair - Blue', 0, 1, 1, 12, 0, 0, 0, 12, 0, 33, '2014-08-26 21:16:57', 0, '0000-00-00 00:00:00'),
(283, 233, 38, 2, 2, 'B13 Steel Chair', 'Steel chair for outdoor', 0, 1, 1, 11, 1, 6, 0.66, 11.66, 0, 33, '2014-09-24 03:48:23', 0, '0000-00-00 00:00:00'),
(287, 234, 91, 1, 23, 'Chair', 'Chair with gift', 0, 2, 1000, 2000, 6, 0, 120, 2120, 0, 19, '2014-08-27 12:07:54', 0, '0000-00-00 00:00:00'),
(288, 234, 91, 2, 24, 'Table', 'Table with gift', 0, 2, 2000, 4000, 6, 0, 240, 4240, 0, 19, '2014-08-27 12:07:54', 0, '0000-00-00 00:00:00'),
(289, 234, 91, 3, 23, 'Chair', 'Chair with gift', 0, 2, 1000, 2000, 6, 0, 120, 2120, 0, 19, '2014-08-27 12:07:54', 0, '0000-00-00 00:00:00'),
(290, 234, 92, 4, 23, 'Chair', 'Chair with gift', 0, 4, 10, 40, 6, 0, 2.4, 42.4, 0, 19, '2014-08-27 12:07:54', 0, '0000-00-00 00:00:00'),
(291, 234, 92, 5, 23, 'Chair', 'Chair with gift', 0, 2, 10, 20, 6, 0, 1.2, 21.2, 0, 19, '2014-08-27 12:07:54', 0, '0000-00-00 00:00:00'),
(292, 235, 0, 1, 23, '', 'Chair with gift', 0, 5, 12, 60, 239, 6, 3.6, 63.6, 0, 19, '2014-08-27 13:20:39', 0, '0000-00-00 00:00:00'),
(293, 238, 0, 1, 23, '', 'Chair with gift', 0, 10, 1000, 10000, 237, 6, 600, 10600, 0, 19, '2014-08-28 01:22:37', 0, '0000-00-00 00:00:00'),
(294, 241, 0, 1, 1, '', 'Teak wooden chair with natural finish', 0, 34, 100, 3400, 0, 0, 204, 3604, 0, 1, '2014-09-24 03:48:23', 0, '0000-00-00 00:00:00'),
(295, 242, 104, 1, 8, 'A25 Plastic Chair', 'Plastic Chair - White', 0, 1, 20, 20, 6, 0, 1.2, 21.2, 0, 33, '2014-09-03 02:30:27', 0, '0000-00-00 00:00:00'),
(296, 242, 104, 2, 7, 'A24 Plastic Chair', 'Plastic Chair - Red', 0, 1, 10, 10, 0, 0, 0, 10, 0, 33, '2014-09-03 02:30:27', 0, '0000-00-00 00:00:00'),
(297, 243, 119, 1, 29, 'Laptop', 'Laptop Dell', 0, 10, 1000, 10000, 6, 0, 600, 10600, 0, 42, '2014-09-04 07:01:50', 0, '0000-00-00 00:00:00'),
(298, 244, 0, 1, 26, '', 'Chair with Cover', 0, 34, 234, 7956, 783, 6, 0, 7956, 0, 16, '2014-09-11 05:34:52', 16, '0000-00-00 00:00:00'),
(299, 245, 130, 1, 29, 'Laptop', 'Laptop Dell', 0, 10, 3000, 30000, 6, 0, 1800, 31800, 0, 42, '2014-09-04 10:34:52', 0, '0000-00-00 00:00:00'),
(300, 246, 137, 1, 30, 'Roti', 'Roti Keras', 0, 10, 1000, 10000, 6, 0, 600, 10600, 0, 42, '2014-09-05 07:32:41', 0, '0000-00-00 00:00:00'),
(301, 247, 138, 1, 29, 'Laptop', 'Laptop Dell', 0, 1, 10000, 10000, 785, 0, 0, 10000, 0, 19, '2014-09-25 01:03:26', 16, '0000-00-00 00:00:00'),
(302, 248, 109, 1, 29, 'Chair', 'Laptop Dell', 0, 3, 1000, 3000, 782, 6, 180, 3180, 0, 16, '2014-09-16 03:05:41', 16, '0000-00-00 00:00:00'),
(303, 248, 109, 2, 26, 'Chair', 'Chair with Cover', 0, 4, 200, 800, 768, 6, 48, 848, 0, 16, '2014-09-16 03:05:20', 16, '0000-00-00 00:00:00'),
(304, 249, 114, 1, 26, 'Chair', 'Chair with Cover', 0, 2, 200, 400, 0, 0, 0, 400, 0, 16, '2014-09-15 06:34:37', 19, '0000-00-00 00:00:00'),
(305, 249, 115, 2, 26, 'Chair', 'Chair with Cover', 0, 3, 200, 600, 0, 0, 0, 600, 0, 16, '2014-09-08 08:15:29', 0, '0000-00-00 00:00:00'),
(306, 250, 132, 1, 27, 'PEN PAPERMATE', 'STAT', 0, 2, 1, 2, 6, 0, 0.12, 2.12, 0, 19, '2014-09-10 06:27:45', 0, '0000-00-00 00:00:00'),
(307, 251, 149, 1, 29, 'Chair', 'Chair with Cover', 0, 2, 50, 100, 6, 0, 6, 106, 0, 19, '2014-09-15 06:23:01', 19, '0000-00-00 00:00:00'),
(308, 251, 153, 2, 0, 'Chair', 'Chair with Cover', 0, 2, 50, 100, 6, 0, 6, 106, 0, 19, '2014-09-15 06:23:46', 19, '0000-00-00 00:00:00'),
(309, 251, 150, 3, 0, 'Laptop', 'Chair with Cover', 0, 2, 50, 100, 6, 0, 6, 106, 0, 19, '2014-09-15 06:23:47', 19, '0000-00-00 00:00:00'),
(310, 251, 153, 4, 0, 'Laptop', 'Chair with Cover', 0, 2, 50, 100, 6, 0, 6, 106, 0, 19, '2014-09-15 06:23:48', 19, '0000-00-00 00:00:00'),
(311, 252, 121, 1, 29, 'Laptop', 'Laptop Dell', 0, 10, 1000, 10000, 6, 0, 600, 10600, 0, 19, '2014-09-10 06:52:24', 19, '0000-00-00 00:00:00'),
(312, 253, 120, 1, 29, 'Laptop', 'Laptop Dell', 0, 5, 1000, 5000, 6, 0, 300, 5300, 0, 19, '2014-09-10 07:35:51', 0, '0000-00-00 00:00:00'),
(313, 254, 0, 1, 27, '', 'STAT', 0, 250, 10, 2500, 782, 6, 150, 2650, 0, 16, '2014-09-10 07:40:59', 0, '0000-00-00 00:00:00'),
(314, 254, 0, 2, 27, '', 'STAT', 0, 45, 1, 45, 782, 6, 2.7, 47.7, 0, 16, '2014-09-10 07:53:38', 0, '0000-00-00 00:00:00'),
(315, 254, 0, 2, 27, '', 'STAT', 0, 45, 1, 45, 782, 6, 2.7, 47.7, 0, 16, '2014-09-10 07:58:07', 0, '0000-00-00 00:00:00'),
(316, 254, 0, 2, 27, '', 'STAT', 0, 45, 1, 45, 782, 6, 2.7, 47.7, 0, 16, '2014-09-10 07:59:35', 0, '0000-00-00 00:00:00'),
(317, 255, 154, 1, 29, 'Laptop', 'Laptop Dell', 0, 2, 990, 1980, 6, 0, 118.8, 2098.8, 0, 19, '2014-09-10 09:55:01', 0, '0000-00-00 00:00:00'),
(319, 257, 155, 1, 26, 'Chair', 'Chair with Cover', 0, 10, 1000, 10000, 6, 0, 600, 10600, 0, 19, '2014-09-10 09:58:10', 0, '0000-00-00 00:00:00'),
(320, 258, 131, 1, 26, 'Chair', 'Chair with Cover', 0, 1, 200, 200, 787, 0, 0, 200, 0, 16, '2014-09-11 04:51:18', 0, '0000-00-00 00:00:00'),
(321, 258, 135, 2, 26, 'Chair', 'Chair with Cover', 0, 1, 10, 10, 787, 0, 0, 10, 0, 16, '2014-09-11 04:51:18', 0, '0000-00-00 00:00:00'),
(322, 260, 140, 1, 26, 'Chair', 'Chair with Cover', 0, 2, 200, 400, 787, 0, 0, 400, 0, 16, '2014-09-11 04:59:19', 0, '0000-00-00 00:00:00'),
(323, 260, 142, 2, 26, 'Chair', 'Chair with Cover', 0, 1, 200, 200, 787, 0, 0, 200, 0, 16, '2014-09-11 04:59:19', 0, '0000-00-00 00:00:00'),
(324, 261, 0, 1, 26, '', 'Chair with Cover', 0, 23, 123, 2829, 782, 6, 169.74, 2998.74, 0, 16, '2014-09-11 05:01:11', 0, '0000-00-00 00:00:00'),
(325, 261, 0, 2, 26, '', 'Chair with Cover', 0, 34, 23, 782, 0, 0, 0, 782, 0, 16, '2014-09-11 05:02:02', 0, '0000-00-00 00:00:00'),
(326, 264, 0, 1, 4, '', 'Plastic Chair - Blue', 0, 34, 223, 7582, 17, 0, 0, 7582, 0, 16, '2014-09-11 09:13:12', 0, '0000-00-00 00:00:00'),
(327, 264, 0, 2, 8, '', 'Plastic Chair - White', 0, 3, 122, 366, 28, 10, 36.6, 402.6, 0, 16, '2014-09-11 09:13:24', 0, '0000-00-00 00:00:00'),
(328, 266, 161, 1, 25, 'Table', 'Table with Glass', 0, 100, 500, 50000, 782, 6, 0, 50000, 0, 19, '2014-09-24 03:48:23', 19, '0000-00-00 00:00:00'),
(329, 266, 161, 2, 26, 'Chair', 'Table with Glass', 0, 100, 100, 10000, 782, 6, 0, 10000, 0, 19, '2014-09-15 06:21:21', 19, '0000-00-00 00:00:00'),
(330, 267, 0, 1, 27, '', 'STAT', 0, 1, 10, 10, 787, 0, 0, 10, 0, 16, '2014-09-15 06:31:34', 0, '0000-00-00 00:00:00'),
(331, 267, 0, 2, 25, '', 'Table with Glass', 0, 1, 10, 10, 787, 0, 0, 10, 0, 16, '2014-09-15 06:32:26', 0, '0000-00-00 00:00:00'),
(332, 268, 0, 1, 26, '', 'Chair with Cover', 0, 10, 100, 1000, 782, 6, 60, 1060, 0, 19, '2014-09-15 06:53:17', 0, '0000-00-00 00:00:00'),
(333, 269, 162, 1, 26, 'Chair', 'Chair with Cover', 0, 1, 200, 200, 787, 0, 0, 200, 0, 16, '2014-09-15 07:10:28', 0, '0000-00-00 00:00:00'),
(334, 269, 134, 2, 27, 'PEN PAPERMATE', 'STAT', 0, 1, 10, 10, 787, 0, 0, 10, 0, 16, '2014-09-15 07:10:28', 0, '0000-00-00 00:00:00'),
(335, 270, 163, 1, 32, 'Flour', '', 0, 50, 1, 50, 1195, 6, 3, 53, 0, 50, '2014-09-24 03:48:23', 0, '0000-00-00 00:00:00'),
(336, 256, 0, 1, 27, '', 'STAT', 0, 1, 10, 10, 782, 6, 0.6, 10.6, 0, 16, '2014-09-16 02:51:07', 16, '0000-00-00 00:00:00'),
(337, 248, 0, 3, 25, '', 'Table with Glass', 0, 52, 500, 26000, 782, 6, 1560, 27560, 0, 16, '2014-09-16 03:09:28', 0, '0000-00-00 00:00:00'),
(338, 272, 0, 1, 29, '', 'Laptop Dell', 0, 1, 10, 10, 782, 6, 0.6, 10.6, 0, 16, '2014-09-16 04:21:39', 0, '0000-00-00 00:00:00'),
(340, 273, 156, 1, 27, 'PEN PAPERMATE', 'STAT', 0, 5, 234, 1170, 782, 6, 70.2, 1240.2, 0, 16, '2014-09-24 03:48:23', 0, '0000-00-00 00:00:00'),
(341, 274, 0, 1, 36, '', 'Proton Iswara full spec', 0, 5, 50000, 250000, 1321, 6, 15000, 265000, 0, 19, '2014-09-16 05:07:22', 0, '0000-00-00 00:00:00'),
(342, 275, 0, 1, 26, '', 'Chair with Cover', 0, 1, 10, 10, 782, 6, 0.6, 10.6, 0, 16, '2014-09-16 05:18:02', 0, '0000-00-00 00:00:00'),
(343, 276, 0, 1, 26, '', 'Chair with Cover', 0, 1, 10, 10, 782, 6, 0.6, 10.6, 0, 16, '2014-09-16 05:29:39', 0, '0000-00-00 00:00:00'),
(344, 277, 164, 1, 39, 'Toyota Wish', 'Toyota Wish 2.0 Recon', 0, 2, 80000, 160000, 1321, 6, 9600, 169600, 0, 19, '2014-09-24 03:48:23', 0, '0000-00-00 00:00:00'),
(345, 278, 0, 1, 25, '', 'Table with Glass', 0, 1, 500, 500, 787, 0, 0, 500, 0, 16, '2014-09-16 05:38:53', 0, '0000-00-00 00:00:00'),
(346, 279, 0, 1, 37, '', 'Proton Saga full spec', 0, 20, 20000, 400000, 1326, 0, 0, 400000, 0, 19, '2014-09-16 06:34:32', 0, '0000-00-00 00:00:00'),
(347, 280, 0, 1, 26, '', 'Chair with Cover', 0, 100, 12, 1200, 782, 6, 72, 1272, 0, 16, '2014-09-17 01:41:32', 0, '0000-00-00 00:00:00'),
(348, 280, 0, 2, 29, '', 'Laptop Dell', 0, 25, 1009, 25225, 782, 6, 1513.5, 26738.5, 0, 16, '2014-09-17 01:41:51', 0, '0000-00-00 00:00:00'),
(349, 280, 0, 3, 27, '', 'STAT', 0, 100, 0.7, 70, 782, 6, 4.2, 74.2, 0, 16, '2014-09-17 01:42:09', 0, '0000-00-00 00:00:00'),
(350, 280, 0, 4, 25, '', 'Table with Glass', 0, 55, 54, 2970, 782, 6, 178.2, 3148.2, 0, 16, '2014-09-17 01:42:26', 0, '0000-00-00 00:00:00'),
(351, 281, 165, 1, 25, 'Table', 'Table with Glass', 0, 3, 45, 135, 782, 6, 8.1, 143.1, 0, 16, '2014-09-24 03:48:23', 0, '0000-00-00 00:00:00'),
(352, 281, 165, 2, 26, 'Chair', 'Chair with Cover', 0, 10, 11, 110, 782, 6, 6.6, 116.6, 0, 16, '2014-09-24 03:48:23', 0, '0000-00-00 00:00:00'),
(353, 281, 165, 3, 27, 'PEN PAPERMATE', 'STAT', 0, 20, 0.8, 16, 782, 6, 5.76, 21.76, 0, 16, '2014-09-24 03:48:23', 0, '0000-00-00 00:00:00'),
(354, 281, 165, 4, 29, 'Laptop', 'Laptop Dell', 0, 2, 998, 1996, 782, 6, 119.76, 2115.76, 0, 16, '2014-09-24 03:48:23', 0, '0000-00-00 00:00:00'),
(355, 291, 148, 1, 29, 'Laptop', 'Laptop Dell', 0, 2, 1000, 2000, 787, 0, 0, 2000, 0, 16, '2014-09-17 03:06:55', 0, '0000-00-00 00:00:00'),
(356, 291, 151, 2, 29, 'Laptop', 'Laptop Dell', 0, 4, 1000, 4000, 787, 0, 0, 4000, 0, 16, '2014-09-17 03:06:55', 0, '0000-00-00 00:00:00'),
(358, 293, 152, 1, 29, 'Laptop', 'Laptop Dell', 0, 0, 1000, 0, 782, 6, 0, 0, 0, 16, '2014-09-24 03:48:23', 0, '0000-00-00 00:00:00'),
(359, 297, 0, 1, 26, '', 'Chair with Cover', 0, 34, 123, 4182, 782, 6, 250.92, 4432.92, 0, 16, '2014-09-18 02:30:14', 0, '0000-00-00 00:00:00'),
(360, 315, 0, 1, 26, '', 'Chair with Cover', 0, 120012, 12, 1440144, 782, 6, 86408.64, 1526552.64, 0, 16, '2014-09-22 06:53:45', 0, '0000-00-00 00:00:00'),
(361, 315, 0, 2, 29, '', 'Laptop Dell', 0, 3, 25800, 77400, 782, 6, 4644, 82044, 0, 16, '2014-09-22 06:54:01', 0, '0000-00-00 00:00:00'),
(362, 315, 0, 3, 41, '', 'tangga', 0, 20, 8000, 160000, 782, 6, 9600, 169600, 0, 16, '2014-09-22 06:54:36', 0, '0000-00-00 00:00:00'),
(363, 316, 168, 1, 40, 'LAPTOP', 'LAPTOP DELL', 0, 3, 2, 6000, 1034, 6, 360, 6360, 0, 43, '2014-09-24 03:48:23', 43, '0000-00-00 00:00:00'),
(364, 317, 0, 1, 26, '', 'Chair with Cover', 0, 4, 12324, 49296, 782, 6, 2957.76, 52253.76, 0, 16, '2014-09-22 07:03:42', 0, '0000-00-00 00:00:00'),
(365, 318, 0, 1, 30, '', 'Roti Keras', 0, 30, 10, 300, 1034, 6, 18, 318, 0, 43, '2014-09-22 07:07:20', 0, '0000-00-00 00:00:00'),
(367, 324, 174, 1, 26, 'Chair', 'Chair with Cover', 0, 5, 11, 55, 782, 6, 0, 55, 0, 16, '2014-09-24 03:49:03', 16, '0000-00-00 00:00:00'),
(368, 320, 0, 1, 26, '', 'Chair with Cover', 0, 23, 123, 2829, 782, 6, 169.74, 2998.74, 0, 16, '2014-09-23 02:02:07', 0, '0000-00-00 00:00:00'),
(369, 320, 0, 2, 26, '', 'Chair with Cover', 0, 23, 123, 2829, 782, 6, 169.74, 2998.74, 0, 16, '2014-09-23 02:02:17', 0, '0000-00-00 00:00:00'),
(370, 320, 0, 3, 27, '', 'STAT', 0, 3, 234, 702, 782, 6, 42.12, 744.12, 0, 16, '2014-09-23 02:03:18', 0, '0000-00-00 00:00:00'),
(371, 327, 169, 1, 43, 'Monitor', 'Monitor with Cabel', 0, 10, 2, 20000, 1384, 6, 1200, 21200, 0, 19, '2014-09-24 03:48:23', 19, '0000-00-00 00:00:00'),
(372, 327, 169, 2, 42, 'Speaker', 'Speaker with cover cabel', 0, 10, 1, 10000, 1384, 6, 600, 10600, 0, 19, '2014-09-24 03:48:23', 19, '0000-00-00 00:00:00'),
(373, 328, 174, 1, 27, 'PEN PAPERMATE', 'STAT', 0, 5, 0.8, 4, 785, 0, 0, 4, 0, 16, '2014-09-24 03:43:04', 16, '0000-00-00 00:00:00'),
(374, 328, 175, 2, 26, 'Chair', 'Chair with Cover', 0, 5, 11, 55, 782, 6, 3.3, 58.3, 0, 16, '2014-09-24 03:41:57', 0, '0000-00-00 00:00:00'),
(375, 329, 175, 1, 27, 'PEN PAPERMATE', 'STAT', 0, 5, 0.8, 4, 785, 0, 0, 4, 0, 16, '2014-09-24 03:49:46', 0, '0000-00-00 00:00:00'),
(376, 329, 176, 2, 26, 'Chair', 'Chair with Cover', 0, 5, 11, 55, 786, 6, 3.3, 58.3, 0, 16, '2014-09-24 03:49:46', 0, '0000-00-00 00:00:00'),
(377, 330, 172, 1, 43, 'Monitor', 'Monitor with Cabel', 0, 3, 5, 15000, 1384, 6, 900, 15900, 0, 19, '2014-09-24 04:41:58', 0, '0000-00-00 00:00:00'),
(378, 331, 176, 1, 27, 'PEN PAPERMATE', 'STAT', 0, 5, 0.8, 4, 782, 6, 0.24, 4.24, 0, 16, '2014-09-24 04:48:49', 0, '0000-00-00 00:00:00'),
(379, 331, 177, 2, 26, 'Chair', 'Chair with Cover', 0, 5, 11, 55, 782, 6, 3.3, 58.3, 0, 16, '2014-09-24 04:48:49', 0, '0000-00-00 00:00:00'),
(380, 332, 177, 1, 27, 'PEN PAPERMATE', 'STAT', 0, 5, 0.8, 4, 782, 6, 0.24, 4.24, 0, 16, '2014-09-24 04:51:58', 0, '0000-00-00 00:00:00'),
(381, 332, 178, 2, 26, 'Chair', 'Chair with Cover', 0, 5, 11, 55, 782, 6, 3.3, 58.3, 0, 16, '2014-09-24 04:51:59', 0, '0000-00-00 00:00:00'),
(382, 333, 173, 1, 43, 'Monitor', 'Monitor with Cabel', 0, 1, 2, 2000, 1384, 6, 120, 2120, 0, 19, '2014-09-24 07:50:46', 0, '0000-00-00 00:00:00'),
(383, 334, 171, 1, 42, 'Speaker', 'Speaker with cover cabel', 0, 15, 2, 30000, 1389, 0, 0, 30000, 0, 19, '2014-09-24 07:57:12', 0, '0000-00-00 00:00:00'),
(384, 335, 182, 1, 43, 'Monitor', 'Monitor with Cabel', 0, 1, 2, 2000, 1384, 6, 120, 2120, 0, 19, '2014-09-24 10:35:14', 0, '0000-00-00 00:00:00'),
(385, 336, 189, 1, 43, 'Monitor', 'Monitor with Cabel', 0, 4, 2, 8000, 1384, 6, 480, 8480, 0, 19, '2014-09-24 11:03:01', 0, '0000-00-00 00:00:00'),
(387, 338, 191, 1, 45, 'ALZA', 'ALZA 1.5', 0, 1, 52, 52604.5, 1034, 6, 3156.27, 55760.77, 0, 43, '2014-09-25 02:10:08', 0, '0000-00-00 00:00:00'),
(388, 339, 192, 1, 46, 'MYVI', 'MYVI 1.3', 0, 1, 47, 47056.8, 1034, 6, 2823.41, 49880.21, 0, 43, '2014-09-25 03:50:14', 0, '0000-00-00 00:00:00'),
(389, 339, 192, 2, 46, 'MYVI', 'MYVI 1.3', 0, 1, 47, 47056.8, 1034, 6, 2823.41, 49880.21, 0, 43, '2014-09-25 03:50:14', 0, '0000-00-00 00:00:00'),
(390, 340, 193, 1, 47, 'VIVA', 'VIVA 1.0', 0, 1, 38, 38340.8, 1034, 6, 2300.45, 40641.25, 0, 43, '2014-09-25 04:45:00', 0, '0000-00-00 00:00:00'),
(391, 344, 0, 1, 48, '', 'Mouse', 0, 10, 1000, 10000, 1384, 6, 600, 10600, 0, 19, '2014-09-30 01:37:44', 0, '0000-00-00 00:00:00'),
(392, 344, 0, 2, 48, '', 'Mouse', 0, 10, 1200, 12000, 1384, 6, 720, 12720, 0, 19, '2014-09-30 01:38:18', 0, '0000-00-00 00:00:00'),
(393, 345, 195, 1, 49, 'Keyboard', 'Keyboard', 0, 10, 1, 10000, 1384, 6, 600, 10600, 0, 19, '2014-09-30 01:53:49', 0, '0000-00-00 00:00:00'),
(394, 345, 195, 2, 49, 'Keyboard', 'Keyboard', 0, 10, 1, 12000, 1384, 6, 720, 12720, 0, 19, '2014-09-30 01:53:49', 0, '0000-00-00 00:00:00'),
(395, 346, 198, 1, 50, 'Speaker', 'Speaker with cover cabel', 0, 10, 10, 100000, 1510, 6, 6000, 106000, 0, 19, '2014-09-30 10:42:03', 0, '0000-00-00 00:00:00'),
(396, 346, 198, 2, 53, 'Monitor', 'Monitor 42inci', 0, 10, 20, 200000, 1510, 6, 12000, 212000, 0, 19, '2014-09-30 10:42:03', 0, '0000-00-00 00:00:00'),
(397, 347, 198, 1, 52, 'Sound System', 'Sound System complete set', 0, 10, 30, 300000, 1510, 6, 18000, 318000, 0, 19, '2014-09-30 10:42:50', 0, '0000-00-00 00:00:00'),
(398, 348, 198, 1, 51, 'DVD Player', 'DVD Player with Cable', 0, 10, 40, 400000, 1510, 6, 24000, 424000, 0, 19, '2014-09-30 10:43:11', 0, '0000-00-00 00:00:00'),
(399, 349, 198, 1, 54, 'VCD Player', 'VCD Player with cable', 0, 10, 50, 500000, 1510, 6, 30000, 530000, 0, 19, '2014-09-30 10:43:35', 0, '0000-00-00 00:00:00'),
(400, 350, 199, 1, 55, 'Item 06', 'Item 06', 0, 5, 2, 10000, 1496, 6, 600, 10600, 0, 19, '2014-09-30 11:52:04', 0, '0000-00-00 00:00:00'),
(401, 350, 199, 2, 56, 'Item 07', 'Item 07', 0, 3, 2, 7500, 1511, 6, 450, 7950, 0, 19, '2014-09-30 11:52:04', 0, '0000-00-00 00:00:00'),
(402, 350, 199, 3, 59, 'Item 10', 'Item 10', 0, 10, 2, 22000, 1514, 6, 1320, 23320, 0, 19, '2014-09-30 11:52:04', 0, '0000-00-00 00:00:00'),
(403, 351, 199, 1, 57, 'Item 08', 'Item 08', 0, 5, 2, 10000, 1512, 6, 600, 10600, 0, 19, '2014-09-30 11:52:34', 0, '0000-00-00 00:00:00'),
(404, 351, 199, 2, 58, 'Item 09', 'Item 09', 0, 8, 2, 18400, 1513, 0, 0, 18400, 0, 19, '2014-09-30 11:52:34', 0, '0000-00-00 00:00:00'),
(405, 351, 199, 3, 60, 'Item 11', 'Item 11', 0, 5, 2, 10500, 1515, 0, 0, 10500, 0, 19, '2014-09-30 11:52:34', 0, '0000-00-00 00:00:00'),
(406, 351, 199, 4, 61, 'Item 12', 'Item 12', 0, 2, 2, 4600, 1516, 0, 0, 4600, 0, 19, '2014-09-30 11:52:34', 0, '0000-00-00 00:00:00'),
(407, 352, 199, 1, 63, 'Item 14', 'Item 14', 0, 3, 2, 7500, 1518, 0, 0, 7500, 0, 19, '2014-09-30 11:54:57', 0, '0000-00-00 00:00:00'),
(408, 352, 199, 2, 65, 'Item 16', 'Item 16', 0, 5, 1, 7500, 1520, 6, 450, 7950, 0, 19, '2014-09-30 11:54:58', 0, '0000-00-00 00:00:00'),
(409, 352, 199, 3, 62, 'Item13', 'Item13', 0, 2, 2, 4000, 1517, 0, 0, 4000, 0, 19, '2014-09-30 11:54:58', 0, '0000-00-00 00:00:00'),
(410, 352, 199, 4, 68, 'Item15', 'Item15', 0, 5, 2, 14000, 1523, 6, 840, 14840, 0, 19, '2014-09-30 11:54:58', 0, '0000-00-00 00:00:00'),
(411, 352, 199, 5, 66, 'Item 17', 'Item 17', 0, 3, 2, 7200, 1521, 6, 432, 7632, 0, 19, '2014-09-30 11:54:58', 0, '0000-00-00 00:00:00'),
(412, 353, 199, 1, 69, 'Item 18', 'Item15', 0, 4, 2, 9200, 1511, 6, 552, 9752, 0, 19, '2014-09-30 11:55:35', 0, '0000-00-00 00:00:00'),
(413, 353, 200, 2, 55, 'Item 06', 'Item 06', 0, 3, 2, 6000, 1496, 6, 360, 6360, 0, 19, '2014-09-30 11:55:35', 0, '0000-00-00 00:00:00'),
(414, 353, 200, 3, 56, 'Item 07', 'Item 07', 0, 1, 2, 2500, 1511, 6, 150, 2650, 0, 19, '2014-09-30 11:55:35', 0, '0000-00-00 00:00:00'),
(415, 353, 200, 4, 57, 'Item 08', 'Item 08', 0, 4, 2, 8000, 1512, 6, 480, 8480, 0, 19, '2014-09-30 11:55:35', 0, '0000-00-00 00:00:00'),
(416, 353, 200, 5, 58, 'Item 09', 'Item 09', 0, 2, 2, 4600, 1513, 0, 0, 4600, 0, 19, '2014-09-30 11:55:35', 0, '0000-00-00 00:00:00'),
(417, 354, 200, 1, 60, 'Item 11', 'Item 11', 0, 5, 2, 10500, 1515, 0, 0, 10500, 0, 19, '2014-09-30 11:56:04', 0, '0000-00-00 00:00:00'),
(418, 354, 200, 2, 61, 'Item 12', 'Item 12', 0, 3, 2, 6900, 1516, 0, 0, 6900, 0, 19, '2014-09-30 11:56:04', 0, '0000-00-00 00:00:00'),
(419, 354, 200, 3, 63, 'Item 14', 'Item 14', 0, 5, 2, 12500, 1518, 0, 0, 12500, 0, 19, '2014-09-30 11:56:04', 0, '0000-00-00 00:00:00'),
(420, 354, 200, 4, 65, 'Item 16', 'Item 16', 0, 5, 1, 7500, 1520, 6, 450, 7950, 0, 19, '2014-09-30 11:56:04', 0, '0000-00-00 00:00:00'),
(421, 355, 200, 1, 62, 'Item13', 'Item13', 0, 5, 2, 10000, 1517, 0, 0, 10000, 0, 19, '2014-09-30 11:56:29', 0, '0000-00-00 00:00:00'),
(422, 355, 200, 2, 68, 'Item15', 'Item15', 0, 3, 2, 8400, 1523, 6, 504, 8904, 0, 19, '2014-09-30 11:56:30', 0, '0000-00-00 00:00:00'),
(423, 355, 200, 3, 66, 'Item 17', 'Item 17', 0, 5, 2, 12000, 1521, 6, 720, 12720, 0, 19, '2014-09-30 11:56:30', 0, '0000-00-00 00:00:00'),
(424, 355, 200, 4, 69, 'Item 18', 'Item15', 0, 5, 2, 11500, 1511, 6, 690, 12190, 0, 19, '2014-09-30 11:56:30', 0, '0000-00-00 00:00:00'),
(425, 356, 201, 1, 55, 'Item 06', 'Item 06', 0, 2, 2, 4000, 1496, 6, 240, 4240, 0, 19, '2014-09-30 11:57:11', 0, '0000-00-00 00:00:00'),
(426, 356, 201, 2, 56, 'Item 07', 'Item 07', 0, 6, 2, 15000, 1511, 6, 900, 15900, 0, 19, '2014-09-30 11:57:11', 0, '0000-00-00 00:00:00'),
(427, 356, 201, 3, 57, 'Item 08', 'Item 08', 0, 1, 2, 2000, 1512, 6, 120, 2120, 0, 19, '2014-09-30 11:57:11', 0, '0000-00-00 00:00:00'),
(428, 356, 201, 4, 57, 'Item 08', 'Item 08', 0, 1, 2, 2000, 1512, 6, 120, 2120, 0, 19, '2014-09-30 11:57:11', 0, '0000-00-00 00:00:00'),
(429, 357, 201, 1, 61, 'Item 12', 'Item 12', 0, 5, 2, 11500, 1516, 0, 0, 11500, 0, 19, '2014-09-30 11:57:44', 0, '0000-00-00 00:00:00'),
(430, 357, 201, 2, 63, 'Item 14', 'Item 14', 0, 7, 2, 17500, 1518, 0, 0, 17500, 0, 19, '2014-09-30 11:57:44', 0, '0000-00-00 00:00:00'),
(431, 357, 201, 3, 65, 'Item 16', 'Item 16', 0, 5, 1, 7500, 1520, 6, 450, 7950, 0, 19, '2014-09-30 11:57:44', 0, '0000-00-00 00:00:00'),
(432, 357, 201, 4, 62, 'Item13', 'Item13', 0, 6, 2, 12000, 1517, 0, 0, 12000, 0, 19, '2014-09-30 11:57:44', 0, '0000-00-00 00:00:00'),
(433, 358, 201, 1, 68, 'Item15', 'Item15', 0, 2, 2, 5600, 1523, 6, 336, 5936, 0, 19, '2014-09-30 11:58:05', 0, '0000-00-00 00:00:00'),
(434, 358, 201, 2, 66, 'Item 17', 'Item 17', 0, 2, 2, 4800, 1521, 6, 288, 5088, 0, 19, '2014-09-30 11:58:05', 0, '0000-00-00 00:00:00'),
(435, 358, 201, 3, 69, 'Item 18', 'Item15', 0, 1, 2, 2300, 1511, 6, 138, 2438, 0, 19, '2014-09-30 11:58:05', 0, '0000-00-00 00:00:00'),
(436, 359, 202, 1, 57, 'Item 08', 'Item 08', 0, 3, 2, 6000, 1512, 6, 360, 6360, 0, 19, '2014-09-30 11:58:27', 0, '0000-00-00 00:00:00'),
(437, 360, 203, 1, 62, 'Item13', 'Item13', 0, 2, 100, 200, 1517, 0, 0, 200, 0, 19, '2014-09-30 11:58:55', 0, '0000-00-00 00:00:00'),
(438, 361, 204, 1, 62, 'Item13', 'Item13', 0, 1, 2, 2100, 1517, 0, 0, 2100, 0, 19, '2014-09-30 11:59:16', 0, '0000-00-00 00:00:00'),
(439, 362, 205, 1, 51, 'DVD Player', 'DVD Player with Cable', 0, 2, 30, 60000, 1515, 0, 0, 60000, 0, 19, '2014-09-30 11:59:47', 0, '0000-00-00 00:00:00'),
(440, 362, 205, 2, 58, 'Item 09', 'Item 09', 0, 1, 2, 2300, 1515, 0, 0, 2300, 0, 19, '2014-09-30 11:59:47', 0, '0000-00-00 00:00:00'),
(441, 362, 205, 3, 60, 'Item 11', 'Item 11', 0, 2, 2, 4400, 1515, 0, 0, 4400, 0, 19, '2014-09-30 11:59:47', 0, '0000-00-00 00:00:00'),
(442, 362, 205, 4, 62, 'Item13', 'Item13', 0, 4, 2, 9600, 1515, 0, 0, 9600, 0, 19, '2014-09-30 11:59:47', 0, '0000-00-00 00:00:00'),
(443, 363, 205, 1, 63, 'Item 14', 'Item 14', 0, 5, 2, 14000, 1515, 0, 0, 14000, 0, 19, '2014-09-30 12:00:21', 0, '0000-00-00 00:00:00'),
(444, 363, 205, 2, 53, 'Monitor', 'Monitor 42inci', 0, 1, 2, 2200, 1515, 0, 0, 2200, 0, 19, '2014-09-30 12:00:21', 0, '0000-00-00 00:00:00'),
(445, 363, 206, 3, 51, 'DVD Player', 'DVD Player with Cable', 0, 2, 30, 60000, 1515, 0, 0, 60000, 0, 19, '2014-09-30 12:00:21', 0, '0000-00-00 00:00:00'),
(446, 363, 206, 4, 58, 'Item 09', 'Item 09', 0, 2, 2, 4600, 1515, 0, 0, 4600, 0, 19, '2014-09-30 12:00:21', 0, '0000-00-00 00:00:00'),
(447, 364, 206, 1, 60, 'Item 11', 'Item 11', 0, 1, 2, 2200, 1515, 0, 0, 2200, 0, 19, '2014-09-30 12:00:38', 0, '0000-00-00 00:00:00'),
(448, 364, 206, 2, 62, 'Item13', 'Item13', 0, 2, 2, 4800, 1515, 0, 0, 4800, 0, 19, '2014-09-30 12:00:38', 0, '0000-00-00 00:00:00'),
(449, 364, 206, 3, 63, 'Item 14', 'Item 14', 0, 1, 2, 2800, 1515, 0, 0, 2800, 0, 19, '2014-09-30 12:00:38', 0, '0000-00-00 00:00:00'),
(450, 364, 206, 4, 53, 'Monitor', 'Monitor 42inci', 0, 2, 2, 4400, 1515, 0, 0, 4400, 0, 19, '2014-09-30 12:00:38', 0, '0000-00-00 00:00:00'),
(451, 365, 214, 1, 29, '', 'Laptop Dell', 0, 1, 10, 10, 787, 0, 0, 10, 0, 16, '2014-10-03 08:30:53', 0, '0000-00-00 00:00:00'),
(452, 366, 214, 1, 29, '', 'Laptop Dell', 0, 1, 100000, 100000, 783, 6, 6000, 106000, 0, 16, '2014-10-09 07:31:51', 16, '0000-00-00 00:00:00'),
(453, 367, 214, 1, 29, '', 'Laptop Dell', 0, 1, 10, 10, 787, 0, 0, 10, 0, 16, '2014-10-03 08:30:53', 0, '0000-00-00 00:00:00'),
(454, 368, 215, 1, 29, '', 'Laptop Dell', 0, 1, 10, 10, 787, 0, 0, 10, 0, 16, '2014-10-03 08:34:42', 0, '0000-00-00 00:00:00'),
(455, 368, 215, 2, 29, '', 'Laptop Dell', 0, 1, 10, 10, 787, 0, 0, 10, 0, 16, '2014-10-03 08:34:42', 0, '0000-00-00 00:00:00'),
(456, 368, 215, 3, 27, '', 'STAT', 0, 1, 10, 10, 787, 0, 0, 10, 0, 16, '2014-10-03 08:34:42', 0, '0000-00-00 00:00:00'),
(457, 371, 217, 1, 7, '', 'Plastic Chair - Red', 0, 2, 50, 100, 14, 6, 6, 106, 0, 16, '2014-10-08 05:23:45', 0, '0000-00-00 00:00:00'),
(458, 372, 217, 1, 0, '', 'Plastic Chair - Red', 0, 20, 50, 1000, 15, 6, 60, 1060, 0, 16, '2014-10-09 07:28:29', 16, '0000-00-00 00:00:00'),
(459, 375, 217, 1, 7, '', 'Plastic Chair - Red', 0, 2, 50, 100, 14, 6, 6, 106, 0, 16, '2014-10-08 05:23:45', 0, '0000-00-00 00:00:00'),
(460, 377, 218, 1, 46, '', 'MYVI 1.3 PM2L251S002177102 WL08G67', 0, 1, 50000, 50000, 1034, 6, 3000, 53000, 0, 43, '2014-10-09 02:37:31', 0, '0000-00-00 00:00:00'),
(462, 379, 442, 1, 30, 'Roti', 'Roti Keras', 0, 1, 10, 10, 1034, 6, 0.6, 10.6, 0, 43, '2014-10-09 04:16:08', 0, '0000-00-00 00:00:00'),
(463, 380, 440, 1, 7, 'A24 Plastic Chair', 'Plastic Chair - Red', 0, 2, 50, 100, 14, 6, 6, 106, 0, 16, '2014-10-09 04:37:34', 0, '0000-00-00 00:00:00'),
(465, 388, 240, 1, 1, 'A12 Wooden Chair', 'Teak wooden chair with natural finish', 0, 1, 1, 1, 14, 6, 0.06, 1.06, 0, 16, '2014-10-09 05:28:51', 0, '0000-00-00 00:00:00'),
(466, 11, 440, 1, 7, 'A24 Plastic Chair', 'Plastic Chair - Red', 0, 2, 50, 100, 14, 6, 6, 106, 0, 16, '2014-10-09 06:48:13', 0, '0000-00-00 00:00:00'),
(467, 11, 440, 1, 7, 'A24 Plastic Chair', 'Plastic Chair - Red', 0, 2, 50, 100, -1, 0, 0, 100, 0, 16, '2014-10-09 06:57:43', 0, '0000-00-00 00:00:00'),
(469, 395, 289, 1, 29, 'Laptop', 'Laptop Dell', 0, 1, 1, 1000, 787, 0, 0, 1000, 0, 16, '2014-10-10 02:43:10', 0, '0000-00-00 00:00:00'),
(470, 396, 221, 1, 26, '', 'Chair with Cover', 0, 1, 2000, 2000, 787, 0, 0, 2000, 0, 16, '2014-10-10 02:44:28', 0, '0000-00-00 00:00:00'),
(471, 397, 349, 1, 26, 'Chair', 'Chair with Cover', 0, 5, 11, 55, 782, 6, 3.3, 58.3, 0, 16, '2014-10-10 02:54:51', 0, '0000-00-00 00:00:00'),
(472, 398, 222, 1, 29, '', 'Laptop Dell', 0, 1, 100, 100, 782, 6, 6, 106, 0, 16, '2014-10-10 02:56:14', 0, '0000-00-00 00:00:00'),
(473, 399, 445, 1, 29, 'Laptop', 'Laptop Dell', 0, 1, 100, 100, 782, 6, 6, 106, 0, 16, '2014-10-10 03:00:49', 0, '0000-00-00 00:00:00'),
(474, 400, 345, 1, 26, 'Chair', 'Chair with Cover', 0, 10, 11, 110, 782, 6, 6.6, 116.6, 0, 16, '2014-10-10 03:17:49', 0, '0000-00-00 00:00:00'),
(475, 401, 223, 1, 71, '', 'BLACK', 0, 5, 100, 500, 1573, 6, 30, 530, 0, 43, '2014-10-14 01:48:10', 0, '0000-00-00 00:00:00'),
(476, 402, 224, 1, 71, '', 'WHITE', 0, 5, 200, 1000, 1573, 6, 60, 1060, 0, 43, '2014-10-14 02:22:06', 0, '0000-00-00 00:00:00'),
(477, 403, 0, 1, 71, '', 'RED', 0, 5, 200, 1000, 1573, 6, 60, 1060, 0, 43, '2014-10-14 02:36:02', 0, '0000-00-00 00:00:00'),
(478, 404, 226, 1, 71, '', 'GREEN', 0, 10, 100, 1000, 1573, 6, 60, 1060, 0, 43, '2014-10-14 04:00:55', 0, '0000-00-00 00:00:00'),
(479, 404, 226, 2, 71, '', 'BLUE', 0, 5, 200, 1000, 1578, 0, 0, 1000, 0, 43, '2014-10-14 04:00:56', 19, '0000-00-00 00:00:00'),
(480, 404, 226, 3, 71, '', 'BLACK', 0, 3, 432, 1296, 1573, 6, 77.76, 1373.76, 0, 19, '2014-10-14 04:00:56', 0, '0000-00-00 00:00:00'),
(481, 405, 0, 1, 71, '', 'YELLOW', 0, 5, 10, 50, 1573, 6, 3, 53, 0, 43, '2014-10-14 04:02:15', 0, '0000-00-00 00:00:00'),
(482, 406, 227, 1, 71, '', 'KFC', 0, 10, 5000, 50000, 1573, 6, 3000, 53000, 0, 19, '2014-10-14 07:25:55', 0, '0000-00-00 00:00:00'),
(483, 407, 0, 1, 29, '', 'Laptop Dell', 0, 1, 10, 10, 787, 0, 0, 10, 0, 16, '2014-10-14 07:28:38', 0, '0000-00-00 00:00:00'),
(484, 408, 455, 1, 29, '', 'Laptop Dell', 0, 1, 10, 10, 787, 0, 0, 10, 0, 16, '2014-10-14 07:54:49', 0, '0000-00-00 00:00:00'),
(485, 409, 456, 1, 71, '', 'BLACK', 0, 1, 9999, 9999, 1573, 6, 599.94, 10598.94, 0, 19, '2014-10-14 07:58:41', 0, '0000-00-00 00:00:00'),
(486, 410, 457, 1, 48, '', 'Mouse', 0, 2, 500, 1000, 1384, 6, 60, 1060, 0, 19, '2014-10-14 10:10:31', 0, '0000-00-00 00:00:00'),
(487, 411, 463, 1, 77, '', 'CHASIS 12345', 0, 1, 50000, 50000, 1573, 6, 3000, 53000, 0, 43, '2014-10-17 01:57:51', 0, '0000-00-00 00:00:00'),
(488, 411, 464, 1, 80, '', 'CHASIS 6785X', 0, 1, 60000, 60000, 1573, 6, 3600, 63600, 0, 43, '2014-10-17 01:57:51', 0, '0000-00-00 00:00:00'),
(489, 412, 465, 1, 79, '', 'CHASIS 123', 0, 1, 10000, 10000, 1573, 6, 600, 10600, 0, 43, '2014-10-17 02:30:38', 0, '0000-00-00 00:00:00'),
(490, 412, 466, 2, 80, '', 'CHASIS 234', 0, 1, 20000, 20000, 1573, 6, 1200, 21200, 0, 43, '2014-10-17 02:30:38', 0, '0000-00-00 00:00:00'),
(491, 412, 467, 3, 77, '', 'CHASIS 456', 0, 1, 30000, 30000, 1573, 6, 1800, 31800, 0, 43, '2014-10-17 02:30:38', 0, '0000-00-00 00:00:00'),
(492, 413, 468, 1, 26, '', 'Chair with Cover', 0, 1, 10, 10, 787, 0, 0, 10, 0, 16, '2014-10-17 03:26:04', 0, '0000-00-00 00:00:00'),
(493, 413, 469, 2, 29, '', 'Laptop Dell', 0, 1, 10, 10, 787, 0, 0, 10, 0, 16, '2014-10-17 03:26:04', 0, '0000-00-00 00:00:00'),
(494, 413, 470, 3, 27, '', 'STAT', 0, 1, 10, 10, 787, 0, 0, 10, 0, 16, '2014-10-17 03:26:04', 0, '0000-00-00 00:00:00'),
(495, 414, 471, 1, 80, '', 'CHSS4567S', 0, 1, 50000, 50000, 1573, 6, 3000, 53000, 0, 43, '2014-10-17 03:40:48', 0, '0000-00-00 00:00:00'),
(496, 414, 472, 2, 77, '', 'CHS123E', 0, 1, 40000, 40000, 1573, 6, 2400, 42400, 0, 43, '2014-10-17 03:40:48', 43, '0000-00-00 00:00:00'),
(497, 414, 473, 3, 77, '', 'CHS6754', 0, 1, 30000, 30000, 1573, 6, 1800, 31800, 0, 43, '2014-10-17 03:40:48', 0, '0000-00-00 00:00:00'),
(498, 415, 474, 1, 83, '', '12 PCS', 0, 10, 100, 1000, 1573, 6, 60, 1060, 0, 43, '2014-10-17 07:29:57', 0, '0000-00-00 00:00:00'),
(499, 416, 475, 1, 36, 'Proton Iswara', 'Proton Iswara full spec', 0, 1, 34, 34000, 1326, 0, 0, 34000, 0, 51, '2014-10-17 09:19:40', 0, '0000-00-00 00:00:00'),
(500, 417, 0, 1, 26, '', 'Chair with Cover', 2, 1, 10, 10, 782, 6, 0.6, 10.6, 0, 16, '2014-10-20 03:05:10', 0, '0000-00-00 00:00:00'),
(502, 417, 0, 2, 29, '', 'Laptop Dell', 1, 2, 20, 40, 782, 6, 2.4, 42.4, 0, 16, '2014-10-20 05:45:47', 16, '0000-00-00 00:00:00'),
(505, 418, 476, 1, 83, '', '12 PCS', 13, 2, 12, 24, 1573, 6, 1.44, 25.44, 0, 19, '2014-10-20 05:56:13', 0, '0000-00-00 00:00:00'),
(506, 419, 0, 1, 26, '', 'Chair with Cover', 1, 1, 10, 10, 787, 0, 0, 10, 0, 16, '2014-10-20 05:56:34', 0, '0000-00-00 00:00:00'),
(507, 419, 0, 2, 29, '', 'Laptop Dell', 1, 11, 10, 110, 787, 0, 0, 110, 0, 16, '2014-10-20 05:57:23', 0, '0000-00-00 00:00:00'),
(508, 419, 0, 3, 26, '', 'Chair with Cover', 0, 0, 0, 0, 782, 6, 0, 0, 0, 16, '2014-10-20 08:56:59', 0, '0000-00-00 00:00:00'),
(509, 420, 0, 1, 79, '', 'dfsd', 3, 10, 2000, 20000, 1573, 6, 1200, 21200, 0, 19, '2014-10-21 09:47:55', 0, '0000-00-00 00:00:00'),
(510, 421, 484, 1, 77, '', 'sdasd', 3, 2, 10000, 20000, 1573, 6, 1200, 21200, 0, 19, '2014-10-21 09:49:01', 0, '0000-00-00 00:00:00'),
(511, 422, 0, 1, 26, '', 'Chair with Cover', 1, 1, 10, 10, 782, 6, 0.6, 10.6, 0, 16, '2014-10-21 10:34:07', 0, '0000-00-00 00:00:00'),
(512, 422, 0, 2, 29, '', 'Laptop Dell', 2, 21, 30, 630, 782, 6, 37.8, 667.8, 0, 16, '2014-10-21 10:34:20', 0, '0000-00-00 00:00:00'),
(513, 423, 0, 1, 26, '', 'Chair with Cover', 1, 11, 20, 220, 787, 0, 0, 220, 0, 16, '2014-10-23 02:29:19', 0, '0000-00-00 00:00:00'),
(514, 423, 0, 2, 29, '', 'Laptop Dell', 1, 2, 10, 20, 787, 0, 0, 20, 0, 16, '2014-10-23 02:29:32', 0, '0000-00-00 00:00:00'),
(515, 423, 0, 3, 27, '', 'STAT', 2, 22, 0, 0, 787, 0, 0, 0, 0, 16, '2014-10-23 02:29:45', 0, '0000-00-00 00:00:00'),
(516, 424, 0, 1, 26, '', 'Chair with Cover', 3, 10, 0, 100, 782, 6, 6, 6, 0, 16, '2014-10-24 03:01:17', 16, '0000-00-00 00:00:00'),
(517, 424, 0, 2, 29, '', 'Laptop Dell', 1, 5, 10, 50, 782, 6, 3, 53, 0, 16, '2014-10-23 02:49:14', 0, '0000-00-00 00:00:00'),
(518, 425, 505, 1, 83, 'DUNHILL', '12 BOX', 0, 1, 50, 50, 1573, 6, 3, 53, 0, 43, '2014-10-23 04:00:57', 0, '0000-00-00 00:00:00'),
(519, 424, 0, 3, 29, '', 'Laptop Dell', 2, 1, 0, 0, 782, 6, 0, 0, 0, 16, '2014-10-24 03:03:01', 0, '0000-00-00 00:00:00'),
(520, 426, 446, 1, 71, 'SPEAKER', 'BLACK', 0, 100, 5, 500, 1573, 6, 30, 530, 0, 33, '2014-10-24 04:31:11', 0, '0000-00-00 00:00:00');
INSERT INTO `comp_supplier_invoice_detail` (`ID`, `invoiceID`, `receiveID`, `lineNo`, `itemID`, `itemname`, `itemdescription`, `umID`, `quantity`, `unitPrice`, `amountExcludedTax`, `taxID`, `taxRate`, `taxAmount`, `amountIncludedTax`, `accountID`, `createdBy`, `createdTS`, `updatedBy`, `updatedTS`) VALUES
(521, 426, 447, 2, 71, 'SPEAKER', 'BLACK', 0, 200, 5, 1000, 1573, 6, 60, 1060, 0, 33, '2014-10-24 04:31:11', 0, '0000-00-00 00:00:00'),
(522, 427, 489, 1, 83, 'DUNHILL', '12 BOX', 13, 12, 3, 36, 1573, 6, 2.16, 38.16, 0, 33, '2014-10-24 04:38:12', 0, '0000-00-00 00:00:00'),
(523, 427, 448, 2, 71, 'SPEAKER', 'BLACK', 3, 100, 10, 1000, 1573, 6, 60, 1060, 0, 33, '2014-10-24 04:38:12', 0, '0000-00-00 00:00:00'),
(524, 428, 0, 1, 8, '', 'Plastic Chair - White', 2, 2, 214, 428, 14, 6, 6, 25.68, 0, 1, '2014-10-24 08:38:41', 1, '0000-00-00 00:00:00'),
(527, 429, 523, 1, 93, 'Samsung Note 4', 'Samsung Note 4', 13, 1, 24, 24000, 1573, 6, 1440, 25440, 0, 19, '2014-10-27 03:25:15', 0, '0000-00-00 00:00:00'),
(528, 429, 524, 2, 93, 'Samsung Note 4', 'Samsung Note 4', 13, 1, 24, 24000, 1573, 6, 1440, 25440, 0, 19, '2014-10-27 03:25:15', 0, '0000-00-00 00:00:00'),
(529, 430, 515, 1, 93, 'Samsung Note 4', 'Samsung Note 4', 13, 1, 24, 24000, 1573, 6, 1440, 25440, 0, 19, '2014-10-28 10:15:29', 0, '0000-00-00 00:00:00'),
(530, 430, 519, 2, 93, 'Samsung Note 4', 'Samsung Note 4', 13, 1, 24, 24000, 1573, 6, 1440, 25440, 0, 19, '2014-10-28 10:15:29', 0, '0000-00-00 00:00:00'),
(531, 431, 493, 1, 80, 'ALZA1.5', '', 3, 3, 70, 210000, 1573, 6, 12600, 222600, 0, 19, '2014-10-28 10:17:20', 0, '0000-00-00 00:00:00'),
(532, 431, 496, 2, 80, 'ALZA1.5', '', 3, 1, 70, 70000, 1573, 6, 0, 70000, 0, 19, '2014-10-28 10:17:20', 0, '0000-00-00 00:00:00'),
(533, 432, 525, 1, 94, 'Kawasaki', 'Kawasaki ninja', 13, 1, 10000, 10000, 1559, 6, 600, 10600, 0, 33, '2014-10-29 01:31:56', 0, '0000-00-00 00:00:00'),
(534, 433, 537, 1, 93, 'Samsung Note 4', 'Samsung Note 4', 17, 10, 1500, 15000, 1573, 6, 900, 15900, 0, 55, '2014-10-30 03:02:34', 0, '0000-00-00 00:00:00'),
(535, 434, 540, 1, 71, 'SPEAKER', 'BLACK', 3, 20, 100, 2000, 1573, 6, 120, 2120, 0, 55, '2014-10-30 03:52:10', 0, '0000-00-00 00:00:00'),
(536, 435, 0, 1, 26, '', 'Coverasasasa', 3, 1, 10, 10, 782, 6, 0.6, 10.6, 0, 16, '2014-10-30 10:09:47', 0, '0000-00-00 00:00:00'),
(537, 435, 0, 2, 29, '', 'Laptop Dell', 1, 2, 10, 20, 782, 6, 1.2, 21.2, 0, 16, '2014-10-30 07:55:02', 0, '0000-00-00 00:00:00'),
(538, 435, 0, 3, 26, '', 'Chair with Cover', 3, 5, 10, 50, 782, 6, 3, 53, 0, 16, '2014-10-30 07:55:23', 0, '0000-00-00 00:00:00'),
(539, 436, 542, 1, 78, 'TUDUNG', 'TUDUNG BAWAL', 3, 20, 5, 100, 1573, 6, 6, 106, 0, 43, '2014-10-30 08:07:34', 0, '0000-00-00 00:00:00'),
(540, 437, 543, 1, 78, 'TUDUNG', 'TUDUNG BAWAL', 3, 100, 10, 1000, 1573, 6, 60, 1060, 0, 55, '2014-10-31 02:52:17', 0, '0000-00-00 00:00:00'),
(541, 438, 549, 1, 95, 'TUDUNG SYRIA', 'TDG SYRIA KANAK2', 46, 10, 500, 500, 1573, 6, 30, 530, 0, 43, '2014-10-31 03:55:12', 0, '0000-00-00 00:00:00'),
(542, 439, 553, 1, 97, 'Wallet', 'Wallet Kulit', 3, 100, 200, 20000, 1573, 6, 1200, 21200, 0, 55, '2014-11-03 02:05:12', 0, '0000-00-00 00:00:00'),
(543, 440, 492, 1, 90, 'Mum Mineral Water', 'Mineral Water', 13, 2, 40, 40, 1573, 6, 2.4, 42.4, 0, 33, '2014-11-03 08:56:10', 0, '0000-00-00 00:00:00'),
(544, 442, 566, 1, 98, 'Tudung', 'Tudung Merah', 47, 1, 1000, 1000, 1671, 6, 60, 1060, 0, 19, '2014-11-04 08:20:31', 0, '0000-00-00 00:00:00'),
(545, 443, 567, 1, 98, '', 'Tudung Merah', 47, 1, 2000, 2000, 1671, 6, 120, 2120, 0, 19, '2014-11-04 08:41:03', 0, '0000-00-00 00:00:00'),
(546, 444, 568, 1, 98, '', 'Tudung Merah', 47, 1, 555, 555, 1671, 6, 33.3, 588.3, 0, 19, '2014-11-04 09:00:43', 0, '0000-00-00 00:00:00'),
(547, 445, 569, 1, 100, 'Baju', 'Baju Kebaya', 49, 10, 50, 500, 1671, 6, 30, 530, 0, 43, '2014-11-04 09:44:12', 0, '0000-00-00 00:00:00'),
(548, 445, 570, 2, 101, 'Baju', 'Baju Kurung Pahang', 50, 2, 200, 400, 1671, 6, 24, 424, 0, 43, '2014-11-04 09:44:12', 0, '0000-00-00 00:00:00'),
(549, 445, 571, 3, 102, 'Baju', 'Baju Kebarung', 49, 10, 40, 400, 1671, 6, 24, 424, 0, 43, '2014-11-04 09:44:12', 0, '0000-00-00 00:00:00'),
(550, 446, 572, 1, 99, 'Kain', 'Cotton', 48, 100, 10, 1000, 1671, 6, 60, 1060, 0, 55, '2014-11-05 02:04:08', 0, '0000-00-00 00:00:00'),
(551, 446, 573, 2, 99, 'Kain', 'Cotton', 48, 400, 10, 4000, 1671, 6, 240, 4240, 0, 55, '2014-11-05 02:04:08', 0, '0000-00-00 00:00:00'),
(552, 447, 575, 1, 99, '', 'Cotton', 48, 300, 10, 3000, 1671, 6, 180, 3180, 0, 55, '2014-11-05 03:09:35', 0, '0000-00-00 00:00:00'),
(553, 447, 576, 2, 99, '', 'Cotton', 48, 400, 10, 4000, 1671, 6, 240, 4240, 0, 55, '2014-11-05 03:09:35', 0, '0000-00-00 00:00:00'),
(554, 448, 586, 1, 100, 'Baju Kebaya', 'Merah', 50, 2, 200, 200, 1671, 6, 12, 212, 0, 43, '2014-11-05 09:01:35', 0, '0000-00-00 00:00:00'),
(555, 448, 584, 2, 100, 'Baju Kebaya', 'Merah', 49, 20, 20, 400, 1671, 6, 24, 424, 0, 43, '2014-11-05 09:01:35', 0, '0000-00-00 00:00:00'),
(556, 448, 585, 3, 102, 'Baju Kebarung', 'Biru', 49, 15, 15, 225, 1671, 6, 13.5, 238.5, 0, 43, '2014-11-05 09:01:35', 0, '0000-00-00 00:00:00'),
(557, 448, 587, 4, 101, 'Baju Kurung Pahang', 'Hijau', 49, 20, 25, 500, 1671, 6, 30, 530, 0, 43, '2014-11-05 09:01:35', 0, '0000-00-00 00:00:00'),
(558, 449, 588, 1, 105, '', 'Kuning', 49, 10, 20, 200, 1676, 0, 0, 200, 0, 43, '2014-11-06 01:45:11', 0, '0000-00-00 00:00:00'),
(559, 450, 589, 1, 106, 'Baju Kurung Modern', 'Pink', 49, 50, 100, 5000, 1676, 0, 0, 5000, 0, 43, '2014-11-06 02:21:26', 0, '0000-00-00 00:00:00'),
(560, 451, 590, 1, 107, 'Seluar', 'Seluar Hitam', 49, 10, 1000, 10000, 1671, 6, 600, 10600, 0, 19, '2014-11-06 08:23:44', 0, '0000-00-00 00:00:00'),
(561, 452, 592, 1, 29, '', 'Laptop Dell', 1, 1, 10, 10, 787, 0, 0, 10, 0, 16, '2014-11-06 09:58:38', 0, '0000-00-00 00:00:00'),
(562, 453, 0, 1, 29, '', 'Laptop Dell', 50, 1, 10, 10, 782, 6, 0.6, 10.6, 0, 16, '2014-11-06 10:14:11', 0, '0000-00-00 00:00:00'),
(563, 454, 593, 1, 108, 'Stokin', 'Stokin Hitam', 50, 2, 20000, 20000, 1671, 6, 1200, 21200, 0, 19, '2014-11-07 01:53:51', 0, '0000-00-00 00:00:00'),
(564, 455, 594, 1, 109, 'Paper Mate', 'Paper Mate pen', 13, 2, 20, 20, 1573, 6, 1.2, 21.2, 0, 33, '2014-11-07 02:33:51', 0, '0000-00-00 00:00:00'),
(565, 456, 596, 1, 110, 'T-shirt', 'T-shirt balck', 50, 5, 50000, 50000, 1671, 6, 3000, 53000, 0, 19, '2014-11-07 02:52:58', 0, '0000-00-00 00:00:00'),
(566, 457, 597, 1, 111, 'Tayar', 'Michelin', 50, 10, 10000, 100000, 1671, 6, 6000, 106000, 0, 55, '2014-11-07 04:06:50', 0, '0000-00-00 00:00:00'),
(567, 458, 598, 1, 99, 'Kain', 'Cotton', 48, 1000, 10, 10000, 1671, 6, 600, 10600, 0, 55, '2014-11-10 03:41:45', 0, '0000-00-00 00:00:00'),
(568, 459, 599, 1, 99, 'Kain', 'Cotton', 48, 10000, 10, 100000, 1671, 6, 6000, 106000, 0, 55, '2014-11-11 01:58:14', 0, '0000-00-00 00:00:00'),
(569, 460, 600, 1, 99, 'Kain', 'Cotton', 48, 300, 10, 3000, 1671, 6, 180, 3180, 0, 55, '2014-11-11 02:51:32', 0, '0000-00-00 00:00:00'),
(570, 461, 603, 1, 107, '', 'Seluar Hitam', 49, 10, 10, 100, 1671, 6, 6, 106, 0, 19, '2014-11-12 05:00:08', 0, '0000-00-00 00:00:00'),
(571, 462, 616, 1, 113, 'Telekung Kanak-Kanak', 'Putih', 51, 2, 200, 400, 1671, 6, 24, 424, 0, 43, '2014-11-12 06:59:26', 0, '0000-00-00 00:00:00');

-- --------------------------------------------------------

--
-- Table structure for table `comp_supplier_statement`
--

CREATE TABLE IF NOT EXISTS `comp_supplier_statement` (
  `ID` int(11) NOT NULL AUTO_INCREMENT,
  `debit` double NOT NULL,
  `credit` double NOT NULL,
  `balance` double NOT NULL,
  `supplierCode` int(11) NOT NULL,
  `supplierName` varchar(16) NOT NULL,
  `description` varchar(255) NOT NULL,
  `referenceNo` varchar(5) NOT NULL,
  `is_delete` smallint(16) NOT NULL,
  PRIMARY KEY (`ID`)
) ENGINE=InnoDB DEFAULT CHARSET=latin1 AUTO_INCREMENT=1 ;

-- --------------------------------------------------------

--
-- Table structure for table `customer`
--

CREATE TABLE IF NOT EXISTS `customer` (
  `ID` int(11) NOT NULL AUTO_INCREMENT,
  `companyID` int(11) NOT NULL,
  `customerName` varchar(128) NOT NULL,
  `accountCode` varchar(8) NOT NULL,
  `customerCompanyNo` varchar(32) NOT NULL,
  `line1` varchar(128) NOT NULL,
  `line2` varchar(128) NOT NULL,
  `line3` varchar(128) NOT NULL,
  `city` varchar(128) NOT NULL,
  `customerPostCode` varchar(8) NOT NULL,
  `customerStateID` int(11) NOT NULL,
  `customerCountryID` int(11) NOT NULL,
  `attention` varchar(16) NOT NULL,
  `website` varchar(32) NOT NULL,
  `phoneNumber1` varchar(50) NOT NULL,
  `phoneNumber2` varchar(50) NOT NULL,
  `fax` varchar(50) NOT NULL,
  `generalNote` varchar(255) NOT NULL,
  `gstRegNo` varchar(16) NOT NULL,
  `termsID` int(11) NOT NULL,
  `creditLimit` int(8) NOT NULL,
  `creditLimitAlert` tinyint(1) NOT NULL,
  `linkedAPAccountID` varchar(11) NOT NULL,
  `createdDate` date NOT NULL,
  `currencyID` int(11) NOT NULL,
  `email` varchar(32) NOT NULL,
  `termstatus` int(11) NOT NULL,
  `createdBy` int(11) NOT NULL,
  `createdTS` timestamp NOT NULL DEFAULT CURRENT_TIMESTAMP,
  `updatedBy` int(11) NOT NULL,
  `updatedTS` timestamp NOT NULL DEFAULT '0000-00-00 00:00:00' ON UPDATE CURRENT_TIMESTAMP,
  `is_delete` int(16) NOT NULL,
  `position` varchar(16) NOT NULL,
  PRIMARY KEY (`ID`)
) ENGINE=InnoDB  DEFAULT CHARSET=latin1 AUTO_INCREMENT=59 ;

--
-- Dumping data for table `customer`
--

INSERT INTO `customer` (`ID`, `companyID`, `customerName`, `accountCode`, `customerCompanyNo`, `line1`, `line2`, `line3`, `city`, `customerPostCode`, `customerStateID`, `customerCountryID`, `attention`, `website`, `phoneNumber1`, `phoneNumber2`, `fax`, `generalNote`, `gstRegNo`, `termsID`, `creditLimit`, `creditLimitAlert`, `linkedAPAccountID`, `createdDate`, `currencyID`, `email`, `termstatus`, `createdBy`, `createdTS`, `updatedBy`, `updatedTS`, `is_delete`, `position`) VALUES
(12, 1, 'Telekom Malaysia', '20', '', '555, JALAN SAMUDRA UTARA 1', 'TAMAN SAMUDRA', '', 'GOMBAK', '68100', 1933, 458, '0', '0', '603 61881213', 'sadasd', '603 61881214', '', '', 27, 12345, 0, '20', '2014-08-19', 1, 'account@salihin.com.my', 17, 0, '2014-05-21 04:52:14', 0, '2014-09-18 02:54:53', 0, '0'),
(15, 1, 'Celcom', '20', '', 'no.23, jalan rampai,', 'taman seri rampai', '', 'wilayah persekutuan', '68100', 1933, 458, '0', '0', '603 61881213', '', '603 61881213', '', '', 0, 0, 0, '20', '0000-00-00', 2, 'qaqa@yahoo.com.my', 0, 0, '2014-05-21 10:57:46', 0, '2014-06-23 02:45:38', 0, 'reseller'),
(16, 1, 'Maxis', '20', '', '23,jalan jalan', 'cari makan', '', 'gombak', '68100', 1933, 458, '0', '0', '603 61881213', '', '603 61881213', '', '', 0, 0, 0, '20', '0000-00-00', 1, 'qaqa@yahoo.com', 0, 0, '2014-05-22 11:18:09', 0, '2014-06-23 02:45:55', 0, 'HELPER'),
(17, 15, 'AXBN', '0', '', 'customer 1, jalan 1, taman 1/1', '', '', 'batu 1', '11111', 1933, 458, '0', '0', '111', '', '111', '', '', 0, 0, 0, '243', '0000-00-00', 1, 'accounts1@salihin.com.my', 0, 0, '2014-05-29 02:56:48', 0, '2014-08-15 07:31:01', 0, 'Manager 1'),
(18, 15, 'Malakoff Utilities', '228', '', 'No 2, jalan 2, taman 2/2', '', '', 'Batu 2', '22222', 1922, 458, '0', '0', '603-88371234', '', '603-88891999', '', '', 0, 5558880, 0, '243', '2014-08-20', 2, 'accounts2@salihin.com.my', 17, 0, '2014-05-29 03:03:13', 0, '2014-08-21 08:40:32', 0, 'Manager 2'),
(19, 15, 'Permata Hijrah', '3333', '', 'No 3, Jalan 3, Taman 3/3', '', '', 'Batu 3', '33333', 1921, 458, '0', '0', '333', '', '333', '', '', 0, 0, 0, '243', '0000-00-00', 1, 'accounts3@salihin.com.my', 0, 0, '2014-05-29 03:06:10', 0, '2014-08-15 07:32:08', 0, 'Manager 3'),
(20, 1, 'ABC Enterprise', '20', '', '', '', '', '', '', 1933, 458, '0', '0', '', '', '', '', '', 0, 0, 0, '20', '0000-00-00', 1, '', 0, 0, '2014-05-29 09:55:13', 0, '2014-06-23 02:46:09', 0, ''),
(21, 27, 'qa', 'qa12', '', '555, JALAN SAMUDRA UTARA 1', 'TAMAN SAMUDRA', '', 'GOMBAK', '68100', 1933, 458, '0', '0', '603 61854646', '', '603 61856767', '', '', 0, 0, 0, '0', '0000-00-00', 0, 'bee@gmail.com', 0, 0, '2014-06-06 09:25:49', 0, '2014-06-06 09:26:01', 0, 'test1'),
(26, 1, 'qa', '0', '', '', '', '', '', '', 0, 458, '0', '0', '', '', '', '', '', 0, 0, 0, '20', '0000-00-00', 1, '', 0, 0, '2014-06-23 02:40:13', 0, '2014-09-02 07:34:23', 0, ''),
(27, 1, 'FARHANA', '20', '', '555, JALAN SAMUDRA UTARA 1', 'TAMAN SAMUDRA', '', 'GOMBAK', '68100', 1921, 458, '0', '0', '603 6178987', '012 3121312', '603 6176756', '', '', 0, 0, 0, '20', '0000-00-00', 1, 'ateeq@webfulcreations.com', 0, 0, '2014-06-23 02:41:34', 0, '2014-09-02 07:34:26', 0, 'tester'),
(28, 45, 'Borong Sdn Bhd', '0', '', 'A12, Jalan Perindustrian 1', 'Taman Perindustrian 2,', '', 'Shah Alam', '40100', 1931, 458, '0', '0', '603 5415 5560', '', '603 5415 6789', '', '', 0, 0, 0, '0', '0000-00-00', 0, 'borong@gmail.com', 0, 0, '2014-07-03 01:09:26', 0, '2014-07-03 01:10:12', 0, 'Account Executiv'),
(29, 55, 'Fabrica Fashion Sdn Bhd', '0', '', 'Lot A1, Wisma PKNS,', 'Kompleks PKNS Jalan 1', '', 'Shah Alam', '40100', 1931, 458, '0', '0', '603 5409090', '', '603 5409898', '', '', 0, 0, 0, '0', '0000-00-00', 0, 'fabrca@gmail.com', 0, 0, '2014-07-03 01:55:09', 0, '0000-00-00 00:00:00', 0, 'Account Executiv'),
(30, 57, 'AH LEONG KIT', '0', '', 'unit 2A-1-1, ', 'lorong perindustrian 1', '', 'shah alam', '40500', 1931, 458, '0', '0', '603 55109091', '012 5678903', '603 55123123', '', '', 0, 0, 0, '0', '0000-00-00', 0, 'ahleong@gmail.com', 0, 0, '2014-07-09 02:05:56', 0, '0000-00-00 00:00:00', 0, 'pemborong'),
(31, 1, 'test111', '0', '', '111', '11', '', '11', '11111', 1921, 458, '0', '0', '11', '11', '11', '11', '11', 0, 0, 0, '20', '0000-00-00', 1, '', 0, 0, '2014-07-11 00:49:22', 0, '0000-00-00 00:00:00', 0, '11'),
(32, 76, 'fana', '0', '1234', '555, JALAN SAMUDRA UTARA 1', 'taman jalan raya', '', 'gombak', '68100', 1933, 458, '0', '0', '', '', '', '', '', 0, 0, 0, '0', '0000-00-00', 0, '', 0, 0, '2014-07-17 07:29:25', 0, '0000-00-00 00:00:00', 0, ''),
(33, 81, 'Alam Megah Sdn Bhd', '0', 'AC1234', 'Lot 2a-1-3, Lorong Perindustrian', 'Taman Usahawan Jaya', '', 'Petaling Jaya', '47000', 1931, 458, '0', '0', '603 41776767', '012 61776767', '603 41771616', '', '', 0, 0, 0, '0', '0000-00-00', 1, 'stock@alam.com.my', 0, 0, '2014-07-21 03:42:44', 0, '0000-00-00 00:00:00', 0, 'Stock Keeper'),
(34, 81, 'Ideal House Sdn Bhd', '0', 'AP2341', '12, Lorong Persiaran S1/2', 'Taman Industri Metro', '', '', '', 0, 458, '0', '0', '603-41223434', '016 3456765', '603-41223535', 'test', '', 0, 0, 0, '0', '0000-00-00', 1, 'consultant@idealhouse.com.my', 0, 0, '2014-07-21 03:56:39', 0, '0000-00-00 00:00:00', 0, 'consultant'),
(35, 84, 'Hello World', '0', 'hello world1214', 'Hello world address', 'add1', '', 'Dhaka', '12345', 278, 50, '0', '0', '603 61851515', '012 61851515', '603 61851515', '', 'A234-A', 0, 0, 0, '27518', '0000-00-00', 10, 'accounts@salihin.com.my', 0, 0, '2014-08-12 12:34:14', 0, '0000-00-00 00:00:00', 0, 'Sales executive'),
(36, 84, 'Pepsi Co.', '0', 'Pepsi3241', 'Dhaka', 'dhaka', '', 'dhaka', '12345', 278, 50, '0', '0', '603 61851515', '012 61851515', '603 61851515', 'General Note', 'A234-A', 0, 0, 0, '27519', '0000-00-00', 1, 'accounts@salihin.com.my', 0, 0, '2014-08-13 06:07:03', 0, '0000-00-00 00:00:00', 0, 'Executive'),
(37, 1, 'sknfajlwm', 'adahj', 'shdak', 'sjdql', 'owqkwm', 'sdsdsd', 'osd;q', '12121', 1923, 458, '0', '0', 'sdsd', '', 'dsad', 'ada', 'ds', 0, 0, 0, '20', '0000-00-00', 9, 'sdhhskd@sd.sd', 0, 0, '2014-08-14 01:31:53', 0, '2014-08-14 01:33:43', 0, ''),
(38, 87, 'Bahagia Sdn Bhd', 'B001', '34444-T', 'No 7778, Jalan Kenari', 'Taman Kenari', '', 'Ampang', '53100', 1933, 458, '0', '0', '6033232323', '', '6033232324', '', '53636363333', 0, 0, 0, '28167', '0000-00-00', 1, 'azi@bahagia.com.my', 0, 0, '2014-08-21 03:37:58', 0, '0000-00-00 00:00:00', 0, ''),
(39, 1, 'SDS', 'SDS', 'SDS', 'SDS', 'sdsS', 'SDS', 'SDS', 'SDSDS', 1923, 458, '0', '0', 'SDS', 'SDS', 'SDS', 'SDS', 'SDSAS', 18, 1212, 0, '20', '2014-08-29', 1, 'DANA@SDS.SD', 0, 0, '2014-08-29 07:23:52', 0, '0000-00-00 00:00:00', 0, ''),
(40, 93, 'QQ SDN BHD', 'QQ', '123456-P', '456346436', '35656346345', '63456RTYFDHFFCH', 'MELAKA', '75250', 1924, 458, '0', '0', '023kl1jl3kl', '', '', '', '123456789012', 0, 21000, 1, '28295', '2014-09-02', 1, 'cscasmn@yagyadj.com.my', 0, 0, '2014-09-02 09:40:17', 0, '2014-09-18 07:45:35', 0, ''),
(41, 93, 'AISHAH SINCLAIR', 'A01', 'A&J ENT', 'NO.222,', 'JALAN KEBANGSAAN', 'TMN MERDEKA', 'SETAPAK', '53100', 1933, 458, '0', '0', '603 6277 9649', '', '603 6277 9648', '2ND PURC', '12345678910', 2, 30, 1, '28295', '2014-09-05', 1, 'aishah@yahoo.com', 0, 0, '2014-09-05 06:51:26', 0, '2014-09-05 06:55:10', 0, ''),
(42, 93, 'dfd', 'dfd', 'df', 'dfd', 'dfd', 'dfd', 'dfdf', 'dfdff', 1933, 458, '0', '0', 'df', 'df', 'dfd', 'dfd', 'dfdf', 2, 10000, 1, '28295', '2014-09-05', 1, 'asasx@yahoo.fr', 0, 0, '2014-09-05 08:41:51', 0, '0000-00-00 00:00:00', 0, ''),
(43, 95, 'wwwwwwwww sdn bhd', 'WWW', '123123-Y', 'asdasda', 'asdasdad', 'asdasdadasd', 'asdada', '33333', 1923, 458, '0', '0', '123123123123', '012 61851514', '12312312312', 'fmkjfhjsgfjafga', 'sadadada', 2, 50000, 1, '28426', '2014-09-11', 1, 'qweqwe@adq.com.my', 0, 0, '2014-09-11 01:56:54', 0, '2014-09-11 01:58:05', 0, ''),
(44, 103, 'Ebit resources', 'E 01', '123432 T', 'no 8 jalan miri 2', 'taman beringin', '', 'kuala lumpur', '52000', 1933, 458, '0', '0', '', '', '', '', '123456789876', 0, 0, 0, '28807', '2014-09-16', 1, '', 0, 0, '2014-09-16 02:00:40', 0, '2014-09-16 02:27:44', 0, ''),
(45, 105, 'Customer01 Sdn Bhd ', '001', '4444-G', 'no 12 jalan marudi 2', 'Jalan laksamana', 'Tamana Laksamana 4', 'Ampang', '23434', 1931, 458, '0', '0', '603-61855444', '', '', '', '', 2, 100000, 0, '29059', '2014-01-01', 1, 'din@customer01.com', 0, 0, '2014-09-16 04:51:10', 0, '0000-00-00 00:00:00', 0, ''),
(46, 93, 'QQ Plus Sdn Bhd', 'QQP', 'QQ Plus Sdn Bhd', '', '', '', '', '', 0, 458, '0', '0', '', '', '', '', '012345678901', 0, 2120000, 1, '28295', '2014-09-18', 1, '', 0, 0, '2014-09-18 07:47:23', 0, '0000-00-00 00:00:00', 0, ''),
(47, 110, 'Customer01 Sdn Bhd ', 'C0001', '6559-J', 'No, 545', 'Jalan laksamana', 'Tamana Laksamana 4', 'Damansara', '45666', 1933, 458, '0', '0', '60361855444', '0126155522', '603 21343423', '', '000025987444', 2, 1000000, 1, '29693', '2014-01-01', 1, 'info@cutomer01.com.my', 0, 0, '2014-09-29 11:21:20', 0, '0000-00-00 00:00:00', 0, ''),
(48, 110, 'Customer02 Sdn Bhd ', 'C0002', '7774-V', 'No.444', 'Jalan Samudra Utara 2', '', 'Batu Caves', '68400', 1931, 458, '0', '0', '6036182545', '0126154545', '6036155445', '', '', 2, 1000000, 1, '29694', '2014-01-01', 1, 'ady@salihin.com.my', 0, 0, '2014-09-29 11:25:44', 0, '0000-00-00 00:00:00', 0, ''),
(49, 107, 'Customer01 Sdn Bhd ', 'C001', '23232-G', 'no. 123', 'Jalan Ampang', 'Tamana Kelana Jaya', 'Ampang', '45156', 1933, 458, '0', '0', '', '', '', '', '132132132123', 0, 0, 0, '29319', '2014-09-30', 1, '', 0, 0, '2014-09-30 01:11:10', 0, '0000-00-00 00:00:00', 0, ''),
(50, 95, 'PREMALATHA', 'P01', '', 'NO.3', 'JALAN 13C/6', 'TAMAN SETAPAK INDAH', 'SETAPAK', '53100', 1933, 458, '0', '0', '', '012 235 6788', '', '', '', 2, 0, 0, '29698', '2014-10-09', 1, 'prem12@yahoo.com', 0, 0, '2014-10-09 01:57:13', 0, '0000-00-00 00:00:00', 0, ''),
(51, 95, 'EDRINNA', 'E01', '', 'NO.1', 'JALAN LANGKAWI', 'DANAU KOTA', 'SETAPAK', '53100', 1933, 458, '0', '0', '', '012 348 7752', '', '', '', 2, 0, 0, '29699', '2014-10-09', 1, 'edrinna22@hotmail.com', 0, 0, '2014-10-09 03:42:22', 0, '0000-00-00 00:00:00', 0, ''),
(52, 111, 'JUSTINA ', 'J01', 'JUSTINA SDN. BHD.', '2A-4', 'TOWER 2A', 'PLAZA SENTRAL', '', '50470', 1933, 458, '0', '0', '03 3210 8899', '012 456 7893', '', '', '234567890123', 2, 10000, 1, '29829', '2014-10-14', 1, 'justina@yahoo.com', 0, 0, '2014-10-14 01:46:14', 0, '0000-00-00 00:00:00', 0, ''),
(53, 111, 'RAYSHA', 'R01', 'RAYSHA ENT', '4C-4', 'TOWER 4', 'PLAZA ANGSANA', 'SKUDAI', '85000', 1921, 458, '0', '0', '', '', '', '', '456789123456', 3, 300000, 1, '29832', '2014-10-14', 1, '', 0, 0, '2014-10-14 07:50:07', 0, '0000-00-00 00:00:00', 0, ''),
(54, 111, 'IZMIR', 'I01', 'IZMIR ENT', 'LEVEL 22', 'KUANTAN PARADE', '', 'KUANTAN', '67000', 1926, 458, '0', '0', '', '', '', '', '789654323456', 3, 400000, 1, '29831', '2014-10-14', 1, '', 0, 0, '2014-10-14 07:57:13', 0, '0000-00-00 00:00:00', 0, ''),
(55, 111, 'HANG TUAH', 'H01', 'HANG TUAH SDN. BHD.', 'xcxcv', 'cxccccccccccccc', 'vvvvvvvvvvvvvvvv', 'bbbb', '77777', 1933, 458, '0', '0', '', '', '', '', '456321456732', 1, 20000, 1, '30056', '2014-10-17', 1, '', 0, 0, '2014-10-17 07:44:41', 0, '2014-11-03 08:12:35', 0, ''),
(56, 116, 'NUR RAYSHA SDN. BHD.', 'R01', '45678S', 'No.2', 'Jalan 12C/6', 'Taman Setapak Indah', 'Setapak', '53100', 1933, 458, '0', '0', '03-4426 7865', '012-224 2288', '', '', '123456789012', 2, 5000, 1, '30341', '2014-11-05', 1, 'raysha224@yahoo.com', 0, 0, '2014-11-05 02:19:38', 0, '2014-11-06 09:22:56', 0, ''),
(57, 116, 'Customer Sdn Bhd ', 'C0001', '4455-T', 'no.556', 'Jalan Berserah', 'Taman Berserah', 'Gombak', '33333', 1931, 458, '0', '0', '', '', '', '', '123456789012', 2, 1000000, 1, '30350', '2014-01-01', 1, '', 0, 0, '2014-11-06 08:08:21', 0, '2014-11-06 08:09:02', 0, ''),
(58, 116, 'Penghutang Jumaat Sdn Bhd', 'PJSB', '111111-A', '555', 'eeeeeeeeeeeeeeee', 'eeeeeeeeeeeeeeeeeeeeeeeee', 'eeeeeeeeeee', '55555', 1921, 458, '0', '0', '075555555', '0125555557', '075555556', 'Jumaat', '111111111111', 2, 30000, 1, '30351', '2014-11-07', 1, 'jb@salihin.com.my', 0, 0, '2014-11-07 03:10:04', 0, '0000-00-00 00:00:00', 0, '');

-- --------------------------------------------------------

--
-- Table structure for table `customer_address`
--

CREATE TABLE IF NOT EXISTS `customer_address` (
  `ID` int(11) NOT NULL AUTO_INCREMENT,
  `companyID` int(11) NOT NULL,
  `customerID` int(11) NOT NULL,
  `addressCode` varchar(50) NOT NULL,
  `addressName` varchar(128) NOT NULL,
  `line1` varchar(128) NOT NULL,
  `line2` varchar(128) NOT NULL,
  `line3` varchar(128) NOT NULL,
  `city` varchar(128) NOT NULL,
  `postCode` varchar(8) NOT NULL,
  `stateID` int(11) NOT NULL,
  `countryID` int(11) NOT NULL,
  `createdBy` int(11) NOT NULL,
  `createdTS` timestamp NOT NULL DEFAULT CURRENT_TIMESTAMP,
  `updatedBy` int(11) NOT NULL,
  `updatedTS` timestamp NOT NULL DEFAULT '0000-00-00 00:00:00' ON UPDATE CURRENT_TIMESTAMP,
  `is_delete` tinyint(1) NOT NULL,
  PRIMARY KEY (`ID`)
) ENGINE=InnoDB  DEFAULT CHARSET=latin1 AUTO_INCREMENT=34 ;

--
-- Dumping data for table `customer_address`
--

INSERT INTO `customer_address` (`ID`, `companyID`, `customerID`, `addressCode`, `addressName`, `line1`, `line2`, `line3`, `city`, `postCode`, `stateID`, `countryID`, `createdBy`, `createdTS`, `updatedBy`, `updatedTS`, `is_delete`) VALUES
(1, 1, 1, '', '', '', '', '', '', '', 0, 0, 0, '2014-05-14 08:45:58', 0, '2014-06-03 10:05:20', 0),
(2, 1, 2, '', '', '', '', '', '', '', 0, 0, 0, '2014-05-14 09:00:46', 0, '2014-06-03 10:05:21', 0),
(3, 1, 5, '', '', '', '', '', '', '', 0, 0, 0, '2014-05-14 09:06:45', 0, '2014-05-19 07:16:29', 0),
(4, 1, 1, '3234', '', 'fad', 'fad', 'fad', '2323', '32222', 1929, 458, 0, '2014-05-19 22:46:16', 0, '2014-08-13 07:27:57', 0),
(5, 1, 17, 'HQ AXBN', 'Apartment 1', 'Apartment 1', 'jalan apartment axbn', 'taman axbn perdata', 'Batu 1.1', '11111', 1923, 458, 0, '2014-05-28 21:13:50', 0, '2014-08-20 03:01:25', 0),
(6, 1, 17, 'W1 AXBN', 'Condo 1', 'Condo 1', 'jalan apartment axbn', 'taman axbn perdata', 'Batu 1.1.1', '11111', 1932, 458, 0, '2014-05-28 21:29:09', 0, '2014-08-20 03:01:52', 0),
(7, 1, 12, 'HQ Telekom Malaysia', 'Apartment 1', 'Apartment 1', '', '', 'Batu 1.1', '11111', 1923, 458, 0, '2014-05-28 21:13:50', 0, '2014-08-13 08:03:31', 0),
(8, 1, 12, 'Branch 1 Telekom Malaysia', 'Condo 1', 'Condo 1', '', '', 'Batu 1.1.1', '11111', 1932, 458, 0, '2014-05-28 21:29:09', 0, '2014-08-13 08:04:02', 0),
(9, 1, 35, 'HQ Hello World', '', 'HQ address', '', '', 'KL', '', 1933, 458, 0, '2014-08-12 23:59:40', 0, '2014-08-13 11:07:53', 1),
(10, 84, 36, 'HQ Pepsi', '', '', '', '', '', '', 1933, 458, 0, '2014-08-13 00:07:23', 0, '2014-08-13 06:46:06', 0),
(11, 84, 36, 'W1 Pepsi', '', 'W1 Pepsi', '', '', '', '', 1921, 458, 0, '2014-08-13 00:07:45', 0, '2014-08-13 06:46:12', 0),
(12, 1, 15, 'HQ Celcom', '', 'KL', '', '', '', '', 0, 458, 0, '2014-08-13 02:05:32', 0, '2014-08-13 08:39:34', 0),
(13, 1, 15, 'HQ Celcom', '', 'KL', '', '', 'KL', '12345', 1933, 458, 0, '2014-08-13 02:05:54', 0, '2014-08-13 08:39:39', 0),
(14, 1, 15, 'Branch 1 Celcom', '', 'KL', '', '', 'KL', '12345', 1933, 458, 0, '2014-08-13 02:06:17', 0, '2014-08-13 08:39:42', 0),
(15, 1, 16, 'HQ Maxis', '', 'Head Quater Maxis', '', '', 'KL', '12345', 1933, 458, 33, '2014-08-13 02:42:38', 0, '0000-00-00 00:00:00', 0),
(16, 1, 16, 'First Branch maxis', '', 'First Branch maxis', '', '', 'KL', '12345', 1933, 458, 33, '2014-08-13 02:43:03', 0, '0000-00-00 00:00:00', 0),
(17, 1, 20, 'HQ ABC Enterprise', '', 'HQ ABC Enterprise', 'HQ ABC Enterprise', 'HQ ABC Enterprise', 'KL', '12345', 1933, 458, 33, '2014-08-13 04:29:23', 0, '0000-00-00 00:00:00', 0),
(18, 84, 35, 'HQ Hello World', '', 'HQ Hello World', 'HQ Hello World', 'HQ Hello World', 'HQ Hello World', '12345', 1933, 458, 33, '2014-08-13 05:07:57', 0, '0000-00-00 00:00:00', 0),
(19, 84, 35, 'Main Branch', '', 'Main Branch', 'Main Branch', 'Main Branch', 'Main Branch', '12323', 1933, 458, 33, '2014-08-13 05:08:35', 0, '0000-00-00 00:00:00', 0),
(20, 87, 38, '001', '', 'Jalan 222', 'TAMAN LAKSAMANA', '', 'SG. BULOH', '34343', 1931, 458, 35, '2014-08-20 21:38:12', 0, '0000-00-00 00:00:00', 0),
(21, 93, 41, 'AS', '', 'NO.222,', 'JALAN KEBANGSAAN', 'TMN MERDEKA', 'SETAPAK', '53100', 1933, 458, 43, '2014-09-05 02:11:31', 0, '0000-00-00 00:00:00', 0),
(22, 103, 44, '123', '', 'no 10 jalan miri 2', 'taman beringin', '', 'kuala lumpur', '52000', 1933, 458, 50, '2014-09-15 20:32:14', 0, '0000-00-00 00:00:00', 0),
(23, 105, 45, 'Kelana Jaya', '', 'no.556', 'Jalan Berserah', 'Taman Berserah', 'Gombak', '45555', 1931, 458, 19, '2014-09-15 23:20:21', 0, '0000-00-00 00:00:00', 0),
(24, 93, 40, 'HQ123', '', 'Address', 'Line1111', 'Line2222', 'Dhaka', '12291', 1933, 458, 16, '2014-09-16 19:46:16', 0, '0000-00-00 00:00:00', 0),
(25, 107, 49, 'Gombak', '', 'Jalan Ship', 'taman beringin', '', 'Gombak', '66555', 1931, 458, 19, '2014-09-29 19:11:32', 0, '0000-00-00 00:00:00', 0),
(26, 111, 52, 'AB', '', 'AAA', 'JLN SS', '', 'KL', '53000', 1933, 458, 43, '2014-10-13 22:05:26', 0, '0000-00-00 00:00:00', 0),
(27, 111, 54, 'PLATINUM VICTORY', '', 'BLOCK A', '', '', 'SETAPAK', '53200', 1933, 458, 43, '2014-10-16 20:43:45', 0, '0000-00-00 00:00:00', 0),
(28, 111, 55, 'BNDR BARU UDA', '', '', '', '', 'JOHOR BAHRU', '80000', 1921, 458, 43, '2014-10-17 01:48:55', 0, '0000-00-00 00:00:00', 0),
(29, 111, 55, 'xf', '', 'ggggggggggggggggggg', 'ggggggggggggg', 'gggggggg', 'ggggggggggg', '77777', 1931, 458, 55, '2014-11-03 01:14:10', 0, '0000-00-00 00:00:00', 0),
(30, 111, 53, 'rr', '', 'rrrrrrrrrrrrrrrrr', 'rrrrrrrrrrrrrrrrrr', 'rrrrrrrrrrrr', 'rrrrrrrrrrrrrr', '66666', 1924, 458, 55, '2014-11-03 01:16:57', 0, '0000-00-00 00:00:00', 0),
(31, 116, 56, 'No.2', '', 'Jalan 12C/6', 'Taman Setapak Indah', '', 'Setapak', '53100', 1933, 458, 43, '2014-11-04 19:22:00', 0, '0000-00-00 00:00:00', 0),
(32, 116, 57, 'CCC01', '', 'no. 123', 'Jalan Bukit bintang', '', 'Kuala Lumput', '54544', 1933, 458, 19, '2014-11-06 01:11:03', 0, '0000-00-00 00:00:00', 0),
(33, 116, 58, 'CH', '', 'C-6048', 'BT 5 1/2', 'Kampung Pantai Cheng', 'Melaka Tengah', '75250', 1924, 458, 55, '2014-11-07 00:35:28', 0, '0000-00-00 00:00:00', 0);

-- --------------------------------------------------------

--
-- Table structure for table `customer_contact`
--

CREATE TABLE IF NOT EXISTS `customer_contact` (
  `ID` int(11) NOT NULL AUTO_INCREMENT,
  `customerID` int(11) NOT NULL,
  `customer_contact_name` varchar(128) NOT NULL,
  `position` varchar(32) NOT NULL,
  `telOffice` varchar(32) NOT NULL,
  `telHp` varchar(32) NOT NULL,
  `email` varchar(64) NOT NULL,
  `remaks` text NOT NULL,
  `createdID` int(11) NOT NULL,
  `createdTS` timestamp NOT NULL DEFAULT CURRENT_TIMESTAMP,
  `updatedBy` int(11) NOT NULL,
  `updatedTS` timestamp NOT NULL DEFAULT '0000-00-00 00:00:00' ON UPDATE CURRENT_TIMESTAMP,
  PRIMARY KEY (`ID`)
) ENGINE=InnoDB DEFAULT CHARSET=latin1 AUTO_INCREMENT=1 ;

-- --------------------------------------------------------

--
-- Table structure for table `gl_setup`
--

CREATE TABLE IF NOT EXISTS `gl_setup` (
  `ID` int(11) NOT NULL,
  `companyID` int(11) NOT NULL,
  `accountTypeID` int(11) NOT NULL,
  `accountNoID` int(11) NOT NULL
) ENGINE=InnoDB DEFAULT CHARSET=latin1;

-- --------------------------------------------------------

--
-- Table structure for table `item`
--

CREATE TABLE IF NOT EXISTS `item` (
  `ID` int(11) NOT NULL AUTO_INCREMENT,
  `companyID` int(11) NOT NULL,
  `itemCode` varchar(32) NOT NULL,
  `name` varchar(64) NOT NULL,
  `description` text NOT NULL,
  `itemCategoryID` int(11) NOT NULL,
  `itemTypeID` int(11) NOT NULL,
  `quantity` int(11) NOT NULL,
  `unitOfMeasureID` int(11) NOT NULL,
  `editDescription` tinyint(1) NOT NULL,
  `imageFile` varchar(64) NOT NULL,
  `itemStatusID` tinyint(4) NOT NULL DEFAULT '1' COMMENT 'default to active=1',
  `reorderLevel` int(11) NOT NULL,
  `incomeID` int(11) NOT NULL,
  `cogsID` int(11) NOT NULL,
  `inventoriesID` int(11) NOT NULL,
  `inputTaxID` int(11) NOT NULL,
  `outputTaxID` int(11) NOT NULL,
  `supplierID` int(11) NOT NULL,
  `memo` text NOT NULL,
  `locationID` int(11) NOT NULL,
  `is_delete` smallint(6) NOT NULL,
  `updateable` smallint(6) NOT NULL,
  `totalAmount` double NOT NULL,
  `totalPayable` double NOT NULL,
  `createdBy` int(11) NOT NULL,
  `createdTS` timestamp NOT NULL DEFAULT CURRENT_TIMESTAMP,
  `updatedBy` int(11) NOT NULL,
  `updatedTS` timestamp NOT NULL DEFAULT '0000-00-00 00:00:00' ON UPDATE CURRENT_TIMESTAMP,
  `supplierPrice` double NOT NULL,
  `salesPrice` double NOT NULL,
  `currencyID` int(11) NOT NULL,
  PRIMARY KEY (`ID`)
) ENGINE=InnoDB  DEFAULT CHARSET=latin1 AUTO_INCREMENT=114 ;

--
-- Dumping data for table `item`
--

INSERT INTO `item` (`ID`, `companyID`, `itemCode`, `name`, `description`, `itemCategoryID`, `itemTypeID`, `quantity`, `unitOfMeasureID`, `editDescription`, `imageFile`, `itemStatusID`, `reorderLevel`, `incomeID`, `cogsID`, `inventoriesID`, `inputTaxID`, `outputTaxID`, `supplierID`, `memo`, `locationID`, `is_delete`, `updateable`, `totalAmount`, `totalPayable`, `createdBy`, `createdTS`, `updatedBy`, `updatedTS`, `supplierPrice`, `salesPrice`, `currencyID`) VALUES
(1, 1, '321000100', 'A12 Wooden Chair', 'Teak wooden chair with natural finish', 0, 22, 10, 29, 0, 'WIN_20140716_0911483.JPG', 1, 0, 53, 0, 79, 14, 1, 0, '', 1, 0, 0, 0, 0, 0, '2014-06-09 09:14:28', 0, '2014-10-17 12:58:14', 0, 321, 1),
(2, 1, '100300100', 'B13 Steel Chair', 'Steel chair for outdoor', 30, 22, 31, 2, 0, 'WIN_20140716_120339.JPG', 1, 23, 1, 2, 79, 0, 1, 0, '', 1, 0, 0, 0, 0, 0, '2014-06-09 09:14:28', 0, '2014-07-16 05:13:57', 3244, 231, 2),
(4, 1, '331000100', 'A23 Plastic Chair', 'Plastic Chair - Blue', 30, 22, 10, 2, 0, 'WIN_20140716_0911481.JPG', 1, 0, 2, 0, 79, 1, 0, 0, '', 1, 0, 0, 0, 0, 0, '2014-06-09 09:14:28', 0, '2014-07-16 01:55:14', 0, 0, 0),
(7, 1, '331000200', 'A24 Plastic Chair', 'Plastic Chair - Red', 0, 22, 10, 2, 0, 'WIN_20140716_0911481.JPG', 1, 0, 53, 57, 25, 0, 0, 0, '', 1, 0, 0, 0, 0, 0, '2014-06-09 09:14:28', 0, '2014-10-09 07:19:52', 2345, 0, 0),
(8, 1, '331000300', 'A25 Plastic Chair', 'Plastic Chair - White', 21, 23, 10, 2, 0, 'WIN_20140716_0911481.JPG', 1, 12, 18, 15, 79, 28, 10, 0, '', 2, 0, 0, 0, 0, 0, '2014-06-09 09:14:28', 0, '2014-07-16 01:55:15', 0, 0, 0),
(9, 1, '501012000', 'Nasi Goreng', 'Nasi Goreng Ayam', 21, 23, 10, 2, 0, 'WIN_20140716_0911481.JPG', 1, 0, 15, 17, 79, 26, 5, 0, '', 2, 0, 0, 0, 0, 0, '2014-06-09 09:14:28', 0, '2014-07-16 01:55:15', 0, 652, 2),
(10, 1, '801010001', 'Bola', 'Bola Tampar Buaya', 30, 22, 10, 2, 0, 'WIN_20140716_0911481.JPG', 1, 0, 0, 0, 79, 0, 0, 0, '', 2, 0, 0, 0, 0, 0, '2014-06-09 09:14:28', 0, '2014-07-16 01:55:16', 111, 0, 0),
(11, 15, 'M001', 'Meja makan bulat', 'saiz 10. warna gold', 30, 22, 0, 2, 0, 'WIN_20140716_0911481.JPG', 1, 5, 276, 280, 248, 48, 35, 0, '', 0, 0, 0, 0, 0, 0, '2014-06-11 00:41:50', 0, '2014-09-03 08:45:21', 2222, 0, 0),
(12, 15, 'M002', 'Meja makan lonjong', 'saiz 10. warna hitam', 30, 22, 0, 2, 0, 'WIN_20140716_0911481.JPG', 1, 2, 276, 280, 248, 48, 35, 0, '', 0, 0, 0, 0, 0, 0, '2014-06-11 02:09:30', 0, '2014-09-02 01:21:26', 3333, 0, 0),
(13, 1, 'B006', 'ALAT TULIS', 'ALATAN TULIS DAN MELUKIS', 20, 22, 0, 13, 0, 'WIN_20140716_0911481.JPG', 1, 0, 53, 57, 25, 15, 1, 0, '', 0, 0, 0, 0, 0, 0, '2014-07-09 02:46:33', 0, '2014-07-16 01:55:17', 0, 0, 0),
(14, 1, '1245677', 'test photo', '', 0, 0, 0, 0, 0, 'WIN_20140716_0911481.JPG', 1, 0, 53, 57, 25, 0, 0, 0, '', 0, 0, 0, 0, 0, 0, '2014-07-16 01:12:32', 0, '2014-07-16 01:55:18', 0, 0, 0),
(15, 1, 'ddsdfs', 'sdf', '', 19, 22, 0, 3, 0, 'WIN_20140716_0911481.JPG', 1, 0, 53, 57, 25, 31, 10, 0, '', 0, 0, 0, 0, 0, 0, '2014-07-16 01:41:53', 0, '2014-07-16 01:41:53', 0, 0, 0),
(16, 81, 'MCA1', 'Microphone', 'Wireless', 19, 22, 0, 13, 0, '', 1, 0, 0, 0, 0, 0, 0, 0, '', 0, 0, 0, 0, 0, 0, '2014-07-21 06:47:25', 0, '0000-00-00 00:00:00', 0, 0, 0),
(17, 81, 'PRO12', 'Sony Projector', 'Projector 1 set with remote', 19, 22, 0, 3, 0, '', 1, 0, 1146, 0, 1146, 0, 0, 0, '', 0, 0, 0, 0, 0, 0, '2014-08-04 01:55:13', 0, '0000-00-00 00:00:00', 0, 0, 0),
(18, 81, 'DELL', 'Laptop Dell', 'Dell High Specification', 19, 22, 0, 0, 0, '', 1, 0, 1146, 1141, 1141, 0, 0, 0, '', 0, 0, 0, 0, 0, 0, '2014-08-04 03:13:07', 0, '0000-00-00 00:00:00', 0, 0, 0),
(19, 84, 'Item 1234', 'New Item', 'New Item description', 30, 22, 0, 3, 0, '', 1, 1, 26428, 26432, 26430, 15, 5, 0, '', 0, 0, 0, 0, 0, 0, '2014-08-05 09:28:20', 0, '0000-00-00 00:00:00', 0, 0, 0),
(20, 84, 'asdfqwer245235', 'lorem ipsum', 'asdfasdf asdf asfd', 30, 22, 0, 12, 0, '', 1, 0, 27444, 27444, 27510, 26, 10, 0, '', 0, 0, 0, 0, 0, 0, '2014-08-12 12:30:52', 0, '0000-00-00 00:00:00', 0, 0, 0),
(21, 87, '0001', 'Speaker', '', 19, 22, 0, 3, 0, '0001.JPG', 1, 5, 28200, 28205, 28172, 0, 0, 0, '', 0, 0, 0, 0, 0, 0, '2014-08-21 04:07:46', 0, '2014-08-21 04:07:46', 0, 0, 0),
(22, 87, '002', 'mice', '', 19, 22, 0, 3, 0, '', 1, 10, 28200, 28205, 28172, 0, 0, 0, '', 0, 0, 0, 0, 0, 0, '2014-08-21 04:08:17', 0, '0000-00-00 00:00:00', 0, 0, 0),
(23, 86, 'C0001', 'Chair', 'Chair with gift', 31, 22, 0, 3, 0, 'C0001.JPG', 1, 100, 28071, 28076, 28043, 237, 224, 0, '', 0, 0, 0, 0, 0, 0, '2014-08-27 07:36:23', 0, '2014-08-27 11:22:15', 0, 0, 0),
(24, 86, 'T001', 'Table', 'Table with gift', 31, 22, 0, 3, 0, '', 1, 100, 28071, 28076, 28043, 237, 224, 0, '', 0, 0, 0, 0, 0, 0, '2014-08-27 07:45:34', 0, '2014-08-27 11:22:35', 0, 0, 0),
(25, 93, 'C01', 'Table', 'Table with Glass', 33, 22, 0, 3, 0, 'C01.JPG', 1, 100, 28328, 28333, 28300, 782, 769, 0, '', 0, 0, 0, 0, 0, 0, '2014-09-02 09:25:49', 0, '2014-09-02 09:31:54', 0, 0, 0),
(26, 93, 'C011', 'Chair', 'Chair with Cover', 33, 22, 0, 1, 0, '', 1, 100, 28328, 28333, 28300, 782, 769, 0, '', 0, 0, 0, 0, 0, 0, '2014-09-02 09:33:52', 0, '2014-11-06 11:43:48', 0, 0, 0),
(27, 93, 'STN', 'PEN PAPERMATE', 'STAT', 34, 22, 0, 3, 0, 'STN.JPG', 1, 5, 28328, 28333, 28300, 782, 769, 0, '', 0, 0, 0, 0, 0, 0, '2014-09-03 08:19:39', 0, '2014-09-03 08:19:39', 0, 0, 0),
(28, 93, 'LTP-0001', 'Laptop', 'Laptop Dell', 0, 0, 0, 0, 0, '', 1, 0, 28328, 28333, 28300, 0, 0, 0, '', 0, 0, 0, 0, 0, 0, '2014-09-03 08:33:10', 0, '2014-10-23 04:02:06', 0, 0, 0),
(29, 93, 'LTP-0001', 'Laptop', 'Laptop Dell', 35, 22, 0, 2, 0, 'LTP-0001.JPG', 1, 5, 28328, 28333, 28300, 782, 769, 0, '', 0, 0, 0, 0, 0, 0, '2014-09-03 08:56:02', 0, '2014-11-06 09:02:51', 0, 0, 0),
(30, 95, 'RT', 'Roti', 'Roti Keras', 37, 22, 0, 9, 0, 'RT.JPG', 1, 100, 28459, 28461, 28431, 1034, 1021, 0, '', 0, 0, 0, 0, 0, 0, '2014-09-05 06:57:34', 0, '2014-09-05 06:57:35', 0, 0, 0),
(31, 102, 'C0001', 'Cabinet ', 'wooden', 39, 22, 0, 3, 0, '', 1, 0, 28714, 28716, 28686, 1132, 1119, 0, '', 0, 0, 0, 0, 0, 0, '2014-09-12 08:20:51', 0, '0000-00-00 00:00:00', 0, 0, 0),
(32, 103, 'F 01', 'Flour', '', 40, 22, 0, 9, 0, '', 1, 10, 28843, 28847, 28812, 1195, 1182, 0, '', 0, 0, 0, 0, 0, 0, '2014-09-15 09:13:03', 0, '0000-00-00 00:00:00', 0, 0, 0),
(33, 104, 'A0001', 'speaker', '', 0, 0, 0, 0, 0, '', 1, 0, 28969, 28974, 28941, 1258, 1245, 0, '', 0, 0, 0, 0, 0, 0, '2014-09-15 09:43:45', 0, '2014-10-23 04:02:06', 0, 0, 0),
(34, 104, 'A00001', 'speaker', '', 41, 22, 0, 3, 0, '', 1, 100, 28969, 28974, 28941, 1258, 1245, 0, '', 0, 0, 0, 0, 0, 0, '2014-09-15 09:46:14', 0, '0000-00-00 00:00:00', 0, 0, 0),
(35, 104, 'A0002', 'Mic', '', 41, 22, 0, 3, 0, '', 1, 100, 28969, 28974, 28941, 1258, 1245, 0, '', 0, 0, 0, 0, 0, 0, '2014-09-15 09:47:16', 0, '0000-00-00 00:00:00', 0, 0, 0),
(36, 105, 'P001', 'Proton Iswara', 'Proton Iswara full spec', 42, 22, 0, 3, 0, '', 1, 100, 29100, 29117, 29064, 1321, 1308, 0, '', 0, 0, 0, 0, 0, 0, '2014-09-16 05:00:29', 0, '0000-00-00 00:00:00', 0, 0, 0),
(37, 105, 'P002', 'Proton Saga', 'Proton Saga full spec', 42, 22, 0, 3, 0, '', 1, 100, 29100, 29117, 29064, 1321, 1308, 0, '', 0, 0, 0, 0, 0, 0, '2014-09-16 05:01:05', 0, '0000-00-00 00:00:00', 0, 0, 0),
(38, 105, 'T001', 'Toyota Alphard', 'Toyota Alphard recon', 44, 22, 0, 3, 0, '', 1, 100, 29100, 29117, 29064, 1321, 1308, 0, '', 0, 0, 0, 0, 0, 0, '2014-09-16 05:01:51', 0, '0000-00-00 00:00:00', 0, 0, 0),
(39, 105, 'T002', 'Toyota Wish', 'Toyota Wish 2.0 Recon', 44, 22, 0, 3, 0, '', 1, 100, 29100, 29117, 29064, 1321, 1308, 0, '', 0, 0, 0, 0, 0, 0, '2014-09-16 05:02:27', 0, '0000-00-00 00:00:00', 0, 0, 0),
(40, 95, 'L001', 'LAPTOP', 'LAPTOP DELL', 45, 22, 0, 3, 0, '', 1, 5, 28459, 28461, 28431, 1034, 1021, 0, '', 0, 0, 0, 0, 0, 0, '2014-09-22 02:12:35', 0, '0000-00-00 00:00:00', 0, 0, 0),
(41, 93, 'K001', 'oju;ikj.', 'tangga', 34, 22, 0, 0, 0, '', 1, 0, 28328, 28327, 28300, 782, 769, 0, '', 0, 0, 0, 0, 0, 0, '2014-09-22 02:53:06', 0, '0000-00-00 00:00:00', 0, 0, 0),
(42, 107, 'S0001', 'Speaker', 'Speaker with cover cabel', 46, 22, 0, 3, 0, '', 1, 100, 29352, 29357, 29324, 1384, 1371, 0, '', 0, 0, 0, 0, 0, 0, '2014-09-22 03:03:11', 0, '0000-00-00 00:00:00', 0, 0, 0),
(43, 107, 'M0001', 'Monitor', 'Monitor with Cabel', 46, 22, 0, 3, 0, '', 1, 100, 29352, 29357, 29324, 1384, 1371, 0, '', 0, 0, 0, 0, 0, 0, '2014-09-22 03:03:48', 0, '0000-00-00 00:00:00', 0, 0, 0),
(44, 95, 'ALZ', 'ALZA', '', 0, 0, 0, 0, 0, '', 1, 0, 28459, 28461, 28431, 1034, 1021, 0, '', 0, 0, 0, 0, 0, 0, '2014-09-24 04:15:54', 0, '2014-10-23 04:02:06', 0, 0, 0),
(45, 95, 'ALZ', 'ALZA', 'ALZA 1.5', 49, 22, 0, 3, 0, '', 1, 5, 28459, 28461, 28431, 1034, 1021, 0, '', 0, 0, 0, 0, 0, 0, '2014-09-24 04:16:48', 0, '0000-00-00 00:00:00', 0, 0, 0),
(46, 95, 'MYV', 'MYVI', 'MYVI 1.3', 49, 22, 0, 3, 0, '', 1, 3, 28459, 28461, 28431, 1034, 1021, 0, '', 0, 0, 0, 0, 0, 0, '2014-09-24 04:17:34', 0, '0000-00-00 00:00:00', 0, 0, 0),
(47, 95, 'VV', 'VIVA', 'VIVA 1.0', 49, 22, 0, 3, 0, '', 1, 3, 28459, 28461, 28431, 1034, 1021, 0, '', 0, 0, 0, 0, 0, 0, '2014-09-24 04:18:40', 0, '0000-00-00 00:00:00', 0, 0, 0),
(48, 107, 'M0002', 'Mouse', 'Mouse', 46, 22, 0, 3, 0, '', 1, 100, 29352, 29357, 29324, 1384, 1371, 0, '', 0, 0, 0, 0, 0, 0, '2014-09-30 01:33:59', 0, '2014-09-30 01:34:13', 0, 0, 0),
(49, 107, 'K001', 'Keyboard', 'Keyboard', 46, 22, 0, 0, 0, '', 1, 100, 29352, 29357, 29324, 1384, 1371, 0, '', 0, 0, 0, 0, 0, 0, '2014-09-30 01:50:47', 0, '0000-00-00 00:00:00', 0, 0, 0),
(50, 110, 'I001', 'Speaker', 'Speaker with cover cabel', 50, 22, 0, 3, 0, '', 1, 100, 29615, 29620, 29587, 1510, 1497, 0, '', 0, 0, 0, 0, 0, 0, '2014-09-30 09:10:12', 0, '2014-09-30 09:35:04', 0, 0, 0),
(51, 110, 'I002', 'DVD Player', 'DVD Player with Cable', 50, 22, 0, 3, 0, '', 1, 100, 29615, 29620, 29587, 1510, 1497, 0, '', 0, 0, 0, 0, 0, 0, '2014-09-30 09:11:05', 0, '2014-09-30 09:35:44', 0, 0, 0),
(52, 110, 'I003', 'Sound System', 'Sound System complete set', 50, 22, 0, 3, 0, '', 1, 100, 29615, 29620, 29587, 1510, 1497, 0, '', 0, 0, 0, 0, 0, 0, '2014-09-30 09:11:52', 0, '2014-09-30 09:35:58', 0, 0, 0),
(53, 110, 'I004', 'Monitor', 'Monitor 42inci', 50, 22, 0, 3, 0, '', 1, 100, 29615, 29620, 29587, 1510, 1497, 0, '', 0, 0, 0, 0, 0, 0, '2014-09-30 09:14:03', 0, '2014-09-30 09:36:08', 0, 0, 0),
(54, 110, 'I005', 'VCD Player', 'VCD Player with cable', 50, 22, 0, 3, 0, '', 1, 100, 29615, 29620, 29587, 1510, 1497, 0, '', 0, 0, 0, 0, 0, 0, '2014-09-30 09:40:01', 0, '0000-00-00 00:00:00', 0, 0, 0),
(55, 110, 'I006', 'Item 06', 'Item 06', 51, 22, 0, 3, 0, '', 1, 100, 29615, 29620, 29587, 1496, 1498, 0, '', 0, 0, 0, 0, 0, 0, '2014-09-30 11:10:21', 0, '0000-00-00 00:00:00', 0, 0, 0),
(56, 110, 'I007', 'Item 07', 'Item 07', 51, 22, 0, 3, 0, '', 1, 100, 29615, 29620, 29587, 1511, 1500, 0, '', 0, 0, 0, 0, 0, 0, '2014-09-30 11:11:14', 0, '0000-00-00 00:00:00', 0, 0, 0),
(57, 110, 'I008', 'Item 08', 'Item 08', 51, 23, 0, 3, 0, '', 1, 0, 29615, 29620, 0, 1512, 1497, 0, '', 0, 0, 0, 0, 0, 0, '2014-09-30 11:12:39', 0, '0000-00-00 00:00:00', 0, 0, 0),
(58, 110, 'I009', 'Item 09', 'Item 09', 51, 22, 0, 3, 0, '', 1, 100, 29615, 29620, 29587, 1513, 1499, 0, '', 0, 0, 0, 0, 0, 0, '2014-09-30 11:13:23', 0, '0000-00-00 00:00:00', 0, 0, 0),
(59, 110, 'I010', 'Item 10', 'Item 10', 51, 22, 0, 3, 0, '', 1, 1100, 29615, 29620, 29587, 1514, 1501, 0, '', 0, 0, 0, 0, 0, 0, '2014-09-30 11:14:07', 0, '0000-00-00 00:00:00', 0, 0, 0),
(60, 110, 'I011', 'Item 11', 'Item 11', 51, 22, 0, 3, 0, '', 1, 100, 29615, 29620, 29587, 1515, 1502, 0, '', 0, 0, 0, 0, 0, 0, '2014-09-30 11:14:44', 0, '0000-00-00 00:00:00', 0, 0, 0),
(61, 110, 'I012', 'Item 12', 'Item 12', 51, 22, 0, 3, 0, '', 1, 100, 29615, 29620, 29587, 1516, 1503, 0, '', 0, 0, 0, 0, 0, 0, '2014-09-30 11:15:45', 0, '0000-00-00 00:00:00', 0, 0, 0),
(62, 110, 'I013', 'Item13', 'Item13', 51, 22, 0, 3, 0, '', 1, 100, 29615, 29620, 29587, 1517, 1504, 0, '', 0, 0, 0, 0, 0, 0, '2014-09-30 11:28:50', 0, '0000-00-00 00:00:00', 0, 0, 0),
(63, 110, 'I014', 'Item 14', 'Item 14', 51, 22, 0, 3, 0, '', 1, 100, 29615, 29620, 29587, 1518, 1505, 0, '', 0, 0, 0, 0, 0, 0, '2014-09-30 11:29:33', 0, '0000-00-00 00:00:00', 0, 0, 0),
(64, 110, 'I015', 'Item 15', 'Item 15', 51, 0, 0, 3, 0, '', 1, 100, 29615, 29620, 29587, 1519, 1506, 0, '', 0, 0, 0, 0, 0, 0, '2014-09-30 11:30:09', 0, '2014-10-23 04:02:06', 0, 0, 0),
(65, 110, 'I016', 'Item 16', 'Item 16', 51, 22, 0, 0, 0, '', 1, 100, 29615, 29620, 29587, 1520, 1499, 0, '', 0, 0, 0, 0, 0, 0, '2014-09-30 11:31:02', 0, '0000-00-00 00:00:00', 0, 0, 0),
(66, 110, 'I017', 'Item 17', 'Item 17', 51, 22, 0, 3, 0, '', 1, 0, 29615, 29620, 29587, 1521, 1501, 0, '', 0, 0, 0, 0, 0, 0, '2014-09-30 11:31:34', 0, '0000-00-00 00:00:00', 0, 0, 0),
(67, 110, 'I018', 'Item 18', 'Item 18', 51, 0, 0, 3, 0, '', 1, 100, 29615, 29620, 29587, 1522, 1504, 0, '', 0, 0, 0, 0, 0, 0, '2014-09-30 11:32:02', 0, '2014-10-23 04:02:06', 0, 0, 0),
(68, 110, 'I015', 'Item15', 'Item15', 51, 22, 0, 3, 0, '', 1, 100, 29615, 29620, 29587, 1523, 1504, 0, '', 0, 0, 0, 0, 0, 0, '2014-09-30 11:33:20', 0, '0000-00-00 00:00:00', 0, 0, 0),
(69, 110, 'I018', 'Item 18', 'Item15', 51, 22, 0, 3, 0, '', 1, 100, 29615, 29620, 29587, 1511, 1498, 0, '', 0, 0, 0, 0, 0, 0, '2014-09-30 11:34:07', 0, '0000-00-00 00:00:00', 0, 0, 0),
(70, 84, 'iphn6001', 'iPhone 6', 'Apple''s iPhone 6', 0, 22, 0, 2, 0, '', 1, 10, 27452, 27457, 27530, 111, 98, 0, '', 0, 0, 0, 0, 0, 0, '2014-10-02 01:17:29', 0, '0000-00-00 00:00:00', 0, 0, 0),
(71, 111, 'SPK', 'SPEAKER', 'BLACK', 53, 22, 0, 3, 0, 'SPK.JPG', 1, 0, 29751, 29757, 29723, 1573, 1560, 0, '', 0, 0, 0, 0, 0, 0, '2014-10-13 08:18:08', 0, '2014-10-14 02:38:43', 0, 0, 0),
(72, 111, 'MIC', 'MICROPHONE', 'CORDLESS', 54, 22, 0, 3, 0, '', 1, 10, 29751, 29757, 29723, 1573, 1560, 0, '', 0, 0, 0, 0, 0, 0, '2014-10-16 08:05:06', 0, '2014-10-23 04:02:06', 0, 0, 0),
(73, 111, 'C01', 'Chair', 'Chair with Cover', 55, 22, 0, 3, 0, '', 2, 0, 29751, 29756, 29723, 1573, 1560, 0, '', 0, 0, 0, 0, 0, 0, '2014-10-16 08:16:04', 0, '0000-00-00 00:00:00', 0, 0, 0),
(74, 111, 'MYVI', 'MYVI 1.3', '', 56, 22, 0, 3, 0, '', 1, 3, 29751, 29834, 29723, 1573, 1560, 0, '', 0, 0, 0, 0, 0, 0, '2014-10-16 08:37:15', 0, '2014-10-23 04:02:06', 0, 0, 0),
(75, 111, '56', 'DGFGDFG', 'FDGDFG', 53, 22, 0, 8, 0, '', 1, 0, 29751, 29756, 29723, 1573, 1560, 0, '', 0, 0, 0, 0, 0, 0, '2014-10-16 09:01:33', 0, '2014-10-23 04:02:06', 0, 0, 0),
(76, 111, '565', 'RTDTD', '', 55, 22, 0, 8, 0, '', 2, 0, 29751, 29756, 29723, 1573, 1560, 0, '', 0, 0, 0, 0, 0, 0, '2014-10-16 09:02:17', 0, '0000-00-00 00:00:00', 0, 0, 0),
(77, 111, 'MYVI', 'MYVI 1.3', '', 56, 22, 0, 3, 0, '', 1, 0, 29751, 29838, 29845, 1573, 1560, 0, '', 0, 0, 0, 0, 0, 0, '2014-10-17 01:30:18', 0, '2014-10-17 03:23:52', 0, 0, 0),
(78, 111, 'C01', 'TUDUNG', 'TUDUNG BAWAL', 58, 22, 0, 3, 0, 'C01.JPG', 1, 50, 29842, 29840, 29843, 1573, 1560, 0, '', 0, 0, 0, 0, 0, 0, '2014-10-17 01:41:22', 0, '2014-10-30 08:01:39', 0, 0, 0),
(79, 111, 'IRIZ', 'IRIZ 1.6', '', 57, 22, 0, 3, 0, '', 1, 0, 29846, 29839, 29844, 1573, 1560, 0, '', 0, 0, 0, 0, 0, 0, '2014-10-17 01:47:05', 0, '0000-00-00 00:00:00', 0, 0, 0),
(80, 111, 'ALZ', 'ALZA1.5', '', 56, 22, 0, 3, 0, '', 1, 0, 29841, 29838, 29845, 1573, 1560, 0, '', 0, 0, 0, 0, 0, 0, '2014-10-17 01:50:35', 0, '0000-00-00 00:00:00', 0, 0, 0),
(81, 111, 'RON97', 'RON97', '', 59, 22, 0, 13, 0, '', 2, 0, 29751, 29756, 29723, 1573, 1560, 0, '', 0, 0, 0, 0, 0, 0, '2014-10-17 04:36:20', 0, '0000-00-00 00:00:00', 0, 0, 0),
(82, 111, 'RZ0', 'ROZA', 'RRR', 59, 22, 0, 13, 0, '', 1, 0, 29751, 29756, 29723, 1573, 1560, 0, '', 0, 0, 0, 0, 0, 0, '2014-10-17 04:37:25', 0, '2014-10-23 04:02:06', 0, 0, 0),
(83, 111, 'CIGAR', 'DUNHILL', '12 BOX', 60, 22, 0, 13, 0, '', 1, 10, 29751, 29756, 29723, 1573, 1560, 0, '', 0, 0, 0, 0, 0, 0, '2014-10-17 07:27:15', 0, '2014-10-21 01:09:56', 0, 0, 0),
(84, 114, 'IS01', 'SUGAR', 'FOR CAKE', 63, 22, 0, 0, 0, '', 1, 30, 29903, 29907, 29872, 1636, 1623, 0, '', 0, 0, 0, 0, 0, 0, '2014-10-17 08:51:03', 0, '0000-00-00 00:00:00', 0, 0, 0),
(85, 114, 'IE01', 'EGG', 'FOR CAKE', 61, 22, 0, 0, 0, '', 1, 30, 29903, 29907, 29872, 1636, 1623, 0, '', 0, 0, 0, 0, 0, 0, '2014-10-17 08:52:16', 0, '0000-00-00 00:00:00', 0, 0, 0),
(86, 114, 'IF01', 'FLOUR', 'FOR CAKE', 62, 22, 0, 0, 0, '', 1, 20, 29903, 29907, 29872, 1636, 1623, 0, '', 0, 0, 0, 0, 0, 0, '2014-10-17 08:53:09', 0, '0000-00-00 00:00:00', 0, 0, 0),
(87, 111, 'S001', 'Acounting fee', '', 0, 23, 0, 0, 0, '', 1, 0, 29751, 29756, 0, 1573, 1560, 0, '', 0, 0, 0, 0, 0, 0, '2014-10-20 06:47:04', 0, '2014-10-23 04:02:06', 0, 0, 0),
(88, 111, 'ACC', 'Accounting fee', '', 60, 23, 0, 17, 0, '', 1, 0, 29751, 29756, 0, 1573, 1560, 0, '', 0, 0, 0, 0, 0, 0, '2014-10-20 06:48:04', 0, '0000-00-00 00:00:00', 0, 0, 0),
(90, 111, 'M001', 'Mum Mineral Water', 'Mineral Water', 66, 22, 0, 17, 0, '', 1, 0, 29751, 29756, 29723, 1573, 1560, 0, '', 0, 0, 0, 0, 0, 0, '2014-10-20 07:38:36', 0, '0000-00-00 00:00:00', 0, 0, 0),
(91, 111, 'MYVI', 'MYVI 1.3', 'CHASIS 1234', 56, 22, 0, 3, 0, '', 1, 0, 29841, 29838, 29845, 1573, 1560, 0, '', 0, 0, 0, 0, 0, 0, '2014-10-21 01:42:02', 0, '0000-00-00 00:00:00', 0, 0, 0),
(92, 111, 'E01', 'EXAMPLE', 'EXAMPLE01', 57, 22, 0, 13, 0, '', 1, 0, 29751, 29756, 29723, 1573, 1560, 0, '', 0, 0, 0, 0, 0, 0, '2014-10-23 03:25:48', 0, '2014-10-23 04:02:06', 0, 0, 0),
(93, 111, 'H001', 'Samsung Note 4', 'Samsung Note 4', 55, 22, 0, 17, 0, '', 1, 10, 29751, 29756, 29723, 1573, 1560, 0, '', 0, 0, 0, 0, 0, 0, '2014-10-27 02:40:26', 0, '0000-00-00 00:00:00', 0, 0, 0),
(94, 111, 'k007', 'Kawasaki', 'Kawasaki ninja', 55, 22, 0, 3, 0, '', 1, 5, 29751, 29756, 29723, 1573, 1560, 0, '', 0, 0, 0, 0, 0, 0, '2014-10-28 08:25:26', 0, '0000-00-00 00:00:00', 0, 0, 0),
(95, 111, 'TS1', 'TUDUNG SYRIA', 'TDG SYRIA KANAK2', 58, 22, 0, 45, 0, 'TS1.JPG', 1, 50, 29842, 29840, 29843, 1573, 1560, 0, '', 0, 0, 0, 0, 0, 0, '2014-10-31 01:59:31', 0, '2014-10-31 01:59:31', 0, 0, 0),
(96, 111, 'TAR', 'TUDUNG ARIANI', 'ARIANI', 58, 22, 0, 45, 0, '', 1, 100, 29842, 29840, 29843, 1573, 1560, 0, '', 0, 0, 0, 0, 0, 0, '2014-10-31 07:49:23', 0, '0000-00-00 00:00:00', 0, 0, 0),
(97, 111, 'YY 90', 'Wallet', 'Wallet Kulit', 60, 22, 0, 3, 0, '', 1, 0, 29751, 29756, 29723, 1573, 1560, 0, '', 0, 0, 0, 0, 0, 0, '2014-11-03 01:26:21', 0, '0000-00-00 00:00:00', 0, 0, 0),
(98, 116, 'T001', 'Tudung', 'Tudung Merah', 67, 22, 0, 47, 0, '', 1, 100, 30275, 30282, 30244, 1671, 1658, 0, '', 0, 0, 0, 0, 0, 0, '2014-11-04 08:11:40', 0, '0000-00-00 00:00:00', 0, 0, 0),
(99, 116, 'Ct', 'Kain', 'Cotton', 68, 22, 0, 48, 0, '', 1, 30, 30275, 30282, 30244, 1671, 1658, 0, '', 0, 0, 0, 0, 0, 0, '2014-11-04 08:19:07', 0, '0000-00-00 00:00:00', 0, 0, 0),
(100, 116, 'B01', 'Baju Kebaya', 'Merah', 67, 22, 0, 49, 0, '', 1, 20, 30275, 30282, 30244, 1671, 1658, 0, '', 0, 0, 0, 0, 0, 0, '2014-11-04 08:45:44', 0, '2014-11-05 01:36:53', 0, 0, 0),
(101, 116, 'B02', 'Baju Kurung Pahang', 'Hijau', 67, 22, 0, 49, 0, '', 1, 0, 30275, 30282, 30244, 1671, 1658, 0, '', 0, 0, 0, 0, 0, 0, '2014-11-04 09:04:53', 0, '2014-11-05 07:12:37', 0, 0, 0),
(102, 116, 'B03', 'Baju Kebarung', 'Biru', 67, 22, 0, 49, 0, '', 1, 20, 30275, 30282, 30244, 1671, 1658, 0, '', 0, 0, 0, 0, 0, 0, '2014-11-04 09:09:40', 0, '2014-11-05 01:37:34', 0, 0, 0),
(103, 111, 'Fzr007', 'Fazer 2010', 'Yamaha Sports Bike', 69, 22, 0, 3, 0, '', 1, 10, 29751, 29756, 29723, 1573, 1560, 0, '', 0, 0, 0, 0, 0, 0, '2014-11-05 02:35:11', 0, '0000-00-00 00:00:00', 0, 0, 0),
(104, 111, 'mod11', 'Modenas', 'Modenas Super Bike', 69, 22, 0, 3, 0, '', 1, 10, 29751, 29756, 29723, 1573, 1560, 0, '', 0, 0, 0, 0, 0, 0, '2014-11-05 06:12:07', 0, '0000-00-00 00:00:00', 0, 0, 0),
(105, 116, 'B04', 'Baju Kurung Kedah', 'Kuning', 67, 22, 0, 49, 0, '', 1, 0, 30275, 30282, 30244, 1671, 1658, 0, '', 0, 0, 0, 0, 0, 0, '2014-11-06 01:43:39', 0, '0000-00-00 00:00:00', 0, 0, 0),
(106, 116, 'B05', 'Baju Kurung Modern', 'Pink', 67, 22, 0, 49, 0, '', 1, 20, 30275, 30282, 30349, 1671, 1658, 0, '', 0, 0, 0, 0, 0, 0, '2014-11-06 02:10:57', 0, '0000-00-00 00:00:00', 0, 0, 0),
(107, 116, 'S001', 'Seluar', 'Seluar Hitam', 67, 22, 0, 49, 0, '', 1, 100, 30275, 30282, 30244, 1671, 1658, 0, '', 0, 0, 0, 0, 0, 0, '2014-11-06 08:10:40', 0, '0000-00-00 00:00:00', 0, 0, 0),
(108, 116, 'S002', 'Stokin', 'Stokin Hitam', 67, 22, 0, 49, 0, '', 1, 100, 30275, 30282, 30244, 1671, 1658, 0, '', 0, 0, 0, 0, 0, 0, '2014-11-07 01:44:35', 0, '0000-00-00 00:00:00', 0, 0, 0),
(109, 111, 'pen001', 'Paper Mate', 'Paper Mate pen', 60, 22, 0, 3, 0, '', 1, 10, 29751, 29756, 29723, 1573, 1560, 0, '', 0, 0, 0, 0, 0, 0, '2014-11-07 02:29:38', 0, '0000-00-00 00:00:00', 0, 0, 0),
(110, 116, 'T001', 'T-shirt', 'T-shirt balck', 67, 22, 0, 47, 0, '', 1, 100, 30275, 30282, 30244, 1671, 1658, 0, '', 0, 0, 0, 0, 0, 0, '2014-11-07 02:50:18', 0, '2014-11-07 03:00:04', 0, 0, 0),
(111, 116, 'TY', 'Tayar', 'Michelin', 67, 22, 0, 47, 0, '', 1, 0, 30275, 30282, 30244, 1671, 1658, 0, '', 0, 0, 0, 0, 0, 0, '2014-11-07 03:50:52', 0, '0000-00-00 00:00:00', 0, 0, 0),
(112, 111, 'Lays001', 'Lays Chip', 'Lays potato chip', 60, 22, 0, 3, 0, '', 1, 10, 29751, 29756, 29723, 1573, 1560, 0, '', 0, 0, 0, 0, 0, 0, '2014-11-11 09:13:48', 0, '0000-00-00 00:00:00', 0, 0, 0),
(113, 116, 'TLKG', 'Telekung Kanak-Kanak', 'Putih', 67, 22, 0, 49, 0, '', 1, 10, 30275, 30282, 30244, 1671, 1658, 0, '', 0, 0, 0, 0, 0, 0, '2014-11-12 06:44:36', 0, '2014-11-12 06:48:45', 0, 0, 0);

--
-- Triggers `item`
--
DROP TRIGGER IF EXISTS `trigger_before_insert_item`;
DELIMITER //
CREATE TRIGGER `trigger_before_insert_item` BEFORE INSERT ON `item`
 FOR EACH ROW begin
if new.incomeID = 0 or new.incomeID is null then 
set new.incomeID = (select accountID from comp_control_acct_setup where ID > 0 and companyID = new.companyID and accountCode='saleacct'); 
end if;
if new.cogsID = 0 or new.cogsID is null then 
set new.cogsID = (select accountID from comp_control_acct_setup where id>0 and companyID = new.companyID and accountCode = 'saleacct');
end if;

end
//
DELIMITER ;

-- --------------------------------------------------------

--
-- Table structure for table `item_adjustment`
--

CREATE TABLE IF NOT EXISTS `item_adjustment` (
  `ID` int(11) NOT NULL AUTO_INCREMENT,
  `companyID` int(11) NOT NULL,
  `locationID` int(11) NOT NULL,
  `formNo` varchar(32) NOT NULL,
  `updateAble` smallint(11) NOT NULL DEFAULT '1',
  `adjustmentDate` date NOT NULL,
  `createdBy` varchar(50) NOT NULL,
  `createdTS` timestamp NOT NULL DEFAULT CURRENT_TIMESTAMP,
  `updatedBy` int(11) NOT NULL,
  `updatedTS` timestamp NOT NULL DEFAULT '0000-00-00 00:00:00' ON UPDATE CURRENT_TIMESTAMP,
  PRIMARY KEY (`ID`)
) ENGINE=InnoDB  DEFAULT CHARSET=latin1 AUTO_INCREMENT=53 ;

--
-- Dumping data for table `item_adjustment`
--

INSERT INTO `item_adjustment` (`ID`, `companyID`, `locationID`, `formNo`, `updateAble`, `adjustmentDate`, `createdBy`, `createdTS`, `updatedBy`, `updatedTS`) VALUES
(18, 1, 1, 'IA', 0, '2014-06-20', '', '2014-06-20 04:29:17', 0, '2014-06-23 01:53:41'),
(19, 1, 2, 'IA', 0, '2014-06-24', '16', '2014-06-24 02:20:36', 0, '2014-08-18 11:05:36'),
(20, 1, 1, 'IA', 0, '2014-08-04', '16', '2014-08-04 06:38:42', 0, '2014-08-18 11:05:36'),
(21, 1, 2, 'IA', 0, '2014-08-18', '33', '2014-08-18 10:48:14', 0, '2014-08-18 11:05:37'),
(22, 1, 1, 'IA', 0, '2014-08-18', '33', '2014-08-18 10:50:01', 0, '2014-08-18 10:50:19'),
(23, 1, 1, 'IA', 0, '2014-08-18', '33', '2014-08-18 11:06:08', 0, '2014-08-18 11:06:40'),
(24, 1, 2, 'IA', 0, '2014-08-18', '33', '2014-08-18 11:06:30', 0, '2014-08-18 11:06:40'),
(25, 1, 1, 'IA', 0, '2014-08-18', '33', '2014-08-18 11:08:16', 0, '2014-08-18 11:08:28'),
(26, 1, 1, 'IA', 0, '2014-08-18', '33', '2014-08-18 11:09:43', 0, '2014-08-18 11:10:04'),
(27, 1, 1, 'IA', 0, '2014-08-18', '33', '2014-08-18 11:09:50', 0, '2014-08-18 11:10:05'),
(28, 1, 1, 'IA', 0, '2014-08-18', '33', '2014-08-18 11:09:55', 0, '2014-08-18 11:10:05'),
(29, 1, 2, 'IA', 0, '2014-08-18', '33', '2014-08-18 11:10:36', 0, '2014-08-18 11:29:25'),
(30, 1, 2, 'IA', 0, '2014-08-18', '33', '2014-08-18 11:10:42', 0, '2014-08-18 11:29:19'),
(31, 1, 1, 'IA', 0, '2014-08-18', '33', '2014-08-18 11:11:18', 0, '2014-08-18 11:12:08'),
(32, 1, 1, 'IA', 0, '2014-08-18', '33', '2014-08-18 11:11:26', 0, '2014-08-18 11:12:08'),
(33, 1, 1, 'IA', 0, '2014-08-18', '33', '2014-08-18 11:11:41', 0, '2014-08-18 11:28:50'),
(34, 1, 1, 'IA', 0, '2014-08-18', '33', '2014-08-18 11:11:53', 0, '2014-08-18 11:28:50'),
(35, 1, 2, 'IA', 0, '2014-08-18', '33', '2014-08-18 11:29:39', 0, '2014-08-18 11:30:33'),
(36, 1, 2, 'IA', 0, '2014-08-18', '33', '2014-08-18 11:29:46', 0, '2014-08-18 11:30:33'),
(37, 1, 2, 'IA', 0, '2014-08-18', '33', '2014-08-18 11:30:17', 0, '2014-08-18 11:30:33'),
(38, 1, 1, 'IA', 0, '2014-08-19', '33', '2014-08-19 01:08:35', 0, '2014-08-19 01:22:12'),
(39, 1, 2, 'IA', 0, '2014-08-19', '33', '2014-08-19 01:17:25', 0, '2014-08-19 01:22:12'),
(40, 1, 1, 'IA', 0, '2014-08-19', '33', '2014-08-19 01:27:50', 0, '2014-08-19 01:29:43'),
(41, 1, 1, 'IA', 0, '2014-08-19', '33', '2014-08-19 01:27:59', 0, '2014-08-19 01:29:28'),
(42, 1, 1, 'IA', 0, '2014-08-19', '33', '2014-08-19 01:28:04', 0, '2014-08-19 01:29:22'),
(43, 1, 1, 'IA', 0, '2014-08-19', '33', '2014-08-19 01:28:08', 0, '2014-08-19 01:29:22'),
(44, 1, 1, 'IA', 0, '2014-08-19', '33', '2014-08-19 01:28:13', 0, '2014-08-19 01:28:35'),
(45, 1, 1, 'IA', 0, '2014-08-19', '33', '2014-08-19 01:28:23', 0, '2014-08-19 01:28:35'),
(46, 1, 1, 'IA', 0, '2014-08-19', '33', '2014-08-19 01:29:37', 0, '2014-08-19 01:29:43'),
(47, 93, 15, 'IA', 0, '2014-09-08', '16', '2014-09-08 07:07:17', 0, '2014-09-08 07:08:52'),
(48, 93, 15, 'IA', 0, '2014-09-08', '16', '2014-09-08 07:09:22', 0, '2014-09-08 07:09:28'),
(49, 93, 15, 'IA', 1, '2014-09-22', '19', '2014-09-22 01:28:12', 0, '0000-00-00 00:00:00'),
(50, 110, 29, 'IA', 1, '2014-10-13', '19', '2014-10-13 05:05:09', 0, '0000-00-00 00:00:00'),
(51, 111, 36, 'IA', 0, '2014-11-05', '33', '2014-11-05 07:08:44', 0, '2014-11-05 07:09:22'),
(52, 116, 44, 'IA', 1, '2014-11-05', '43', '2014-11-05 08:12:34', 0, '0000-00-00 00:00:00');

-- --------------------------------------------------------

--
-- Table structure for table `item_adjustment_detail`
--

CREATE TABLE IF NOT EXISTS `item_adjustment_detail` (
  `ID` int(11) NOT NULL AUTO_INCREMENT,
  `adjustmentID` int(11) NOT NULL,
  `itemID` int(11) NOT NULL,
  `lineNo` int(11) NOT NULL,
  `unitOfMeasureID` int(11) NOT NULL,
  `umID` int(11) NOT NULL,
  `qtyOnHand` double NOT NULL COMMENT 'The number of items on the time of Adjustment',
  `counted` double NOT NULL COMMENT 'The actual number of items on the time of adjustment',
  `onDatePrice` double NOT NULL,
  `updateAble` smallint(11) NOT NULL DEFAULT '1',
  `adjustmentDate` date NOT NULL,
  `createdBy` varchar(50) NOT NULL,
  `createdTS` timestamp NOT NULL DEFAULT CURRENT_TIMESTAMP,
  `updatedBy` int(11) NOT NULL,
  `updatedTS` timestamp NOT NULL DEFAULT '0000-00-00 00:00:00' ON UPDATE CURRENT_TIMESTAMP,
  PRIMARY KEY (`ID`)
) ENGINE=InnoDB  DEFAULT CHARSET=latin1 AUTO_INCREMENT=54 ;

--
-- Dumping data for table `item_adjustment_detail`
--

INSERT INTO `item_adjustment_detail` (`ID`, `adjustmentID`, `itemID`, `lineNo`, `unitOfMeasureID`, `umID`, `qtyOnHand`, `counted`, `onDatePrice`, `updateAble`, `adjustmentDate`, `createdBy`, `createdTS`, `updatedBy`, `updatedTS`) VALUES
(18, 18, 1, 1, 2, 0, 0, 6, 0, 1, '2014-06-20', '', '2014-06-20 04:29:17', 0, '2014-06-20 08:53:06'),
(19, 18, 4, 2, 2, 0, 0, 3, 0, 1, '2014-06-20', '', '2014-06-20 04:29:17', 0, '2014-06-20 08:53:11'),
(20, 18, 7, 3, 2, 0, 0, 6, 0, 1, '2014-06-20', '', '2014-06-20 04:29:17', 0, '0000-00-00 00:00:00'),
(21, 19, 1, 1, 2, 0, 10, 10, 0, 1, '2014-06-24', '', '2014-06-24 02:20:36', 0, '2014-08-18 10:13:30'),
(22, 20, 1, 1, 2, 0, 2, 2, 0, 1, '2014-08-04', '', '2014-08-04 06:38:42', 0, '2014-08-18 05:41:37'),
(23, 21, 1, 1, 2, 0, 15, 25, 0, 1, '2014-08-18', '', '2014-08-18 10:48:14', 0, '2014-08-18 10:54:23'),
(24, 21, 9, 2, 9, 0, 678, 500, 0, 1, '2014-08-18', '', '2014-08-18 10:48:14', 0, '2014-08-18 11:02:25'),
(25, 21, 10, 3, 2, 0, 10, 7, 111, 1, '2014-08-18', '', '2014-08-18 10:48:14', 0, '2014-08-18 11:02:42'),
(26, 22, 1, 1, 2, 0, 1, 5, 0, 1, '2014-08-18', '', '2014-08-18 10:50:01', 0, '0000-00-00 00:00:00'),
(27, 23, 1, 1, 2, 0, 2, 10, 0, 1, '2014-08-18', '', '2014-08-18 11:06:08', 0, '0000-00-00 00:00:00'),
(28, 25, 4, 1, 2, 0, 0, 10, 0, 1, '2014-08-18', '', '2014-08-18 11:08:17', 0, '0000-00-00 00:00:00'),
(29, 26, 1, 1, 2, 0, 10, 11, 0, 1, '2014-08-18', '', '2014-08-18 11:09:43', 0, '0000-00-00 00:00:00'),
(30, 27, 7, 1, 2, 0, 6, 5, 2345, 1, '2014-08-18', '', '2014-08-18 11:09:50', 0, '0000-00-00 00:00:00'),
(31, 28, 4, 1, 2, 0, 0, 10, 0, 1, '2014-08-18', '', '2014-08-18 11:09:55', 0, '0000-00-00 00:00:00'),
(32, 31, 7, 1, 2, 0, 6, 7, 2345, 1, '2014-08-18', '', '2014-08-18 11:11:18', 0, '0000-00-00 00:00:00'),
(33, 34, 7, 1, 2, 0, 6, 8, 2345, 1, '2014-08-18', '', '2014-08-18 11:11:54', 0, '0000-00-00 00:00:00'),
(34, 37, 1, 1, 2, 0, 25, 20, 0, 1, '2014-08-18', '', '2014-08-18 11:30:17', 0, '0000-00-00 00:00:00'),
(35, 37, 8, 2, 2, 0, 9, 10, 0, 1, '2014-08-18', '', '2014-08-18 11:30:17', 0, '0000-00-00 00:00:00'),
(36, 38, 1, 1, 2, 0, 10, 15, 0, 1, '2014-08-19', '', '2014-08-19 01:08:35', 0, '0000-00-00 00:00:00'),
(37, 38, 4, 2, 2, 0, 0, 10, 0, 1, '2014-08-19', '', '2014-08-19 01:08:35', 0, '0000-00-00 00:00:00'),
(38, 39, 1, 1, 2, 0, 20, 25, 0, 1, '2014-08-19', '', '2014-08-19 01:17:26', 0, '0000-00-00 00:00:00'),
(39, 39, 8, 2, 2, 0, 10, 13, 0, 1, '2014-08-19', '', '2014-08-19 01:17:26', 0, '2014-08-19 01:21:40'),
(40, 40, 1, 1, 2, 0, 15, 10, 0, 1, '2014-08-19', '', '2014-08-19 01:27:50', 0, '0000-00-00 00:00:00'),
(41, 41, 4, 1, 2, 0, 10, 20, 0, 1, '2014-08-19', '', '2014-08-19 01:27:59', 0, '0000-00-00 00:00:00'),
(42, 42, 7, 1, 2, 0, 8, 10, 2345, 1, '2014-08-19', '', '2014-08-19 01:28:04', 0, '0000-00-00 00:00:00'),
(43, 45, 7, 1, 2, 0, 8, 10, 2345, 1, '2014-08-19', '', '2014-08-19 01:28:23', 0, '0000-00-00 00:00:00'),
(44, 46, 1, 1, 2, 0, 15, 10, 0, 1, '2014-08-19', '', '2014-08-19 01:29:37', 0, '0000-00-00 00:00:00'),
(45, 47, 26, 1, 0, 0, 1, 4, 0, 1, '2014-09-08', '', '2014-09-08 07:07:17', 0, '2014-09-08 07:08:30'),
(46, 48, 29, 1, 0, 0, 0, 5, 0, 1, '2014-09-08', '', '2014-09-08 07:09:22', 0, '0000-00-00 00:00:00'),
(47, 49, 25, 1, 0, 0, 3, 3, 0, 1, '2014-09-22', '', '2014-09-22 01:28:12', 0, '0000-00-00 00:00:00'),
(48, 49, 26, 2, 2, 0, 18, 18, 0, 1, '2014-09-22', '', '2014-09-22 01:28:13', 0, '0000-00-00 00:00:00'),
(49, 49, 27, 3, 2, 0, 28, 28, 0, 1, '2014-09-22', '', '2014-09-22 01:28:13', 0, '0000-00-00 00:00:00'),
(50, 49, 29, 4, 2, 0, 16, 16, 0, 1, '2014-09-22', '', '2014-09-22 01:28:13', 0, '0000-00-00 00:00:00'),
(51, 50, 52, 1, 0, 0, 10, 5, 0, 1, '2014-10-13', '', '2014-10-13 05:05:09', 0, '0000-00-00 00:00:00'),
(52, 51, 97, 1, 3, 0, 100, 0, 0, 1, '2014-11-05', '', '2014-11-05 07:08:45', 0, '0000-00-00 00:00:00'),
(53, 52, 98, 1, 47, 0, 3, 2, 0, 1, '2014-11-05', '', '2014-11-05 08:12:34', 0, '0000-00-00 00:00:00');

-- --------------------------------------------------------

--
-- Table structure for table `item_details`
--

CREATE TABLE IF NOT EXISTS `item_details` (
  `ID` int(11) NOT NULL AUTO_INCREMENT,
  `companyID` int(11) DEFAULT NULL,
  `itemID` int(11) DEFAULT NULL,
  `locationID` int(11) DEFAULT NULL,
  `onHandQty` double DEFAULT NULL,
  `umID` int(11) DEFAULT NULL,
  `acctID` int(11) DEFAULT NULL,
  `createdBy` int(11) DEFAULT NULL,
  `createdTS` timestamp NULL DEFAULT CURRENT_TIMESTAMP,
  `updatedBy` int(11) DEFAULT NULL,
  `updatedTS` timestamp NULL DEFAULT CURRENT_TIMESTAMP,
  `is_delete` smallint(6) DEFAULT NULL,
  PRIMARY KEY (`ID`),
  KEY `Index 2` (`companyID`,`acctID`,`locationID`)
) ENGINE=InnoDB  DEFAULT CHARSET=latin1 ROW_FORMAT=COMPACT AUTO_INCREMENT=116 ;

--
-- Dumping data for table `item_details`
--

INSERT INTO `item_details` (`ID`, `companyID`, `itemID`, `locationID`, `onHandQty`, `umID`, `acctID`, `createdBy`, `createdTS`, `updatedBy`, `updatedTS`, `is_delete`) VALUES
(1, 1, 1, 1, 10, 2, 79, NULL, '2014-06-19 01:13:12', NULL, '2014-06-19 01:13:12', NULL),
(2, 1, 1, 2, 25, 2, 79, NULL, '2014-06-19 04:39:31', NULL, '2014-06-19 04:39:31', NULL),
(3, 1, 4, 1, 20, 2, 79, 1, '2014-06-19 06:56:42', NULL, '2014-06-19 06:56:42', NULL),
(4, 1, 7, 1, 10, 2, 79, 1, '2014-06-19 06:56:42', NULL, '2014-06-19 06:56:42', NULL),
(5, 1, 8, 2, 18, 2, 79, 1, '2014-06-19 06:56:42', NULL, '2014-06-19 06:56:42', NULL),
(7, 1, 10, 2, 8, 2, 79, 1, '2014-06-19 06:56:42', NULL, '2014-06-19 06:56:42', NULL),
(8, 15, 11, 5, 1, 2, 79, 1, '2014-06-19 06:56:42', NULL, '2014-06-19 06:56:42', NULL),
(9, 15, 12, 5, 1, 2, 79, 1, '2014-06-19 06:56:42', NULL, '2014-06-19 06:56:42', NULL),
(10, 1, 4, 2, 10, NULL, NULL, NULL, '2014-06-19 10:44:52', NULL, '2014-06-19 10:44:52', NULL),
(12, 1, 7, 2, 164, NULL, NULL, NULL, '2014-06-20 02:19:41', NULL, '2014-06-20 02:19:41', NULL),
(13, 1, 9, 2, 500, 9, NULL, NULL, '2014-06-20 02:19:50', NULL, '2014-06-20 02:19:50', NULL),
(14, 1, 8, 1, 1, NULL, NULL, NULL, '2014-06-24 02:21:50', NULL, '2014-06-24 02:21:50', NULL),
(15, 15, 11, 4, 5, 2, 79, NULL, '2014-07-03 00:38:18', NULL, '2014-07-03 00:38:18', NULL),
(16, 15, 12, 4, 1, 2, 79, NULL, '2014-07-03 00:38:18', NULL, '2014-07-03 00:38:18', NULL),
(18, 15, 11, 3, 6, 2, 79, NULL, '2014-07-03 00:40:23', NULL, '2014-07-03 00:40:23', NULL),
(19, 81, 0, 1, 20, NULL, NULL, NULL, '2014-07-21 06:45:36', NULL, '2014-07-21 06:45:36', NULL),
(20, 93, 27, 15, 33, 2, NULL, NULL, '2014-09-08 03:27:14', NULL, '2014-09-08 03:27:14', NULL),
(21, 93, 26, 15, 23, 2, NULL, NULL, '2014-09-08 04:31:25', NULL, '2014-09-08 04:31:25', NULL),
(22, 93, 29, 15, 11, 2, NULL, NULL, '2014-09-08 04:32:03', NULL, '2014-09-08 04:32:03', NULL),
(23, 93, 29, 16, 2, 2, NULL, NULL, '2014-09-08 04:55:47', NULL, '2014-09-08 04:55:47', NULL),
(24, 93, 29, 18, 8, 2, NULL, NULL, '2014-09-08 04:58:05', NULL, '2014-09-08 04:58:05', NULL),
(25, 93, 29, 0, 0, 2, NULL, NULL, '2014-09-10 09:51:59', NULL, '2014-09-10 09:51:59', NULL),
(26, 93, 26, 0, 10, 2, NULL, NULL, '2014-09-10 09:57:32', NULL, '2014-09-10 09:57:32', NULL),
(27, 102, 31, 0, 2, 0, NULL, NULL, '2014-09-12 08:24:03', NULL, '2014-09-12 08:24:03', NULL),
(28, 102, 31, 22, 5, 0, NULL, NULL, '2014-09-12 08:35:56', NULL, '2014-09-12 08:35:56', NULL),
(29, 93, 26, 19, 100, 0, NULL, NULL, '2014-09-15 04:52:57', NULL, '2014-09-15 04:52:57', NULL),
(30, 93, 25, 19, 100, 0, NULL, NULL, '2014-09-15 04:52:57', NULL, '2014-09-15 04:52:57', NULL),
(31, 103, 32, 23, 50, 0, NULL, NULL, '2014-09-15 09:15:24', NULL, '2014-09-15 09:15:24', NULL),
(32, 105, 39, 25, 2, 0, NULL, NULL, '2014-09-16 05:24:55', NULL, '2014-09-16 05:24:55', NULL),
(33, 93, 25, 15, 3, 0, NULL, NULL, '2014-09-17 01:53:27', NULL, '2014-09-17 01:53:27', NULL),
(34, 95, 40, 20, 3, 0, NULL, NULL, '2014-09-22 03:03:55', NULL, '2014-09-22 03:03:55', NULL),
(35, 107, 42, 26, 25, 0, NULL, NULL, '2014-09-22 03:16:21', NULL, '2014-09-22 03:16:21', NULL),
(36, 107, 43, 26, 29, 0, NULL, NULL, '2014-09-22 03:16:21', NULL, '2014-09-22 03:16:21', NULL),
(37, 95, 47, 27, 2, 0, NULL, NULL, '2014-09-24 08:31:45', NULL, '2014-09-24 08:31:45', NULL),
(38, 95, 45, 27, 1, 0, NULL, NULL, '2014-09-25 02:05:40', NULL, '2014-09-25 02:05:40', NULL),
(39, 95, 46, 27, 2, 0, NULL, NULL, '2014-09-25 03:29:24', NULL, '2014-09-25 03:29:24', NULL),
(40, 107, 49, 28, 20, 0, NULL, NULL, '2014-09-30 01:51:58', NULL, '2014-09-30 01:51:58', NULL),
(41, 110, 51, 29, 10, 0, NULL, NULL, '2014-09-30 10:08:03', NULL, '2014-09-30 10:08:03', NULL),
(42, 110, 52, 29, 10, 0, NULL, NULL, '2014-09-30 10:08:03', NULL, '2014-09-30 10:08:03', NULL),
(43, 110, 53, 29, 10, 0, NULL, NULL, '2014-09-30 10:08:03', NULL, '2014-09-30 10:08:03', NULL),
(44, 110, 50, 29, 10, 0, NULL, NULL, '2014-09-30 10:08:03', NULL, '2014-09-30 10:08:03', NULL),
(45, 110, 54, 29, 10, 0, NULL, NULL, '2014-09-30 10:08:03', NULL, '2014-09-30 10:08:03', NULL),
(46, 110, 66, 29, 10, 0, NULL, NULL, '2014-09-30 11:49:53', NULL, '2014-09-30 11:49:53', NULL),
(47, 110, 58, 29, 10, 0, NULL, NULL, '2014-09-30 11:49:53', NULL, '2014-09-30 11:49:53', NULL),
(48, 110, 68, 29, 10, 0, NULL, NULL, '2014-09-30 11:49:53', NULL, '2014-09-30 11:49:53', NULL),
(49, 110, 57, 29, 14, 0, NULL, NULL, '2014-09-30 11:49:53', NULL, '2014-09-30 11:49:53', NULL),
(50, 110, 62, 29, 16, 0, NULL, NULL, '2014-09-30 11:49:53', NULL, '2014-09-30 11:49:53', NULL),
(51, 110, 56, 29, 10, 0, NULL, NULL, '2014-09-30 11:49:53', NULL, '2014-09-30 11:49:53', NULL),
(52, 110, 65, 29, 15, 0, NULL, NULL, '2014-09-30 11:49:53', NULL, '2014-09-30 11:49:53', NULL),
(53, 110, 55, 29, 10, 0, NULL, NULL, '2014-09-30 11:49:53', NULL, '2014-09-30 11:49:53', NULL),
(54, 110, 63, 29, 15, 0, NULL, NULL, '2014-09-30 11:49:53', NULL, '2014-09-30 11:49:53', NULL),
(55, 110, 61, 29, 10, 0, NULL, NULL, '2014-09-30 11:49:53', NULL, '2014-09-30 11:49:53', NULL),
(56, 110, 60, 29, 10, 0, NULL, NULL, '2014-09-30 11:49:53', NULL, '2014-09-30 11:49:53', NULL),
(57, 110, 69, 29, 10, 0, NULL, NULL, '2014-09-30 11:49:53', NULL, '2014-09-30 11:49:53', NULL),
(58, 110, 59, 29, 10, 0, NULL, NULL, '2014-09-30 11:49:53', NULL, '2014-09-30 11:49:53', NULL),
(59, 110, 62, 30, 10, 0, NULL, NULL, '2014-09-30 11:49:59', NULL, '2014-09-30 11:49:59', NULL),
(60, 110, 60, 30, 4, 0, NULL, NULL, '2014-09-30 11:49:59', NULL, '2014-09-30 11:49:59', NULL),
(61, 110, 58, 30, 4, 0, NULL, NULL, '2014-09-30 11:49:59', NULL, '2014-09-30 11:49:59', NULL),
(62, 110, 51, 30, 5, 0, NULL, NULL, '2014-09-30 11:49:59', NULL, '2014-09-30 11:49:59', NULL),
(63, 110, 53, 30, 4, 0, NULL, NULL, '2014-09-30 11:49:59', NULL, '2014-09-30 11:49:59', NULL),
(64, 110, 63, 30, 6, 0, NULL, NULL, '2014-09-30 11:49:59', NULL, '2014-09-30 11:49:59', NULL),
(65, 110, 52, 30, 5, 0, NULL, NULL, '2014-09-30 11:50:02', NULL, '2014-09-30 11:50:02', NULL),
(66, 110, 54, 30, 2, 0, NULL, NULL, '2014-09-30 11:50:03', NULL, '2014-09-30 11:50:03', NULL),
(67, 95, 46, 20, 1, 0, NULL, NULL, '2014-10-09 03:21:29', NULL, '2014-10-09 03:21:29', NULL),
(68, 95, 30, 20, 1, 0, NULL, NULL, '2014-10-09 04:14:10', NULL, '2014-10-09 04:14:10', NULL),
(69, 111, 71, 31, 57, 0, NULL, NULL, '2014-10-14 03:49:12', NULL, '2014-10-14 03:49:12', NULL),
(70, 111, 71, 32, 1, 0, NULL, NULL, '2014-10-14 08:00:31', NULL, '2014-10-14 08:00:31', NULL),
(71, 111, 77, 34, 1, 0, NULL, NULL, '2014-10-17 03:17:19', NULL, '2014-10-17 03:17:19', NULL),
(72, 111, 77, 31, 2, 0, NULL, NULL, '2014-10-17 03:42:29', NULL, '2014-10-17 03:42:29', NULL),
(73, 111, 80, 31, -11, 0, NULL, NULL, '2014-10-17 03:42:29', NULL, '2014-10-17 03:42:29', NULL),
(74, 105, 36, 24, 1, 0, NULL, NULL, '2014-10-17 09:16:52', NULL, '2014-10-17 09:16:52', NULL),
(75, 111, 83, 31, 6, 0, NULL, NULL, '2014-10-20 02:35:26', NULL, '2014-10-20 02:35:26', NULL),
(76, 111, 90, 32, -20, 0, NULL, NULL, '2014-10-20 08:23:43', NULL, '2014-10-20 08:23:43', NULL),
(77, 111, 77, 32, 2, 0, NULL, NULL, '2014-10-21 09:49:36', NULL, '2014-10-21 09:49:36', NULL),
(78, 111, 73, 32, 1, 3, NULL, NULL, '2014-10-23 02:33:01', NULL, '2014-10-23 02:33:01', NULL),
(79, 111, 83, 32, 9, 13, NULL, NULL, '2014-10-23 02:33:01', NULL, '2014-10-23 02:33:01', NULL),
(80, 111, 90, 31, 4, 17, NULL, NULL, '2014-10-24 01:20:08', NULL, '2014-10-24 01:20:08', NULL),
(81, 111, 80, 33, 1, 3, NULL, NULL, '2014-10-24 01:20:09', NULL, '2014-10-24 01:20:09', NULL),
(82, 111, 90, 33, 36, 17, NULL, NULL, '2014-10-24 01:20:09', NULL, '2014-10-24 01:20:09', NULL),
(83, 111, 93, 36, 13, 17, NULL, NULL, '2014-10-27 03:19:40', NULL, '2014-10-27 03:19:40', NULL),
(84, 111, 94, 31, 48, 3, NULL, NULL, '2014-10-29 08:10:53', NULL, '2014-10-29 08:10:53', NULL),
(85, 111, 94, 40, 10, 3, NULL, NULL, '2014-10-29 08:53:36', NULL, '2014-10-29 08:53:36', NULL),
(86, 111, 90, 40, 30, NULL, NULL, NULL, '2014-10-30 01:26:42', NULL, '2014-10-30 01:26:42', NULL),
(87, 111, 93, 33, 10, 17, NULL, NULL, '2014-10-30 02:27:20', NULL, '2014-10-30 02:27:20', NULL),
(88, 111, 78, 34, 170, 3, NULL, NULL, '2014-10-30 08:04:31', NULL, '2014-10-30 08:04:31', NULL),
(89, 111, 95, 36, 40, 45, NULL, NULL, '2014-10-31 03:45:51', NULL, '2014-10-31 03:45:51', NULL),
(90, 111, 95, 34, 32, 45, NULL, NULL, '2014-10-31 04:17:08', NULL, '2014-10-31 04:17:08', NULL),
(91, 111, 96, 35, 72, 45, NULL, NULL, '2014-10-31 07:58:12', NULL, '2014-10-31 07:58:12', NULL),
(92, 111, 97, 36, 0, 3, NULL, NULL, '2014-11-03 01:38:07', NULL, '2014-11-03 01:38:07', NULL),
(93, 111, 93, 41, 1, 17, NULL, NULL, '2014-11-04 08:00:48', NULL, '2014-11-04 08:00:48', NULL),
(94, 111, 78, 40, 1, 3, NULL, NULL, '2014-11-04 08:03:06', NULL, '2014-11-04 08:03:06', NULL),
(95, 116, 98, 44, 3, 47, NULL, NULL, '2014-11-04 08:17:51', NULL, '2014-11-04 08:17:51', NULL),
(96, 116, 102, 46, 23, 49, NULL, NULL, '2014-11-04 09:32:18', NULL, '2014-11-04 09:32:18', NULL),
(97, 116, 101, 46, 22, 50, NULL, NULL, '2014-11-04 09:32:19', NULL, '2014-11-04 09:32:19', NULL),
(98, 116, 100, 46, 39, 49, NULL, NULL, '2014-11-04 09:32:19', NULL, '2014-11-04 09:32:19', NULL),
(99, 116, 99, 45, 6899, 48, NULL, NULL, '2014-11-04 09:40:26', NULL, '2014-11-04 09:40:26', NULL),
(100, 111, 103, 36, 11, 3, NULL, NULL, '2014-11-05 02:42:24', NULL, '2014-11-05 02:42:24', NULL),
(101, 111, 93, 35, 1, 17, NULL, NULL, '2014-11-05 04:07:13', NULL, '2014-11-05 04:07:13', NULL),
(102, 111, 104, 36, 1, 3, NULL, NULL, '2014-11-05 06:13:52', NULL, '2014-11-05 06:13:52', NULL),
(103, 111, 104, 31, 0, NULL, NULL, NULL, '2014-11-05 07:07:12', NULL, '2014-11-05 07:07:12', NULL),
(104, 116, 105, 46, 10, 0, NULL, NULL, '2014-11-06 01:49:05', NULL, '2014-11-06 01:49:05', NULL),
(105, 116, 106, 46, 40, 49, NULL, NULL, '2014-11-06 02:15:32', NULL, '2014-11-06 02:15:32', NULL),
(106, 116, 107, 44, 10, 49, NULL, NULL, '2014-11-06 08:18:40', NULL, '2014-11-06 08:18:40', NULL),
(107, 116, 108, 44, 3, 49, NULL, NULL, '2014-11-07 01:49:36', NULL, '2014-11-07 01:49:36', NULL),
(108, 111, 109, 36, 15, 3, NULL, NULL, '2014-11-07 02:32:57', NULL, '2014-11-07 02:32:57', NULL),
(109, 116, 110, 44, 30, 47, NULL, NULL, '2014-11-07 02:52:37', NULL, '2014-11-07 02:52:37', NULL),
(110, 116, 111, 45, 40, 47, NULL, NULL, '2014-11-07 03:54:32', NULL, '2014-11-07 03:54:32', NULL),
(111, 111, 112, 31, -5, 3, NULL, NULL, '2014-11-11 09:15:58', NULL, '2014-11-11 09:15:58', NULL),
(112, 116, 102, 44, 10, 49, NULL, NULL, '2014-11-12 04:56:59', NULL, '2014-11-12 04:56:59', NULL),
(113, 111, 97, 32, 18, NULL, NULL, NULL, '2014-11-12 05:17:10', NULL, '2014-11-12 05:17:10', NULL),
(114, 116, 113, 46, 40, 49, NULL, NULL, '2014-11-12 06:54:45', NULL, '2014-11-12 06:54:45', NULL),
(115, 111, 80, 0, 1, NULL, NULL, NULL, '2014-11-12 08:05:24', NULL, '2014-11-12 08:05:24', NULL);

-- --------------------------------------------------------

--
