-- Table structure for table `comp_sales_invoice_charges`
--

CREATE TABLE IF NOT EXISTS `comp_sales_invoice_charges` (
  `ID` int(11) NOT NULL AUTO_INCREMENT,
  `invoiceID` int(11) NOT NULL,
  `lineNo` int(11) NOT NULL,
  `accountNoID` int(11) NOT NULL,
  `chargeDescription` text NOT NULL,
  `amountExcludedTax` double NOT NULL,
  `taxID` int(11) NOT NULL,
  `taxRate` double NOT NULL,
  `taxAmount` double NOT NULL,
  `amountIncludedTax` double NOT NULL,
  `drAccountID` int(11) NOT NULL,
  `crAccountID` int(11) NOT NULL,
  `drTaxAccountID` int(11) NOT NULL,
  `crTaxAccountID` int(11) NOT NULL,
  `createdBy` int(11) NOT NULL,
  `createdTS` timestamp NOT NULL DEFAULT CURRENT_TIMESTAMP,
  `updatedBy` int(11) NOT NULL,
  `updatedTS` timestamp NOT NULL DEFAULT '0000-00-00 00:00:00' ON UPDATE CURRENT_TIMESTAMP,
  PRIMARY KEY (`ID`)
) ENGINE=InnoDB  DEFAULT CHARSET=latin1 AUTO_INCREMENT=118 ;

--
-- Dumping data for table `comp_sales_invoice_charges`
--

INSERT INTO `comp_sales_invoice_charges` (`ID`, `invoiceID`, `lineNo`, `accountNoID`, `chargeDescription`, `amountExcludedTax`, `taxID`, `taxRate`, `taxAmount`, `amountIncludedTax`, `drAccountID`, `crAccountID`, `drTaxAccountID`, `crTaxAccountID`, `createdBy`, `createdTS`, `updatedBy`, `updatedTS`) VALUES
(37, 18, 1, 86, 'delivery charges', 1212, 9, 0, 0, 1212, 0, 0, 0, 0, 16, '2014-06-18 02:19:53', 0, '2014-06-24 00:42:54'),
(38, 20, 0, 101, '11sd', 0, 1, 6, 0.72, 12, 0, 0, 0, 0, 16, '2014-06-27 07:11:30', 0, '0000-00-00 00:00:00'),
(39, 22, 0, 101, '1', 0, 1, 6, 0.06, 1, 0, 0, 0, 0, 16, '2014-06-27 07:27:41', 0, '0000-00-00 00:00:00'),
(40, 23, 0, 88, 'wew', 1, 18, 6, 0.72, 12, 0, 0, 0, 0, 16, '2014-06-27 07:34:11', 0, '0000-00-00 00:00:00'),
(41, 26, 0, 86, 'we', 0, 15, 6, 0.06, 1, 0, 0, 0, 0, 16, '2014-06-27 07:47:23', 0, '0000-00-00 00:00:00'),
(42, 27, 0, 88, 'qw', 0, 15, 6, 0.06, 1, 0, 0, 0, 0, 16, '2014-06-27 07:48:34', 0, '0000-00-00 00:00:00'),
(43, 30, 0, 100, 'we', 0, 1, 6, 0.72, 12, 0, 0, 0, 0, 16, '2014-06-30 00:44:08', 0, '0000-00-00 00:00:00'),
(44, 31, 1, 100, '111111111', 0, 1, 6, 0.72, 12, 0, 0, 0, 0, 16, '2014-06-30 01:02:05', 16, '2014-06-30 03:22:57'),
(46, 32, 1, 102, 'qwqw', 0, 5, 0, 0, 1, 0, 0, 0, 0, 16, '2014-06-30 03:45:03', 0, '0000-00-00 00:00:00'),
(47, 21, 1, 100, 'asa', 0, 5, 0, 1, 1, 0, 0, 0, 0, 16, '2014-07-03 04:28:29', 0, '2014-07-07 02:33:20'),
(48, 35, 1, 101, 'asdfasdfa fas', 23425, 1, 6, 1405.5, 24830.5, 0, 0, 0, 0, 16, '2014-07-04 03:43:21', 0, '0000-00-00 00:00:00'),
(49, 36, 1, 101, 'adadf12313', 234, 1, 6, 14.04, 248.04, 0, 0, 0, 0, 16, '2014-07-04 03:45:10', 0, '0000-00-00 00:00:00'),
(50, 36, 2, 102, 'asdfas245235342', 0, 1, 6, 207.18, 3453, 0, 0, 0, 0, 16, '2014-07-04 03:47:24', 0, '0000-00-00 00:00:00'),
(51, 37, 1, 101, 'ASDFASDF', 24545, 1, 6, 1472.7, 26017.7, 0, 0, 0, 0, 16, '2014-07-04 03:53:16', 0, '0000-00-00 00:00:00'),
(52, 38, 1, 100, 'trr', 300, 1, 6, 18, 318, 0, 0, 0, 0, 16, '2014-07-07 06:06:10', 16, '2014-07-08 09:06:34'),
(53, 39, 1, 100, 'sd', 1, 5, 0, 0, 1, 0, 0, 0, 0, 16, '2014-07-07 06:13:13', 0, '0000-00-00 00:00:00'),
(54, 39, 2, 101, 'hasdfasfd245435', 234, 1, 6, 14.04, 248.04, 0, 0, 0, 0, 16, '2014-07-07 06:13:50', 16, '2014-07-09 07:51:24'),
(55, 41, 1, 101, 'sfgsdfg35356', 0, 1, 6, 272.7, 4545, 0, 0, 0, 0, 16, '2014-07-07 06:45:33', 0, '0000-00-00 00:00:00'),
(56, 39, 3, 102, 'WWWWWWWWWWW', 1, 2, 0, 0, 1, 0, 0, 0, 0, 16, '2014-07-07 06:55:27', 16, '2014-07-07 06:59:17'),
(58, 19, 1, 101, 'asdfasd324523', 456, 1, 6, 27.36, 483.36, 0, 0, 0, 0, 16, '2014-07-08 02:21:57', 0, '0000-00-00 00:00:00'),
(59, 19, 2, 101, 'sadf352345', 654, 1, 6, 39.24, 693.24, 0, 0, 0, 0, 16, '2014-07-08 02:22:26', 0, '0000-00-00 00:00:00'),
(81, 75, 1, 100, 'trr', 0, 1, 6, 0.72, 12, 0, 0, 0, 0, 16, '2014-07-07 06:06:10', 0, '0000-00-00 00:00:00'),
(84, 76, 1, 100, 'trr', 300, 1, 6, 18, 318, 0, 0, 0, 0, 16, '2014-07-07 06:06:10', 16, '2014-07-08 09:06:34'),
(85, 75, 2, 101, 'safg3245', 456, 1, 6, 27.36, 483.36, 0, 0, 0, 0, 16, '2014-07-09 03:07:01', 0, '0000-00-00 00:00:00'),
(86, 0, 2, 101, 'afdasdf345345', 456, 1, 6, 27.36, 483.36, 0, 0, 0, 0, 16, '2014-07-11 01:20:10', 0, '0000-00-00 00:00:00'),
(87, 29, 1, 101, 'sadf2345', 400, 1, 6, 24, 424, 0, 0, 0, 0, 16, '2014-07-11 02:22:15', 16, '2014-07-11 02:23:16'),
(91, 77, 1, 101, 'sadf2345', 400, 1, 6, 24, 424, 0, 0, 0, 0, 16, '2014-07-11 02:22:15', 16, '2014-07-11 02:23:16'),
(92, 78, 1, 101, 'dsfgsd2345', 345, 1, 6, 20.7, 365.7, 0, 0, 0, 0, 16, '2014-07-11 08:25:59', 0, '0000-00-00 00:00:00'),
(93, 79, 1, 101, 'asfd23452', 456, 1, 6, 27.36, 483.36, 0, 0, 0, 0, 16, '2014-07-11 08:38:18', 0, '0000-00-00 00:00:00'),
(94, 80, 1, 101, 'asfasdf3245', 466, 1, 6, 27.96, 493.96, 0, 0, 0, 0, 16, '2014-07-11 08:51:42', 0, '0000-00-00 00:00:00'),
(95, 81, 1, 101, 'asfsa234523', 464, 1, 6, 27.84, 491.84, 0, 0, 0, 0, 16, '2014-07-11 08:59:06', 0, '0000-00-00 00:00:00'),
(96, 81, 2, 102, 'qwer245', 0, 1, 6, 27.18, 453, 0, 0, 0, 0, 16, '2014-07-11 08:59:34', 0, '0000-00-00 00:00:00'),
(97, 89, 1, 101, 'asfsad3452354', 453, 1, 6, 27.18, 480.18, 0, 0, 0, 0, 16, '2014-07-14 00:47:46', 0, '0000-00-00 00:00:00'),
(98, 92, 1, 100, 'sds', 1.1111111111111111e20, 1, 6, 6.666666666666668e18, 1.1777777777777779e20, 0, 0, 0, 0, 16, '2014-07-14 06:58:13', 0, '0000-00-00 00:00:00'),
(100, 95, 1, 101, 'asdf2345', 0, 1, 6, 2.7, 45, 0, 0, 0, 0, 16, '2014-07-16 04:30:27', 0, '0000-00-00 00:00:00'),
(101, 96, 1, 100, 'sds', 1.1111111111111111e20, 1, 6, 6.666666666666668e18, 1.1777777777777779e20, 0, 0, 0, 0, 16, '2014-07-14 06:58:13', 0, '0000-00-00 00:00:00'),
(102, 102, 1, 101, 'swdew', 112, 1, 6, 6.72, 0, 0, 0, 0, 0, 1, '2014-08-05 02:00:22', 0, '0000-00-00 00:00:00'),
(103, 103, 1, 101, 'swdew', 112, 1, 6, 6.72, 0, 0, 0, 0, 0, 1, '2014-08-05 02:00:25', 0, '0000-00-00 00:00:00'),
(104, 104, 1, 101, 'swdew', 112, 1, 6, 6.72, 0, 0, 0, 0, 0, 1, '2014-08-05 02:00:36', 0, '0000-00-00 00:00:00'),
(105, 105, 1, 101, 'swdew', 112, 1, 6, 6.72, 0, 0, 0, 0, 0, 1, '2014-08-05 02:00:38', 0, '0000-00-00 00:00:00'),
(106, 123, 1, 102, 'sds', 12, 4, 0, 0, 12, 0, 0, 0, 0, 1, '2014-08-11 07:42:43', 0, '0000-00-00 00:00:00'),
(107, 127, 1, 101, 'SDS', 1, 5, 0, 0, 0, 0, 0, 0, 0, 1, '2014-08-11 08:12:31', 0, '0000-00-00 00:00:00'),
(108, 128, 1, 101, 'we', 1, 5, 0, 0, 0, 0, 0, 0, 0, 1, '2014-08-11 08:15:48', 0, '0000-00-00 00:00:00'),
(109, 130, 1, 101, 'sdsdf', 34, 1, 6, 2.04, 0, 0, 0, 0, 0, 33, '2014-08-11 08:18:39', 0, '0000-00-00 00:00:00'),
(110, 116, 1, 102, 'H', 1, 4, 0, 0, 1, 0, 0, 0, 0, 1, '2014-08-11 08:48:31', 0, '0000-00-00 00:00:00'),
(111, 126, 1, 290, 'sewa lori', 50, 35, 6, 3, 53, 0, 0, 0, 0, 16, '2014-08-15 07:37:28', 0, '0000-00-00 00:00:00'),
(112, 146, 1, 290, 'sewa lori', 50, 35, 6, 3, 53, 0, 0, 0, 0, 33, '2014-08-15 09:47:02', 16, '2014-08-20 01:34:37'),
(113, 149, 1, 27493, 'asfgsdf3465345', 1234, 98, 6, 74.04, 1308.04, 0, 0, 0, 0, 33, '2014-08-18 02:41:58', 0, '0000-00-00 00:00:00'),
(114, 156, 1, 27494, 'asfdasfd', 234, 98, 6, 14.04, 0, 0, 0, 0, 0, 33, '2014-08-20 03:19:22', 0, '0000-00-00 00:00:00'),
(115, 156, 2, 27494, 'asfsdf245', 0, 99, 6, 20.7, 345, 0, 0, 0, 0, 33, '2014-08-20 03:19:33', 0, '0000-00-00 00:00:00'),
(116, 156, 3, 27494, 'asfsasdf345', 0, 107, 6, 32.58, 543, 0, 0, 0, 0, 33, '2014-08-20 03:19:56', 0, '0000-00-00 00:00:00'),
(117, 157, 1, 290, 'sewa lori', 50, 35, 6, 3, 53, 0, 0, 0, 0, 16, '2014-08-15 07:37:28', 0, '0000-00-00 00:00:00');

-- --------------------------------------------------------

--
-- Table structure for table `comp_sales_invoice_detail`
--

CREATE TABLE IF NOT EXISTS `comp_sales_invoice_detail` (
  `ID` int(11) NOT NULL AUTO_INCREMENT,
  `invoiceID` int(11) NOT NULL,
  `doID` int(11) NOT NULL,
  `lineNo` int(11) NOT NULL,
  `itemID` int(11) NOT NULL,
  `quantity` int(11) NOT NULL,
  `unitPrice` double NOT NULL,
  `amountExcludedTax` double NOT NULL,
  `taxID` int(11) NOT NULL,
  `taxRate` double NOT NULL,
  `taxAmount` double NOT NULL,
  `amountIncludedTax` double NOT NULL,
  `accountID` int(11) NOT NULL,
  `createdBy` int(11) NOT NULL,
  `createdTS` timestamp NOT NULL DEFAULT CURRENT_TIMESTAMP ON UPDATE CURRENT_TIMESTAMP,
  `updatedBy` int(11) NOT NULL,
  `updatedTS` timestamp NOT NULL DEFAULT '0000-00-00 00:00:00',
  PRIMARY KEY (`ID`)
) ENGINE=InnoDB DEFAULT CHARSET=latin1 AUTO_INCREMENT=1 ;

-- --------------------------------------------------------

--
-- Table structure for table `comp_sales_order`
--

CREATE TABLE IF NOT EXISTS `comp_sales_order` (
  `ID` int(11) NOT NULL AUTO_INCREMENT,
  `serialNo` int(16) NOT NULL,
  `companyID` int(11) NOT NULL,
  `invoiceID` int(11) NOT NULL,
  `customerID` int(11) DEFAULT NULL,
  `OrderNo` varchar(32) DEFAULT NULL,
  `formNo` varchar(32) DEFAULT NULL,
  `currencyID` int(11) DEFAULT NULL,
  `exchangeRate` double DEFAULT '1',
  `salesOrderDate` date DEFAULT NULL,
  `dateRequired` date DEFAULT NULL,
  `deliveryToID` int(11) DEFAULT NULL,
  `salesPerson` int(11) DEFAULT NULL,
  `memo` varchar(128) DEFAULT NULL,
  `supplierID` int(11) DEFAULT NULL,
  `totalAmount` double DEFAULT NULL,
  `totalReceivable` double DEFAULT NULL,
  `status` tinyint(1) DEFAULT '1',
  `createdBy` int(11) NOT NULL,
  `createdTS` timestamp NOT NULL DEFAULT CURRENT_TIMESTAMP ON UPDATE CURRENT_TIMESTAMP,
  `updatedBy` int(11) NOT NULL,
  `updatedTS` timestamp NOT NULL DEFAULT '0000-00-00 00:00:00',
  `is_delete` smallint(16) NOT NULL,
  PRIMARY KEY (`ID`)
) ENGINE=InnoDB  DEFAULT CHARSET=latin1 AUTO_INCREMENT=10 ;

--
-- Dumping data for table `comp_sales_order`
--

INSERT INTO `comp_sales_order` (`ID`, `serialNo`, `companyID`, `invoiceID`, `customerID`, `OrderNo`, `formNo`, `currencyID`, `exchangeRate`, `salesOrderDate`, `dateRequired`, `deliveryToID`, `salesPerson`, `memo`, `supplierID`, `totalAmount`, `totalReceivable`, `status`, `createdBy`, `createdTS`, `updatedBy`, `updatedTS`, `is_delete`) VALUES
(1, 0, 1, 0, 12, 'SON20140718', NULL, 1, 1, '2014-06-11', NULL, 8, 6, 'test memo', NULL, 29400, NULL, 1, 1, '2014-07-18 07:16:58', 1, '0000-00-00 00:00:00', 0),
(2, 0, 1, 0, 15, 'SON20140718', NULL, 2, 1, '2014-06-18', NULL, 7, 0, '', NULL, 542540, NULL, 1, 1, '2014-07-18 07:16:58', 1, '0000-00-00 00:00:00', 0),
(3, 0, 1, 0, 12, 'SON20140718', NULL, 1, 1, '2014-06-18', NULL, 7, 0, '', NULL, 530200, NULL, 1, 1, '2014-07-18 07:16:58', 1, '0000-00-00 00:00:00', 0),
(4, 0, 1, 0, 16, 'SON20140718', NULL, 1, 1, '2014-06-18', NULL, 0, 0, '', NULL, 1000000, NULL, 1, 1, '2014-07-18 07:16:58', 0, '0000-00-00 00:00:00', 0),
(5, 0, 1, 0, 20, 'SON20140718', NULL, 1, 1, '2014-06-18', NULL, 0, 0, '', NULL, 35000, NULL, 1, 1, '2014-07-18 07:16:58', 0, '0000-00-00 00:00:00', 0),
(6, 0, 15, 0, 17, 'SON20140718', NULL, 1, 1, '2014-07-17', NULL, 6, 9, '', NULL, 250, NULL, 1, 16, '2014-07-18 07:16:58', 0, '0000-00-00 00:00:00', 0),
(7, 0, 1, 0, 12, 'SON20140718', NULL, 1, 1, '2014-07-18', NULL, 7, 0, '', NULL, 69, NULL, 1, 16, '2014-07-18 07:16:58', 0, '0000-00-00 00:00:00', 0),
(8, 0, 1, 0, 12, 'SON20140718', NULL, 1, 1, '2014-07-18', NULL, 7, 6, '', NULL, 584, NULL, 1, 16, '2014-07-18 07:16:58', 16, '0000-00-00 00:00:00', 0),
(9, 1, 81, 0, 34, 'SON', NULL, 1, 1, '2014-08-05', NULL, 0, 22, '', NULL, 170, NULL, 1, 29, '2014-08-05 01:25:19', 0, '0000-00-00 00:00:00', 0);

--
-- Triggers `comp_sales_order`
--
DROP TRIGGER IF EXISTS `trigger_before_insert_sor_add_serialNo`;
DELIMITER //
CREATE TRIGGER `trigger_before_insert_sor_add_serialNo` BEFORE INSERT ON `comp_sales_order`
 FOR EACH ROW set new.serialNo = (select nextSerialNo 
			   from view_serial_comp_sales_order
			   where companyID = new.companyID)
//
DELIMITER ;

-- --------------------------------------------------------

--
-- Table structure for table `comp_sales_price`
--

CREATE TABLE IF NOT EXISTS `comp_sales_price` (
  `ID` int(11) NOT NULL AUTO_INCREMENT,
  `companyID` int(11) NOT NULL,
  `customerID` int(11) NOT NULL,
  `itemID` int(11) NOT NULL,
  `currencyID` int(11) NOT NULL,
  `umID` int(11) NOT NULL,
  `startDate` date NOT NULL,
  `endDate` date NOT NULL,
  `price` double NOT NULL,
  `updatedBy` int(11) NOT NULL,
  `createdBy` int(11) NOT NULL,
  `createdTS` timestamp NOT NULL DEFAULT CURRENT_TIMESTAMP,
  `updatedTS` timestamp NOT NULL DEFAULT CURRENT_TIMESTAMP ON UPDATE CURRENT_TIMESTAMP,
  PRIMARY KEY (`ID`)
) ENGINE=InnoDB  DEFAULT CHARSET=latin1 AUTO_INCREMENT=16 ;

--
-- Dumping data for table `comp_sales_price`
--

INSERT INTO `comp_sales_price` (`ID`, `companyID`, `customerID`, `itemID`, `currencyID`, `umID`, `startDate`, `endDate`, `price`, `updatedBy`, `createdBy`, `createdTS`, `updatedTS`) VALUES
(1, 1, 12, 1, 1, 2, '2014-06-05', '2014-12-31', 121, 16, 1, '2014-06-05 08:56:27', '2014-07-21 03:28:39'),
(2, 1, 15, 4, 2, 2, '2014-06-05', '2014-10-21', 50, 1, 1, '2014-06-05 08:59:21', '2014-06-05 09:48:21'),
(3, 1, 15, 8, 2, 2, '2014-06-05', '2014-06-24', 122, 0, 1, '2014-06-05 09:14:48', '2014-06-05 09:14:48'),
(4, 1, 15, 1, 2, 2, '2014-07-21', '2014-07-21', 345.44, 0, 16, '2014-07-21 03:38:48', '2014-07-21 03:38:48'),
(5, 1, 15, 1, 2, 2, '2014-07-21', '2014-07-21', 3345, 0, 16, '2014-07-21 03:47:42', '2014-07-21 03:47:42'),
(6, 1, 15, 1, 0, 2, '2014-07-21', '2014-07-21', 245234, 0, 16, '2014-07-21 04:03:07', '2014-07-21 04:03:07'),
(7, 1, 12, 13, 0, 2, '2014-07-21', '2014-07-21', 1111, 0, 16, '2014-07-21 04:03:44', '2014-07-21 04:03:44'),
(9, 1, 12, 1, 0, 2, '2014-07-21', '2014-07-21', 54321, 0, 16, '2014-07-21 04:15:45', '2014-07-21 04:15:45'),
(10, 1, 12, 1, 0, 13, '2014-07-21', '2014-07-30', 1234567, 0, 16, '2014-07-21 04:16:46', '2014-07-21 04:16:46'),
(11, 1, 16, 1, 1, 8, '2014-07-21', '2014-07-31', 543210, 0, 16, '2014-07-21 04:22:00', '2014-07-21 04:22:00'),
(12, 1, 12, 1, 1, 13, '2014-07-24', '2014-07-24', 234234, 0, 16, '2014-07-24 03:51:20', '2014-07-24 03:51:20'),
(13, 1, 15, 4, 2, 12, '2014-07-24', '2014-07-24', 3456, 0, 16, '2014-07-24 03:53:18', '2014-07-24 03:53:18'),
(14, 87, 38, 21, 1, 3, '2014-01-01', '2014-08-31', 1000, 0, 35, '2014-08-21 04:11:56', '2014-08-21 04:11:56'),
(15, 87, 38, 21, 1, 3, '2014-08-21', '2014-08-21', 2000, 0, 35, '2014-08-21 04:12:57', '2014-08-21 04:12:57');

-- --------------------------------------------------------

--
-- Table structure for table `comp_so_seq`
--

CREATE TABLE IF NOT EXISTS `comp_so_seq` (
  `ID` int(11) NOT NULL AUTO_INCREMENT,
  `compID` int(11) DEFAULT NULL,
  `moduleID` int(11) DEFAULT NULL,
  `initial` varchar(2) CHARACTER SET utf8 DEFAULT NULL,
  `year` year(4) DEFAULT NULL,
  `period` int(2) DEFAULT NULL,
  `seqNo` int(11) NOT NULL,
  PRIMARY KEY (`ID`)
) ENGINE=InnoDB DEFAULT CHARSET=latin1 ROW_FORMAT=COMPACT AUTO_INCREMENT=1 ;

-- --------------------------------------------------------

--
-- Table structure for table `comp_supplier_closing`
--

CREATE TABLE IF NOT EXISTS `comp_supplier_closing` (
  `ID` int(11) NOT NULL AUTO_INCREMENT,
  `companyID` int(11) NOT NULL,
  `supplierID` int(11) NOT NULL,
  `yearMonth` varchar(6) NOT NULL,
  `openBalance` double NOT NULL,
  `totalDr` double NOT NULL,
  `totalCr` double NOT NULL,
  `balance` double NOT NULL,
  PRIMARY KEY (`ID`),
  KEY `companyID` (`companyID`,`supplierID`,`yearMonth`)
) ENGINE=InnoDB  DEFAULT CHARSET=latin1 AUTO_INCREMENT=16 ;

--
-- Dumping data for table `comp_supplier_closing`
--

INSERT INTO `comp_supplier_closing` (`ID`, `companyID`, `supplierID`, `yearMonth`, `openBalance`, `totalDr`, `totalCr`, `balance`) VALUES
(1, 1, 1, '201406', 0, 30763, 62639, -93402),
(2, 1, 20, '201406', 0, 0, 2429, -2429),
(3, 1, 23, '201406', 0, 0, 144, -144),
(4, 1, 1, '201407', 0, 0, 0, 0),
(5, 1, 20, '201407', 0, 0, 0, 0),
(6, 1, 23, '201407', 0, 0, 0, 0),
(7, 1, 24, '201407', 0, 0, 0, 0),
(8, 27, 25, '201407', 0, 0, 0, 0),
(9, 15, 26, '201407', 0, 685.7, 0, -685.7),
(10, 15, 27, '201407', 0, 0, 0, 0),
(11, 15, 28, '201407', 0, 0, 0, 0),
(12, 45, 29, '201407', 0, 0, 0, 0),
(13, 57, 30, '201407', 0, 0, 0, 0),
(14, 1, 31, '201407', 0, 0, 0, 0),
(15, 81, 32, '201407', 0, 0, 0, 0);

-- --------------------------------------------------------

--
-- Table structure for table `comp_supplier_closing_daily`
--

CREATE TABLE IF NOT EXISTS `comp_supplier_closing_daily` (
  `ID` int(11) NOT NULL AUTO_INCREMENT,
  `companyID` int(11) NOT NULL,
  `supplierID` int(11) NOT NULL,
  `transDate` date NOT NULL,
  `openBalance` double NOT NULL,
  `totalDr` double NOT NULL,
  `totalCr` double NOT NULL,
  `balance` double NOT NULL,
  `createdTS` timestamp NOT NULL DEFAULT CURRENT_TIMESTAMP,
  PRIMARY KEY (`ID`)
) ENGINE=InnoDB  DEFAULT CHARSET=latin1 AUTO_INCREMENT=795 ;

--
-- Dumping data for table `comp_supplier_closing_daily`
--

INSERT INTO `comp_supplier_closing_daily` (`ID`, `companyID`, `supplierID`, `transDate`, `openBalance`, `totalDr`, `totalCr`, `balance`, `createdTS`) VALUES
(1, 1, 1, '2014-06-11', 0, 0, 0, 0, '2014-06-30 00:33:48'),
(2, 1, 1, '2014-06-11', 0, 0, 0, 0, '2014-06-30 00:33:48'),
(3, 1, 20, '2014-06-12', 0, 0, 0, 0, '2014-06-30 00:33:48'),
(4, 1, 1, '2014-06-16', 0, 0, 0, 0, '2014-06-30 00:33:48'),
(5, 1, 20, '2014-06-16', 0, 0, 0, 0, '2014-06-30 00:33:48'),
(6, 1, 1, '2014-06-19', 0, 0, 0, 0, '2014-06-30 00:33:48'),
(7, 0, 1, '0000-00-00', 0, 0, 0, 0, '2014-06-30 04:35:12'),
(8, 0, 20, '0000-00-00', 0, 0, 0, 0, '2014-06-30 04:35:12'),
(9, 0, 23, '0000-00-00', 0, 0, 0, 0, '2014-06-30 04:35:12'),
(10, 0, 24, '0000-00-00', 0, 0, 0, 0, '2014-06-30 04:35:12'),
(11, 0, 25, '0000-00-00', 0, 0, 0, 0, '2014-06-30 04:35:12'),
(12, 0, 26, '0000-00-00', 0, 0, 0, 0, '2014-06-30 04:35:12'),
(13, 0, 27, '0000-00-00', 0, 0, 0, 0, '2014-06-30 04:35:12'),
(14, 0, 28, '0000-00-00', 0, 0, 0, 0, '2014-06-30 04:35:12'),
(22, 0, 1, '0000-00-00', 0, 0, 0, 0, '2014-06-30 04:35:16'),
(23, 0, 20, '0000-00-00', 0, 0, 0, 0, '2014-06-30 04:35:16'),
(24, 0, 23, '0000-00-00', 0, 0, 0, 0, '2014-06-30 04:35:16'),
(25, 0, 24, '0000-00-00', 0, 0, 0, 0, '2014-06-30 04:35:16'),
(26, 0, 25, '0000-00-00', 0, 0, 0, 0, '2014-06-30 04:35:16'),
(27, 0, 26, '0000-00-00', 0, 0, 0, 0, '2014-06-30 04:35:16'),
(28, 0, 27, '0000-00-00', 0, 0, 0, 0, '2014-06-30 04:35:16'),
(29, 0, 28, '0000-00-00', 0, 0, 0, 0, '2014-06-30 04:35:16'),
(37, 0, 1, '0000-00-00', 0, 0, 0, 0, '2014-06-30 16:00:00'),
(38, 0, 20, '0000-00-00', 0, 0, 0, 0, '2014-06-30 16:00:00'),
(39, 0, 23, '0000-00-00', 0, 0, 0, 0, '2014-06-30 16:00:00'),
(40, 0, 24, '0000-00-00', 0, 0, 0, 0, '2014-06-30 16:00:00'),
(41, 0, 25, '0000-00-00', 0, 0, 0, 0, '2014-06-30 16:00:00'),
(42, 0, 26, '0000-00-00', 0, 0, 0, 0, '2014-06-30 16:00:00'),
(43, 0, 27, '0000-00-00', 0, 0, 0, 0, '2014-06-30 16:00:00'),
(44, 0, 28, '0000-00-00', 0, 0, 0, 0, '2014-06-30 16:00:00'),
(52, 0, 1, '2014-07-02', 0, 0, 0, 0, '2014-07-01 16:00:00'),
(53, 0, 20, '2014-07-02', 0, 0, 0, 0, '2014-07-01 16:00:00'),
(54, 0, 23, '2014-07-02', 0, 0, 0, 0, '2014-07-01 16:00:00'),
(55, 0, 24, '2014-07-02', 0, 0, 0, 0, '2014-07-01 16:00:00'),
(56, 0, 25, '2014-07-02', 0, 0, 0, 0, '2014-07-01 16:00:00'),
(57, 0, 26, '2014-07-02', 0, 0, 0, 0, '2014-07-01 16:00:00'),
(58, 0, 27, '2014-07-02', 0, 0, 0, 0, '2014-07-01 16:00:00'),
(59, 0, 28, '2014-07-02', 0, 0, 0, 0, '2014-07-01 16:00:00'),
(67, 1, 1, '2014-07-03', 0, 0, 0, 0, '2014-07-02 16:00:00'),
(68, 1, 20, '2014-07-03', 0, 0, 0, 0, '2014-07-02 16:00:00'),
(69, 1, 23, '2014-07-03', 0, 0, 0, 0, '2014-07-02 16:00:00'),
(70, 1, 24, '2014-07-03', 0, 0, 0, 0, '2014-07-02 16:00:00'),
(71, 27, 25, '2014-07-03', 0, 0, 0, 0, '2014-07-02 16:00:00'),
(72, 15, 26, '2014-07-03', 0, 0, 0, 0, '2014-07-02 16:00:00'),
(73, 15, 27, '2014-07-03', 0, 0, 0, 0, '2014-07-02 16:00:00'),
(74, 15, 28, '2014-07-03', 0, 0, 0, 0, '2014-07-02 16:00:00'),
(82, 1, 1, '2014-07-04', 0, 0, 0, 0, '2014-07-03 16:00:18'),
(83, 1, 20, '2014-07-04', 0, 0, 0, 0, '2014-07-03 16:00:18'),
(84, 1, 23, '2014-07-04', 0, 0, 0, 0, '2014-07-03 16:00:18'),
(85, 1, 24, '2014-07-04', 0, 0, 0, 0, '2014-07-03 16:00:18'),
(86, 27, 25, '2014-07-04', 0, 0, 0, 0, '2014-07-03 16:00:18'),
(87, 15, 26, '2014-07-04', 0, 0, 0, 0, '2014-07-03 16:00:18'),
(88, 15, 27, '2014-07-04', 0, 0, 0, 0, '2014-07-03 16:00:18'),
(89, 15, 28, '2014-07-04', 0, 0, 0, 0, '2014-07-03 16:00:18'),
(90, 45, 29, '2014-07-04', 0, 0, 0, 0, '2014-07-03 16:00:18'),
(97, 1, 1, '2014-07-05', 0, 0, 0, 0, '2014-07-04 16:00:05'),
(98, 1, 20, '2014-07-05', 0, 0, 0, 0, '2014-07-04 16:00:05'),
(99, 1, 23, '2014-07-05', 0, 0, 0, 0, '2014-07-04 16:00:05'),
(100, 1, 24, '2014-07-05', 0, 0, 0, 0, '2014-07-04 16:00:05'),
(101, 27, 25, '2014-07-05', 0, 0, 0, 0, '2014-07-04 16:00:05'),
(102, 15, 26, '2014-07-05', 0, 0, 0, 0, '2014-07-04 16:00:05'),
(103, 15, 27, '2014-07-05', 0, 0, 0, 0, '2014-07-04 16:00:05'),
(104, 15, 28, '2014-07-05', 0, 0, 0, 0, '2014-07-04 16:00:05'),
(105, 45, 29, '2014-07-05', 0, 0, 0, 0, '2014-07-04 16:00:05'),
(112, 1, 1, '2014-07-06', 0, 0, 0, 0, '2014-07-05 16:00:00'),
(113, 1, 20, '2014-07-06', 0, 0, 0, 0, '2014-07-05 16:00:00'),
(114, 1, 23, '2014-07-06', 0, 0, 0, 0, '2014-07-05 16:00:00'),
(115, 1, 24, '2014-07-06', 0, 0, 0, 0, '2014-07-05 16:00:00'),
(116, 27, 25, '2014-07-06', 0, 0, 0, 0, '2014-07-05 16:00:00'),
(117, 15, 26, '2014-07-06', 0, 0, 0, 0, '2014-07-05 16:00:00'),
(118, 15, 27, '2014-07-06', 0, 0, 0, 0, '2014-07-05 16:00:00'),
(119, 15, 28, '2014-07-06', 0, 0, 0, 0, '2014-07-05 16:00:00'),
(120, 45, 29, '2014-07-06', 0, 0, 0, 0, '2014-07-05 16:00:00'),
(127, 1, 1, '2014-07-07', 0, 0, 0, 0, '2014-07-06 16:00:00'),
(128, 1, 20, '2014-07-07', 0, 0, 0, 0, '2014-07-06 16:00:00'),
(129, 1, 23, '2014-07-07', 0, 0, 0, 0, '2014-07-06 16:00:00'),
(130, 1, 24, '2014-07-07', 0, 0, 0, 0, '2014-07-06 16:00:00'),
(131, 27, 25, '2014-07-07', 0, 0, 0, 0, '2014-07-06 16:00:00'),
(132, 15, 26, '2014-07-07', 0, 0, 0, 0, '2014-07-06 16:00:00'),
(133, 15, 27, '2014-07-07', 0, 0, 0, 0, '2014-07-06 16:00:00'),
(134, 15, 28, '2014-07-07', 0, 0, 0, 0, '2014-07-06 16:00:00'),
(135, 45, 29, '2014-07-07', 0, 0, 0, 0, '2014-07-06 16:00:00'),
(142, 1, 1, '2014-07-08', 0, 0, 0, 0, '2014-07-07 16:00:00'),
(143, 1, 20, '2014-07-08', 0, 0, 0, 0, '2014-07-07 16:00:00'),
(144, 1, 23, '2014-07-08', 0, 0, 0, 0, '2014-07-07 16:00:00'),
(145, 1, 24, '2014-07-08', 0, 0, 0, 0, '2014-07-07 16:00:00'),
(146, 27, 25, '2014-07-08', 0, 0, 0, 0, '2014-07-07 16:00:00'),
(147, 15, 26, '2014-07-08', 0, 0, 0, 0, '2014-07-07 16:00:00'),
(148, 15, 27, '2014-07-08', 0, 0, 0, 0, '2014-07-07 16:00:00'),
(149, 15, 28, '2014-07-08', 0, 0, 0, 0, '2014-07-07 16:00:00'),
(150, 45, 29, '2014-07-08', 0, 0, 0, 0, '2014-07-07 16:00:00'),
(157, 1, 1, '2014-07-09', 0, 0, 0, 0, '2014-07-08 16:00:00'),
(158, 1, 20, '2014-07-09', 0, 0, 0, 0, '2014-07-08 16:00:00'),
(159, 1, 23, '2014-07-09', 0, 0, 0, 0, '2014-07-08 16:00:00'),
(160, 1, 24, '2014-07-09', 0, 0, 0, 0, '2014-07-08 16:00:00'),
(161, 27, 25, '2014-07-09', 0, 0, 0, 0, '2014-07-08 16:00:00'),
(162, 15, 26, '2014-07-09', 0, 0, 0, 0, '2014-07-08 16:00:00'),
(163, 15, 27, '2014-07-09', 0, 0, 0, 0, '2014-07-08 16:00:00'),
(164, 15, 28, '2014-07-09', 0, 0, 0, 0, '2014-07-08 16:00:00'),
(165, 45, 29, '2014-07-09', 0, 0, 0, 0, '2014-07-08 16:00:00'),
(172, 1, 1, '2014-07-10', 0, 0, 0, 0, '2014-07-09 16:00:00'),
(173, 1, 20, '2014-07-10', 0, 0, 0, 0, '2014-07-09 16:00:00'),
(174, 1, 23, '2014-07-10', 0, 0, 0, 0, '2014-07-09 16:00:00'),
(175, 1, 24, '2014-07-10', 0, 0, 0, 0, '2014-07-09 16:00:00'),
(176, 27, 25, '2014-07-10', 0, 0, 0, 0, '2014-07-09 16:00:00'),
(177, 15, 26, '2014-07-10', 0, 0, 0, 0, '2014-07-09 16:00:00'),
(178, 15, 27, '2014-07-10', 0, 0, 0, 0, '2014-07-09 16:00:00'),
(179, 15, 28, '2014-07-10', 0, 0, 0, 0, '2014-07-09 16:00:00'),
(180, 45, 29, '2014-07-10', 0, 0, 0, 0, '2014-07-09 16:00:00'),
(181, 57, 30, '2014-07-10', 0, 0, 0, 0, '2014-07-09 16:00:00'),
(182, 1, 31, '2014-07-10', 0, 0, 0, 0, '2014-07-09 16:00:00'),
(187, 1, 1, '2014-07-11', 0, 0, 0, 0, '2014-07-10 16:00:28'),
(188, 1, 20, '2014-07-11', 0, 0, 0, 0, '2014-07-10 16:00:28'),
(189, 1, 23, '2014-07-11', 0, 0, 0, 0, '2014-07-10 16:00:28'),
(190, 1, 24, '2014-07-11', 0, 0, 0, 0, '2014-07-10 16:00:28'),
(191, 27, 25, '2014-07-11', 0, 0, 0, 0, '2014-07-10 16:00:28'),
(192, 15, 26, '2014-07-11', 0, 0, 0, 0, '2014-07-10 16:00:28'),
(193, 15, 27, '2014-07-11', 0, 0, 0, 0, '2014-07-10 16:00:28'),
(194, 15, 28, '2014-07-11', 0, 0, 0, 0, '2014-07-10 16:00:28'),
(195, 45, 29, '2014-07-11', 0, 0, 0, 0, '2014-07-10 16:00:28'),
(196, 57, 30, '2014-07-11', 0, 0, 0, 0, '2014-07-10 16:00:28'),
(197, 1, 31, '2014-07-11', 0, 0, 0, 0, '2014-07-10 16:00:28'),
(202, 1, 1, '2014-07-12', 0, 0, 0, 0, '2014-07-11 16:00:04'),
(203, 1, 20, '2014-07-12', 0, 0, 0, 0, '2014-07-11 16:00:04'),
(204, 1, 23, '2014-07-12', 0, 0, 0, 0, '2014-07-11 16:00:04'),
(205, 1, 24, '2014-07-12', 0, 0, 0, 0, '2014-07-11 16:00:04'),
(206, 27, 25, '2014-07-12', 0, 0, 0, 0, '2014-07-11 16:00:04'),
(207, 15, 26, '2014-07-12', 0, 0, 0, 0, '2014-07-11 16:00:04'),
(208, 15, 27, '2014-07-12', 0, 0, 0, 0, '2014-07-11 16:00:04'),
(209, 15, 28, '2014-07-12', 0, 0, 0, 0, '2014-07-11 16:00:04'),
(210, 45, 29, '2014-07-12', 0, 0, 0, 0, '2014-07-11 16:00:04'),
(211, 57, 30, '2014-07-12', 0, 0, 0, 0, '2014-07-11 16:00:04'),
(212, 1, 31, '2014-07-12', 0, 0, 0, 0, '2014-07-11 16:00:04'),
(217, 1, 1, '2014-07-13', 0, 0, 0, 0, '2014-07-12 16:00:00'),
(218, 1, 20, '2014-07-13', 0, 0, 0, 0, '2014-07-12 16:00:00'),
(219, 1, 23, '2014-07-13', 0, 0, 0, 0, '2014-07-12 16:00:00'),
(220, 1, 24, '2014-07-13', 0, 0, 0, 0, '2014-07-12 16:00:00'),
(221, 27, 25, '2014-07-13', 0, 0, 0, 0, '2014-07-12 16:00:00'),
(222, 15, 26, '2014-07-13', 0, 0, 0, 0, '2014-07-12 16:00:00'),
(223, 15, 27, '2014-07-13', 0, 0, 0, 0, '2014-07-12 16:00:00'),
(224, 15, 28, '2014-07-13', 0, 0, 0, 0, '2014-07-12 16:00:00'),
(225, 45, 29, '2014-07-13', 0, 0, 0, 0, '2014-07-12 16:00:00'),
(226, 57, 30, '2014-07-13', 0, 0, 0, 0, '2014-07-12 16:00:00'),
(227, 1, 31, '2014-07-13', 0, 0, 0, 0, '2014-07-12 16:00:00'),
(232, 1, 1, '2014-07-14', 0, 0, 0, 0, '2014-07-13 16:00:00'),
(233, 1, 20, '2014-07-14', 0, 0, 0, 0, '2014-07-13 16:00:00'),
(234, 1, 23, '2014-07-14', 0, 0, 0, 0, '2014-07-13 16:00:00'),
(235, 1, 24, '2014-07-14', 0, 0, 0, 0, '2014-07-13 16:00:00'),
(236, 27, 25, '2014-07-14', 0, 0, 0, 0, '2014-07-13 16:00:00'),
(237, 15, 26, '2014-07-14', 0, 0, 0, 0, '2014-07-13 16:00:00'),
(238, 15, 27, '2014-07-14', 0, 0, 0, 0, '2014-07-13 16:00:00'),
(239, 15, 28, '2014-07-14', 0, 0, 0, 0, '2014-07-13 16:00:00'),
(240, 45, 29, '2014-07-14', 0, 0, 0, 0, '2014-07-13 16:00:00'),
(241, 57, 30, '2014-07-14', 0, 0, 0, 0, '2014-07-13 16:00:00'),
(242, 1, 31, '2014-07-14', 0, 0, 0, 0, '2014-07-13 16:00:00'),
(247, 1, 1, '2014-07-15', 0, 0, 0, 0, '2014-07-14 16:00:00'),
(248, 1, 20, '2014-07-15', 0, 0, 0, 0, '2014-07-14 16:00:00'),
(249, 1, 23, '2014-07-15', 0, 0, 0, 0, '2014-07-14 16:00:00'),
(250, 1, 24, '2014-07-15', 0, 0, 0, 0, '2014-07-14 16:00:00'),
(251, 27, 25, '2014-07-15', 0, 0, 0, 0, '2014-07-14 16:00:00'),
(252, 15, 26, '2014-07-15', 0, 0, 0, 0, '2014-07-14 16:00:00'),
(253, 15, 27, '2014-07-15', 0, 0, 0, 0, '2014-07-14 16:00:00'),
(254, 15, 28, '2014-07-15', 0, 0, 0, 0, '2014-07-14 16:00:00'),
(255, 45, 29, '2014-07-15', 0, 0, 0, 0, '2014-07-14 16:00:00'),
(256, 57, 30, '2014-07-15', 0, 0, 0, 0, '2014-07-14 16:00:00'),
(257, 1, 31, '2014-07-15', 0, 0, 0, 0, '2014-07-14 16:00:00'),
(262, 1, 1, '2014-07-16', 0, 0, 0, 0, '2014-07-15 16:00:00'),
(263, 1, 20, '2014-07-16', 0, 0, 0, 0, '2014-07-15 16:00:00'),
(264, 1, 23, '2014-07-16', 0, 0, 0, 0, '2014-07-15 16:00:00'),
(265, 1, 24, '2014-07-16', 0, 0, 0, 0, '2014-07-15 16:00:00'),
(266, 27, 25, '2014-07-16', 0, 0, 0, 0, '2014-07-15 16:00:00'),
(267, 15, 26, '2014-07-16', 0, 0, 0, 0, '2014-07-15 16:00:00'),
(268, 15, 27, '2014-07-16', 0, 0, 0, 0, '2014-07-15 16:00:00'),
(269, 15, 28, '2014-07-16', 0, 0, 0, 0, '2014-07-15 16:00:00'),
(270, 45, 29, '2014-07-16', 0, 0, 0, 0, '2014-07-15 16:00:00'),
(271, 57, 30, '2014-07-16', 0, 0, 0, 0, '2014-07-15 16:00:00'),
(272, 1, 31, '2014-07-16', 0, 0, 0, 0, '2014-07-15 16:00:00'),
(277, 1, 1, '2014-07-17', 0, 0, 0, 0, '2014-07-16 16:00:00'),
(278, 1, 20, '2014-07-17', 0, 0, 0, 0, '2014-07-16 16:00:00'),
(279, 1, 23, '2014-07-17', 0, 0, 0, 0, '2014-07-16 16:00:00'),
(280, 1, 24, '2014-07-17', 0, 0, 0, 0, '2014-07-16 16:00:00'),
(281, 27, 25, '2014-07-17', 0, 0, 0, 0, '2014-07-16 16:00:00'),
(282, 15, 26, '2014-07-17', 0, 0, 0, 0, '2014-07-16 16:00:00'),
(283, 15, 27, '2014-07-17', 0, 0, 0, 0, '2014-07-16 16:00:00'),
(284, 15, 28, '2014-07-17', 0, 0, 0, 0, '2014-07-16 16:00:00'),
(285, 45, 29, '2014-07-17', 0, 0, 0, 0, '2014-07-16 16:00:00'),
(286, 57, 30, '2014-07-17', 0, 0, 0, 0, '2014-07-16 16:00:00'),
(287, 1, 31, '2014-07-17', 0, 0, 0, 0, '2014-07-16 16:00:00'),
(292, 1, 1, '2014-07-18', 0, 0, 0, 0, '2014-07-17 16:00:30'),
(293, 1, 20, '2014-07-18', 0, 0, 0, 0, '2014-07-17 16:00:30'),
(294, 1, 23, '2014-07-18', 0, 0, 0, 0, '2014-07-17 16:00:30'),
(295, 1, 24, '2014-07-18', 0, 0, 0, 0, '2014-07-17 16:00:30'),
(296, 27, 25, '2014-07-18', 0, 0, 0, 0, '2014-07-17 16:00:30'),
(297, 15, 26, '2014-07-18', 0, 0, 0, 0, '2014-07-17 16:00:30'),
(298, 15, 27, '2014-07-18', 0, 0, 0, 0, '2014-07-17 16:00:30'),
(299, 15, 28, '2014-07-18', 0, 0, 0, 0, '2014-07-17 16:00:30'),
(300, 45, 29, '2014-07-18', 0, 0, 0, 0, '2014-07-17 16:00:30'),
(301, 57, 30, '2014-07-18', 0, 0, 0, 0, '2014-07-17 16:00:30'),
(302, 1, 31, '2014-07-18', 0, 0, 0, 0, '2014-07-17 16:00:30'),
(307, 1, 1, '2014-07-19', 0, 0, 0, 0, '2014-07-18 16:00:03'),
(308, 1, 20, '2014-07-19', 0, 0, 0, 0, '2014-07-18 16:00:03'),
(309, 1, 23, '2014-07-19', 0, 0, 0, 0, '2014-07-18 16:00:03'),
(310, 1, 24, '2014-07-19', 0, 0, 0, 0, '2014-07-18 16:00:03'),
(311, 27, 25, '2014-07-19', 0, 0, 0, 0, '2014-07-18 16:00:03'),
(312, 15, 26, '2014-07-19', 0, 0, 0, 0, '2014-07-18 16:00:03'),
(313, 15, 27, '2014-07-19', 0, 0, 0, 0, '2014-07-18 16:00:03'),
(314, 15, 28, '2014-07-19', 0, 0, 0, 0, '2014-07-18 16:00:03'),
(315, 45, 29, '2014-07-19', 0, 0, 0, 0, '2014-07-18 16:00:03'),
(316, 57, 30, '2014-07-19', 0, 0, 0, 0, '2014-07-18 16:00:03'),
(317, 1, 31, '2014-07-19', 0, 0, 0, 0, '2014-07-18 16:00:03'),
(322, 1, 1, '2014-07-20', 0, 0, 0, 0, '2014-07-19 16:00:00'),
(323, 1, 20, '2014-07-20', 0, 0, 0, 0, '2014-07-19 16:00:00'),
(324, 1, 23, '2014-07-20', 0, 0, 0, 0, '2014-07-19 16:00:00'),
(325, 1, 24, '2014-07-20', 0, 0, 0, 0, '2014-07-19 16:00:00'),
(326, 27, 25, '2014-07-20', 0, 0, 0, 0, '2014-07-19 16:00:00'),
(327, 15, 26, '2014-07-20', 0, 0, 0, 0, '2014-07-19 16:00:00'),
(328, 15, 27, '2014-07-20', 0, 0, 0, 0, '2014-07-19 16:00:00'),
(329, 15, 28, '2014-07-20', 0, 0, 0, 0, '2014-07-19 16:00:00'),
(330, 45, 29, '2014-07-20', 0, 0, 0, 0, '2014-07-19 16:00:00'),
(331, 57, 30, '2014-07-20', 0, 0, 0, 0, '2014-07-19 16:00:00'),
(332, 1, 31, '2014-07-20', 0, 0, 0, 0, '2014-07-19 16:00:00'),
(337, 1, 1, '2014-07-21', 0, 0, 0, 0, '2014-07-20 16:00:00'),
(338, 1, 20, '2014-07-21', 0, 0, 0, 0, '2014-07-20 16:00:00'),
(339, 1, 23, '2014-07-21', 0, 0, 0, 0, '2014-07-20 16:00:00'),
(340, 1, 24, '2014-07-21', 0, 0, 0, 0, '2014-07-20 16:00:00'),
(341, 27, 25, '2014-07-21', 0, 0, 0, 0, '2014-07-20 16:00:00'),
(342, 15, 26, '2014-07-21', 0, 0, 0, 0, '2014-07-20 16:00:00'),
(343, 15, 27, '2014-07-21', 0, 0, 0, 0, '2014-07-20 16:00:00'),
(344, 15, 28, '2014-07-21', 0, 0, 0, 0, '2014-07-20 16:00:00'),
(345, 45, 29, '2014-07-21', 0, 0, 0, 0, '2014-07-20 16:00:00'),
(346, 57, 30, '2014-07-21', 0, 0, 0, 0, '2014-07-20 16:00:00'),
(347, 1, 31, '2014-07-21', 0, 0, 0, 0, '2014-07-20 16:00:00'),
(352, 1, 1, '2014-07-22', 0, 0, 0, 0, '2014-07-21 16:00:00'),
(353, 1, 20, '2014-07-22', 0, 0, 0, 0, '2014-07-21 16:00:00'),
(354, 1, 23, '2014-07-22', 0, 0, 0, 0, '2014-07-21 16:00:00'),
(355, 1, 24, '2014-07-22', 0, 0, 0, 0, '2014-07-21 16:00:00'),
(356, 27, 25, '2014-07-22', 0, 0, 0, 0, '2014-07-21 16:00:00'),
(357, 15, 26, '2014-07-22', 0, 0, 0, 0, '2014-07-21 16:00:00'),
(358, 15, 27, '2014-07-22', 0, 0, 0, 0, '2014-07-21 16:00:00'),
(359, 15, 28, '2014-07-22', 0, 0, 0, 0, '2014-07-21 16:00:00'),
(360, 45, 29, '2014-07-22', 0, 0, 0, 0, '2014-07-21 16:00:00'),
(361, 57, 30, '2014-07-22', 0, 0, 0, 0, '2014-07-21 16:00:00'),
(362, 1, 31, '2014-07-22', 0, 0, 0, 0, '2014-07-21 16:00:00'),
(363, 81, 32, '2014-07-22', 0, 0, 0, 0, '2014-07-21 16:00:00'),
(367, 1, 1, '2014-07-23', 0, 0, 0, 0, '2014-07-22 16:00:00'),
(368, 1, 20, '2014-07-23', 0, 0, 0, 0, '2014-07-22 16:00:00'),
(369, 1, 23, '2014-07-23', 0, 0, 0, 0, '2014-07-22 16:00:00'),
(370, 1, 24, '2014-07-23', 0, 0, 0, 0, '2014-07-22 16:00:00'),
(371, 27, 25, '2014-07-23', 0, 0, 0, 0, '2014-07-22 16:00:00'),
(372, 15, 26, '2014-07-23', 0, 0, 0, 0, '2014-07-22 16:00:00'),
(373, 15, 27, '2014-07-23', 0, 0, 0, 0, '2014-07-22 16:00:00'),
(374, 15, 28, '2014-07-23', 0, 0, 0, 0, '2014-07-22 16:00:00'),
(375, 45, 29, '2014-07-23', 0, 0, 0, 0, '2014-07-22 16:00:00'),
(376, 57, 30, '2014-07-23', 0, 0, 0, 0, '2014-07-22 16:00:00'),
(377, 1, 31, '2014-07-23', 0, 0, 0, 0, '2014-07-22 16:00:00'),
(378, 81, 32, '2014-07-23', 0, 0, 0, 0, '2014-07-22 16:00:00'),
(382, 1, 1, '2014-07-24', 0, 0, 0, 0, '2014-07-23 16:00:00'),
(383, 1, 20, '2014-07-24', 0, 0, 0, 0, '2014-07-23 16:00:00'),
(384, 1, 23, '2014-07-24', 0, 0, 0, 0, '2014-07-23 16:00:00'),
(385, 1, 24, '2014-07-24', 0, 0, 0, 0, '2014-07-23 16:00:00'),
(386, 27, 25, '2014-07-24', 0, 0, 0, 0, '2014-07-23 16:00:00'),
(387, 15, 26, '2014-07-24', 0, 0, 0, 0, '2014-07-23 16:00:00'),
(388, 15, 27, '2014-07-24', 0, 0, 0, 0, '2014-07-23 16:00:00'),
(389, 15, 28, '2014-07-24', 0, 0, 0, 0, '2014-07-23 16:00:00'),
(390, 45, 29, '2014-07-24', 0, 0, 0, 0, '2014-07-23 16:00:00'),
(391, 57, 30, '2014-07-24', 0, 0, 0, 0, '2014-07-23 16:00:00'),
(392, 1, 31, '2014-07-24', 0, 0, 0, 0, '2014-07-23 16:00:00'),
(393, 81, 32, '2014-07-24', 0, 0, 0, 0, '2014-07-23 16:00:00'),
(397, 1, 1, '2014-07-25', 0, 0, 0, 0, '2014-07-24 16:00:27'),
(398, 1, 20, '2014-07-25', 0, 0, 0, 0, '2014-07-24 16:00:27'),
(399, 1, 23, '2014-07-25', 0, 0, 0, 0, '2014-07-24 16:00:27'),
(400, 1, 24, '2014-07-25', 0, 0, 0, 0, '2014-07-24 16:00:27'),
(401, 27, 25, '2014-07-25', 0, 0, 0, 0, '2014-07-24 16:00:27'),
(402, 15, 26, '2014-07-25', 0, 0, 0, 0, '2014-07-24 16:00:27'),
(403, 15, 27, '2014-07-25', 0, 0, 0, 0, '2014-07-24 16:00:27'),
(404, 15, 28, '2014-07-25', 0, 0, 0, 0, '2014-07-24 16:00:27'),
(405, 45, 29, '2014-07-25', 0, 0, 0, 0, '2014-07-24 16:00:27'),
(406, 57, 30, '2014-07-25', 0, 0, 0, 0, '2014-07-24 16:00:27'),
(407, 1, 31, '2014-07-25', 0, 0, 0, 0, '2014-07-24 16:00:27'),
(408, 81, 32, '2014-07-25', 0, 0, 0, 0, '2014-07-24 16:00:27'),
(412, 1, 1, '2014-07-26', 0, 0, 0, 0, '2014-07-25 16:00:00'),
(413, 1, 20, '2014-07-26', 0, 0, 0, 0, '2014-07-25 16:00:00'),
(414, 1, 23, '2014-07-26', 0, 0, 0, 0, '2014-07-25 16:00:00'),
(415, 1, 24, '2014-07-26', 0, 0, 0, 0, '2014-07-25 16:00:00'),
(416, 27, 25, '2014-07-26', 0, 0, 0, 0, '2014-07-25 16:00:00'),
(417, 15, 26, '2014-07-26', 0, 0, 0, 0, '2014-07-25 16:00:00'),
(418, 15, 27, '2014-07-26', 0, 0, 0, 0, '2014-07-25 16:00:00'),
(419, 15, 28, '2014-07-26', 0, 0, 0, 0, '2014-07-25 16:00:00'),
(420, 45, 29, '2014-07-26', 0, 0, 0, 0, '2014-07-25 16:00:00'),
(421, 57, 30, '2014-07-26', 0, 0, 0, 0, '2014-07-25 16:00:00'),
(422, 1, 31, '2014-07-26', 0, 0, 0, 0, '2014-07-25 16:00:00'),
(423, 81, 32, '2014-07-26', 0, 0, 0, 0, '2014-07-25 16:00:00'),
(427, 1, 1, '2014-07-27', 0, 0, 0, 0, '2014-07-26 16:00:00'),
(428, 1, 20, '2014-07-27', 0, 0, 0, 0, '2014-07-26 16:00:00'),
(429, 1, 23, '2014-07-27', 0, 0, 0, 0, '2014-07-26 16:00:00'),
(430, 1, 24, '2014-07-27', 0, 0, 0, 0, '2014-07-26 16:00:00'),
(431, 27, 25, '2014-07-27', 0, 0, 0, 0, '2014-07-26 16:00:00'),
(432, 15, 26, '2014-07-27', 0, 0, 0, 0, '2014-07-26 16:00:00'),
(433, 15, 27, '2014-07-27', 0, 0, 0, 0, '2014-07-26 16:00:00'),
(434, 15, 28, '2014-07-27', 0, 0, 0, 0, '2014-07-26 16:00:00'),
(435, 45, 29, '2014-07-27', 0, 0, 0, 0, '2014-07-26 16:00:00'),
(436, 57, 30, '2014-07-27', 0, 0, 0, 0, '2014-07-26 16:00:00'),
(437, 1, 31, '2014-07-27', 0, 0, 0, 0, '2014-07-26 16:00:00'),
(438, 81, 32, '2014-07-27', 0, 0, 0, 0, '2014-07-26 16:00:00'),
(442, 1, 1, '2014-07-28', 0, 0, 0, 0, '2014-07-27 16:00:00'),
(443, 1, 20, '2014-07-28', 0, 0, 0, 0, '2014-07-27 16:00:00'),
(444, 1, 23, '2014-07-28', 0, 0, 0, 0, '2014-07-27 16:00:00'),
(445, 1, 24, '2014-07-28', 0, 0, 0, 0, '2014-07-27 16:00:00'),
(446, 27, 25, '2014-07-28', 0, 0, 0, 0, '2014-07-27 16:00:00'),
(447, 15, 26, '2014-07-28', 0, 0, 0, 0, '2014-07-27 16:00:00'),
(448, 15, 27, '2014-07-28', 0, 0, 0, 0, '2014-07-27 16:00:00'),
(449, 15, 28, '2014-07-28', 0, 0, 0, 0, '2014-07-27 16:00:00'),
(450, 45, 29, '2014-07-28', 0, 0, 0, 0, '2014-07-27 16:00:00'),
(451, 57, 30, '2014-07-28', 0, 0, 0, 0, '2014-07-27 16:00:00'),
(452, 1, 31, '2014-07-28', 0, 0, 0, 0, '2014-07-27 16:00:00'),
(453, 81, 32, '2014-07-28', 0, 0, 0, 0, '2014-07-27 16:00:00'),
(457, 1, 1, '2014-07-29', 0, 0, 0, 0, '2014-07-28 16:00:00'),
(458, 1, 20, '2014-07-29', 0, 0, 0, 0, '2014-07-28 16:00:00'),
(459, 1, 23, '2014-07-29', 0, 0, 0, 0, '2014-07-28 16:00:00'),
(460, 1, 24, '2014-07-29', 0, 0, 0, 0, '2014-07-28 16:00:00'),
(461, 27, 25, '2014-07-29', 0, 0, 0, 0, '2014-07-28 16:00:00'),
(462, 15, 26, '2014-07-29', 0, 0, 0, 0, '2014-07-28 16:00:00'),
(463, 15, 27, '2014-07-29', 0, 0, 0, 0, '2014-07-28 16:00:00'),
(464, 15, 28, '2014-07-29', 0, 0, 0, 0, '2014-07-28 16:00:00'),
(465, 45, 29, '2014-07-29', 0, 0, 0, 0, '2014-07-28 16:00:00'),
(466, 57, 30, '2014-07-29', 0, 0, 0, 0, '2014-07-28 16:00:00'),
(467, 1, 31, '2014-07-29', 0, 0, 0, 0, '2014-07-28 16:00:00'),
(468, 81, 32, '2014-07-29', 0, 0, 0, 0, '2014-07-28 16:00:00'),
(472, 1, 1, '2014-07-30', 0, 0, 0, 0, '2014-07-29 16:00:00'),
(473, 1, 20, '2014-07-30', 0, 0, 0, 0, '2014-07-29 16:00:00'),
(474, 1, 23, '2014-07-30', 0, 0, 0, 0, '2014-07-29 16:00:00'),
(475, 1, 24, '2014-07-30', 0, 0, 0, 0, '2014-07-29 16:00:00'),
(476, 27, 25, '2014-07-30', 0, 0, 0, 0, '2014-07-29 16:00:00'),
(477, 15, 26, '2014-07-30', 0, 0, 0, 0, '2014-07-29 16:00:00'),
(478, 15, 27, '2014-07-30', 0, 0, 0, 0, '2014-07-29 16:00:00'),
(479, 15, 28, '2014-07-30', 0, 0, 0, 0, '2014-07-29 16:00:00'),
(480, 45, 29, '2014-07-30', 0, 0, 0, 0, '2014-07-29 16:00:00'),
(481, 57, 30, '2014-07-30', 0, 0, 0, 0, '2014-07-29 16:00:00'),
(482, 1, 31, '2014-07-30', 0, 0, 0, 0, '2014-07-29 16:00:00'),
(483, 81, 32, '2014-07-30', 0, 0, 0, 0, '2014-07-29 16:00:00'),
(487, 1, 1, '2014-07-31', 0, 0, 0, 0, '2014-07-30 16:00:00'),
(488, 1, 20, '2014-07-31', 0, 0, 0, 0, '2014-07-30 16:00:00'),
(489, 1, 23, '2014-07-31', 0, 0, 0, 0, '2014-07-30 16:00:00'),
(490, 1, 24, '2014-07-31', 0, 0, 0, 0, '2014-07-30 16:00:00'),
(491, 27, 25, '2014-07-31', 0, 0, 0, 0, '2014-07-30 16:00:00'),
(492, 15, 26, '2014-07-31', 0, 0, 0, 0, '2014-07-30 16:00:00'),
(493, 15, 27, '2014-07-31', 0, 0, 0, 0, '2014-07-30 16:00:00'),
(494, 15, 28, '2014-07-31', 0, 0, 0, 0, '2014-07-30 16:00:00'),
(495, 45, 29, '2014-07-31', 0, 0, 0, 0, '2014-07-30 16:00:00'),
(496, 57, 30, '2014-07-31', 0, 0, 0, 0, '2014-07-30 16:00:00'),
(497, 1, 31, '2014-07-31', 0, 0, 0, 0, '2014-07-30 16:00:00'),
(498, 81, 32, '2014-07-31', 0, 0, 0, 0, '2014-07-30 16:00:00'),
(502, 1, 1, '2014-08-01', 0, 0, 0, 0, '2014-07-31 16:00:28'),
(503, 1, 20, '2014-08-01', 0, 0, 0, 0, '2014-07-31 16:00:28'),
(504, 1, 23, '2014-08-01', 0, 0, 0, 0, '2014-07-31 16:00:28'),
(505, 1, 24, '2014-08-01', 0, 0, 0, 0, '2014-07-31 16:00:28'),
(506, 27, 25, '2014-08-01', 0, 0, 0, 0, '2014-07-31 16:00:28'),
(507, 15, 26, '2014-08-01', 0, 0, 0, 0, '2014-07-31 16:00:28'),
(508, 15, 27, '2014-08-01', 0, 0, 0, 0, '2014-07-31 16:00:28'),
(509, 15, 28, '2014-08-01', 0, 0, 0, 0, '2014-07-31 16:00:28'),
(510, 45, 29, '2014-08-01', 0, 0, 0, 0, '2014-07-31 16:00:28'),
(511, 57, 30, '2014-08-01', 0, 0, 0, 0, '2014-07-31 16:00:28'),
(512, 1, 31, '2014-08-01', 0, 0, 0, 0, '2014-07-31 16:00:28'),
(513, 81, 32, '2014-08-01', 0, 0, 0, 0, '2014-07-31 16:00:28'),
(517, 1, 1, '2014-08-02', 0, 0, 0, 0, '2014-08-01 16:00:05'),
(518, 1, 20, '2014-08-02', 0, 0, 0, 0, '2014-08-01 16:00:05'),
(519, 1, 23, '2014-08-02', 0, 0, 0, 0, '2014-08-01 16:00:05'),
(520, 1, 24, '2014-08-02', 0, 0, 0, 0, '2014-08-01 16:00:05'),
(521, 27, 25, '2014-08-02', 0, 0, 0, 0, '2014-08-01 16:00:05'),
(522, 15, 26, '2014-08-02', 0, 0, 0, 0, '2014-08-01 16:00:05'),
(523, 15, 27, '2014-08-02', 0, 0, 0, 0, '2014-08-01 16:00:05'),
(524, 15, 28, '2014-08-02', 0, 0, 0, 0, '2014-08-01 16:00:05'),
(525, 45, 29, '2014-08-02', 0, 0, 0, 0, '2014-08-01 16:00:05'),
(526, 57, 30, '2014-08-02', 0, 0, 0, 0, '2014-08-01 16:00:05'),
(527, 1, 31, '2014-08-02', 0, 0, 0, 0, '2014-08-01 16:00:05'),
(528, 81, 32, '2014-08-02', 0, 0, 0, 0, '2014-08-01 16:00:05'),
(532, 1, 1, '2014-08-03', 0, 0, 0, 0, '2014-08-02 16:00:00'),
(533, 1, 20, '2014-08-03', 0, 0, 0, 0, '2014-08-02 16:00:00'),
(534, 1, 23, '2014-08-03', 0, 0, 0, 0, '2014-08-02 16:00:00'),
(535, 1, 24, '2014-08-03', 0, 0, 0, 0, '2014-08-02 16:00:00'),
(536, 27, 25, '2014-08-03', 0, 0, 0, 0, '2014-08-02 16:00:00'),
(537, 15, 26, '2014-08-03', 0, 0, 0, 0, '2014-08-02 16:00:00'),
(538, 15, 27, '2014-08-03', 0, 0, 0, 0, '2014-08-02 16:00:00'),
(539, 15, 28, '2014-08-03', 0, 0, 0, 0, '2014-08-02 16:00:00'),
(540, 45, 29, '2014-08-03', 0, 0, 0, 0, '2014-08-02 16:00:00'),
(541, 57, 30, '2014-08-03', 0, 0, 0, 0, '2014-08-02 16:00:00'),
(542, 1, 31, '2014-08-03', 0, 0, 0, 0, '2014-08-02 16:00:00'),
(543, 81, 32, '2014-08-03', 0, 0, 0, 0, '2014-08-02 16:00:00'),
(547, 1, 1, '2014-08-04', 0, 0, 0, 0, '2014-08-03 16:00:00'),
(548, 1, 20, '2014-08-04', 0, 0, 0, 0, '2014-08-03 16:00:00'),
(549, 1, 23, '2014-08-04', 0, 0, 0, 0, '2014-08-03 16:00:00'),
(550, 1, 24, '2014-08-04', 0, 0, 0, 0, '2014-08-03 16:00:00'),
(551, 27, 25, '2014-08-04', 0, 0, 0, 0, '2014-08-03 16:00:00'),
(552, 15, 26, '2014-08-04', 0, 0, 0, 0, '2014-08-03 16:00:00'),
(553, 15, 27, '2014-08-04', 0, 0, 0, 0, '2014-08-03 16:00:00'),
(554, 15, 28, '2014-08-04', 0, 0, 0, 0, '2014-08-03 16:00:00'),
(555, 45, 29, '2014-08-04', 0, 0, 0, 0, '2014-08-03 16:00:00'),
(556, 57, 30, '2014-08-04', 0, 0, 0, 0, '2014-08-03 16:00:00'),
(557, 1, 31, '2014-08-04', 0, 0, 0, 0, '2014-08-03 16:00:00'),
(558, 81, 32, '2014-08-04', 0, 0, 0, 0, '2014-08-03 16:00:00'),
(562, 1, 1, '2014-08-05', 0, 0, 0, 0, '2014-08-04 16:00:00'),
(563, 1, 20, '2014-08-05', 0, 0, 0, 0, '2014-08-04 16:00:00'),
(564, 1, 23, '2014-08-05', 0, 0, 0, 0, '2014-08-04 16:00:00'),
(565, 1, 24, '2014-08-05', 0, 0, 0, 0, '2014-08-04 16:00:00'),
(566, 27, 25, '2014-08-05', 0, 0, 0, 0, '2014-08-04 16:00:00'),
(567, 15, 26, '2014-08-05', 0, 0, 0, 0, '2014-08-04 16:00:00'),
(568, 15, 27, '2014-08-05', 0, 0, 0, 0, '2014-08-04 16:00:00'),
(569, 15, 28, '2014-08-05', 0, 0, 0, 0, '2014-08-04 16:00:00'),
(570, 45, 29, '2014-08-05', 0, 0, 0, 0, '2014-08-04 16:00:00'),
(571, 57, 30, '2014-08-05', 0, 0, 0, 0, '2014-08-04 16:00:00'),
(572, 1, 31, '2014-08-05', 0, 0, 0, 0, '2014-08-04 16:00:00'),
(573, 81, 32, '2014-08-05', 0, 0, 0, 0, '2014-08-04 16:00:00'),
(574, 81, 33, '2014-08-05', 0, 0, 0, 0, '2014-08-04 16:00:00'),
(577, 1, 1, '2014-08-06', 0, 0, 0, 0, '2014-08-05 16:00:00'),
(578, 1, 20, '2014-08-06', 0, 0, 0, 0, '2014-08-05 16:00:00'),
(579, 1, 23, '2014-08-06', 0, 0, 0, 0, '2014-08-05 16:00:00'),
(580, 1, 24, '2014-08-06', 0, 0, 0, 0, '2014-08-05 16:00:00'),
(581, 27, 25, '2014-08-06', 0, 0, 0, 0, '2014-08-05 16:00:00'),
(582, 15, 26, '2014-08-06', 0, 0, 0, 0, '2014-08-05 16:00:00'),
(583, 15, 27, '2014-08-06', 0, 0, 0, 0, '2014-08-05 16:00:00'),
(584, 15, 28, '2014-08-06', 0, 0, 0, 0, '2014-08-05 16:00:00'),
(585, 45, 29, '2014-08-06', 0, 0, 0, 0, '2014-08-05 16:00:00'),
(586, 57, 30, '2014-08-06', 0, 0, 0, 0, '2014-08-05 16:00:00'),
(587, 1, 31, '2014-08-06', 0, 0, 0, 0, '2014-08-05 16:00:00'),
(588, 81, 32, '2014-08-06', 0, 0, 0, 0, '2014-08-05 16:00:00'),
(589, 81, 33, '2014-08-06', 0, 0, 0, 0, '2014-08-05 16:00:00'),
(590, 84, 34, '2014-08-06', 0, 0, 0, 0, '2014-08-05 16:00:00'),
(592, 1, 1, '2014-08-07', 0, 0, 0, 0, '2014-08-06 16:00:00'),
(593, 1, 20, '2014-08-07', 0, 0, 0, 0, '2014-08-06 16:00:00'),
(594, 1, 23, '2014-08-07', 0, 0, 0, 0, '2014-08-06 16:00:00'),
(595, 1, 24, '2014-08-07', 0, 0, 0, 0, '2014-08-06 16:00:00'),
(596, 27, 25, '2014-08-07', 0, 0, 0, 0, '2014-08-06 16:00:00'),
(597, 15, 26, '2014-08-07', 0, 0, 0, 0, '2014-08-06 16:00:00'),
(598, 15, 27, '2014-08-07', 0, 0, 0, 0, '2014-08-06 16:00:00'),
(599, 15, 28, '2014-08-07', 0, 0, 0, 0, '2014-08-06 16:00:00'),
(600, 45, 29, '2014-08-07', 0, 0, 0, 0, '2014-08-06 16:00:00'),
(601, 57, 30, '2014-08-07', 0, 0, 0, 0, '2014-08-06 16:00:00'),
(602, 1, 31, '2014-08-07', 0, 0, 0, 0, '2014-08-06 16:00:00'),
(603, 81, 32, '2014-08-07', 0, 0, 0, 0, '2014-08-06 16:00:00'),
(604, 81, 33, '2014-08-07', 0, 0, 0, 0, '2014-08-06 16:00:00'),
(605, 84, 34, '2014-08-07', 0, 0, 0, 0, '2014-08-06 16:00:00'),
(607, 1, 1, '2014-08-08', 0, 0, 0, 0, '2014-08-07 16:00:28'),
(608, 1, 20, '2014-08-08', 0, 0, 0, 0, '2014-08-07 16:00:28'),
(609, 1, 23, '2014-08-08', 0, 0, 0, 0, '2014-08-07 16:00:28'),
(610, 1, 24, '2014-08-08', 0, 0, 0, 0, '2014-08-07 16:00:28'),
(611, 27, 25, '2014-08-08', 0, 0, 0, 0, '2014-08-07 16:00:28'),
(612, 15, 26, '2014-08-08', 0, 0, 0, 0, '2014-08-07 16:00:28'),
(613, 15, 27, '2014-08-08', 0, 0, 0, 0, '2014-08-07 16:00:28'),
(614, 15, 28, '2014-08-08', 0, 0, 0, 0, '2014-08-07 16:00:28'),
(615, 45, 29, '2014-08-08', 0, 0, 0, 0, '2014-08-07 16:00:28'),
(616, 57, 30, '2014-08-08', 0, 0, 0, 0, '2014-08-07 16:00:28'),
(617, 1, 31, '2014-08-08', 0, 0, 0, 0, '2014-08-07 16:00:28'),
(618, 81, 32, '2014-08-08', 0, 0, 0, 0, '2014-08-07 16:00:28'),
(619, 81, 33, '2014-08-08', 0, 0, 0, 0, '2014-08-07 16:00:28'),
(620, 84, 34, '2014-08-08', 0, 0, 0, 0, '2014-08-07 16:00:28'),
(622, 1, 1, '2014-08-09', 0, 0, 0, 0, '2014-08-08 16:00:04'),
(623, 1, 20, '2014-08-09', 0, 0, 0, 0, '2014-08-08 16:00:04'),
(624, 1, 23, '2014-08-09', 0, 0, 0, 0, '2014-08-08 16:00:04'),
(625, 1, 24, '2014-08-09', 0, 0, 0, 0, '2014-08-08 16:00:04'),
(626, 27, 25, '2014-08-09', 0, 0, 0, 0, '2014-08-08 16:00:04'),
(627, 15, 26, '2014-08-09', 0, 0, 0, 0, '2014-08-08 16:00:04'),
(628, 15, 27, '2014-08-09', 0, 0, 0, 0, '2014-08-08 16:00:04'),
(629, 15, 28, '2014-08-09', 0, 0, 0, 0, '2014-08-08 16:00:04'),
(630, 45, 29, '2014-08-09', 0, 0, 0, 0, '2014-08-08 16:00:04'),
(631, 57, 30, '2014-08-09', 0, 0, 0, 0, '2014-08-08 16:00:04'),
(632, 1, 31, '2014-08-09', 0, 0, 0, 0, '2014-08-08 16:00:04'),
(633, 81, 32, '2014-08-09', 0, 0, 0, 0, '2014-08-08 16:00:04'),
(634, 81, 33, '2014-08-09', 0, 0, 0, 0, '2014-08-08 16:00:04'),
(635, 84, 34, '2014-08-09', 0, 0, 0, 0, '2014-08-08 16:00:04'),
(636, 82, 35, '2014-08-09', 0, 0, 0, 0, '2014-08-08 16:00:04'),
(637, 82, 36, '2014-08-09', 0, 0, 0, 0, '2014-08-08 16:00:04'),
(653, 1, 1, '2014-08-10', 0, 0, 0, 0, '2014-08-09 16:00:00'),
(654, 1, 20, '2014-08-10', 0, 0, 0, 0, '2014-08-09 16:00:00'),
(655, 1, 23, '2014-08-10', 0, 0, 0, 0, '2014-08-09 16:00:00'),
(656, 1, 24, '2014-08-10', 0, 0, 0, 0, '2014-08-09 16:00:00'),
(657, 27, 25, '2014-08-10', 0, 0, 0, 0, '2014-08-09 16:00:00'),
(658, 15, 26, '2014-08-10', 0, 0, 0, 0, '2014-08-09 16:00:00'),
(659, 15, 27, '2014-08-10', 0, 0, 0, 0, '2014-08-09 16:00:00'),
(660, 15, 28, '2014-08-10', 0, 0, 0, 0, '2014-08-09 16:00:00'),
(661, 45, 29, '2014-08-10', 0, 0, 0, 0, '2014-08-09 16:00:00'),
(662, 57, 30, '2014-08-10', 0, 0, 0, 0, '2014-08-09 16:00:00'),
(663, 1, 31, '2014-08-10', 0, 0, 0, 0, '2014-08-09 16:00:00'),
(664, 81, 32, '2014-08-10', 0, 0, 0, 0, '2014-08-09 16:00:00'),
(665, 81, 33, '2014-08-10', 0, 0, 0, 0, '2014-08-09 16:00:00'),
(666, 84, 34, '2014-08-10', 0, 0, 0, 0, '2014-08-09 16:00:00'),
(667, 82, 35, '2014-08-10', 0, 0, 0, 0, '2014-08-09 16:00:00'),
(668, 82, 36, '2014-08-10', 0, 0, 0, 0, '2014-08-09 16:00:00'),
(684, 1, 1, '2014-08-11', 0, 0, 0, 0, '2014-08-10 16:00:00'),
(685, 1, 20, '2014-08-11', 0, 0, 0, 0, '2014-08-10 16:00:00'),
(686, 1, 23, '2014-08-11', 0, 0, 0, 0, '2014-08-10 16:00:00'),
(687, 1, 24, '2014-08-11', 0, 0, 0, 0, '2014-08-10 16:00:00'),
(688, 27, 25, '2014-08-11', 0, 0, 0, 0, '2014-08-10 16:00:00'),
(689, 15, 26, '2014-08-11', 0, 0, 0, 0, '2014-08-10 16:00:00'),
(690, 15, 27, '2014-08-11', 0, 0, 0, 0, '2014-08-10 16:00:00'),
(691, 15, 28, '2014-08-11', 0, 0, 0, 0, '2014-08-10 16:00:00'),
(692, 45, 29, '2014-08-11', 0, 0, 0, 0, '2014-08-10 16:00:00'),
(693, 57, 30, '2014-08-11', 0, 0, 0, 0, '2014-08-10 16:00:00'),
(694, 1, 31, '2014-08-11', 0, 0, 0, 0, '2014-08-10 16:00:00'),
(695, 81, 32, '2014-08-11', 0, 0, 0, 0, '2014-08-10 16:00:00'),
(696, 81, 33, '2014-08-11', 0, 0, 0, 0, '2014-08-10 16:00:00'),
(697, 84, 34, '2014-08-11', 0, 0, 0, 0, '2014-08-10 16:00:00'),
(698, 82, 35, '2014-08-11', 0, 0, 0, 0, '2014-08-10 16:00:00'),
(699, 82, 36, '2014-08-11', 0, 0, 0, 0, '2014-08-10 16:00:00'),
(715, 1, 1, '2014-08-12', 0, 0, 0, 0, '2014-08-11 16:00:00'),
(716, 1, 20, '2014-08-12', 0, 0, 0, 0, '2014-08-11 16:00:00'),
(717, 1, 23, '2014-08-12', 0, 0, 0, 0, '2014-08-11 16:00:00'),
(718, 1, 24, '2014-08-12', 0, 0, 0, 0, '2014-08-11 16:00:00'),
(719, 27, 25, '2014-08-12', 0, 0, 0, 0, '2014-08-11 16:00:00'),
(720, 15, 26, '2014-08-12', 0, 0, 0, 0, '2014-08-11 16:00:00'),
(721, 15, 27, '2014-08-12', 0, 0, 0, 0, '2014-08-11 16:00:00'),
(722, 15, 28, '2014-08-12', 0, 0, 0, 0, '2014-08-11 16:00:00'),
(723, 45, 29, '2014-08-12', 0, 0, 0, 0, '2014-08-11 16:00:00'),
(724, 57, 30, '2014-08-12', 0, 0, 0, 0, '2014-08-11 16:00:00'),
(725, 1, 31, '2014-08-12', 0, 0, 0, 0, '2014-08-11 16:00:00'),
(726, 81, 32, '2014-08-12', 0, 0, 0, 0, '2014-08-11 16:00:00'),
(727, 81, 33, '2014-08-12', 0, 0, 0, 0, '2014-08-11 16:00:00'),
(728, 84, 34, '2014-08-12', 0, 0, 0, 0, '2014-08-11 16:00:00'),
(729, 82, 35, '2014-08-12', 0, 0, 0, 0, '2014-08-11 16:00:00'),
(730, 82, 36, '2014-08-12', 0, 0, 0, 0, '2014-08-11 16:00:00'),
(746, 1, 1, '2014-08-13', 0, 0, 0, 0, '2014-08-12 16:00:00'),
(747, 1, 20, '2014-08-13', 0, 0, 0, 0, '2014-08-12 16:00:00'),
(748, 1, 23, '2014-08-13', 0, 0, 0, 0, '2014-08-12 16:00:00'),
(749, 1, 24, '2014-08-13', 0, 0, 0, 0, '2014-08-12 16:00:00'),
(750, 27, 25, '2014-08-13', 0, 0, 0, 0, '2014-08-12 16:00:00'),
(751, 15, 26, '2014-08-13', 0, 0, 0, 0, '2014-08-12 16:00:00'),
(752, 15, 27, '2014-08-13', 0, 0, 0, 0, '2014-08-12 16:00:00'),
(753, 15, 28, '2014-08-13', 0, 0, 0, 0, '2014-08-12 16:00:00'),
(754, 45, 29, '2014-08-13', 0, 0, 0, 0, '2014-08-12 16:00:00'),
(755, 57, 30, '2014-08-13', 0, 0, 0, 0, '2014-08-12 16:00:00'),
(756, 1, 31, '2014-08-13', 0, 0, 0, 0, '2014-08-12 16:00:00'),
(757, 81, 32, '2014-08-13', 0, 0, 0, 0, '2014-08-12 16:00:00'),
(758, 81, 33, '2014-08-13', 0, 0, 0, 0, '2014-08-12 16:00:00'),
(759, 84, 34, '2014-08-13', 0, 0, 0, 0, '2014-08-12 16:00:00'),
(760, 82, 35, '2014-08-13', 0, 0, 0, 0, '2014-08-12 16:00:00'),
(761, 82, 36, '2014-08-13', 0, 0, 0, 0, '2014-08-12 16:00:00'),
(777, 1, 1, '2014-08-14', 0, 0, 0, 0, '2014-08-13 16:00:00'),
(778, 1, 20, '2014-08-14', 0, 0, 0, 0, '2014-08-13 16:00:00'),
(779, 1, 23, '2014-08-14', 0, 0, 0, 0, '2014-08-13 16:00:00'),
(780, 1, 24, '2014-08-14', 0, 0, 0, 0, '2014-08-13 16:00:00'),
(781, 27, 25, '2014-08-14', 0, 0, 0, 0, '2014-08-13 16:00:00'),
(782, 15, 26, '2014-08-14', 0, 0, 0, 0, '2014-08-13 16:00:00'),
(783, 15, 27, '2014-08-14', 0, 0, 0, 0, '2014-08-13 16:00:00'),
(784, 15, 28, '2014-08-14', 0, 0, 0, 0, '2014-08-13 16:00:00'),
(785, 45, 29, '2014-08-14', 0, 0, 0, 0, '2014-08-13 16:00:00'),
(786, 57, 30, '2014-08-14', 0, 0, 0, 0, '2014-08-13 16:00:00'),
(787, 1, 31, '2014-08-14', 0, 0, 0, 0, '2014-08-13 16:00:00'),
(788, 81, 32, '2014-08-14', 0, 0, 0, 0, '2014-08-13 16:00:00'),
(789, 81, 33, '2014-08-14', 0, 0, 0, 0, '2014-08-13 16:00:00'),
(790, 84, 34, '2014-08-14', 0, 0, 0, 0, '2014-08-13 16:00:00'),
(791, 82, 35, '2014-08-14', 0, 0, 0, 0, '2014-08-13 16:00:00'),
(792, 82, 36, '2014-08-14', 0, 0, 0, 0, '2014-08-13 16:00:00'),
(793, 1, 37, '2014-08-14', 0, 0, 0, 0, '2014-08-13 16:00:00'),
(794, 1, 38, '2014-08-14', 0, 0, 0, 0, '2014-08-13 16:00:00');

-- --------------------------------------------------------

--
-- Table structure for table `comp_supplier_creditnote`
--

CREATE TABLE IF NOT EXISTS `comp_supplier_creditnote` (
  `ID` int(11) NOT NULL AUTO_INCREMENT,
  `serialNo` int(11) NOT NULL DEFAULT '1',
  `companyID` int(11) NOT NULL,
  `supplierID` int(11) NOT NULL,
  `formNo` varchar(32) NOT NULL,
  `creditNoteDate` date NOT NULL,
  `supplierInvoiceID` int(11) NOT NULL,
  `projectID` int(11) NOT NULL,
  `termsID` int(11) NOT NULL,
  `currencyID` int(11) NOT NULL,
  `exchangeRate` double NOT NULL,
  `agentID` int(11) NOT NULL,
  `memo` text NOT NULL,
  `employeeID` int(11) NOT NULL,
  `shippingMethodID` int(11) NOT NULL,
  `totalAmount` double NOT NULL,
  `amountPaid` decimal(10,0) NOT NULL,
  `totalTaxAmount` double NOT NULL,
  `totalPayable` double NOT NULL,
  `total` double NOT NULL,
  `createdBy` int(11) NOT NULL,
  `createdTS` timestamp NOT NULL DEFAULT CURRENT_TIMESTAMP,
  `updatedBy` int(11) NOT NULL,
  `updatedTS` timestamp NOT NULL DEFAULT '0000-00-00 00:00:00' ON UPDATE CURRENT_TIMESTAMP,
  `is_delete` smallint(16) NOT NULL,
  `updateAble` tinyint(1) NOT NULL DEFAULT '1',
  `journalNo` varchar(32) NOT NULL,
  PRIMARY KEY (`ID`)
) ENGINE=InnoDB  DEFAULT CHARSET=latin1 AUTO_INCREMENT=26 ;

--
-- Dumping data for table `comp_supplier_creditnote`
--

INSERT INTO `comp_supplier_creditnote` (`ID`, `serialNo`, `companyID`, `supplierID`, `formNo`, `creditNoteDate`, `supplierInvoiceID`, `projectID`, `termsID`, `currencyID`, `exchangeRate`, `agentID`, `memo`, `employeeID`, `shippingMethodID`, `totalAmount`, `amountPaid`, `totalTaxAmount`, `totalPayable`, `total`, `createdBy`, `createdTS`, `updatedBy`, `updatedTS`, `is_delete`, `updateAble`, `journalNo`) VALUES
(1, 1, 1, 20, 'PCN', '2014-06-16', 76, 15, 0, 1, 1, 0, '', 0, 0, 0, '0', 1, 0, 0, 1, '2014-06-16 01:54:00', 0, '2014-06-16 07:55:49', 0, 0, ''),
(2, 1, 1, 1, 'PCN', '2014-06-16', 77, 1, 0, 1, 1, 0, '', 0, 0, 12, '0', 0.72, 12.72, 0, 1, '2014-06-16 03:16:12', 0, '2014-06-23 08:49:57', 0, 0, ''),
(3, 1, 1, 1, 'PCN', '2014-06-16', 82, 10, 0, 1, 1, 0, '', 0, 0, 0, '0', 1, 0, 0, 1, '2014-06-16 03:17:20', 0, '2014-06-16 07:55:49', 0, 0, ''),
(4, 1, 1, 1, 'PCN', '2014-06-23', 71, 2, 0, 0, 1, 0, '', 0, 0, 0, '0', 0, 0, 0, 16, '2014-06-23 05:06:24', 0, '0000-00-00 00:00:00', 0, 1, ''),
(5, 1, 1, 1, 'PCN', '2014-06-23', 71, 15, 0, 0, 1, 0, 'asa', 0, 0, 0, '0', 0, 0, 0, 16, '2014-06-23 07:36:57', 0, '0000-00-00 00:00:00', 0, 1, ''),
(6, 1, 1, 1, 'PCN', '2014-06-23', 71, 1, 0, 0, 23, 0, '', 0, 0, 0, '0', 0, 0, 0, 16, '2014-06-23 07:51:34', 0, '0000-00-00 00:00:00', 0, 1, ''),
(7, 1, 1, 1, 'PCN', '2014-06-23', 71, 15, 0, 0, 1, 0, 'zdaq', 0, 0, 0, '0', 0, 0, 0, 16, '2014-06-23 08:00:38', 0, '0000-00-00 00:00:00', 0, 1, ''),
(8, 1, 1, 1, 'PCN', '2014-06-23', 71, 17, 0, 0, 1, 0, 'asa', 0, 0, 0, '0', 0, 0, 0, 16, '2014-06-23 08:02:28', 0, '0000-00-00 00:00:00', 0, 1, ''),
(9, 1, 1, 1, 'PCN', '2014-06-23', 71, 0, 0, 0, 0, 0, '', 0, 0, 0, '0', 0, 0, 0, 16, '2014-06-23 08:41:22', 0, '0000-00-00 00:00:00', 0, 1, ''),
(10, 1, 1, 1, 'PCN', '2014-06-23', 71, 0, 0, 0, 0, 0, 'asa as', 0, 0, 0, '0', 0, 0, 0, 16, '2014-06-23 08:46:39', 0, '0000-00-00 00:00:00', 0, 1, ''),
(11, 1, 1, 1, 'PCN', '2014-06-23', 71, 0, 0, 0, 0, 0, '', 0, 0, 0, '0', 0, 0, 0, 16, '2014-06-23 08:58:43', 0, '0000-00-00 00:00:00', 0, 1, ''),
(12, 1, 1, 1, 'PCN', '2014-06-23', 71, 0, 0, 0, 0, 0, '', 0, 0, 0, '0', 0, 0, 0, 16, '2014-06-23 09:03:08', 0, '0000-00-00 00:00:00', 0, 1, ''),
(13, 1, 1, 1, 'PCN', '2014-06-23', 71, 16, 0, 0, 1, 0, 'ASA', 0, 0, 2357, '0', 0.72, 2357.72, 0, 16, '2014-06-23 11:03:40', 0, '2014-06-23 11:04:08', 0, 1, ''),
(14, 1, 1, 1, 'PCN', '2014-06-23', 71, 2, 0, 0, 1, 0, 'QWEQ', 0, 0, 133, '0', 1.32, 134, 0, 16, '2014-06-23 11:15:20', 0, '2014-06-23 11:16:07', 0, 1, ''),
(15, 1, 1, 1, 'PCN', '2014-06-23', 71, 0, 0, 0, 0, 0, 'sds', 0, 0, 0, '0', 0, 0, 0, 16, '2014-06-23 11:24:43', 0, '0000-00-00 00:00:00', 0, 1, ''),
(16, 1, 1, 1, 'PCN', '2014-06-23', 71, 0, 0, 0, 0, 0, '', 0, 0, 0, '0', 0, 0, 0, 16, '2014-06-23 11:26:05', 0, '0000-00-00 00:00:00', 0, 1, ''),
(17, 1, 1, 1, 'PCN', '2014-06-23', 71, 0, 0, 0, 0, 0, 'da', 0, 0, 48, '0', 0.24, 48, 0, 16, '2014-06-23 11:28:30', 0, '2014-06-23 11:59:16', 0, 1, ''),
(18, 1, 1, 1, 'PCN', '2014-06-24', 73, 16, 0, 0, 12, 0, '', 0, 0, 28176, '0', 5910.84, 34087, 0, 16, '2014-06-24 01:18:33', 0, '2014-07-09 04:12:56', 0, 0, ''),
(19, 1, 1, 1, 'PCN', '2014-06-24', 72, 17, 0, 0, 1, 0, 'sds', 0, 0, 13, '0', 0.72, 13.72, 0, 16, '2014-06-24 01:26:34', 0, '2014-06-24 01:26:57', 0, 1, ''),
(20, 1, 1, 1, 'PCN', '2014-06-24', 72, 16, 0, 0, 1, 0, 'sds', 0, 0, 1268, '0', 366.96, 29734.96, 0, 16, '2014-06-24 01:28:45', 0, '2014-07-07 02:41:38', 0, 1, ''),
(21, 1, 1, 1, 'PCN', '2014-07-14', 71, 17, 0, 0, 1, 0, '', 0, 0, 0, '0', 0.06, 1.06, 0, 16, '2014-07-14 04:45:59', 0, '2014-07-14 04:45:59', 0, 1, ''),
(22, 1, 1, 1, 'PCN', '2014-07-14', 71, 15, 0, 0, 1, 0, '', 0, 0, 5.0600000000000005, '0', 0.06, 1.06, 0, 16, '2014-07-14 04:55:42', 0, '2014-07-14 04:56:38', 0, 1, ''),
(23, 1, 1, 1, 'PCN', '2014-07-14', 71, 17, 0, 0, 1, 0, 'sds', 0, 0, 1.06, '0', 0.06, 1.06, 0, 16, '2014-07-14 05:03:55', 0, '2014-07-14 05:03:55', 0, 1, ''),
(24, 1, 1, 1, 'PCN', '2014-07-14', 72, 1, 0, 0, 1, 0, '', 0, 0, 1.01, '0', 0.0006, 1, 0, 16, '2014-07-14 05:08:21', 0, '2014-07-14 05:08:53', 0, 1, ''),
(25, 1, 1, 1, 'PCN', '2014-07-14', 71, 1, 0, 0, 1, 0, 'juo', 0, 0, 23555555558.5, '0', 1333333333.4999998, 2.12, 0, 16, '2014-07-14 05:10:22', 0, '2014-07-14 06:04:58', 0, 1, '');

--
-- Triggers `comp_supplier_creditnote`
--
DROP TRIGGER IF EXISTS `trigger_before_insert_scno_add_serialNo`;
DELIMITER //
CREATE TRIGGER `trigger_before_insert_scno_add_serialNo` BEFORE INSERT ON `comp_supplier_creditnote`
 FOR EACH ROW set new.serialNo = (select nextSerialNo 
			   from view_serial_comp_supplier_creditnote
			   where companyID = new.companyID)
//
DELIMITER ;

-- --------------------------------------------------------

--
-- Table structure for table `comp_supplier_creditnote_charges`
--

CREATE TABLE IF NOT EXISTS `comp_supplier_creditnote_charges` (
  `ID` int(11) NOT NULL AUTO_INCREMENT,
  `creditNoteID` int(11) NOT NULL,
  `lineNo` int(11) NOT NULL,
  `accountNoID` int(11) NOT NULL,
  `itemname` varchar(64) NOT NULL,
  `itemdescription` text NOT NULL,
  `quantity` int(11) NOT NULL,
  `unitPrice` double NOT NULL,
  `amountExcludedTax` double NOT NULL,
  `taxID` int(11) NOT NULL,
  `taxRate` double NOT NULL,
  `taxAmount` double NOT NULL,
  `amountIncludedTax` double NOT NULL,
  `drAccountID` int(11) NOT NULL,
  `crAccountID` int(11) NOT NULL,
  `drTaxAccountID` int(11) NOT NULL,
  `crTaxAccountID` int(11) NOT NULL,
  `createdBy` int(11) NOT NULL,
  `createdTS` timestamp NOT NULL DEFAULT CURRENT_TIMESTAMP,
  `updatedBy` int(11) NOT NULL,
  `updatedTS` timestamp NOT NULL DEFAULT '0000-00-00 00:00:00' ON UPDATE CURRENT_TIMESTAMP,
  PRIMARY KEY (`ID`)
) ENGINE=InnoDB  DEFAULT CHARSET=latin1 AUTO_INCREMENT=34 ;

--
-- Dumping data for table `comp_supplier_creditnote_charges`
--

INSERT INTO `comp_supplier_creditnote_charges` (`ID`, `creditNoteID`, `lineNo`, `accountNoID`, `itemname`, `itemdescription`, `quantity`, `unitPrice`, `amountExcludedTax`, `taxID`, `taxRate`, `taxAmount`, `amountIncludedTax`, `drAccountID`, `crAccountID`, `drTaxAccountID`, `crTaxAccountID`, `createdBy`, `createdTS`, `updatedBy`, `updatedTS`) VALUES
(1, 9, 1, 100, '', 'sds', 0, 0, 12, 1, 0, 0.72, 12.72, 0, 0, 0, 0, 0, '2014-06-23 08:41:22', 0, '0000-00-00 00:00:00'),
(2, 10, 1, 102, '', 'asa', 0, 0, 12, 4, 0, 0, 12, 0, 0, 0, 0, 0, '2014-06-23 08:46:39', 0, '0000-00-00 00:00:00'),
(3, 2, 2, 98, '', 'qwwwwwwwwwwwwwwwww', 0, 0, 12, 1, 0, 0.72, 12.72, 0, 0, 0, 0, 0, '2014-06-23 08:49:57', 0, '0000-00-00 00:00:00'),
(4, 11, 1, 100, '', 'sddddddddddda', 0, 0, 12, 5, 0, 122, 12, 0, 0, 0, 0, 0, '2014-06-23 08:58:43', 0, '0000-00-00 00:00:00'),
(5, 12, 1, 100, '', 'asa', 0, 0, 12, 5, 0, 0, 12, 0, 0, 0, 0, 0, '2014-06-23 09:03:08', 0, '0000-00-00 00:00:00'),
(6, 27, 1, 101, '', 'DAS', 0, 0, 12, 1, 0, 0.72, 12.72, 0, 0, 0, 0, 16, '2014-06-23 10:39:20', 0, '0000-00-00 00:00:00'),
(7, 0, 2, 102, '', 'FEWEQW', 0, 0, 12, 4, 0, 0, 12, 0, 0, 0, 0, 16, '2014-06-23 10:39:34', 0, '0000-00-00 00:00:00'),
(8, 0, 3, 98, '', 'ASA', 0, 0, 12, 6, 0, 12, 12, 0, 0, 0, 0, 16, '2014-06-23 10:40:00', 0, '0000-00-00 00:00:00'),
(9, 28, 1, 100, '', 'AS', 0, 0, 12, 5, 0, 0, 12, 0, 0, 0, 0, 16, '2014-06-23 10:49:52', 0, '0000-00-00 00:00:00'),
(10, 13, 1, 101, '', '12', 0, 0, 12, 1, 0, 0.72, 12.72, 0, 0, 0, 0, 16, '2014-06-23 11:04:08', 0, '0000-00-00 00:00:00'),
(11, 0, 2, 101, '', 'SDS', 0, 0, 12, 3, 0, 0, 12, 0, 0, 0, 0, 16, '2014-06-23 11:13:28', 0, '0000-00-00 00:00:00'),
(12, 14, 1, 100, '', 'ASQ', 0, 0, 1, 4, 0, 0, 1, 0, 0, 0, 0, 16, '2014-06-23 11:16:07', 0, '0000-00-00 00:00:00'),
(13, 0, 2, 101, '', 'sds', 0, 0, 12, 4, 0, 0, 12, 0, 0, 0, 0, 16, '2014-06-23 11:20:57', 0, '0000-00-00 00:00:00'),
(14, 15, 1, 100, '', 'sds', 0, 0, 12, 5, 0, 0, 12, 0, 0, 0, 0, 16, '2014-06-23 11:24:43', 0, '0000-00-00 00:00:00'),
(15, 16, 1, 102, '', 'asa', 0, 0, 12, 4, 0, 0, 12, 0, 0, 0, 0, 16, '2014-06-23 11:26:05', 0, '0000-00-00 00:00:00'),
(16, 17, 1, 100, '', 'wq', 0, 0, 12, 4, 0, 0, 12, 0, 0, 0, 0, 16, '2014-06-23 11:28:30', 0, '0000-00-00 00:00:00'),
(17, 17, 2, 97, '', 'dasda', 0, 0, 12, 2, 0, 0, 12, 0, 0, 0, 0, 16, '2014-06-23 11:59:16', 0, '0000-00-00 00:00:00'),
(18, 18, 1, 102, '', 'sda', 0, 0, 12, 3, 0, 0, 12, 0, 0, 0, 0, 16, '2014-06-24 01:20:25', 0, '0000-00-00 00:00:00'),
(19, 0, 2, 98, '', 'weac', 0, 0, 12, 16, 0, 0.72, 12.72, 0, 0, 0, 0, 16, '2014-06-24 01:20:48', 0, '0000-00-00 00:00:00'),
(20, 19, 1, 101, '', 'wew', 0, 0, 12, 1, 0, 0.72, 12.72, 0, 0, 0, 0, 16, '2014-06-24 01:26:57', 0, '0000-00-00 00:00:00'),
(21, 20, 1, 102, '', 'qwqwqwqwqwq', 0, 0, 12, 4, 0, 12, 12, 0, 0, 0, 0, 16, '2014-06-24 01:28:59', 16, '2014-06-24 02:16:44'),
(22, 20, 2, 2, '', 'qwq', 0, 0, 2, 1, 0, 0.12, 2.12, 0, 0, 0, 0, 16, '2014-06-24 01:29:26', 16, '2014-06-24 03:04:04'),
(23, 20, 3, 101, '', 'JKGGGM DGW', 0, 0, 1, 3, 0, 0, 1, 0, 0, 0, 0, 16, '2014-07-07 01:52:24', 0, '0000-00-00 00:00:00'),
(24, 20, 4, 102, '', 'SD', 0, 0, 1, 2, 0, 0, 1, 0, 0, 0, 0, 16, '2014-07-07 01:54:24', 0, '0000-00-00 00:00:00'),
(25, 20, 5, 101, '', 'DSD', 0, 0, 1, 1, 0, 0.06, 1.06, 0, 0, 0, 0, 16, '2014-07-07 02:03:58', 0, '0000-00-00 00:00:00'),
(26, 20, 6, 101, '', 'DSD', 0, 0, 1, 1, 0, 0.06, 1.06, 0, 0, 0, 0, 16, '2014-07-07 02:06:24', 16, '2014-07-07 02:41:01'),
(28, 20, 8, 99, '', 'SD', 0, 0, 1, 0, 0, 0, 1, 0, 0, 0, 0, 16, '2014-07-07 02:10:41', 0, '0000-00-00 00:00:00'),
(31, 20, 7, 101, '', 'sds', 0, 0, 1221, 1, 0, 73.26, 1294.26, 0, 0, 0, 0, 16, '2014-07-07 02:41:38', 0, '0000-00-00 00:00:00'),
(32, 25, 1, 101, '', 'sdad', 0, 0, 22222222222, 1, 0, 1333333333.32, 23555555555.32, 0, 0, 0, 0, 16, '2014-07-14 05:11:15', 16, '2014-07-14 06:04:58'),
(33, 25, 2, 100, '', 'as', 0, 0, 1, 1, 0, 0.06, 1.06, 0, 0, 0, 0, 16, '2014-07-14 05:19:34', 16, '2014-07-14 06:01:39');

-- --------------------------------------------------------

--
-- Table structure for table `comp_supplier_creditnote_detail`
--

CREATE TABLE IF NOT EXISTS `comp_supplier_creditnote_detail` (
  `ID` int(11) NOT NULL AUTO_INCREMENT,
  `creditnoteID` int(11) NOT NULL,
  `lineNo` int(11) NOT NULL,
  `itemID` int(11) NOT NULL,
  `itemname` varchar(64) NOT NULL,
  `itemdescription` text NOT NULL,
  `quantity` int(11) NOT NULL,
  `unitPrice` double NOT NULL,
  `amountExcludedTax` double NOT NULL,
  `taxID` int(11) NOT NULL,
  `taxRate` double NOT NULL,
  `taxAmount` double NOT NULL,
  `amountIncludedTax` double NOT NULL,
  `accountID` int(11) NOT NULL,
  `createdBy` int(11) NOT NULL,
  `createdTS` timestamp NOT NULL DEFAULT CURRENT_TIMESTAMP ON UPDATE CURRENT_TIMESTAMP,
  `updatedBy` int(11) NOT NULL,
  `updatedTS` timestamp NOT NULL DEFAULT '0000-00-00 00:00:00',
  PRIMARY KEY (`ID`)
) ENGINE=InnoDB  DEFAULT CHARSET=latin1 AUTO_INCREMENT=41 ;

--
-- Dumping data for table `comp_supplier_creditnote_detail`
--

INSERT INTO `comp_supplier_creditnote_detail` (`ID`, `creditnoteID`, `lineNo`, `itemID`, `itemname`, `itemdescription`, `quantity`, `unitPrice`, `amountExcludedTax`, `taxID`, `taxRate`, `taxAmount`, `amountIncludedTax`, `accountID`, `createdBy`, `createdTS`, `updatedBy`, `updatedTS`) VALUES
(1, 1, 1, 4, 'Plastic Chair - Blue', '331000100', 2, 120, 240, 1, 6, 14.4, 254.4, 0, 1, '2014-06-17 05:35:04', 0, '0000-00-00 00:00:00'),
(2, 1, 2, 7, 'Plastic Chair - Red', '331000200', 5, 12, 60, 18, 6, 3.6, 63.6, 0, 1, '2014-06-17 05:35:06', 0, '0000-00-00 00:00:00'),
(3, 2, 1, 8, 'Plastic Chair - White', '331000300', 100, 34, 3400, 28, 10, 340, 3740, 0, 1, '2014-06-17 05:35:07', 0, '0000-00-00 00:00:00'),
(4, 2, 2, 9, 'Nasi Goreng Ayam', '501012000', 25, 23, 575, 10, 6, 34.5, 609.5, 0, 1, '2014-06-17 05:35:09', 0, '0000-00-00 00:00:00'),
(5, 3, 1, 2, 'Steel chair for outdoor', '100300100', 200, 300, 60000, 1, 6, 3600, 63600, 0, 1, '2014-06-17 05:35:10', 0, '0000-00-00 00:00:00'),
(6, 3, 2, 2, 'Steel chair for outdoor', '100300100', 5, 290, 1450, 1, 6, 87, 1537, 0, 1, '2014-06-17 05:35:12', 0, '0000-00-00 00:00:00'),
(7, 4, 0, 0, '0', 'Teak wooden chair with natural finish', 2, 10, 20, 0, 6, 1.2, 21.2, 0, 16, '2014-06-23 05:06:24', 0, '0000-00-00 00:00:00'),
(8, 5, 0, 1, '0', 'Teak wooden chair with natural finish', 12, 12, 144, 0, 6, 8.64, 152.64, 0, 16, '2014-06-23 07:36:57', 0, '0000-00-00 00:00:00'),
(9, 5, 0, 0, '0', 'Teak wooden chair with natural finish', 12, 12, 144, 0, 6, 8.64, 152.64, 0, 16, '2014-06-23 07:38:23', 0, '0000-00-00 00:00:00'),
(10, 6, 0, 7, '0', 'Plastic Chair - Red', 12, 2, 28, 5, 12, 3376.8, 31516.8, 0, 16, '2014-06-23 07:51:34', 0, '0000-00-00 00:00:00'),
(11, 6, 0, 0, '0', 'Teak wooden chair with natural finish', 12, 12, 144, 0, 6, 8.64, 152.64, 0, 16, '2014-06-23 07:51:57', 0, '0000-00-00 00:00:00'),
(12, 7, 0, 1, '0', 'Teak wooden chair with natural finish', 1, 0.12, 0, 0, 6, 0.0072, 0.1272, 0, 16, '2014-06-23 08:00:38', 0, '0000-00-00 00:00:00'),
(13, 7, 0, 0, '0', 'Plastic Chair - Red', 12, 2, 28, 0, 1, 281.4, 28421.4, 0, 16, '2014-06-23 08:00:54', 0, '0000-00-00 00:00:00'),
(14, 8, 0, 1, '0', 'Teak wooden chair with natural finish', 12, 12, 144, 0, 6, 8.64, 152.64, 0, 16, '2014-06-23 08:02:28', 0, '0000-00-00 00:00:00'),
(15, 8, 0, 0, '0', 'Plastic Chair - Red', 1, 2, 2, 0, 0, 0, 2345, 0, 16, '2014-06-23 08:02:39', 0, '0000-00-00 00:00:00'),
(16, 13, 0, 7, '0', 'Plastic Chair - Red', 1, 2, 2, 0, 0, 0, 2345, 0, 16, '2014-06-23 11:03:41', 0, '0000-00-00 00:00:00'),
(17, 0, 0, 4, '', 'Plastic Chair - Blue', 1, 0.12, 0, 1, 0, 0, 0.12, 0, 16, '2014-06-23 11:09:19', 0, '0000-00-00 00:00:00'),
(18, 14, 0, 4, '0', 'Plastic Chair - Blue', 1, 120, 120, 4, 1, 1.2, 121.2, 0, 16, '2014-06-23 11:15:20', 0, '0000-00-00 00:00:00'),
(19, 14, 0, 4, '', 'Plastic Chair - Blue', 1, 12, 12, 1, 1, 0.12, 12.12, 0, 16, '2014-06-23 11:15:42', 0, '0000-00-00 00:00:00'),
(20, 17, 0, 4, '', 'Plastic Chair - Blue', 12, 0, 0, 1, 0, 0, 0, 0, 16, '2014-06-23 11:29:21', 0, '0000-00-00 00:00:00'),
(21, 17, 0, 4, '', 'Plastic Chair - Blue', 2, 12, 24, 6, 1, 0.24, 24.24, 0, 16, '2014-06-23 11:30:03', 0, '0000-00-00 00:00:00'),
(22, 18, 1, 1, '0', 'Teak wooden chair with natural finish', 2, 12, 24, 13, 6, 1.44, 25.44, 0, 16, '2014-06-24 01:18:33', 0, '0000-00-00 00:00:00'),
(23, 18, 2, 7, '', 'Plastic Chair - Red', 12, 2, 28, 0, 21, 5909.4, 34049.4, 0, 16, '2014-06-24 01:19:41', 0, '0000-00-00 00:00:00'),
(24, 19, 1, 4, '0', 'Plastic Chair - Blue', 1, 1, 1, 1, 0, 0, 1, 0, 16, '2014-06-24 01:26:34', 0, '0000-00-00 00:00:00'),
(25, 20, 1, 4, '0', 'Plastic Chair - Blue', 1, 1, 1, 1, 6, 0.06, 1.06, 0, 16, '2014-06-24 02:55:48', 16, '0000-00-00 00:00:00'),
(26, 20, 2, 7, '', 'Plastic Chair - Red', 12, 2, 28, 0, 1, 281.4, 28421.4, 0, 16, '2014-06-24 01:30:15', 0, '0000-00-00 00:00:00'),
(31, 20, 3, 1, '', 'Teak wooden chair with natural finish', 1, 0, 10, 0, 6, 0.6, 10.6, 0, 16, '2014-07-07 04:12:19', 16, '0000-00-00 00:00:00'),
(32, 21, 1, 1, '0', 'Teak wooden chair with natural finish', 1, 1, 1, 0, 6, 0.06, 1.06, 0, 16, '2014-07-14 04:45:59', 0, '0000-00-00 00:00:00'),
(33, 21, 2, 1, '', 'Teak wooden chair with natural finish', 1, 1, 1, 0, 6, 0.06, 1.06, 0, 16, '2014-07-14 04:52:24', 0, '0000-00-00 00:00:00'),
(34, 22, 1, 1, '0', 'Teak wooden chair with natural finish', 1, 1, 1, 0, 6, 0.06, 1.06, 0, 16, '2014-07-14 04:55:42', 0, '0000-00-00 00:00:00'),
(35, 22, 2, 4, '', 'Plastic Chair - Blue', 2, 2, 4, 1, 0, 0, 4, 0, 16, '2014-07-14 04:56:38', 0, '0000-00-00 00:00:00'),
(36, 23, 1, 7, '0', 'Plastic Chair - Red', 1, 1, 1, 1, 6, 0.06, 1.06, 0, 16, '2014-07-14 05:03:55', 0, '0000-00-00 00:00:00'),
(37, 24, 1, 7, '0', 'Plastic Chair - Red', 1, 1, 1, 0, 0, 0, 1, 0, 16, '2014-07-14 05:08:21', 0, '0000-00-00 00:00:00'),
(38, 24, 2, 1, '', 'Teak wooden chair with natural finish', 1, 0.01, 0, 0, 6, 0.0006, 0.01, 0, 16, '2014-07-14 05:08:53', 0, '0000-00-00 00:00:00'),
(39, 25, 1, 1, '0', 'Teak wooden chair with natural finish', 1, 1, 1, 0, 6, 0.06, 1.06, 0, 16, '2014-07-14 05:10:22', 0, '0000-00-00 00:00:00'),
(40, 25, 2, 1, '', 'Teak wooden chair with natural finish', 1, 1, 1, 0, 6, 0.06, 1.06, 0, 16, '2014-07-14 05:18:41', 0, '0000-00-00 00:00:00');

-- --------------------------------------------------------

--
-- Table structure for table `comp_supplier_debitnote`
--

CREATE TABLE IF NOT EXISTS `comp_supplier_debitnote` (
  `ID` int(11) NOT NULL AUTO_INCREMENT,
  `serialNo` int(11) NOT NULL DEFAULT '1',
  `companyID` int(11) NOT NULL,
  `supplierID` int(11) NOT NULL,
  `formNo` varchar(32) NOT NULL,
  `debitNoteDate` date NOT NULL,
  `supplierInvoiceID` int(11) NOT NULL,
  `projectID` int(11) NOT NULL,
  `termsID` int(11) NOT NULL,
  `currencyID` int(11) NOT NULL,
  `exchangeRate` double NOT NULL,
  `agentID` int(11) NOT NULL,
  `memo` text NOT NULL,
  `employeeID` int(11) NOT NULL,
  `shippingMethodID` int(11) NOT NULL,
  `totalAmount` double NOT NULL,
  `amountPaid` decimal(10,0) NOT NULL,
  `totalTaxAmount` double NOT NULL,
  `totalPayable` double NOT NULL,
  `total` double NOT NULL,
  `createdBy` int(11) NOT NULL,
  `createdTS` timestamp NOT NULL DEFAULT CURRENT_TIMESTAMP,
  `updatedBy` int(11) NOT NULL,
  `updatedTS` timestamp NOT NULL DEFAULT '0000-00-00 00:00:00' ON UPDATE CURRENT_TIMESTAMP,
  `is_delete` smallint(16) NOT NULL,
  `updateAble` tinyint(1) NOT NULL DEFAULT '1',
  `journalNo` varchar(32) NOT NULL,
  PRIMARY KEY (`ID`)
) ENGINE=InnoDB  DEFAULT CHARSET=latin1 AUTO_INCREMENT=34 ;

--
-- Dumping data for table `comp_supplier_debitnote`
--

INSERT INTO `comp_supplier_debitnote` (`ID`, `serialNo`, `companyID`, `supplierID`, `formNo`, `debitNoteDate`, `supplierInvoiceID`, `projectID`, `termsID`, `currencyID`, `exchangeRate`, `agentID`, `memo`, `employeeID`, `shippingMethodID`, `totalAmount`, `amountPaid`, `totalTaxAmount`, `totalPayable`, `total`, `createdBy`, `createdTS`, `updatedBy`, `updatedTS`, `is_delete`, `updateAble`, `journalNo`) VALUES
(1, 1, 1, 20, 'PDN', '2014-06-02', 74, 1, 0, 1, 1, 0, 'fdv dfd', 0, 0, 0, '0', 0, 0, 0, 0, '2014-06-02 04:20:32', 0, '2014-06-17 11:22:11', 0, 1, ''),
(2, 1, 1, 1, 'PDN', '2014-06-03', 73, 1, 0, 1, 1, 0, 'fdv dfd', 0, 0, 0, '0', 0, 0, 0, 0, '2014-06-03 03:36:57', 0, '2014-06-17 11:22:13', 0, 1, ''),
(3, 1, 1, 1, 'PDN', '2014-06-11', 71, 1, 0, 1, 1, 0, 'fdv dfd', 0, 0, 0, '0', 0, 0, 0, 16, '2014-06-11 08:47:00', 0, '2014-06-17 11:22:17', 0, 0, ''),
(4, 1, 1, 20, 'PDN', '2014-06-12', 74, 10, 0, 1, 1, 0, 'fdv dfd', 0, 0, 0, '0', 0, 0, 0, 16, '2014-06-12 01:05:39', 0, '2014-06-17 11:22:18', 0, 0, ''),
(5, 1, 1, 20, 'PDN', '2014-06-16', 74, 10, 0, 2, 2, 0, '', 0, 0, 0, '0', 0, 0, 0, 16, '2014-06-16 06:46:52', 0, '2014-06-20 04:28:10', 0, 0, 'AP20140600000013'),
(6, 1, 1, 1, 'PDN', '2014-06-21', 71, 10, 0, 1, 1, 0, 'sdsdca', 0, 0, 28140, '0', 1688.4, 29828.4, 0, 16, '2014-06-21 04:32:45', 0, '0000-00-00 00:00:00', 0, 1, ''),
(7, 1, 1, 1, 'PDN', '2014-06-21', 71, 10, 0, 1, 2, 0, 'sa adED AE', 0, 0, 144, '0', 8.64, 152.64, 0, 16, '2014-06-21 05:08:45', 0, '0000-00-00 00:00:00', 0, 1, ''),
(8, 1, 1, 1, 'PDN', '2014-06-21', 72, 1, 0, 1, 2, 0, 'sdsds', 0, 0, 144, '0', 8.64, 152.64, 0, 16, '2014-06-21 05:17:14', 0, '0000-00-00 00:00:00', 0, 1, ''),
(9, 1, 1, 1, 'PDN', '2014-06-21', 71, 1, 0, 1, 1, 0, 'sds', 0, 0, 1200, '0', 72, 1272, 0, 16, '2014-06-21 05:43:08', 0, '0000-00-00 00:00:00', 0, 1, ''),
(10, 1, 1, 1, 'PDN', '2014-06-21', 71, 1, 0, 1, 1, 0, 'as', 0, 0, 0, '0', 0, 2, 0, 16, '2014-06-21 07:06:53', 0, '2014-06-21 07:07:53', 0, 1, ''),
(11, 1, 1, 20, 'PDN', '2014-06-21', 76, 10, 0, 1, 1, 0, 'as', 0, 0, 2345, '0', 281.4, 2626.4, 0, 16, '2014-06-21 07:23:44', 0, '0000-00-00 00:00:00', 0, 1, ''),
(12, 1, 1, 1, 'PDN', '2014-06-21', 71, 16, 0, 1, 2, 0, 'sds', 0, 0, 28140, '0', 281.4, 28421.4, 0, 16, '2014-06-21 07:41:36', 0, '0000-00-00 00:00:00', 0, 1, ''),
(13, 1, 1, 20, 'PDN', '2014-06-21', 74, 2, 0, 1, 1, 0, 'asa', 0, 0, 12, '0', 0, 144, 0, 16, '2014-06-21 07:49:30', 0, '2014-06-21 08:10:23', 0, 1, ''),
(14, 1, 1, 1, 'PDN', '2014-06-21', 72, 17, 0, 1, 1, 0, 'qwq', 0, 0, 2, '0', 0.12, 2.12, 0, 16, '2014-06-21 08:21:50', 0, '0000-00-00 00:00:00', 0, 1, ''),
(15, 1, 1, 1, 'PDN', '2014-06-21', 71, 17, 0, 1, 2, 0, 'asasdad', 0, 0, 144, '0', 8.64, 0, 0, 16, '2014-06-21 08:50:38', 0, '2014-06-21 08:51:07', 0, 1, ''),
(16, 1, 1, 20, 'PDN', '2014-06-23', 74, 16, 0, 1, 1, 0, 'dsd', 0, 0, 12, '0', 0.72, 12.72, 0, 16, '2014-06-23 03:33:39', 0, '0000-00-00 00:00:00', 0, 1, ''),
(17, 1, 1, 20, 'PDN', '2014-06-23', 74, 16, 0, 1, 1, 0, 'dsd', 0, 0, 12, '0', 0.72, 12.72, 0, 16, '2014-06-23 03:35:57', 0, '0000-00-00 00:00:00', 0, 1, ''),
(18, 1, 1, 20, 'PDN', '2014-06-23', 74, 16, 0, 1, 1, 0, 'dsd', 0, 0, 12, '0', 0.72, 12.72, 0, 16, '2014-06-23 03:37:06', 0, '0000-00-00 00:00:00', 0, 1, ''),
(19, 1, 1, 20, 'PDN', '2014-06-23', 74, 16, 0, 1, 1, 0, 'dsd', 0, 0, 12, '0', 0.72, 12.72, 0, 16, '2014-06-23 03:38:33', 0, '0000-00-00 00:00:00', 0, 1, ''),
(20, 1, 1, 20, 'PDN', '2014-06-23', 74, 16, 0, 1, 1, 0, 'dsd', 0, 0, 12, '0', 0.72, 12.72, 0, 16, '2014-06-23 03:39:30', 0, '0000-00-00 00:00:00', 0, 1, ''),
(21, 1, 1, 1, 'PDN', '2014-06-23', 71, 1, 0, 1, 1, 0, '', 0, 0, 12, '0', 0, 12, 0, 16, '2014-06-23 03:50:34', 0, '0000-00-00 00:00:00', 0, 1, ''),
(22, 1, 1, 1, 'PDN', '2014-06-23', 71, 1, 0, 1, 1, 0, 'ccxc', 0, 0, 156, '0', 0.72, 156.72, 0, 16, '2014-06-23 04:20:21', 0, '2014-06-23 04:20:39', 0, 1, ''),
(23, 1, 1, 1, 'PDN', '2014-06-23', 71, 1, 0, 1, 1, 0, '', 0, 0, 265, '0', 24.54, 289.53999999999996, 0, 16, '2014-06-23 04:25:24', 0, '2014-06-23 04:25:38', 0, 1, ''),
(24, 1, 1, 20, 'PDN', '2014-06-23', 74, 15, 0, 1, 1, 0, 'fac sfa', 0, 0, 12, '0', 0.72, 12.72, 0, 16, '2014-06-23 09:47:53', 0, '0000-00-00 00:00:00', 0, 1, ''),
(25, 1, 1, 1, 'PDN', '2014-06-23', 71, 16, 0, 1, 1, 0, '', 0, 0, 1.06, '0', 0.06, 1.06, 0, 16, '2014-06-23 09:50:16', 0, '2014-07-14 05:19:34', 0, 1, ''),
(26, 1, 1, 1, 'PDN', '2014-06-23', 71, 10, 0, 1, 1, 0, 'sa DEc', 0, 0, 1596, '0', 72, 1668, 0, 16, '2014-06-23 10:35:58', 0, '2014-06-23 10:36:38', 0, 1, ''),
(27, 1, 1, 23, 'PCN', '2014-06-23', 93, 2, 0, 0, 3.6, 0, '', 0, 0, 144, '0', 0, 0, 0, 16, '2014-06-23 10:38:49', 0, '2014-06-23 10:38:59', 0, 1, ''),
(28, 1, 1, 1, 'PCN', '2014-06-23', 71, 1, 0, 0, 1, 0, 'SDSD', 0, 0, 144, '0', 8.64, 0, 0, 16, '2014-06-23 10:48:49', 0, '2014-06-23 10:49:09', 0, 1, ''),
(29, 1, 1, 1, 'PCN', '2014-06-23', 71, 16, 0, 0, 1, 0, 'SSDS', 0, 0, 2345, '0', 0, 2345, 0, 16, '2014-06-23 10:56:46', 0, '0000-00-00 00:00:00', 0, 1, ''),
(30, 1, 1, 1, 'PDN', '2014-06-24', 71, 1, 0, 0, 0, 0, '', 0, 0, 26, '0', 1.56, 0, 0, 16, '2014-06-24 04:21:28', 0, '2014-07-09 04:09:10', 0, 0, 'AP20140600000014'),
(31, 1, 1, 1, 'PDN', '2014-06-24', 71, 17, 0, 0, 12, 0, 'wdee', 0, 0, 125, '0', 7.32, 0, 0, 16, '2014-06-24 04:53:19', 0, '2014-06-24 04:54:10', 0, 1, ''),
(32, 1, 1, 1, 'PDN', '2014-07-14', 72, 15, 0, 1, 1, 0, 'asd', 0, 0, 15323.77, '0', 756.77, 2368.45, 0, 16, '2014-07-14 03:37:34', 0, '2014-07-14 03:41:14', 0, 1, ''),
(33, 1, 1, 20, 'PDN', '2014-07-14', 76, 15, 0, 1, 1, 0, 'sds', 0, 0, 4.24, '0', 0.24, 1.06, 0, 16, '2014-07-14 03:42:17', 0, '2014-07-14 04:20:09', 0, 1, '');

--
-- Triggers `comp_supplier_debitnote`
--
DROP TRIGGER IF EXISTS `trigger_before_insert_sdno_add_serialNo`;
DELIMITER //
CREATE TRIGGER `trigger_before_insert_sdno_add_serialNo` BEFORE INSERT ON `comp_supplier_debitnote`
 FOR EACH ROW set new.serialNo = (select nextSerialNo 
			   from view_serial_comp_supplier_debitnote
			   where companyID = new.companyID)
//
DELIMITER ;

-- --------------------------------------------------------

--
-- Table structure for table `comp_supplier_debitnote_charges`
--

CREATE TABLE IF NOT EXISTS `comp_supplier_debitnote_charges` (
  `ID` int(11) NOT NULL AUTO_INCREMENT,
  `debitNoteID` int(11) NOT NULL,
  `lineNo` int(11) NOT NULL,
  `accountNoID` int(11) NOT NULL,
  `itemname` varchar(64) NOT NULL,
  `itemdescription` text NOT NULL,
  `quantity` int(11) NOT NULL,
  `unitPrice` double NOT NULL,
  `amountExcludedTax` double NOT NULL,
  `taxID` int(11) NOT NULL,
  `taxRate` double NOT NULL,
  `taxAmount` double NOT NULL,
  `amountIncludedTax` double NOT NULL,
  `drAccountID` int(11) NOT NULL,
  `crAccountID` int(11) NOT NULL,
  `drTaxAccountID` int(11) NOT NULL,
  `crTaxAccountID` int(11) NOT NULL,
  `createdBy` int(11) NOT NULL,
  `createdTS` timestamp NOT NULL DEFAULT CURRENT_TIMESTAMP,
  `updatedBy` int(11) NOT NULL,
  `updatedTS` timestamp NOT NULL DEFAULT '0000-00-00 00:00:00' ON UPDATE CURRENT_TIMESTAMP,
  PRIMARY KEY (`ID`)
) ENGINE=InnoDB  DEFAULT CHARSET=latin1 AUTO_INCREMENT=51 ;

--
-- Dumping data for table `comp_supplier_debitnote_charges`
--

INSERT INTO `comp_supplier_debitnote_charges` (`ID`, `debitNoteID`, `lineNo`, `accountNoID`, `itemname`, `itemdescription`, `quantity`, `unitPrice`, `amountExcludedTax`, `taxID`, `taxRate`, `taxAmount`, `amountIncludedTax`, `drAccountID`, `crAccountID`, `drTaxAccountID`, `crTaxAccountID`, `createdBy`, `createdTS`, `updatedBy`, `updatedTS`) VALUES
(26, 19, 1, 102, '', 'qwq', 0, 0, 12, 1, 0, 0.72, 12.72, 0, 0, 0, 0, 0, '2014-06-23 03:38:33', 0, '0000-00-00 00:00:00'),
(27, 20, 1, 102, '', 'qwq', 0, 0, 12, 1, 0, 0.72, 12.72, 0, 0, 0, 0, 0, '2014-06-23 03:39:30', 0, '0000-00-00 00:00:00'),
(28, 27, 1, 102, '', 'qwq', 0, 0, 12, 1, 0, 0.72, 12.72, 0, 0, 0, 0, 0, '2014-06-23 03:39:47', 0, '0000-00-00 00:00:00'),
(29, 21, 1, 100, '', 'sd', 0, 0, 12, 4, 0, 0, 12, 0, 0, 0, 0, 0, '2014-06-23 03:50:34', 0, '0000-00-00 00:00:00'),
(30, 22, 1, 101, '', 'sdsd', 0, 0, 12, 1, 0, 0.72, 12.72, 0, 0, 0, 0, 0, '2014-06-23 04:20:39', 0, '0000-00-00 00:00:00'),
(31, 0, 2, 102, '', 'aasa', 0, 0, 12, 18, 0, 0.72, 12.72, 0, 0, 0, 0, 0, '2014-06-23 04:21:37', 0, '0000-00-00 00:00:00'),
(32, 23, 1, 101, '', '121as', 0, 0, 121, 1, 0, 7.26, 128.26, 0, 0, 0, 0, 0, '2014-06-23 04:25:38', 0, '0000-00-00 00:00:00'),
(33, 24, 1, 102, '', '12sds', 0, 0, 12, 1, 0, 0.72, 12.72, 0, 0, 0, 0, 0, '2014-06-23 09:47:53', 0, '0000-00-00 00:00:00'),
(34, 25, 1, 102, '', 'asa', 0, 0, 1, 1, 0, 0.06, 1.06, 0, 0, 0, 0, 0, '2014-06-23 09:50:16', 0, '0000-00-00 00:00:00'),
(35, 26, 1, 102, '', 'ASA', 0, 0, 12, 4, 0, 0, 12, 0, 0, 0, 0, 16, '2014-06-23 10:36:38', 0, '0000-00-00 00:00:00'),
(36, 0, 2, 102, '', 'ASA', 0, 0, 1, 12, 0, 0.05, 1.05, 0, 0, 0, 0, 16, '2014-06-23 10:36:55', 0, '0000-00-00 00:00:00'),
(37, 30, 1, 101, '', '1sdas', 0, 0, 12, 1, 0, 0.72, 12.72, 0, 0, 0, 0, 16, '2014-06-24 04:35:41', 0, '0000-00-00 00:00:00'),
(38, 0, 2, 97, '', 'xad', 0, 0, 1, 3, 0, 0, 1, 0, 0, 0, 0, 16, '2014-06-24 04:49:56', 0, '0000-00-00 00:00:00'),
(39, 31, 1, 99, '', 'sdaqw', 0, 0, 2, 14, 0, 7.32, 129.32, 0, 0, 0, 0, 16, '2014-06-24 04:53:20', 16, '2014-06-24 06:19:19'),
(40, 31, 2, 85, '', '2323211', 0, 0, 122, 13, 0, 12, 3, 0, 0, 0, 0, 16, '2014-06-24 04:53:42', 16, '2014-06-24 06:35:37'),
(41, 0, 2, 102, '', 'SDS', 0, 0, 12, 4, 0, 0, 12, 0, 0, 0, 0, 16, '2014-07-04 06:39:50', 0, '0000-00-00 00:00:00'),
(42, 0, 2, 101, '', 'SD', 0, 0, 1, 1, 0, 0.06, 1.06, 0, 0, 0, 0, 16, '2014-07-04 06:40:41', 0, '0000-00-00 00:00:00'),
(43, 30, 2, 101, '', 'asa', 0, 0, 1, 1, 0, 0.06, 1.06, 0, 0, 0, 0, 16, '2014-07-04 06:44:55', 0, '0000-00-00 00:00:00'),
(47, 30, 3, 101, '', 'vvc', 0, 0, 1, 1, 0, 0.06, 1.06, 0, 0, 0, 0, 16, '2014-07-04 07:25:54', 0, '0000-00-00 00:00:00'),
(48, 32, 1, 101, '', 'asa', 0, 0, 11111, 1, 0, 666.66, 11777.66, 0, 0, 0, 0, 16, '2014-07-14 03:41:14', 0, '0000-00-00 00:00:00'),
(49, 33, 1, 102, '', 'sds', 0, 0, 1, 1, 0, 0.06, 1.06, 0, 0, 0, 0, 16, '2014-07-14 03:42:17', 0, '0000-00-00 00:00:00'),
(50, 33, 2, 102, '', 'aq', 0, 0, 1, 1, 0, 0.06, 1.06, 0, 0, 0, 0, 16, '2014-07-14 03:42:56', 16, '2014-07-14 04:13:43');

-- --------------------------------------------------------

--
-- Table structure for table `comp_supplier_debitnote_detail`
--

CREATE TABLE IF NOT EXISTS `comp_supplier_debitnote_detail` (
  `ID` int(11) NOT NULL AUTO_INCREMENT,
  `debitnoteID` int(11) NOT NULL,
  `lineNo` int(11) NOT NULL,
  `itemID` int(11) NOT NULL,
  `itemname` varchar(64) NOT NULL,
  `itemdescription` text NOT NULL,
  `quantity` int(11) NOT NULL,
  `unitPrice` double NOT NULL,
  `amountExcludedTax` double NOT NULL,
  `taxID` int(11) NOT NULL,
  `taxRate` double NOT NULL,
  `taxAmount` double NOT NULL,
  `amountIncludedTax` double NOT NULL,
  `accountID` int(11) NOT NULL,
  `createdBy` int(11) NOT NULL,
  `createdTS` timestamp NOT NULL DEFAULT CURRENT_TIMESTAMP ON UPDATE CURRENT_TIMESTAMP,
  `updatedBy` int(11) NOT NULL,
  `updatedTS` timestamp NOT NULL DEFAULT '0000-00-00 00:00:00',
  PRIMARY KEY (`ID`)
) ENGINE=InnoDB  DEFAULT CHARSET=latin1 AUTO_INCREMENT=48 ;

--
-- Dumping data for table `comp_supplier_debitnote_detail`
--

INSERT INTO `comp_supplier_debitnote_detail` (`ID`, `debitnoteID`, `lineNo`, `itemID`, `itemname`, `itemdescription`, `quantity`, `unitPrice`, `amountExcludedTax`, `taxID`, `taxRate`, `taxAmount`, `amountIncludedTax`, `accountID`, `createdBy`, `createdTS`, `updatedBy`, `updatedTS`) VALUES
(1, 1, 1, 4, 'Plastic Chair - Blue', '331000100', 1, 300, 300, 1, 6, 18, 318, 0, 0, '2014-06-17 11:21:33', 0, '0000-00-00 00:00:00'),
(2, 1, 2, 8, 'Plastic Chair - White', '331000300', 1, 450, 450, 28, 10, 45, 495, 0, 0, '2014-06-17 11:21:35', 0, '0000-00-00 00:00:00'),
(3, 2, 1, 10, 'Bola Tampar Buaya', 'B01', 3, 10, 30, 0, 0, 0, 30, 0, 0, '2014-06-17 11:21:37', 0, '0000-00-00 00:00:00'),
(4, 3, 1, 2, 'Steel chair for outdoor', 'B13 Steel Chair', 2, 1, 2, 1, 6, 0.12, 2.12, 0, 16, '2014-06-17 11:21:38', 0, '0000-00-00 00:00:00'),
(5, 4, 1, 2, 'Steel chair for outdoor', 'B13 Steel Chair', 2, 12, 24, 1, 6, 1.44, 25.44, 0, 16, '2014-06-17 11:21:40', 0, '0000-00-00 00:00:00'),
(6, 4, 2, 1, 'Teak wooden chair with natural finish', 'A12 Wooden Chair', 1, 1, 1, 0, 1, 0.01, 1.01, 0, 16, '2014-06-17 11:21:41', 0, '0000-00-00 00:00:00'),
(7, 5, 1, 4, 'Plastic Chair - Blue', 'A23 Plastic Chair', 3, 3, 9, 1, 6, 0.54, 9.54, 0, 16, '2014-06-17 11:21:43', 0, '0000-00-00 00:00:00'),
(8, 7, 0, 4, '', 'Plastic Chair - Blue', 12, 12, 0, 1, 6, 0, 0, 0, 16, '2014-06-21 05:08:45', 0, '0000-00-00 00:00:00'),
(9, 8, 0, 1, '', 'Teak wooden chair with natural finish', 12, 12, 0, 1, 6, 0, 0, 0, 16, '2014-06-21 05:17:14', 0, '0000-00-00 00:00:00'),
(10, 8, 0, 1, '', 'Teak wooden chair with natural finish', 12, 12, 0, 14, 6, 0, 0, 0, 16, '2014-06-21 05:17:42', 0, '0000-00-00 00:00:00'),
(11, 9, 0, 1, '', 'Teak wooden chair with natural finish', 1, 1200, 0, 1, 6, 0, 0, 0, 16, '2014-06-21 05:43:08', 0, '0000-00-00 00:00:00'),
(12, 10, 0, 1, '', 'Teak wooden chair with natural finish', 12, 0, 0, 3, 0, 0, 0, 0, 16, '2014-06-21 07:06:53', 0, '0000-00-00 00:00:00'),
(13, 10, 0, 1, '', 'Teak wooden chair with natural finish', 1, 12, 0, 6, 0, 0, 0, 0, 16, '2014-06-21 07:07:12', 0, '0000-00-00 00:00:00'),
(14, 10, 0, 8, '', 'Plastic Chair - White', 2, 0, 0, 3, 0, 0, 0, 0, 16, '2014-06-21 07:07:53', 0, '0000-00-00 00:00:00'),
(15, 11, 0, 7, '', 'Plastic Chair - Red', 1, 2345, 0, 0, 12, 0, 0, 0, 16, '2014-06-21 07:23:44', 0, '0000-00-00 00:00:00'),
(16, 12, 0, 7, '', 'Plastic Chair - Red', 12, 2345, 28140, 0, 1, 281.4, 28421.4, 0, 16, '2014-06-21 07:41:36', 0, '0000-00-00 00:00:00'),
(17, 13, 0, 8, '', 'Plastic Chair - White', 12, 1, 12, 28, 0, 0, 12, 0, 16, '2014-06-21 07:49:31', 0, '0000-00-00 00:00:00'),
(18, 13, 0, 9, '', 'Nasi Goreng Ayam', 21, 1, 0, 26, 2, 0, 0, 0, 16, '2014-06-21 07:49:54', 0, '0000-00-00 00:00:00'),
(19, 13, 0, 8, '', 'Plastic Chair - White', 12, 12, 0, 28, 0, 0, 0, 0, 16, '2014-06-21 08:10:23', 0, '0000-00-00 00:00:00'),
(20, 14, 0, 1, '', 'Teak wooden chair with natural finish', 2, 1, 2, 0, 6, 0.12, 2.12, 0, 16, '2014-06-21 08:21:50', 0, '0000-00-00 00:00:00'),
(21, 15, 1, 1, '0', 'Teak wooden chair with natural finish', 12, 12, 144, 13, 6, 8.64, 152.64, 0, 16, '2014-06-23 01:57:22', 16, '0000-00-00 00:00:00'),
(22, 15, 2, 8, '0', 'Plastic Chair - White', 12, 3244, 38928, 28, 1, 389.28, 39317.28, 0, 16, '2014-06-23 01:57:30', 16, '0000-00-00 00:00:00'),
(23, 15, 3, 10, '0', 'Bola Tampar Buaya', 22, 12, 264, 13, 1, 2.64, 266.64, 0, 16, '2014-06-23 01:57:39', 16, '0000-00-00 00:00:00'),
(24, 15, 4, 8, '', 'Plastic Chair - White', 23, 12, 276, 28, 12, 33.12, 309.12, 0, 16, '2014-06-21 08:59:54', 0, '0000-00-00 00:00:00'),
(25, 29, 1, 7, '', 'Plastic Chair - Red', 1, 2345, 2345, 0, 0, 0, 2345, 0, 16, '2014-06-23 03:51:06', 0, '0000-00-00 00:00:00'),
(26, 22, 1, 4, '', 'Plastic Chair - Blue', 12, 12, 144, 4, 0, 0, 144, 0, 16, '2014-06-23 04:20:21', 0, '0000-00-00 00:00:00'),
(27, 23, 1, 1, '', 'Teak wooden chair with natural finish', 12, 12, 144, 7, 12, 17.28, 161.28, 0, 16, '2014-06-23 04:25:24', 0, '0000-00-00 00:00:00'),
(28, 0, 1, 7, '', 'Plastic Chair - Red', 9, 2345, 21105, 0, 0, 0, 21105, 0, 16, '2014-06-23 08:51:32', 0, '0000-00-00 00:00:00'),
(29, 26, 1, 4, '', 'Plastic Chair - Blue', 12, 12, 144, 3, 0, 0, 144, 0, 16, '2014-06-23 10:35:58', 0, '0000-00-00 00:00:00'),
(30, 26, 2, 1, '', 'Teak wooden chair with natural finish', 12, 120, 1440, 12, 5, 72, 1512, 0, 16, '2014-06-23 10:36:24', 0, '0000-00-00 00:00:00'),
(31, 27, 1, 1, '', 'Teak wooden chair with natural finish', 12, 12, 144, 3, 0, 0, 144, 0, 16, '2014-06-23 10:38:49', 0, '0000-00-00 00:00:00'),
(32, 27, 2, 10, '', 'Bola Tampar Buaya', 1, 111, 111, 0, 6, 6.66, 117.66, 0, 16, '2014-06-23 10:38:59', 0, '0000-00-00 00:00:00'),
(33, 0, 3, 2, '', 'Steel chair for outdoor', 12, 3244, 38928, 1, 0, 0, 38928, 0, 16, '2014-06-23 10:41:59', 0, '0000-00-00 00:00:00'),
(34, 28, 1, 4, '', 'Plastic Chair - Blue', 12, 12, 144, 13, 6, 8.64, 152.64, 0, 16, '2014-06-23 10:48:49', 0, '0000-00-00 00:00:00'),
(35, 28, 2, 7, '', 'Plastic Chair - Red', 1, 2345, 2345, 0, 0, 0, 2345, 0, 16, '2014-06-23 10:49:09', 0, '0000-00-00 00:00:00'),
(36, 29, 1, 7, '', 'Plastic Chair - Red', 1, 2345, 2345, 0, 0, 0, 2345, 0, 16, '2014-06-23 10:56:46', 0, '0000-00-00 00:00:00'),
(37, 30, 1, 4, '', 'Plastic Chair - Blue', 1, 1, 1, 1, 0, 0, 1, 0, 16, '2014-07-04 07:39:00', 16, '0000-00-00 00:00:00'),
(38, 31, 1, 7, '', 'Plastic Chair - Red', 1, 2345, 2345, 0, 12, 281.4, 2626.4, 0, 16, '2014-06-24 04:54:10', 0, '0000-00-00 00:00:00'),
(40, 30, 2, 1, '', 'Teak wooden chair with natural finish', 1, 1, 1, 0, 6, 0.06, 1.06, 0, 16, '2014-07-04 07:45:05', 0, '0000-00-00 00:00:00'),
(41, 30, 3, 1, '', 'Teak wooden chair with natural finish', 1, 1, 1, 0, 6, 0.06, 1.06, 0, 16, '2014-07-04 07:54:53', 0, '0000-00-00 00:00:00'),
(43, 30, 4, 1, '', 'Teak wooden chair with natural finish', 1, 1, 1, 0, 6, 0.06, 1.06, 0, 16, '2014-07-04 07:57:03', 0, '0000-00-00 00:00:00'),
(45, 32, 1, 7, '', 'Plastic Chair - Red', 1, 2345, 2345, 0, 1, 23.45, 2368.45, 0, 16, '2014-07-14 03:37:34', 0, '0000-00-00 00:00:00'),
(46, 32, 2, 1, '', 'Teak wooden chair with natural finish', 1, 1111, 1111, 0, 6, 66.66, 1177.66, 0, 16, '2014-07-14 03:39:55', 0, '0000-00-00 00:00:00'),
(47, 33, 1, 1, '', 'Teak wooden chair with natural finish', 2, 1, 2, 0, 6, 0.12, 2.12, 0, 16, '2014-07-14 04:20:09', 16, '0000-00-00 00:00:00');

-- --------------------------------------------------------

--
-- Table structure for table `comp_supplier_invoice`
--

CREATE TABLE IF NOT EXISTS `comp_supplier_invoice` (
  `ID` int(11) NOT NULL AUTO_INCREMENT,
  `serialNo` int(11) NOT NULL DEFAULT '1',
  `companyID` int(11) NOT NULL,
  `purchaseInvoiceCodeID` int(11) NOT NULL COMMENT '1=puchase inv, 2=direct purch inv, 3=debit note, 4=credit note',
  `purchaserID` int(11) NOT NULL,
  `supplierID` int(11) NOT NULL,
  `formNo` varchar(32) NOT NULL,
  `invoiceDate` date NOT NULL,
  `supplierInvoiceNo` varchar(32) NOT NULL,
  `projectID` int(11) NOT NULL,
  `termsID` int(11) NOT NULL,
  `shipToID` int(11) NOT NULL,
  `locationID` int(11) NOT NULL,
  `currencyID` int(11) NOT NULL,
  `exchangeRate` double NOT NULL,
  `agentID` int(11) NOT NULL,
  `memo` text NOT NULL,
  `employeeID` int(11) NOT NULL,
  `shippingMethodID` int(11) NOT NULL,
  `totalAmount` double NOT NULL,
  `amountPaid` decimal(10,0) NOT NULL,
  `totalTaxAmount` double NOT NULL,
  `totalPayable` double NOT NULL,
  `total` double NOT NULL,
  `createdBy` int(11) NOT NULL,
  `createdTS` timestamp NOT NULL DEFAULT CURRENT_TIMESTAMP,
  `updatedBy` int(11) NOT NULL,
  `updatedTS` timestamp NOT NULL DEFAULT '0000-00-00 00:00:00' ON UPDATE CURRENT_TIMESTAMP,
  `is_delete` smallint(16) NOT NULL,
  `updateAble` tinyint(1) NOT NULL DEFAULT '1',
  `journalNo` varchar(32) NOT NULL,
  PRIMARY KEY (`ID`)
) ENGINE=InnoDB  DEFAULT CHARSET=latin1 AUTO_INCREMENT=241 ;

--
-- Dumping data for table `comp_supplier_invoice`
--

INSERT INTO `comp_supplier_invoice` (`ID`, `serialNo`, `companyID`, `purchaseInvoiceCodeID`, `purchaserID`, `supplierID`, `formNo`, `invoiceDate`, `supplierInvoiceNo`, `projectID`, `termsID`, `shipToID`, `locationID`, `currencyID`, `exchangeRate`, `agentID`, `memo`, `employeeID`, `shippingMethodID`, `totalAmount`, `amountPaid`, `totalTaxAmount`, `totalPayable`, `total`, `createdBy`, `createdTS`, `updatedBy`, `updatedTS`, `is_delete`, `updateAble`, `journalNo`) VALUES
(71, 1, 1, 1, 0, 1, 'PI2014 - invoice', '2013-04-22', 'apr 2013', 2, 7, 1, 1, 1, 1, 0, '', 0, 0, 0, '301', 0, -301, 0, 0, '2014-05-22 03:06:36', 0, '2014-06-17 10:20:43', 0, 1, ''),
(72, 1, 1, 1, 0, 1, 'PI2014nasi goreng', '2013-05-22', 'may 2013', 1, 5, 1, 1, 1, 1, 0, '', 0, 0, 0, '2', 0, -2, 0, 0, '2014-05-22 03:09:47', 0, '2014-06-17 10:20:49', 0, 1, ''),
(73, 1, 1, 2, 0, 1, 'sds', '2013-06-22', 'jun 2013', 2, 5, 1, 1, 1, 1, 0, '', 0, 0, 0, '2', 0, -2, 0, 0, '2014-05-22 03:23:12', 0, '2014-06-17 10:23:17', 0, 1, ''),
(74, 1, 1, 2, 0, 20, 'PI2tr14nasi goreng', '2013-07-22', 'jul 2013', 2, 6, 1, 1, 1, 1, 0, '', 0, 0, 0, '22', 0, -22, 0, 0, '2014-05-22 03:31:55', 0, '2014-06-17 10:23:19', 0, 1, ''),
(75, 1, 1, 2, 0, 1, 'A', '2013-08-22', 'aug 2013', 1, 6, 1, 1, 1, 1, 0, '', 0, 0, 0, '2', 0, -2, 0, 0, '2014-05-22 03:42:36', 0, '2014-06-17 10:23:20', 0, 1, ''),
(76, 1, 1, 2, 0, 20, 'PI2014nasi goreng', '2013-09-22', 'sept 2013', 1, 5, 1, 1, 1, 1, 0, '', 0, 0, 0, '122', 0, -122, 0, 0, '2014-05-22 03:51:54', 0, '2014-07-09 07:39:42', 0, 1, ''),
(77, 1, 1, 2, 0, 1, 'PI2014nasi goreng', '2013-10-22', 'oct 2013', 1, 5, 1, 1, 1, 1, 0, '', 0, 0, 0, '2', 0, -2, 0, 0, '2014-05-22 03:58:24', 0, '2014-06-17 10:23:21', 0, 1, ''),
(78, 1, 1, 2, 0, 1, 'df', '2013-11-22', 'nov 2013', 1, 5, 1, 0, 1, 1, 0, '', 0, 0, 0, '14', 0, -14, 0, 0, '2014-05-22 04:01:44', 0, '2014-07-09 07:43:06', 0, 1, ''),
(79, 1, 1, 2, 0, 1, 'PI2014nasi goreng', '2013-12-22', 'dec 2013', 1, 5, 1, 0, 1, 1, 0, '', 0, 0, 0, '2', 0, -2, 0, 0, '2014-05-22 04:15:09', 0, '2014-06-17 10:23:22', 0, 1, ''),
(80, 1, 1, 2, 0, 1, 'PI2014nasi goreng', '2014-01-22', ' jan 2014.', 2, 6, 1, 2, 1, 1, 0, '', 0, 0, 0, '5', 0, -4, 0, 0, '2014-05-22 11:17:23', 0, '2014-06-17 10:23:23', 0, 1, ''),
(81, 1, 1, 2, 0, 1, 'as', '2014-02-13', 'feb 2014', 1, 5, 1, 1, 1, 1, 0, '', 0, 0, 0, '5', 0, -4, 0, 0, '2014-05-23 07:34:21', 0, '2014-06-17 10:23:24', 0, 1, ''),
(82, 1, 1, 2, 0, 1, 'PI2014-82', '2014-03-07', 'mac 2014', 2, 5, 1, 1, 1, 1, 0, 'xcxx', 0, 0, 100700, '677845', 0, -577145, 0, 0, '2014-05-29 01:25:00', 0, '2014-07-09 07:58:36', 0, 1, ''),
(83, 1, 1, 2, 0, 1, 'PI2014nasi goreng', '2014-04-29', 'apr 2014', 1, 5, 1, 1, 1, 1, 0, 'sdsdsd', 0, 0, 0, '17', 0, -17, 0, 0, '2014-05-29 01:27:20', 0, '2014-07-09 07:43:06', 0, 1, ''),
(84, 1, 1, 2, 7, 1, 'PI2014nasi goreng', '2014-05-29', 'fd', 1, 5, 1, 1, 1, 1, 0, 'dfsger', 0, 73, 0, '17', 30, -17, 0, 0, '2014-05-29 01:33:15', 0, '2014-07-09 07:43:06', 0, 1, ''),
(85, 1, 1, 2, 6, 1, 'PI2014nasi goreng', '2014-06-03', '006', 1, 5, 1, 1, 1, 1, 0, '', 0, 7, 0, '12', 0, -12, 0, 0, '2014-06-03 03:30:34', 0, '2014-07-09 07:43:06', 0, 1, ''),
(86, 1, 1, 2, 9, 1, 'PI2014nasi goreng', '2014-06-03', 'supplier invoice no 00000011111', 2, 5, 3, 1, 1, 1, 0, '', 0, 6, 0, '122', 0, -122, 0, 0, '2014-06-03 10:38:31', 0, '2014-07-09 07:43:06', 0, 1, ''),
(87, 1, 1, 2, 9, 1, 'PI2014', '2014-06-04', '34ssss', 2, 6, 4, 1, 1, 1, 0, '', 0, 4, 0, '12', 0, -12, 0, 0, '2014-06-04 11:06:46', 0, '2014-07-09 07:43:06', 0, 1, ''),
(88, 1, 1, 2, 7, 1, 'PI2014', '2014-06-11', 'wew', 1, 5, 2, 1, 1, 1, 0, 'sds', 0, 3, 0, '12', 0, -12, 0, 0, '2014-06-11 12:13:17', 0, '2014-07-09 07:43:06', 0, 1, ''),
(89, 1, 1, 2, 6, 1, 'PI2014', '2014-06-18', 'sd', 1, 5, 1, 1, 0, 2, 0, 'dsds', 0, 73, 0, '0', 0, 0, 0, 0, '2014-06-18 09:09:02', 0, '0000-00-00 00:00:00', 0, 1, ''),
(90, 1, 1, 2, 6, 20, 'PI2014', '2014-06-18', '.,mjl;l', 1, 5, 1, 1, 0, 1, 0, 'uiuop', 0, 5, 0, '0', 0, 0, 0, 0, '2014-06-18 09:40:46', 0, '0000-00-00 00:00:00', 0, 1, ''),
(91, 1, 1, 2, 6, 1, 'PI2014', '2014-06-18', 'da', 1, 6, 3, 1, 0, 1, 0, 'asaaa', 0, 73, 0, '0', 0, 0, 0, 0, '2014-06-18 10:11:37', 0, '0000-00-00 00:00:00', 0, 1, ''),
(92, 1, 1, 2, 7, 1, 'PI2014', '2014-06-18', 'da', 1, 5, 1, 1, 0, 1, 0, 'asa', 0, 74, 0, '0', 0, 0, 0, 0, '2014-06-18 10:27:37', 0, '0000-00-00 00:00:00', 0, 1, ''),
(93, 1, 1, 2, 7, 1, 'PI2014', '2014-06-19', 'qeq', 10, 6, 5, 1, 0, 1, 0, 'acw weqwq', 0, 73, 0, '12', 0, -12, 0, 0, '2014-06-19 01:02:31', 0, '2014-07-09 07:43:06', 0, 1, ''),
(94, 1, 1, 2, 7, 1, 'PI2014', '2014-06-19', 'qwq', 16, 7, 1, 1, 0, 1, 0, 'adwe', 0, 5, 0, '0', 0, 0, 0, 0, '2014-06-19 01:09:11', 0, '0000-00-00 00:00:00', 0, 1, ''),
(95, 1, 1, 2, 7, 1, 'PI2014', '2014-06-19', 'asq', 1, 5, 1, 1, 0, 1, 0, 'sdq', 0, 73, 0, '26', 0, -26, 0, 0, '2014-06-19 01:27:02', 0, '2014-07-09 08:09:46', 0, 1, ''),
(96, 1, 1, 2, 6, 1, 'PI2014', '2014-06-19', 'wqw', 1, 5, 1, 1, 0, 1, 0, 'weqwq', 0, 5, 0, '122', 0, -122, 0, 0, '2014-06-19 01:37:31', 0, '2014-07-09 08:12:23', 0, 1, ''),
(97, 1, 1, 2, 7, 1, 'PI2014', '2014-06-19', 'dwe', 10, 5, 1, 1, 0, 1, 0, '21da', 0, 74, 3.18, '12', 0.18, -8.82, 0, 0, '2014-06-19 01:59:53', 16, '2014-07-09 08:12:23', 0, 1, ''),
(98, 1, 1, 2, 7, 1, 'PI2014', '2014-06-20', '90', 1, 5, 3, 1, 0, 1, 0, 'kjl;', 0, 6, 0, '12', 0, -12, 0, 0, '2014-06-20 09:36:39', 0, '2014-07-09 08:12:23', 0, 1, ''),
(99, 1, 1, 2, 6, 1, 'PI2014', '2014-06-23', 'jklk', 16, 6, 1, 1, 0, 1, 0, 'lkl', 0, 5, 0, '0', 0, 0, 0, 0, '2014-06-23 03:21:52', 0, '0000-00-00 00:00:00', 0, 1, ''),
(100, 1, 1, 2, 7, 1, 'PI2014[00000001]', '2014-08-13', '234234', 1, 6, 0, 1, 0, 0, 0, '', 0, 73, 0, '121', 0, -121, 0, 16, '2014-06-24 08:19:17', 16, '2014-08-13 07:16:22', 0, 1, ''),
(101, 1, 1, 2, 7, 1, 'PI2014', '2014-06-26', 'kl09887', 1, 5, 2, 1, 0, 1, 0, '', 0, 5, 0, '1213', 0, -1213, 0, 16, '2014-06-26 06:44:47', 16, '2014-07-11 01:00:50', 0, 1, ''),
(102, 1, 15, 2, 12, 26, 'PI2014', '2014-07-01', 'sup inv 321', 19, 5, 1, 3, 0, 1, 0, '', 0, 5, 0, '0', 0, 0, 0, 16, '2014-07-01 05:04:07', 16, '2014-07-16 00:09:19', 0, 0, 'AP20140200000001'),
(103, 1, 1, 2, 7, 1, 'PI2014', '2014-07-04', 'as', 1, 5, 1, 1, 0, 1, 0, 'sdsd', 0, 74, 0, '131', 0, -1, 0, 16, '2014-07-04 00:14:51', 16, '2014-07-11 01:00:02', 0, 0, 'AP20140700000001'),
(104, 1, 1, 2, 6, 1, 'PI2014', '2014-05-26', '2452354', 1, 5, 1, 0, 0, 1, 0, 'dfa dfasfd ', 0, 3, 1555.02, '1698', 0, -142.98000000000002, 0, 16, '2014-07-07 02:45:16', 16, '2014-07-21 06:43:10', 0, 1, ''),
(105, 1, 1, 2, 6, 1, 'PI2014', '2014-05-26', '24', 1, 5, 1, 0, 0, 1, 0, 'we rtwe r', 0, 6, 0, '0', 0, 0, 0, 16, '2014-07-07 02:46:54', 0, '0000-00-00 00:00:00', 0, 1, ''),
(106, 1, 1, 2, 6, 1, 'PI2014', '2014-05-26', '345234', 1, 5, 1, 0, 0, 1, 0, 'afsdasdf asdf asfd', 0, 3, 0, '0', 0, 0, 0, 16, '2014-07-07 03:44:54', 0, '0000-00-00 00:00:00', 0, 1, ''),
(107, 1, 1, 2, 6, 1, 'PI2014', '2014-05-26', '345234', 1, 5, 1, 0, 0, 1, 0, 'afsdasdf asdf asfd', 0, 3, 0, '0', 0, 0, 0, 16, '2014-07-07 03:45:03', 0, '0000-00-00 00:00:00', 0, 1, ''),
(108, 1, 1, 2, 6, 1, 'PI2014', '2014-05-26', '0', 17, 5, 1, 0, 0, 1, 0, 'zcsdfas', 0, 74, 0, '0', 0, 0, 0, 16, '2014-07-07 03:47:27', 0, '0000-00-00 00:00:00', 0, 1, ''),
(109, 1, 1, 2, 6, 1, 'PI2014', '2014-05-26', '342', 1, 5, 1, 0, 0, 1, 0, '', 0, 74, 0, '0', 0, 0, 0, 16, '2014-07-07 03:48:51', 0, '0000-00-00 00:00:00', 0, 1, ''),
(112, 1, 1, 1, 6, 1, 'PI2014', '2014-05-26', '0', 10, 5, 1, 1, 0, 1, 0, 'WAE DADFSDF ASDFASFD ', 6, 74, 345, '741', 20.7, -396, 0, 16, '2014-07-07 04:59:30', 0, '2014-07-21 06:43:10', 0, 1, ''),
(113, 1, 1, 1, 6, 1, 'PI2014', '2014-05-26', '0', 10, 5, 1, 1, 0, 1, 0, 'WAE DADFSDF ASDFASFD ', 6, 74, 345, '345', 20.7, 0, 0, 16, '2014-07-07 05:01:40', 0, '2014-07-21 07:16:07', 0, 1, ''),
(114, 1, 1, 1, 6, 1, 'PI2014', '2014-05-26', '0', 10, 5, 1, 1, 0, 1, 0, 'WAE DADFSDF ASDFASFD ', 6, 74, 0, '366', 0, -366, 0, 16, '2014-07-07 05:03:39', 0, '2014-07-21 07:01:40', 0, 1, ''),
(115, 1, 1, 1, 6, 1, 'PI2014', '2014-05-26', '0', 1, 5, 1, 1, 0, 1, 0, '', 6, 5, 345, '366', 20.7, -21, 0, 16, '2014-07-07 05:05:18', 0, '2014-07-21 07:01:40', 0, 1, ''),
(116, 1, 1, 1, 6, 1, 'PI2014', '2014-05-26', '0', 1, 5, 1, 1, 0, 1, 0, '', 6, 5, 345, '366', 20.7, -21, 0, 16, '2014-07-07 05:07:02', 0, '2014-07-21 07:01:40', 0, 1, ''),
(117, 1, 1, 1, 6, 1, 'PI2014', '2014-05-26', '0', 1, 5, 1, 1, 0, 1, 0, '', 6, 74, 345, '366', 20.7, -21, 0, 16, '2014-07-07 05:09:32', 0, '2014-07-21 07:16:07', 0, 1, ''),
(118, 1, 1, 1, 6, 1, 'PI2014', '2014-05-26', '0', 1, 5, 1, 1, 0, 1, 0, '', 6, 74, 345, '0', 20.7, 365.7, 0, 16, '2014-07-07 05:10:16', 0, '2014-07-09 07:26:57', 0, 1, ''),
(119, 1, 1, 1, 6, 1, 'PI2014', '2014-05-26', '0', 1, 5, 1, 1, 0, 1, 0, '', 6, 74, 345, '0', 20.7, 365.7, 0, 16, '2014-07-07 05:10:31', 0, '2014-07-09 07:26:57', 0, 1, ''),
(120, 1, 1, 1, 6, 1, 'PI2014', '2014-05-26', '0', 1, 5, 1, 1, 0, 1, 0, '', 6, 74, 345, '366', 20.7, -21, 0, 16, '2014-07-07 05:10:48', 0, '2014-07-21 07:09:30', 0, 1, ''),
(121, 1, 1, 1, 6, 1, 'PI2014', '2014-05-26', '0', 10, 5, 1, 1, 0, 1, 0, 'qwefqwerwqr', 6, 73, 456, '483', 27.36, -27, 0, 16, '2014-07-07 05:13:10', 0, '2014-07-21 07:07:36', 0, 1, ''),
(122, 1, 1, 1, 6, 1, 'PI2014', '2014-05-26', '0', 10, 5, 1, 1, 0, 1, 0, 'qwefqwerwqr', 6, 73, 456, '483', 27.36, -27, 0, 16, '2014-07-07 05:13:53', 0, '2014-07-21 07:07:36', 0, 1, ''),
(123, 1, 1, 1, 6, 1, 'PI2014', '2014-05-26', '0', 1, 5, 1, 1, 0, 1, 0, '', 6, 6, 345, '366', 20.7, -21, 0, 16, '2014-07-07 05:15:55', 0, '2014-07-21 07:07:36', 0, 1, ''),
(124, 1, 1, 1, 6, 1, 'PI2014', '2014-05-26', 'fghdfhg7464356', 10, 5, 1, 1, 0, 1, 0, '', 6, 6, 345, '366', 20.7, -21, 0, 16, '2014-07-07 05:21:03', 0, '2014-07-21 07:05:51', 0, 1, ''),
(125, 1, 1, 1, 6, 1, 'PI2014', '2014-05-26', 'fghdfhg7464356', 10, 5, 1, 1, 0, 1, 0, '', 6, 6, 345, '366', 20.7, -21, 0, 16, '2014-07-07 05:23:41', 0, '2014-07-21 07:05:51', 0, 1, ''),
(126, 1, 1, 1, 6, 1, 'PI2014', '2014-05-26', 'fghdfhg7464356', 10, 5, 1, 1, 0, 1, 0, '', 6, 6, 345, '366', 20.7, -21, 0, 16, '2014-07-07 05:24:45', 0, '2014-07-21 07:05:51', 0, 1, ''),
(127, 1, 1, 1, 6, 1, 'PI2014', '2014-05-26', 'fghdfhg7464356', 10, 5, 1, 1, 0, 1, 0, '', 6, 6, 345, '837', 0, -492, 0, 16, '2014-07-07 05:39:00', 16, '2014-07-21 07:03:50', 0, 1, ''),
(128, 1, 1, 1, 6, 1, 'PI2014', '2014-06-19', 'ert3453', 1, 6, 1, 1, 0, 1, 0, 'qw', 6, 73, 456, '483', 27.36, -27, 0, 16, '2014-07-07 05:43:02', 0, '2014-07-21 07:03:50', 0, 1, ''),
(129, 1, 1, 1, 6, 1, 'PI2014', '2014-06-19', 'ert3453', 1, 6, 1, 1, 0, 1, 0, 'qw', 6, 73, 456, '483', 27.36, -27, 0, 16, '2014-07-07 05:43:24', 0, '2014-07-21 07:03:50', 0, 1, ''),
(130, 1, 1, 1, 6, 1, 'PI2014', '2014-06-19', 'ert3453', 1, 6, 1, 1, 0, 1, 0, 'qw', 6, 73, 456, '483', 27.36, -27, 0, 16, '2014-07-07 05:43:34', 0, '2014-07-21 07:03:50', 0, 1, ''),
(131, 1, 1, 1, 6, 1, 'PI2014', '2014-06-19', 'sdfg356345', 1, 5, 1, 1, 0, 1, 0, 'qw', 6, 5, 345, '345', 0, 0, 0, 16, '2014-07-07 05:46:41', 16, '2014-07-21 07:03:50', 0, 1, ''),
(132, 1, 1, 2, 7, 1, 'PI2014', '2014-07-07', '326523', 1, 5, 1, 0, 0, 1, 0, 'efgsdfg', 0, 4, 0, '0', 0, 0, 0, 16, '2014-07-07 05:51:45', 0, '0000-00-00 00:00:00', 0, 1, ''),
(133, 1, 1, 2, 7, 1, 'PI2014', '2014-07-07', '326523', 1, 5, 1, 0, 0, 1, 0, 'efgsdfg', 0, 4, 0, '0', 0, 0, 0, 16, '2014-07-07 05:51:55', 0, '0000-00-00 00:00:00', 0, 1, ''),
(134, 1, 1, 2, 7, 1, 'PI2014', '2014-07-07', 'wetwert326523', 1, 5, 1, 1, 0, 1, 0, 'efgsdfg', 0, 4, 0, '0', 0, 0, 0, 16, '2014-07-07 05:52:17', 16, '2014-07-07 05:52:18', 0, 1, ''),
(135, 1, 1, 1, 7, 1, 'PI2014', '2014-06-20', 'xfgsd35365', 10, 5, 1, 1, 0, 1, 0, 'ASA', 7, 73, 4356, '28', 0, 4328, 0, 16, '2014-07-07 05:57:08', 16, '2014-07-31 03:25:10', 0, 1, ''),
(136, 1, 1, 1, 6, 1, 'PI2014', '2014-05-26', 'sf3535634', 1, 6, 2, 1, 0, 1, 0, 'fsgdsfg', 6, 5, 567, '567', 34.02, 0, 0, 16, '2014-07-07 05:59:07', 0, '2014-07-21 07:03:50', 0, 1, ''),
(137, 1, 1, 1, 6, 1, 'PI2014', '2014-05-26', 'sf3535634', 1, 6, 2, 1, 0, 1, 0, 'fsgdsfg', 6, 5, 567, '567', 34.02, 0, 0, 16, '2014-07-07 05:59:38', 0, '2014-07-21 07:05:51', 0, 1, ''),
(138, 1, 1, 1, 7, 1, 'PI2014', '2014-05-26', 'sf3535634', 1, 6, 2, 1, 0, 1, 0, 'asa', 7, 5, 567, '567', 0, 0, 0, 16, '2014-07-07 06:00:01', 16, '2014-07-21 07:05:51', 0, 1, ''),
(139, 1, 1, 1, 6, 1, 'PI2014', '2014-06-19', 'dafd2345234', 1, 5, 1, 1, 0, 1, 0, 'qw', 6, 3, 0, '0', 0, 0, 0, 16, '2014-07-07 06:17:13', 0, '0000-00-00 00:00:00', 0, 1, ''),
(140, 1, 1, 1, 6, 1, 'PI2014', '2014-06-19', 'dafd2345234', 1, 5, 1, 1, 0, 1, 0, 'qw', 6, 3, 0, '0', 0, 0, 0, 16, '2014-07-07 06:17:37', 0, '0000-00-00 00:00:00', 0, 1, ''),
(141, 1, 1, 1, 6, 1, 'PI2014', '2014-06-19', 'dafd2345234', 1, 5, 1, 1, 0, 1, 0, 'qw', 6, 3, 0, '0', 0, 0, 0, 16, '2014-07-07 06:17:43', 0, '0000-00-00 00:00:00', 0, 1, ''),
(142, 1, 1, 1, 6, 1, 'PI2014', '2014-06-19', 'zsfsf324523', 1, 5, 1, 1, 0, 1, 0, 'qw', 6, 74, 0, '0', 0, 0, 0, 16, '2014-07-07 06:20:29', 0, '0000-00-00 00:00:00', 0, 1, ''),
(143, 1, 1, 1, 6, 1, 'PI2014', '2014-06-19', 'zsfsf324523', 1, 5, 1, 1, 0, 1, 0, 'qw', 6, 74, 0, '0', 0, 0, 0, 16, '2014-07-07 06:20:40', 0, '0000-00-00 00:00:00', 0, 1, ''),
(144, 1, 1, 1, 6, 1, 'PI2014', '2014-06-19', 'zsfsf324523', 1, 5, 1, 1, 0, 1, 0, 'qw', 6, 74, 0, '0', 0, 0, 0, 16, '2014-07-07 06:21:36', 0, '0000-00-00 00:00:00', 0, 1, ''),
(145, 1, 1, 1, 6, 1, 'PI2014', '2014-06-19', 'dfgd345634', 1, 5, 2, 1, 0, 1, 0, 'qw', 6, 3, 0, '0', 0, 0, 0, 16, '2014-07-07 06:22:37', 0, '0000-00-00 00:00:00', 0, 1, ''),
(146, 1, 1, 1, 7, 20, 'PI2014', '2014-05-26', 'sdfgsd3456346', 17, 7, 2, 1, 0, 1, 0, 'sdsd', 7, 74, 0, '0', 0, 0, 0, 16, '2014-07-07 06:27:14', 0, '0000-00-00 00:00:00', 0, 1, ''),
(147, 1, 1, 1, 7, 20, 'PI2014', '2014-05-26', 'sdfgsd3456346', 17, 7, 2, 1, 0, 1, 0, 'sdsd', 7, 74, 0, '0', 0, 0, 0, 16, '2014-07-07 06:28:19', 0, '0000-00-00 00:00:00', 0, 1, ''),
(148, 1, 1, 1, 7, 1, 'PI2014', '2014-06-12', 'asdfasfd23452354', 1, 5, 2, 1, 0, 1, 0, 'ww', 7, 74, 0, '0', 0, 0, 0, 16, '2014-07-07 06:48:23', 0, '0000-00-00 00:00:00', 0, 1, ''),
(149, 1, 1, 1, 7, 20, 'PI2014', '2014-06-02', 'dfsagf2353', 1, 5, 1, 1, 0, 1, 0, '', 7, 74, 0, '0', 0, 0, 0, 16, '2014-07-07 06:49:31', 0, '0000-00-00 00:00:00', 0, 1, ''),
(155, 1, 1, 2, 7, 23, 'PI20143', '2014-07-09', '326523', 1, 5, 4, 2, 0, 1, 0, 'efgsdfg lorem ipsum', 0, 74, 638.12, '0', 36.120000000000005, 2496.4, 0, 16, '2014-07-07 05:51:45', 16, '2014-07-11 02:19:15', 0, 1, ''),
(156, 1, 1, 2, 7, 1, 'PI2014', '2014-07-07', '326523', 1, 5, 1, 0, 0, 1, 0, 'efgsdfg', 0, 4, 0, '0', 0, 0, 0, 16, '2014-07-07 05:51:55', 0, '0000-00-00 00:00:00', 0, 1, ''),
(157, 1, 1, 1, 6, 1, 'PI2014', '2014-05-26', 'zdafdsf234243', 2, 6, 1, 1, 0, 1, 0, 'ascadfasd', 6, 74, 0, '0', 0, 0, 0, 16, '2014-07-10 03:56:24', 0, '0000-00-00 00:00:00', 0, 1, ''),
(158, 1, 1, 2, 7, 23, 'PI20143', '2014-07-09', '326523', 1, 5, 4, 2, 0, 1, 0, 'efgsdfg lorem ipsum', 0, 74, 638.12, '0', 36.120000000000005, 2496.4, 0, 16, '2014-07-07 05:51:45', 16, '2014-07-11 02:19:15', 0, 1, ''),
(159, 1, 1, 2, 6, 1, 'PI2014', '2014-07-11', 'sds', 15, 5, 1, 1, 0, 1, 0, 'sdsfdw', 0, 5, 0, '0', 0, 0, 0, 16, '2014-07-11 04:12:34', 0, '0000-00-00 00:00:00', 0, 1, ''),
(160, 1, 1, 2, 6, 1, 'PI2014', '2014-07-11', 'sds', 15, 5, 1, 1, 0, 1, 0, 'sdsfdw', 0, 5, 40.28, '0', 2.2800000000000002, 0, 0, 16, '2014-07-11 04:17:30', 0, '2014-07-11 04:40:12', 0, 1, ''),
(161, 1, 1, 2, 7, 1, 'PI2014', '2014-07-11', 's', 1, 5, 1, 1, 0, 1, 0, 'w', 0, 5, 0, '0', 0, 0, 0, 16, '2014-07-11 06:49:35', 0, '0000-00-00 00:00:00', 0, 1, ''),
(162, 1, 1, 2, 6, 1, 'PI2014', '2014-07-11', 'ytr', 1, 5, 1, 1, 0, 1, 0, 'd', 0, 8, 2251.28, '0', 127.28, 0, 0, 16, '2014-07-11 07:16:54', 0, '2014-07-11 07:30:33', 0, 1, ''),
(163, 1, 1, 1, 6, 1, 'PI2014', '2014-05-13', 'afsfgsd3453', 1, 5, 1, 1, 0, 1, 0, '', 6, 73, 567, '601', 34.02, -34, 0, 16, '2014-07-14 03:38:17', 0, '2014-07-21 07:03:50', 0, 1, ''),
(164, 1, 1, 1, 6, 1, 'PI2014', '2014-05-13', 'asdfa42354', 2, 7, 1, 1, 0, 3.25, 0, 'rw wert wert wet', 6, 74, 0, '0', 0, 0, 0, 16, '2014-07-14 03:42:58', 0, '0000-00-00 00:00:00', 0, 1, ''),
(165, 1, 1, 1, 6, 1, 'PI2014', '2014-05-14', 'asdf23452', 15, 6, 1, 1, 0, 1, 0, 'sdfasfdsafd', 6, 74, 0, '0', 0, 0, 0, 16, '2014-07-14 04:04:10', 0, '0000-00-00 00:00:00', 0, 1, ''),
(166, 1, 1, 1, 6, 1, 'PI2014', '2014-05-12', 'dfasd2454', 2, 5, 1, 1, 0, 1, 0, '', 6, 74, 0, '12', 0, -12, 0, 16, '2014-07-14 04:16:04', 0, '2014-07-21 07:03:50', 0, 1, ''),
(167, 1, 1, 1, 6, 1, 'PI2014', '2014-05-12', 'adfasd45', 15, 6, 1, 1, 0, 1, 0, '', 6, 5, 12, '12', 0, 0, 0, 16, '2014-07-14 04:19:01', 0, '2014-07-21 07:03:50', 0, 1, ''),
(168, 1, 1, 1, 6, 1, 'PI2014', '2014-05-12', 'adasdf45345', 2, 6, 1, 1, 0, 1, 0, '', 6, 74, 12, '12', 0, 0, 0, 16, '2014-07-14 04:26:29', 0, '2014-07-21 07:03:50', 0, 1, ''),
(169, 1, 1, 1, 6, 1, 'PI2014', '2014-05-12', 'adasdf45345', 2, 6, 1, 1, 0, 1, 0, '', 6, 74, 12, '12', 0, 0, 0, 16, '2014-07-14 04:29:17', 0, '2014-07-21 07:03:50', 0, 1, ''),
(170, 1, 1, 1, 6, 1, 'PI2014', '2014-05-12', 'dfadf24523', 1, 6, 1, 1, 0, 1, 0, '', 6, 73, 260.76, '261', 0, -0.2400000000000091, 0, 16, '2014-07-14 04:50:57', 16, '2014-07-21 07:02:44', 0, 1, ''),
(171, 1, 1, 1, 6, 1, 'PI2014', '2014-05-12', 'aDFASF243523', 1, 5, 1, 1, 0, 1, 0, '', 6, 73, 12, '12', 0, 0, 0, 16, '2014-07-14 04:57:32', 0, '2014-07-21 07:02:44', 0, 1, ''),
(172, 1, 1, 1, 6, 1, 'PI2014', '2014-05-12', 'asdf2345', 2, 6, 1, 1, 0, 1, 0, '', 6, 73, 4937.4800000000005, '20', 0, 4917.4800000000005, 0, 16, '2014-07-14 04:59:15', 16, '2014-07-21 07:09:30', 0, 1, ''),
(173, 1, 1, 1, 6, 1, 'PI2014', '2014-05-12', 'asgf3w4523', 10, 5, 2, 1, 0, 1, 0, '', 6, 74, 483.36, '849', 0, -365.64, 0, 16, '2014-07-14 05:05:32', 16, '2014-07-21 07:02:44', 0, 1, ''),
(174, 1, 1, 1, 6, 1, 'PI2014', '2014-05-12', 'qwdqe42341234', 10, 6, 1, 1, 0, 1, 0, '', 6, 74, 367, '389', 22.02, -22, 0, 16, '2014-07-14 05:06:55', 0, '2014-07-21 07:02:44', 0, 1, ''),
(175, 1, 1, 1, 6, 1, 'PI2014', '2014-05-12', 'qwdqe42341234', 10, 6, 1, 1, 0, 1, 0, '', 6, 74, 367, '389', 22.02, -22, 0, 16, '2014-07-14 05:12:39', 0, '2014-07-21 07:02:44', 0, 1, ''),
(176, 1, 1, 1, 6, 1, 'PI2014', '2014-05-13', 'zfgst35325', 1, 5, 1, 1, 0, 1, 0, '', 6, 73, 588, '623', 35.28, -35, 0, 16, '2014-07-14 05:15:49', 0, '2014-07-21 07:02:44', 0, 1, ''),
(177, 1, 1, 1, 6, 1, 'PI2014', '2014-05-14', 'asdf2345', 10, 5, 1, 1, 0, 1, 0, '', 6, 74, 0, '625', 590, -625, 0, 16, '2014-07-14 05:21:47', 0, '2014-07-21 07:02:44', 0, 1, ''),
(178, 1, 1, 1, 6, 1, 'PI2014', '2014-05-29', 'asfg2356236', 1, 7, 2, 1, 0, 1, 0, '', 6, 74, 0, '70', 67, -70, 0, 16, '2014-07-14 05:27:13', 0, '2014-07-21 07:02:44', 0, 1, ''),
(179, 1, 1, 1, 6, 1, 'PI2014', '2014-05-29', 'dafs23532', 1, 5, 1, 1, 0, 1, 0, '', 6, 73, 0, '24', 0, -24, 0, 16, '2014-07-14 05:31:07', 16, '2014-07-21 07:02:44', 0, 1, ''),
(180, 1, 1, 1, 6, 20, 'PI2014', '2014-06-24', 'zdafdsf234243', 10, 6, 1, 1, 0, 1, 0, '', 6, 73, 71.7, '0', 0, 71.7, 0, 16, '2014-07-14 05:55:13', 16, '2014-07-14 05:55:30', 0, 1, ''),
(181, 1, 1, 1, 6, 1, 'PI2014', '2014-05-28', 'asfgasfa453', 10, 5, 1, 1, 0, 1, 0, 'asf', 6, 74, 71.36, '71', 0, 0.35999999999999943, 0, 16, '2014-07-14 05:58:24', 16, '2014-07-21 07:02:45', 0, 1, ''),
(182, 1, 15, 1, 12, 26, 'PI2014', '2014-07-16', 'awan biru 1', 19, 5, 1, 3, 0, 3.8, 0, '', 12, 7, 664.5, '0', 37.5, 664.5, 0, 16, '2014-07-16 00:27:26', 0, '2014-07-16 02:05:45', 0, 0, 'AP20140200000002'),
(183, 1, 15, 1, 9, 26, 'PI2014', '2014-07-16', 'awan biru 2', 19, 5, 2, 4, 0, 1, 0, '', 9, 5, 21.2, '0', 1.2, 21.2, 0, 16, '2014-07-16 00:35:38', 0, '2014-07-16 02:12:52', 0, 0, 'AP20140200000003'),
(184, 1, 1, 1, 6, 1, 'PI2014', '2014-07-16', 'qwfd245', 10, 5, 1, 1, 0, 1, 0, '', 6, 73, 22, '23', 0.66, -1, 0, 16, '2014-07-16 01:04:15', 0, '2014-07-21 07:02:45', 0, 1, ''),
(185, 1, 15, 1, 9, 26, 'PI2014', '2014-07-16', 'awan biru 3', 19, 5, 1, 3, 0, 1, 0, '', 9, 5, 15.9, '0', 0.9, 15.9, 0, 16, '2014-07-16 01:14:00', 0, '2014-07-16 02:05:45', 0, 1, ''),
(186, 1, 1, 1, 6, 1, 'PI2014', '2014-07-16', 'sfg2342', 1, 6, 1, 1, 0, 1, 0, '', 6, 74, 13, '13', 0.06, 0, 0, 16, '2014-07-16 01:22:33', 0, '2014-07-21 07:02:45', 0, 1, ''),
(187, 1, 1, 1, 6, 1, 'PI2014', '2014-07-16', 'sdfg356', 1, 5, 1, 1, 0, 1, 0, '', 6, 4, 11, '11', 0, 0, 0, 16, '2014-07-16 01:23:41', 0, '2014-07-21 07:02:45', 0, 1, ''),
(188, 1, 1, 1, 6, 1, 'PI2014', '2014-07-16', 'sfg356', 15, 6, 1, 1, 0, 1, 0, '', 6, 3, 23, '24', 0.66, -1, 0, 16, '2014-07-16 01:24:56', 0, '2014-07-21 07:02:45', 0, 1, ''),
(189, 1, 1, 1, 6, 1, 'PI2014', '2014-07-16', 'sdfg3653', 1, 5, 1, 1, 0, 1, 0, '', 6, 73, 11, '12', 0.66, -1, 0, 16, '2014-07-16 01:29:14', 0, '2014-07-21 07:02:45', 0, 1, ''),
(190, 1, 1, 1, 6, 1, 'PI2014', '2014-07-16', 'zdafdsf234243', 2, 5, 1, 1, 0, 1, 0, '', 6, 6, 23.66, '24', 0.66, -0.33999999999999986, 0, 16, '2014-07-16 01:43:57', 0, '2014-07-21 07:02:45', 0, 1, ''),
(191, 1, 15, 1, 9, 26, 'PI2014', '2014-07-16', 'awan biru 4', 19, 5, 2, 5, 0, 1, 0, '', 9, 5, 2368.04, '0', 134.04, 2368.04, 0, 16, '2014-07-16 02:10:14', 0, '2014-07-16 02:10:18', 0, 1, ''),
(192, 1, 1, 1, 6, 1, 'PI2014', '2014-07-16', 'sdf45345', 1, 5, 1, 1, 0, 1, 0, '', 6, 74, 1476, '6', 0, 1470, 0, 16, '2014-07-16 02:11:05', 0, '2014-07-21 07:16:07', 0, 1, ''),
(193, 1, 15, 1, 12, 26, 'PI2014', '2014-07-16', 'l;,;k;l12', 19, 5, 1, 3, 0, 1, 0, '', 12, 74, 42395.76, '0', 2399.76, 42395.76, 0, 16, '2014-07-16 02:11:51', 0, '0000-00-00 00:00:00', 0, 1, ''),
(194, 1, 1, 1, 6, 1, 'PI2014', '2014-05-29', 'adfas2452354', 1, 5, 1, 1, 0, 1, 0, '', 6, 74, 70.76, '71', 2.76, -0.23999999999999488, 0, 16, '2014-07-17 00:33:33', 16, '2014-07-21 07:02:45', 0, 1, ''),
(195, 1, 1, 1, 6, 1, 'PI2014', '2014-07-17', 'asdf2345', 1, 5, 1, 1, 0, 1, 0, '', 6, 74, 70.36, '70', 3.36, 0.35999999999999943, 0, 16, '2014-07-17 00:35:51', 16, '2014-07-21 07:02:45', 0, 1, ''),
(196, 1, 1, 1, 6, 1, 'PI2014', '2014-07-17', 'asdfsafd54', 1, 5, 1, 1, 0, 1, 0, '', 6, 74, 419.76, '420', 23.76, -0.2400000000000091, 0, 16, '2014-07-17 05:40:09', 0, '2014-07-21 07:02:45', 0, 1, ''),
(197, 1, 81, 1, 21, 32, 'PI', '2014-07-21', '001', 22, 17, 1, 9, 0, 1, 0, '', 21, 6, 0, '0', 0, 0, 0, 29, '2014-07-21 04:50:46', 0, '2014-07-21 07:47:58', 0, 0, ''),
(198, 1, 81, 1, 21, 32, 'PI', '2014-07-21', '001copy', 22, 17, 1, 9, 0, 1, 0, '', 21, 6, 0, '0', 0, 0, 0, 29, '2014-07-21 04:50:46', 0, '2014-07-21 06:00:16', 0, 1, ''),
(199, 1, 81, 2, 21, 32, 'PI', '2014-07-21', '001', 22, 17, 1, 9, 0, 1, 0, '', 0, 6, 1166, '0', 66, 0, 0, 29, '2014-07-21 07:29:28', 0, '2014-07-21 07:29:28', 0, 1, ''),
(200, 1, 1, 1, 6, 31, 'PI2014', '2014-07-24', '003', 24, 17, 9, 1, 0, 1, 0, 'testset', 6, 73, 63.6, '0', 3.6, 63.6, 0, 1, '2014-07-24 03:55:05', 0, '0000-00-00 00:00:00', 0, 1, ''),
(201, 1, 1, 1, 6, 31, 'PI2014', '2014-07-24', '003', 24, 17, 9, 1, 0, 1, 0, 'testset', 6, 73, 63.6, '0', 3.6, 63.6, 0, 1, '2014-07-24 03:55:07', 0, '0000-00-00 00:00:00', 0, 1, ''),
(202, 2, 1, 2, 7, 1, 'PI2014', '2014-06-26', 'kl09887', 1, 5, 2, 1, 0, 1, 0, '', 0, 5, 0, '1213', 0, -1213, 0, 16, '2014-06-26 06:44:47', 16, '2014-07-11 01:00:50', 0, 1, ''),
(203, 3, 1, 2, 7, 1, 'PI2014', '2014-06-26', 'kl09887', 1, 5, 2, 1, 0, 1, 0, '', 0, 5, 0, '1213', 0, -1213, 0, 16, '2014-06-26 06:44:47', 16, '2014-07-11 01:00:50', 0, 1, ''),
(204, 4, 1, 2, 7, 1, 'PI2014', '2014-06-26', 'kl09887', 1, 5, 2, 1, 0, 1, 0, '', 0, 5, 0, '1213', 0, -1213, 0, 16, '2014-06-26 06:44:47', 16, '2014-07-11 01:00:50', 0, 1, ''),
(205, 5, 1, 2, 7, 1, 'PI2014', '2014-06-26', 'kl09887', 1, 5, 2, 1, 0, 1, 0, '', 0, 5, 0, '1213', 0, -1213, 0, 16, '2014-06-26 06:44:47', 16, '2014-07-11 01:00:50', 0, 1, ''),
(206, 6, 1, 2, 7, 1, 'PI2014', '2014-06-26', 'kl09887', 1, 5, 2, 1, 0, 1, 0, '', 0, 5, 0, '1213', 0, -1213, 0, 16, '2014-06-26 06:44:47', 16, '2014-07-11 01:00:50', 0, 1, ''),
(207, 2, 81, 1, 27, 33, 'PI', '2014-08-05', '1111', 23, 17, 1, 9, 0, 1, 0, 'test', 27, 4, 670, '0', 0, 670, 0, 29, '2014-08-05 01:23:47', 0, '0000-00-00 00:00:00', 0, 1, ''),
(208, 1, 84, 1, 29, 34, 'PI20140813', '2014-08-11', 'asdfasdf1234', 26, 17, 0, 10, 0, 0, 0, 'lorem ipsum dolor sit emet', 29, 73, 0, '0', 130.38, 130.38, 0, 33, '2014-08-13 04:58:44', 0, '2014-08-13 04:58:45', 0, 1, ''),
(209, 7, 1, 1, 30, 23, 'PI20140820MLK[00000007]', '2014-08-20', 'gfjkfjgfj5656', 1, 17, 0, 1, 0, 0, 0, 'khgkhgkhg', 30, 3, 12.72, '0', 0.72, 12.72, 0, 33, '2014-08-20 02:27:21', 33, '2014-08-21 04:04:47', 0, 1, ''),
(210, 8, 1, 2, 6, 1, 'PI20140820MLK', '2014-08-20', '4545', 1, 17, 1, 0, 0, 3.43, 0, 'khgkhgkhg', 0, 4, 130.38, '0', 7.38, 0, 0, 33, '2014-08-20 02:30:42', 0, '2014-08-20 02:30:42', 0, 1, ''),
(211, 9, 1, 2, 6, 1, 'PI20140820MLK', '2014-08-20', '4545', 1, 17, 1, 0, 0, 3.43, 0, 'khgkhgkhg', 0, 4, 130.38, '0', 7.38, 0, 0, 33, '2014-08-20 02:30:54', 0, '2014-08-20 02:30:54', 0, 1, ''),
(212, 10, 1, 2, 6, 1, 'PI20140820MLK', '2014-08-20', '4545', 1, 17, 1, 0, 0, 3.43, 0, 'khgkhgkhg', 0, 4, 130.38, '0', 7.38, 0, 0, 33, '2014-08-20 02:32:10', 0, '2014-08-20 02:32:10', 0, 1, ''),
(213, 11, 1, 2, 6, 1, 'PI20140820MLK', '2014-08-20', '4545', 1, 17, 1, 0, 0, 3.43, 0, 'khgkhgkhg', 0, 4, 130.38, '0', 7.38, 0, 0, 33, '2014-08-20 02:32:21', 0, '2014-08-20 02:32:21', 0, 1, ''),
(214, 12, 1, 2, 7, 1, 'PI20140820MLK', '2014-08-20', '2542354', 1, 17, 1, 0, 0, 3.1305, 0, 'fasdfsafd', 0, 3, 130.38, '0', 7.38, 0, 0, 33, '2014-08-20 02:33:11', 0, '2014-08-20 02:33:11', 0, 1, ''),
(215, 13, 1, 2, 7, 1, 'PI20140820MLK', '2014-08-20', '2542354', 1, 17, 1, 0, 0, 3.1305, 0, 'fasdfsafd', 0, 3, 130.38, '0', 7.38, 0, 0, 33, '2014-08-20 02:33:23', 0, '2014-08-20 02:33:23', 0, 1, ''),
(216, 14, 1, 2, 7, 1, 'PI20140820MLK', '2014-08-20', '2542354', 1, 17, 1, 0, 0, 3.1305, 0, 'fasdfsafd', 0, 3, 130.38, '0', 7.38, 0, 0, 33, '2014-08-20 02:35:53', 0, '2014-08-20 02:35:53', 0, 1, ''),
(217, 15, 1, 1, 30, 1, 'PI20140827MLK', '2016-04-01', 'dfgdxgh456345', 1, 17, 1, 1, 0, 1, 0, '', 30, 4, 0, '0', 154.04, 154.04, 0, 33, '2014-08-26 21:16:57', 0, '2014-08-26 21:16:58', 0, 1, ''),
(218, 16, 1, 1, 30, 1, 'PI20140827MLK', '2013-08-31', 'adfqwreq', 1, 17, 0, 1, 0, 3.22, 0, '', 30, 74, 260519.72, '0', 12.72, 260519.72, 0, 33, '2014-08-27 07:53:45', 0, '2014-08-27 07:54:06', 0, 1, ''),
(219, 17, 1, 1, 6, 1, 'PI20140827MLK', '2013-08-27', 'adfas2345423', 1, 17, 0, 1, 0, 2.33, 0, '', 6, 5, 3819.18, '0', 216.18, 3819.18, 0, 33, '2014-08-27 08:09:43', 0, '2014-08-27 08:10:44', 0, 1, ''),
(220, 18, 1, 1, 6, 1, 'PI20140827MLK', '2013-08-27', 'ZXCzXc232', 1, 5, 0, 1, 0, 2.3, 0, '', 6, 5, 248.04, '0', 0, 260934.18, 0, 33, '2014-08-27 08:11:23', 33, '2014-08-27 08:11:41', 0, 1, ''),
(221, 19, 1, 1, 6, 1, 'PI20140827MLK', '2013-08-27', 'asdfas', 1, 17, 0, 1, 0, 0, 0, '', 6, 5, 391.14, '0', 22.14, 391.14, 0, 33, '2014-08-27 08:14:37', 0, '0000-00-00 00:00:00', 0, 1, ''),
(233, 20, 1, 1, 7, 1, 'PI20140827MLK', '2013-08-08', 'sfgsd23452', 1, 17, 0, 1, 0, 2.23, 0, '', 7, 4, 0, '0', 0, 2485.7, 0, 33, '2014-08-27 10:18:06', 0, '2014-08-27 10:32:44', 0, 1, ''),
(234, 1, 86, 1, 32, 42, 'PI20140827', '2013-08-22', '5345', 28, 5, 0, 14, 0, 1, 0, '', 32, 4, 8543.6, '0', 483.6, 8543.6, 0, 19, '2014-08-27 12:07:54', 0, '2014-08-27 12:09:09', 0, 0, 'AP20130800000001'),
(235, 2, 86, 1, 0, 42, 'PI20140827', '2013-08-31', 'afd343', 28, 5, 0, 14, 0, 2.3, 0, '', 0, 0, 63.6, '0', 3.6, 130.38, 0, 19, '2014-08-27 13:12:41', 0, '2014-08-27 13:20:39', 0, 1, ''),
(236, 3, 86, 1, 0, 42, 'PI20140827', '2013-08-23', 'adfs242', 28, 17, 0, 14, 0, 3.3, 0, '', 0, 0, 0, '0', 0, 248.04, 0, 19, '2014-08-27 13:14:04', 0, '2014-08-27 13:14:04', 0, 1, ''),
(237, 4, 86, 1, 0, 42, 'PI20140827', '2013-08-15', 'fasdf34', 28, 17, 0, 14, 0, 2.3, 0, '', 0, 0, 234, '0', 14.04, 248.04, 0, 19, '2014-08-27 13:15:24', 0, '2014-08-27 13:15:33', 0, 1, ''),
(238, 5, 86, 2, 0, 43, 'PI20140828', '2013-08-09', '435435', 28, 5, 12, 14, 0, 1, 0, '', 0, 0, 10600, '0', 600, 0, 0, 19, '2014-08-28 01:22:37', 0, '2014-08-28 01:23:11', 0, 0, 'AP20130800000002'),
(239, 6, 86, 1, 0, 43, 'PI20140828', '2013-08-22', 'Inv1233', 0, 5, 0, 0, 0, 0, 0, '', 0, 0, 300, '0', 18, 318, 0, 19, '2014-08-28 04:08:47', 0, '2014-08-28 04:11:06', 0, 0, 'AP20130800000003'),
(240, 7, 86, 1, 0, 43, 'PI20140828', '2013-08-06', 'werw', 0, 5, 0, 0, 0, 0, 0, '', 0, 0, 36.04, '0', 0, 60.42, 0, 19, '2014-08-28 04:17:57', 19, '2014-08-28 04:18:12', 0, 1, '');

--
-- Triggers `comp_supplier_invoice`
--
DROP TRIGGER IF EXISTS `trigger_before_insert_si_add_serialNo`;
DELIMITER //
CREATE TRIGGER `trigger_before_insert_si_add_serialNo` BEFORE INSERT ON `comp_supplier_invoice`
 FOR EACH ROW set new.serialNo = (select nextSerialNo 
			   from view_serial_comp_supplier_invoice 
			   where companyID = new.companyID)
//
DELIMITER ;

-- --------------------------------------------------------

--
-- Table structure for table `comp_supplier_invoice_charges`
--

CREATE TABLE IF NOT EXISTS `comp_supplier_invoice_charges` (
  `ID` int(11) NOT NULL AUTO_INCREMENT,
  `invoiceID` int(11) NOT NULL,
  `lineNo` int(11) NOT NULL,
  `accountNoID` int(11) NOT NULL,
  `chargeDescription` text NOT NULL,
  `itemname` varchar(64) NOT NULL,
  `itemdescription` text NOT NULL,
  `quantity` int(11) NOT NULL,
  `unitPrice` double NOT NULL,
  `amountExcludedTax` double NOT NULL,
  `taxID` int(11) NOT NULL,
  `taxRate` double NOT NULL,
  `taxAmount` double NOT NULL,
  `amountIncludedTax` double NOT NULL,
  `drAccountID` int(11) NOT NULL,
  `crAccountID` int(11) NOT NULL,
  `drTaxAccountID` int(11) NOT NULL,
  `crTaxAccountID` int(11) NOT NULL,
  `createdBy` int(11) NOT NULL,
  `createdTS` timestamp NOT NULL DEFAULT CURRENT_TIMESTAMP,
  `updatedBy` int(11) NOT NULL,
  `updatedTS` timestamp NOT NULL DEFAULT '0000-00-00 00:00:00' ON UPDATE CURRENT_TIMESTAMP,
  PRIMARY KEY (`ID`)
) ENGINE=InnoDB  DEFAULT CHARSET=latin1 AUTO_INCREMENT=114 ;

--
-- Dumping data for table `comp_supplier_invoice_charges`
--

INSERT INTO `comp_supplier_invoice_charges` (`ID`, `invoiceID`, `lineNo`, `accountNoID`, `chargeDescription`, `itemname`, `itemdescription`, `quantity`, `unitPrice`, `amountExcludedTax`, `taxID`, `taxRate`, `taxAmount`, `amountIncludedTax`, `drAccountID`, `crAccountID`, `drTaxAccountID`, `crTaxAccountID`, `createdBy`, `createdTS`, `updatedBy`, `updatedTS`) VALUES
(19, 88, 1, 101, '', '', 'sds', 0, 0, 12, 1, 0, 0.72, 12.72, 0, 0, 0, 0, 0, '2014-06-11 12:13:28', 0, '2014-06-18 02:00:50'),
(20, 93, 1, 101, '', '', 'qwqwq', 0, 0, 12, 1, 0, 0.72, 12.72, 0, 0, 0, 0, 0, '2014-06-19 01:03:13', 0, '0000-00-00 00:00:00'),
(21, 93, 2, 100, '', '', '1213 weq', 0, 0, 121, 5, 0, 0, 121, 0, 0, 0, 0, 0, '2014-06-19 01:03:36', 0, '0000-00-00 00:00:00'),
(22, 95, 1, 101, '', '', 'qwq', 0, 0, 12, 1, 0, 0.72, 12.72, 0, 0, 0, 0, 0, '2014-06-19 01:28:57', 0, '0000-00-00 00:00:00'),
(23, 96, 1, 102, '', '', 'qwq', 0, 0, 12, 4, 0, 0, 12, 0, 0, 0, 0, 0, '2014-06-19 01:38:49', 0, '0000-00-00 00:00:00'),
(24, 97, 1, 101, '', '', 'gcfdzhsKL;ASKJV', 0, 0, 1, 1, 0, 0.06, 1.06, 0, 0, 0, 0, 0, '2014-06-19 02:14:49', 16, '2014-07-09 01:47:26'),
(26, 103, 0, 100, '', '', 'df desfr', 0, 0, 1, 5, 0, 0, 1, 0, 0, 0, 0, 16, '2014-07-04 01:03:16', 0, '0000-00-00 00:00:00'),
(27, 103, 1, 101, '', '', 'sdsd sd', 0, 0, 1, 1, 0, 0.06, 1.06, 0, 0, 0, 0, 16, '2014-07-04 01:05:32', 0, '0000-00-00 00:00:00'),
(28, 103, 2, 100, '', '', 'wewrw', 0, 0, 1, 3, 0, 0, 1, 0, 0, 0, 0, 16, '2014-07-04 01:10:02', 0, '0000-00-00 00:00:00'),
(29, 103, 3, 101, '', '', 'sds', 0, 0, 1, 1, 0, 0.06, 1.06, 0, 0, 0, 0, 16, '2014-07-04 01:11:22', 0, '0000-00-00 00:00:00'),
(30, 103, 4, 101, '', '', 'dfdr', 0, 0, 111, 1, 0, 6.66, 117.66, 0, 0, 0, 0, 16, '2014-07-04 01:15:11', 16, '2014-07-04 01:24:04'),
(31, 103, 5, 101, '', '', 'tgrt', 0, 0, 1, 1, 0, 0.06, 1.06, 0, 0, 0, 0, 16, '2014-07-04 01:24:21', 0, '0000-00-00 00:00:00'),
(32, 104, 1, 101, '', '', 'asdfas12341234', 0, 0, 345, 1, 0, 20.7, 365.7, 0, 0, 0, 0, 16, '2014-07-07 02:45:16', 0, '0000-00-00 00:00:00'),
(33, 105, 1, 100, '', '', 'sgf sfg s', 0, 0, 2345, 1, 0, 140.7, 2485.7, 0, 0, 0, 0, 16, '2014-07-07 02:46:54', 0, '0000-00-00 00:00:00'),
(34, 106, 1, 101, '', '', 'adfs32452354', 0, 0, 345, 1, 0, 20.7, 365.7, 0, 0, 0, 0, 16, '2014-07-07 03:44:54', 0, '0000-00-00 00:00:00'),
(35, 107, 1, 101, '', '', 'adfs32452354', 0, 0, 345, 1, 0, 20.7, 365.7, 0, 0, 0, 0, 16, '2014-07-07 03:45:03', 0, '0000-00-00 00:00:00'),
(36, 108, 1, 100, '', '', 'awer23452354', 0, 0, 4546, 1, 0, 272.76, 4818.76, 0, 0, 0, 0, 16, '2014-07-07 03:47:27', 0, '0000-00-00 00:00:00'),
(37, 109, 1, 100, '', '', 'asdf23452', 0, 0, 454, 1, 0, 27.24, 481.24, 0, 0, 0, 0, 16, '2014-07-07 03:48:51', 0, '0000-00-00 00:00:00'),
(38, 127, 1, 101, '0', '', '', 0, 0, 0, 1, 0, 0, 0, 0, 0, 0, 0, 16, '2014-07-07 05:39:00', 0, '0000-00-00 00:00:00'),
(39, 127, 2, 102, '', '', 'asdf234234', 0, 0, 433, 1, 0, 25.98, 458.98, 0, 0, 0, 0, 16, '2014-07-07 05:40:23', 0, '0000-00-00 00:00:00'),
(40, 128, 1, 101, '0', '', '', 0, 0, 0, 1, 0, 0, 0, 0, 0, 0, 0, 16, '2014-07-07 05:43:02', 0, '0000-00-00 00:00:00'),
(41, 129, 1, 101, '0', '', '', 0, 0, 0, 1, 0, 0, 0, 0, 0, 0, 0, 16, '2014-07-07 05:43:24', 0, '0000-00-00 00:00:00'),
(42, 130, 1, 101, '0', '', '', 0, 0, 0, 1, 0, 0, 0, 0, 0, 0, 0, 16, '2014-07-07 05:43:34', 0, '0000-00-00 00:00:00'),
(43, 131, 1, 101, '0', '', '', 0, 0, 0, 1, 0, 0, 0, 0, 0, 0, 0, 16, '2014-07-07 05:46:42', 0, '0000-00-00 00:00:00'),
(44, 131, 2, 101, '', '', 'dddde455', 0, 0, 56, 1, 0, 3.36, 59.36, 0, 0, 0, 0, 16, '2014-07-07 05:49:25', 0, '0000-00-00 00:00:00'),
(45, 131, 3, 102, '', '', 'dsg345', 0, 0, 567, 1, 0, 34.02, 601.02, 0, 0, 0, 0, 16, '2014-07-07 05:49:42', 0, '0000-00-00 00:00:00'),
(46, 132, 1, 101, '', '', 'asdf asdf 243', 0, 0, 456, 1, 0, 27.36, 483.36, 0, 0, 0, 0, 16, '2014-07-07 05:51:45', 0, '0000-00-00 00:00:00'),
(47, 133, 1, 101, '', '', 'asdf asdf 243', 0, 0, 456, 1, 0, 27.36, 483.36, 0, 0, 0, 0, 16, '2014-07-07 05:51:55', 0, '0000-00-00 00:00:00'),
(48, 135, 1, 101, '0', '', '', 0, 0, 0, 1, 0, 0, 0, 0, 0, 0, 0, 16, '2014-07-07 05:57:08', 0, '0000-00-00 00:00:00'),
(49, 135, 2, 102, '', '', 'qwer245', 0, 0, 435, 1, 0, 26.1, 461.1, 0, 0, 0, 0, 16, '2014-07-07 05:57:31', 0, '0000-00-00 00:00:00'),
(50, 136, 1, 101, '0', '', '', 0, 0, 0, 1, 0, 0, 0, 0, 0, 0, 0, 16, '2014-07-07 05:59:07', 0, '0000-00-00 00:00:00'),
(51, 137, 1, 101, '0', '', '', 0, 0, 0, 1, 0, 0, 0, 0, 0, 0, 0, 16, '2014-07-07 05:59:38', 0, '0000-00-00 00:00:00'),
(52, 138, 1, 101, '0', '', '', 0, 0, 0, 1, 0, 0, 0, 0, 0, 0, 0, 16, '2014-07-07 06:00:01', 0, '0000-00-00 00:00:00'),
(53, 138, 2, 101, '', '', 'sfdg456456', 0, 0, 456, 1, 0, 27.36, 483.36, 0, 0, 0, 0, 16, '2014-07-07 06:01:35', 0, '0000-00-00 00:00:00'),
(55, 156, 1, 101, '', '', 'asdf asdf 243', 0, 0, 456, 1, 0, 27.36, 483.36, 0, 0, 0, 0, 16, '2014-07-07 05:51:55', 0, '0000-00-00 00:00:00'),
(56, 104, 2, 102, 'adfsdf2345235', '', 'adfsdf2345235', 0, 0, 456, 1, 0, 27.36, 483.36, 0, 0, 0, 0, 16, '2014-07-11 01:51:51', 16, '2014-07-11 02:14:17'),
(57, 155, 2, 101, 'sfgsfg3563456', '', 'fsdfgsd34535', 0, 0, 466, 1, 0, 27.96, 493.96, 0, 0, 0, 0, 16, '2014-07-11 01:54:12', 16, '2014-07-11 02:08:34'),
(63, 158, 2, 101, 'sfgsfg3563456', '', 'fsdfgsd34535', 0, 0, 466, 1, 0, 27.96, 493.96, 0, 0, 0, 0, 16, '2014-07-11 01:54:12', 16, '2014-07-11 02:08:34'),
(64, 160, 1, 100, 'sdda', '', '', 0, 0, 12, 10, 0, 0.72, 12.72, 0, 0, 0, 0, 16, '2014-07-11 04:39:13', 0, '0000-00-00 00:00:00'),
(65, 160, 1, 100, 'sdda', '', '', 0, 0, 12, 10, 0, 0.72, 12.72, 0, 0, 0, 0, 16, '2014-07-11 04:39:28', 0, '0000-00-00 00:00:00'),
(66, 160, 1, 100, 'sdda', '', '', 0, 0, 12, 10, 0, 0.72, 12.72, 0, 0, 0, 0, 16, '2014-07-11 04:40:12', 0, '0000-00-00 00:00:00'),
(67, 162, 1, 100, 'asa', '', '', 0, 0, 1, 5, 0, 0, 1, 0, 0, 0, 0, 16, '2014-07-11 07:21:59', 0, '0000-00-00 00:00:00'),
(68, 162, 2, 100, 'ddd', '', '', 0, 0, 2121, 10, 0, 127.26, 2248.26, 0, 0, 0, 0, 16, '2014-07-11 07:22:21', 0, '0000-00-00 00:00:00'),
(69, 163, 1, 101, '0', '', '', 0, 0, 0, 1, 0, 0, 0, 0, 0, 0, 0, 16, '2014-07-14 03:38:17', 0, '0000-00-00 00:00:00'),
(70, 170, 1, 101, 'asdfa2435', '', '', 0, 0, 234, 1, 0, 14.04, 248.04, 0, 0, 0, 0, 16, '2014-07-14 04:51:34', 0, '0000-00-00 00:00:00'),
(71, 172, 1, 101, 'asfgs234523', '', '', 0, 0, 4646, 1, 0, 278.76, 4924.76, 0, 0, 0, 0, 16, '2014-07-14 05:02:55', 0, '0000-00-00 00:00:00'),
(72, 173, 1, 100, '0', '', '', 0, 0, 0, 1, 0, 0, 0, 0, 0, 0, 0, 16, '2014-07-14 05:05:32', 0, '0000-00-00 00:00:00'),
(73, 173, 2, 100, 'sfg235', '', '', 0, 0, 456, 1, 0, 27.36, 483.36, 0, 0, 0, 0, 16, '2014-07-14 05:06:15', 0, '0000-00-00 00:00:00'),
(74, 174, 1, 101, '0', '', '', 0, 0, 0, 1, 0, 0, 0, 0, 0, 0, 0, 16, '2014-07-14 05:06:55', 0, '0000-00-00 00:00:00'),
(75, 176, 1, 101, '0', '', '', 0, 0, 0, 1, 0, 0, 0, 0, 0, 0, 0, 16, '2014-07-14 05:15:49', 0, '0000-00-00 00:00:00'),
(79, 180, 1, 101, 'asdfs345', '', '', 0, 0, 45, 1, 0, 2.7, 47.7, 0, 0, 0, 0, 16, '2014-07-14 05:55:30', 0, '0000-00-00 00:00:00'),
(80, 181, 1, 101, 'asfsdf245', '', '', 0, 0, 34, 1, 0, 2.04, 36.04, 0, 0, 0, 0, 16, '2014-07-14 05:58:40', 0, '0000-00-00 00:00:00'),
(81, 182, 1, 319, '0', '', '', 0, 0, 0, 2, 0, 0, 0, 0, 0, 0, 0, 16, '2014-07-16 00:27:26', 0, '0000-00-00 00:00:00'),
(82, 191, 1, 293, '0', '', '', 0, 0, 0, 1, 0, 0, 0, 0, 0, 0, 0, 16, '2014-07-16 02:10:14', 0, '0000-00-00 00:00:00'),
(84, 194, 2, 101, 'sfgsdf25345', '', '', 0, 0, 45, 1, 0, 2.7, 47.7, 0, 0, 0, 0, 16, '2014-07-17 00:33:58', 0, '0000-00-00 00:00:00'),
(85, 195, 1, 101, 'asdf2435', '', '', 0, 0, 45, 1, 0, 2.7, 47.7, 0, 0, 0, 0, 16, '2014-07-17 00:36:04', 0, '0000-00-00 00:00:00'),
(86, 208, 1, 27494, '0', '', '', 0, 0, 0, 1, 0, 0, 0, 0, 0, 0, 0, 33, '2014-08-13 04:58:45', 0, '0000-00-00 00:00:00'),
(88, 210, 1, 101, '', '', 'khgkjgjk', 0, 0, 123, 14, 0, 7.38, 130.38, 0, 0, 0, 0, 33, '2014-08-20 02:30:42', 0, '0000-00-00 00:00:00'),
(89, 211, 1, 101, '', '', 'khgkjgjk', 0, 0, 123, 14, 0, 7.38, 130.38, 0, 0, 0, 0, 33, '2014-08-20 02:30:54', 0, '0000-00-00 00:00:00'),
(90, 212, 1, 101, '', '', 'khgkjgjk', 0, 0, 123, 14, 0, 7.38, 130.38, 0, 0, 0, 0, 33, '2014-08-20 02:32:10', 0, '0000-00-00 00:00:00'),
(91, 213, 1, 101, '', '', 'dafdasdf', 0, 0, 123, 14, 0, 7.38, 130.38, 0, 0, 0, 0, 33, '2014-08-20 02:32:21', 0, '0000-00-00 00:00:00'),
(92, 214, 1, 101, '', '', 'afsfd2452345', 0, 0, 123, 14, 0, 7.38, 130.38, 0, 0, 0, 0, 33, '2014-08-20 02:33:11', 0, '0000-00-00 00:00:00'),
(93, 215, 1, 101, '', '', 'afsfd2452345', 0, 0, 123, 14, 0, 7.38, 130.38, 0, 0, 0, 0, 33, '2014-08-20 02:33:23', 0, '0000-00-00 00:00:00'),
(94, 216, 1, 101, '', '', 'afsfd2452345', 0, 0, 123, 14, 0, 7.38, 130.38, 0, 0, 0, 0, 33, '2014-08-20 02:35:53', 0, '0000-00-00 00:00:00'),
(95, 1, 2, 101, 'dadad23424', '', '', 0, 0, 234234, 14, 0, 14054.04, 248288.04, 0, 0, 0, 0, 33, '2014-08-20 02:36:23', 0, '0000-00-00 00:00:00'),
(96, 1, 2, 101, 'dadad23424', '', '', 0, 0, 234234, 14, 0, 14054.04, 248288.04, 0, 0, 0, 0, 33, '2014-08-20 02:46:09', 0, '0000-00-00 00:00:00'),
(97, 1, 2, 101, 'dadad23424', '', '', 0, 0, 234234, 14, 0, 14054.04, 248288.04, 0, 0, 0, 0, 33, '2014-08-20 02:47:04', 0, '0000-00-00 00:00:00'),
(98, 1, 2, 101, 'dadad23424', '', '', 0, 0, 234234, 14, 0, 14054.04, 248288.04, 0, 0, 0, 0, 33, '2014-08-20 02:48:14', 0, '0000-00-00 00:00:00'),
(99, 1, 2, 101, 'dadad23424', '', '', 0, 0, 234234, 14, 0, 14054.04, 248288.04, 0, 0, 0, 0, 33, '2014-08-20 02:48:32', 0, '0000-00-00 00:00:00'),
(100, 1, 2, 101, 'dadad23424', '', '', 0, 0, 234234, 14, 0, 14054.04, 248288.04, 0, 0, 0, 0, 33, '2014-08-20 02:49:18', 0, '0000-00-00 00:00:00'),
(101, 1, 2, 101, 'dadad23424', '', '', 0, 0, 234234, 14, 0, 14054.04, 248288.04, 0, 0, 0, 0, 33, '2014-08-20 02:49:45', 0, '0000-00-00 00:00:00'),
(102, 1, 2, 101, 'dadad23424', '', '', 0, 0, 234234, 14, 0, 14054.04, 248288.04, 0, 0, 0, 0, 33, '2014-08-20 02:51:05', 0, '0000-00-00 00:00:00'),
(103, 1, 2, 101, 'dadad23424', '', '', 0, 0, 234234, 14, 0, 14054.04, 248288.04, 0, 0, 0, 0, 33, '2014-08-20 02:51:26', 0, '0000-00-00 00:00:00'),
(104, 217, 1, 101, '0', '', '', 0, 0, 0, 1, 0, 0, 0, 0, 0, 0, 0, 33, '2014-08-26 21:16:57', 0, '0000-00-00 00:00:00'),
(105, 218, 1, 101, '0', '', '', 0, 0, 0, 14, 0, 0, 0, 0, 0, 0, 0, 33, '2014-08-27 07:53:45', 0, '0000-00-00 00:00:00'),
(106, 219, 1, 101, '0', '', '', 0, 0, 0, 14, 0, 0, 0, 0, 0, 0, 0, 33, '2014-08-27 08:09:43', 0, '0000-00-00 00:00:00'),
(107, 220, 1, 102, 'adasd', '', '', 0, 0, 234, 16, 0, 14.04, 248.04, 0, 0, 0, 0, 33, '2014-08-27 08:11:41', 0, '0000-00-00 00:00:00'),
(108, 235, 1, 28112, '0', '', '', 0, 0, 0, 237, 0, 0, 0, 0, 0, 0, 0, 19, '2014-08-27 13:12:41', 0, '0000-00-00 00:00:00'),
(109, 236, 1, 28112, '0', '', '', 0, 0, 0, 237, 0, 0, 0, 0, 0, 0, 0, 19, '2014-08-27 13:14:04', 0, '0000-00-00 00:00:00'),
(110, 237, 1, 28112, '0', '', '', 0, 0, 0, 239, 0, 0, 0, 0, 0, 0, 0, 19, '2014-08-27 13:15:24', 0, '0000-00-00 00:00:00'),
(111, 239, 1, 28096, '0', '', '', 0, 0, 0, 237, 0, 0, 0, 0, 0, 0, 0, 19, '2014-08-28 04:08:47', 0, '0000-00-00 00:00:00'),
(112, 240, 1, 28113, '0', '', '', 0, 0, 0, 238, 0, 0, 0, 0, 0, 0, 0, 19, '2014-08-28 04:17:57', 0, '0000-00-00 00:00:00'),
(113, 240, 2, 28113, 'trr', '', '', 0, 0, 34, 237, 0, 2.04, 36.04, 0, 0, 0, 0, 19, '2014-08-28 04:18:12', 0, '0000-00-00 00:00:00');

-- --------------------------------------------------------

--
-- Table structure for table `comp_supplier_invoice_detail`
--

CREATE TABLE IF NOT EXISTS `comp_supplier_invoice_detail` (
  `ID` int(11) NOT NULL AUTO_INCREMENT,
  `invoiceID` int(11) NOT NULL,
  `receiveID` int(11) NOT NULL,
  `lineNo` int(11) NOT NULL,
  `itemID` int(11) NOT NULL,
  `itemname` varchar(64) NOT NULL,
  `itemdescription` text NOT NULL,
  `quantity` int(11) NOT NULL,
  `unitPrice` double NOT NULL,
  `amountExcludedTax` double NOT NULL,
  `taxID` int(11) NOT NULL,
  `taxRate` double NOT NULL,
  `taxAmount` double NOT NULL,
  `amountIncludedTax` double NOT NULL,
  `accountID` int(11) NOT NULL,
  `createdBy` int(11) NOT NULL,
  `createdTS` timestamp NOT NULL DEFAULT CURRENT_TIMESTAMP ON UPDATE CURRENT_TIMESTAMP,
  `updatedBy` int(11) NOT NULL,
  `updatedTS` timestamp NOT NULL DEFAULT '0000-00-00 00:00:00',
  PRIMARY KEY (`ID`)
) ENGINE=InnoDB  DEFAULT CHARSET=latin1 AUTO_INCREMENT=294 ;

--
-- Dumping data for table `comp_supplier_invoice_detail`
--

INSERT INTO `comp_supplier_invoice_detail` (`ID`, `invoiceID`, `receiveID`, `lineNo`, `itemID`, `itemname`, `itemdescription`, `quantity`, `unitPrice`, `amountExcludedTax`, `taxID`, `taxRate`, `taxAmount`, `amountIncludedTax`, `accountID`, `createdBy`, `createdTS`, `updatedBy`, `updatedTS`) VALUES
(146, 88, 0, 1, 2, '100300100', 'Steel chair for outdoor', 1, 1, 1, 1, 6, 0, 0, 0, 0, '2014-06-18 01:57:50', 0, '0000-00-00 00:00:00'),
(147, 89, 0, 1, 0, '', 'Teak wooden chair with natural finish', 123, 0, 0, 0, 6, 0, 0, 0, 0, '2014-06-18 09:09:02', 0, '0000-00-00 00:00:00'),
(148, 90, 0, 1, 0, '', 'Plastic Chair - White', 1, 0, 0, 28, 0, 0, 0, 0, 0, '2014-06-18 09:40:46', 0, '0000-00-00 00:00:00'),
(149, 90, 0, 2, 0, '', 'Plastic Chair - Blue', 54, 1112, 60048, 1, 0, 0, 0, 0, 0, '2014-06-18 09:41:12', 0, '0000-00-00 00:00:00'),
(150, 91, 0, 1, 0, '', 'Plastic Chair - Red', 12, 2345, 28140, 0, 0, 0, 0, 0, 0, '2014-06-18 10:11:37', 0, '0000-00-00 00:00:00'),
(151, 91, 0, 2, 1, '', 'Teak wooden chair with natural finish', 1, 0, 2345, 0, 6, 0, 0, 0, 0, '2014-07-11 08:08:42', 16, '0000-00-00 00:00:00'),
(152, 92, 0, 1, 0, '', 'Teak wooden chair with natural finish', 21, 120, 2520, 0, 6, 0, 0, 0, 0, '2014-06-18 10:27:37', 0, '0000-00-00 00:00:00'),
(153, 93, 0, 1, 1, '', 'Teak wooden chair with natural finish', 12, 122, 1464, 0, 6, 0, 0, 0, 0, '2014-06-19 01:02:31', 0, '0000-00-00 00:00:00'),
(154, 93, 0, 2, 0, '', 'Plastic Chair - Blue', 123, 0.12, 14.76, 1, 0, 0, 0, 0, 0, '2014-06-19 01:02:58', 0, '0000-00-00 00:00:00'),
(155, 93, 0, 3, 0, '', 'Teak wooden chair with natural finish', 212, 12, 2544, 0, 6, 0, 0, 0, 0, '2014-06-19 01:04:20', 0, '0000-00-00 00:00:00'),
(156, 93, 0, 4, 0, '', 'Steel chair for outdoor', 12, 3244, 38928, 1, 0, 0, 0, 0, 0, '2014-06-19 01:07:38', 0, '0000-00-00 00:00:00'),
(157, 94, 0, 1, 4, '', 'Plastic Chair - Blue', 12, 12, 144, 1, 0, 0, 0, 0, 0, '2014-06-19 01:09:11', 0, '0000-00-00 00:00:00'),
(158, 94, 0, 2, 0, '', 'Plastic Chair - Red', 12, 2345, 28140, 1, 6, 0, 0, 0, 0, '2014-06-19 01:09:53', 0, '0000-00-00 00:00:00'),
(159, 94, 0, 3, 0, '', 'Plastic Chair - Blue', 12, 12, 144, 1, 0, 0, 0, 0, 0, '2014-06-19 01:10:41', 0, '0000-00-00 00:00:00'),
(160, 94, 0, 4, 0, '', 'Plastic Chair - Blue', 2, 12, 24, 1, 0, 0, 0, 0, 0, '2014-06-19 01:12:34', 0, '0000-00-00 00:00:00'),
(161, 95, 0, 1, 7, '', 'Plastic Chair - Red', 12, 2, 144, 0, 0, 0, 0, 0, 0, '2014-06-21 00:55:47', 0, '0000-00-00 00:00:00'),
(162, 95, 0, 2, 7, '', 'Plastic Chair - Red', 2, 2, 24, 0, 0, 0, 0, 0, 0, '2014-06-21 00:55:38', 0, '0000-00-00 00:00:00'),
(163, 95, 0, 3, 1, '', 'Teak wooden chair with natural finish', 12, 0, 38, 0, 6, 0, 0, 0, 0, '2014-06-21 00:55:24', 0, '0000-00-00 00:00:00'),
(164, 96, 0, 1, 1, '', 'Teak wooden chair with natural finish', 12, 12, 144, 0, 6, 0, 0, 0, 0, '2014-06-19 01:37:31', 0, '0000-00-00 00:00:00'),
(165, 96, 0, 2, 4, '', 'Plastic Chair - Blue', 12, 12, 144, 10, 6, 0, 0, 0, 0, '2014-06-19 01:38:11', 0, '0000-00-00 00:00:00'),
(166, 96, 0, 3, 10, '', 'Bola Tampar Buaya', 12, 111, 1332, 0, 6, 0, 0, 0, 0, '2014-06-19 01:54:18', 0, '0000-00-00 00:00:00'),
(167, 97, 0, 1, 1, '', 'Teak wooden chair with natural finish', 2, 1, 2, 0, 6, 0.12, 2.12, 0, 0, '2014-07-09 02:15:11', 16, '0000-00-00 00:00:00'),
(173, 98, 0, 1, 1, '', 'Teak wooden chair with natural finish', 8, 99, 792, 0, 6, 47.52, 839.52, 0, 0, '2014-06-20 09:36:39', 0, '0000-00-00 00:00:00'),
(174, 99, 0, 1, 1, '', 'Teak wooden chair with natural finish', 0, 0, 0, 0, 6, 0, 0, 0, 0, '2014-06-23 03:21:52', 0, '0000-00-00 00:00:00'),
(175, 100, 0, 1, 1, '', 'Teak wooden chair with natural finish', 34, 0, 0, 0, 6, 0, 0, 0, 16, '2014-06-24 08:19:17', 0, '0000-00-00 00:00:00'),
(176, 100, 0, 2, 7, '', 'Plastic Chair - Red', 44, 2345, 103180, 0, 0, 0, 103180, 0, 16, '2014-06-24 08:20:47', 0, '0000-00-00 00:00:00'),
(177, 101, 0, 1, 1, '', 'Teak wooden chair with natural finish', 3, 3, 9, 0, 6, 0.54, 9.54, 0, 16, '2014-06-26 06:44:47', 0, '0000-00-00 00:00:00'),
(178, 101, 0, 2, 7, '', 'Plastic Chair - Red', 12, 2345, 28140, 0, 0, 0, 28140, 0, 16, '2014-06-26 06:45:09', 0, '0000-00-00 00:00:00'),
(179, 102, 0, 1, 11, '', 'saiz 10. warna gold', 3, 1222, 3666, 15, 10, 366.6, 4032.6, 0, 16, '2014-07-08 06:56:17', 16, '0000-00-00 00:00:00'),
(180, 103, 0, 1, 1, '', 'Teak wooden chair with natural finish', 1, 1, 1, 0, 6, 0.06, 1.06, 0, 16, '2014-07-04 00:14:51', 0, '0000-00-00 00:00:00'),
(181, 103, 0, 2, 7, '', 'Plastic Chair - Red', 1, 2345, 2345, 0, 0, 0, 2345, 0, 16, '2014-07-04 02:24:44', 0, '0000-00-00 00:00:00'),
(182, 103, 0, 3, 4, '', 'Plastic Chair - Blue', 2, 2, 4, 1, 0, 0, 4, 0, 16, '2014-07-04 02:28:41', 0, '0000-00-00 00:00:00'),
(183, 103, 0, 4, 1, '', 'Teak wooden chair with natural finish', 2, 12, 24, 0, 6, 1.44, 25.44, 0, 16, '2014-07-04 02:29:28', 0, '0000-00-00 00:00:00'),
(184, 103, 0, 5, 1, '', 'Teak wooden chair with natural finish', 1, 1, 1, 0, 6, 0.06, 1.06, 0, 16, '2014-07-04 02:31:40', 0, '0000-00-00 00:00:00'),
(185, 103, 0, 6, 4, '', 'Plastic Chair - Blue', 1, 1, 1, 1, 0, 0, 1, 0, 16, '2014-07-04 02:38:23', 0, '0000-00-00 00:00:00'),
(186, 113, 0, 1, 2, '', '', 11, 1, 11, 1, 0, 0.66, 11.66, 0, 16, '2014-07-07 05:01:40', 0, '0000-00-00 00:00:00'),
(187, 114, 0, 1, 2, '', 'Plastic Chair - Red', 11, 2345, 11, 1, 6, 0.66, 11.66, 0, 16, '2014-07-10 08:55:17', 16, '0000-00-00 00:00:00'),
(188, 123, 0, 1, 2, 'B13 Steel Chair', 'Steel chair for outdoor', 11, 1, 11, 1, 0, 0.66, 11.66, 0, 16, '2014-07-07 05:15:55', 0, '0000-00-00 00:00:00'),
(189, 124, 0, 1, 2, 'B13 Steel Chair', 'Steel chair for outdoor', 11, 1, 11, 1, 0, 0.66, 11.66, 0, 16, '2014-07-07 05:21:03', 0, '0000-00-00 00:00:00'),
(190, 125, 0, 1, 2, 'B13 Steel Chair', 'Steel chair for outdoor', 11, 1, 11, 1, 0, 0.66, 11.66, 0, 16, '2014-07-07 05:23:41', 0, '0000-00-00 00:00:00'),
(191, 126, 0, 1, 2, 'B13 Steel Chair', 'Steel chair for outdoor', 11, 1, 11, 1, 0, 0.66, 11.66, 0, 16, '2014-07-07 05:24:45', 0, '0000-00-00 00:00:00'),
(192, 127, 0, 1, 2, 'B13 Steel Chair', 'Steel chair for outdoor', 11, 1, 11, 1, 0, 0.66, 11.66, 0, 16, '2014-07-07 05:39:00', 0, '0000-00-00 00:00:00'),
(193, 131, 0, 1, 8, 'A25 Plastic Chair', 'Plastic Chair - White', 1, 1, 144, 10, 0, 8.64, 152.64, 0, 16, '2014-07-07 05:46:41', 0, '0000-00-00 00:00:00'),
(194, 131, 0, 2, 1, 'A12 Wooden Chair', 'Teak wooden chair with natural finish', 1, 1, 1, 1, 0, 0.06, 1.06, 0, 16, '2014-07-07 05:46:41', 0, '0000-00-00 00:00:00'),
(195, 131, 0, 3, 1, 'A12 Wooden Chair', 'Teak wooden chair with natural finish', 1, 10, 10, 1, 0, 0.6, 10.6, 0, 16, '2014-07-07 05:46:42', 0, '0000-00-00 00:00:00'),
(196, 131, 0, 4, 1, 'A12 Wooden Chair', 'Teak wooden chair with natural finish', 1, 0, 0, 1, 0, 0, 0, 0, 16, '2014-07-07 05:46:42', 0, '0000-00-00 00:00:00'),
(197, 134, 0, 1, 1, '', 'Teak wooden chair with natural finish', 45, 0, 0, 1, 6, 0, 0, 0, 16, '2014-07-07 05:52:17', 0, '0000-00-00 00:00:00'),
(198, 135, 0, 1, 1, 'A12 Wooden Chair', 'Teak wooden chair with natural finish', 12, 12, 144, 1, 0, 8.64, 152.64, 0, 16, '2014-07-07 05:57:08', 0, '0000-00-00 00:00:00'),
(199, 138, 0, 1, 2, 'B13 Steel Chair', 'Steel chair for outdoor', 22, 1, 0, 29, 0, 0, 0, 0, 16, '2014-07-07 06:00:01', 0, '0000-00-00 00:00:00'),
(200, 139, 0, 1, 2, 'B13 Steel Chair', 'Steel chair for outdoor', 2, 111, 0, 1, 0, 0, 0, 0, 16, '2014-07-07 06:17:13', 0, '0000-00-00 00:00:00'),
(201, 139, 0, 2, 1, 'A12 Wooden Chair', 'Teak wooden chair with natural finish', 12, 1, 12, 1, 0, 0.72, 12.72, 0, 16, '2014-07-07 06:17:13', 0, '0000-00-00 00:00:00'),
(202, 140, 0, 1, 2, 'B13 Steel Chair', 'Steel chair for outdoor', 2, 111, 0, 1, 0, 0, 0, 0, 16, '2014-07-07 06:17:37', 0, '0000-00-00 00:00:00'),
(203, 140, 0, 2, 1, 'A12 Wooden Chair', 'Teak wooden chair with natural finish', 12, 1, 12, 1, 0, 0.72, 12.72, 0, 16, '2014-07-07 06:17:37', 0, '0000-00-00 00:00:00'),
(204, 141, 0, 1, 2, 'B13 Steel Chair', 'Steel chair for outdoor', 2, 111, 0, 1, 0, 0, 0, 0, 16, '2014-07-07 06:17:43', 0, '0000-00-00 00:00:00'),
(205, 141, 0, 2, 1, 'A12 Wooden Chair', 'Teak wooden chair with natural finish', 12, 1, 12, 1, 0, 0.72, 12.72, 0, 16, '2014-07-07 06:17:43', 0, '0000-00-00 00:00:00'),
(206, 142, 0, 1, 1, 'A12 Wooden Chair', 'Teak wooden chair with natural finish', 12, 1, 12, 1, 0, 0.72, 12.72, 0, 16, '2014-07-07 06:20:29', 0, '0000-00-00 00:00:00'),
(207, 143, 0, 1, 1, 'A12 Wooden Chair', 'Teak wooden chair with natural finish', 12, 1, 12, 1, 0, 0.72, 12.72, 0, 16, '2014-07-07 06:20:40', 0, '0000-00-00 00:00:00'),
(208, 144, 0, 1, 1, 'A12 Wooden Chair', 'Teak wooden chair with natural finish', 12, 1, 12, 1, 0, 0.72, 12.72, 0, 16, '2014-07-07 06:21:37', 0, '0000-00-00 00:00:00'),
(209, 145, 0, 1, 1, 'A12 Wooden Chair', 'Teak wooden chair with natural finish', 12, 1, 12, 1, 0, 0.72, 12.72, 0, 16, '2014-07-07 06:22:38', 0, '0000-00-00 00:00:00'),
(210, 155, 0, 1, 2, '', 'asdfsf2345', 4, 34, 136, 1, 6, 8.16, 144.16, 0, 16, '2014-07-11 01:17:15', 16, '0000-00-00 00:00:00'),
(211, 104, 0, 1, 4, '', 'Plastic Chair - Blue', 33, 0, 1122, 1, 0, 67.32, 1189.32, 0, 16, '2014-07-11 01:46:14', 16, '0000-00-00 00:00:00'),
(213, 104, 0, 2, 4, '', 'Plastic Chair - Blue', 0, 0, 0, 1, 0, 0, 0, 0, 16, '2014-07-11 01:32:56', 0, '0000-00-00 00:00:00'),
(216, 158, 0, 1, 2, '', 'asdfsf2345', 4, 34, 136, 1, 6, 8.16, 144.16, 0, 16, '2014-07-11 01:17:15', 16, '0000-00-00 00:00:00'),
(217, 159, 0, 1, 1, '', 'Teak wooden chair with natural finish', 2, 1, 2, 0, 6, 0.12, 2.12, 0, 16, '2014-07-11 04:12:34', 0, '0000-00-00 00:00:00'),
(218, 160, 0, 1, 1, '', 'Teak wooden chair with natural finish', 2, 1, 2, 0, 6, 0.12, 2.12, 0, 16, '2014-07-11 04:17:30', 0, '0000-00-00 00:00:00'),
(219, 161, 0, 1, 1, '', 'Teak wooden chair with natural finish', 1, 1, 1, 1, 6, 0.06, 1.06, 0, 16, '2014-07-11 06:49:35', 0, '0000-00-00 00:00:00'),
(220, 162, 0, 1, 9, '', 'Nasi Goreng Ayam', 1, 1, 1, 26, 0, 0, 1, 0, 16, '2014-07-11 07:16:54', 0, '0000-00-00 00:00:00'),
(221, 162, 0, 2, 7, '', 'Plastic Chair - Red', 1, 1, 1, 0, 2, 0.02, 1.02, 0, 16, '2014-07-11 07:30:33', 16, '0000-00-00 00:00:00'),
(222, 170, 21, 1, 1, 'A12 Wooden Chair', 'Teak wooden chair with natural finish', 12, 10, 12, 1, 0, 0.72, 12.72, 0, 16, '2014-07-14 04:50:57', 0, '0000-00-00 00:00:00'),
(223, 171, 15, 1, 4, 'A23 Plastic Chair', 'Plastic Chair - Blue', 1, 1, 12, 0, 0, 0, 12, 0, 16, '2014-07-14 04:57:32', 0, '0000-00-00 00:00:00'),
(224, 172, 21, 1, 1, 'A12 Wooden Chair', 'Teak wooden chair with natural finish', 12, 10, 12, 1, 0, 0.72, 12.72, 0, 16, '2014-07-14 04:59:15', 0, '0000-00-00 00:00:00'),
(225, 174, 15, 1, 4, 'A23 Plastic Chair', 'Plastic Chair - Blue', 1, 1, 12, 0, 0, 0, 12, 0, 16, '2014-07-14 05:06:55', 0, '0000-00-00 00:00:00'),
(226, 174, 21, 2, 7, 'A24 Plastic Chair', 'Plastic Chair - Red', 5, 1, 11, 0, 0, 0, 11, 0, 16, '2014-07-14 05:06:55', 0, '0000-00-00 00:00:00'),
(227, 175, 21, 1, 1, 'A12 Wooden Chair', 'Teak wooden chair with natural finish', 12, 10, 12, 1, 0, 0.72, 12.72, 0, 16, '2014-07-14 05:12:39', 0, '0000-00-00 00:00:00'),
(228, 176, 18, 1, 2, 'B13 Steel Chair', 'Steel chair for outdoor', 5, 1, 11, 1, 0, 0.66, 11.66, 0, 16, '2014-07-14 05:15:49', 0, '0000-00-00 00:00:00'),
(229, 177, 11, 1, 2, 'B13 Steel Chair', 'Steel chair for outdoor', 5, 1, 11, 1, 0, 0.66, 11.66, 0, 16, '2014-07-14 05:21:47', 0, '0000-00-00 00:00:00'),
(230, 177, 11, 2, 4, 'A23 Plastic Chair', 'Plastic Chair - Blue', 1, 1, 12, 0, 0, 0, 12, 0, 16, '2014-07-14 05:21:47', 0, '0000-00-00 00:00:00'),
(231, 178, 10, 1, 2, 'B13 Steel Chair', 'Steel chair for outdoor', 5, 1, 11, 1, 0, 0.66, 11.66, 0, 16, '2014-07-14 05:27:13', 0, '0000-00-00 00:00:00'),
(232, 178, 10, 2, 7, 'A24 Plastic Chair', 'Plastic Chair - Red', 5, 1, 11, 0, 0, 0, 11, 0, 16, '2014-07-14 05:27:13', 0, '0000-00-00 00:00:00'),
(233, 179, 9, 1, 4, 'A23 Plastic Chair', 'Plastic Chair - Blue', 1, 1, 12, 0, 0, 0, 12, 0, 16, '2014-07-14 05:31:07', 0, '0000-00-00 00:00:00'),
(234, 179, 12, 2, 2, 'B13 Steel Chair', 'Steel chair for outdoor', 5, 1, 11, 1, 0, 0.66, 11.66, 0, 16, '2014-07-14 05:31:07', 0, '0000-00-00 00:00:00'),
(235, 180, 41, 1, 4, 'A23 Plastic Chair', 'Plastic Chair - Blue', 2, 12, 24, 0, 0, 0, 24, 0, 16, '2014-07-14 05:55:13', 0, '0000-00-00 00:00:00'),
(236, 181, 8, 1, 2, 'B13 Steel Chair', 'Steel chair for outdoor', 5, 1, 11, 1, 0, 0.66, 11.66, 0, 16, '2014-07-14 05:58:24', 0, '0000-00-00 00:00:00'),
(237, 181, 8, 2, 4, 'A23 Plastic Chair', 'Plastic Chair - Blue', 2, 1, 12, 0, 0, 0, 12, 0, 16, '2014-07-14 05:58:24', 0, '0000-00-00 00:00:00'),
(238, 181, 9, 3, 2, 'B13 Steel Chair', 'Steel chair for outdoor', 5, 1, 11, 1, 0, 0.66, 11.66, 0, 16, '2014-07-14 05:58:24', 0, '0000-00-00 00:00:00'),
(239, 182, 32, 1, 11, 'Meja makan bulat', 'saiz 10. warna gold', 5, 125, 625, 1, 0, 37.5, 662.5, 0, 16, '2014-07-16 00:27:26', 0, '0000-00-00 00:00:00'),
(240, 183, 62, 1, 11, 'Meja makan bulat', 'saiz 10. warna gold', 1, 2, 20, 1, 0, 1.2, 21.2, 0, 16, '2014-07-16 00:35:38', 0, '0000-00-00 00:00:00'),
(241, 184, 13, 1, 2, 'B13 Steel Chair', 'Steel chair for outdoor', 5, 1, 11, 1, 0, 0.66, 11.66, 0, 16, '2014-07-16 01:04:15', 0, '0000-00-00 00:00:00'),
(242, 184, 14, 2, 7, 'A24 Plastic Chair', 'Plastic Chair - Red', 5, 1, 11, 0, 0, 0, 11, 0, 16, '2014-07-16 01:04:15', 0, '0000-00-00 00:00:00'),
(243, 185, 62, 1, 12, 'Meja makan lonjong', 'saiz 10. warna hitam', 1, 3, 15, 1, 0, 0.9, 15.9, 0, 16, '2014-07-16 01:14:00', 0, '0000-00-00 00:00:00'),
(244, 186, 16, 1, 1, 'A12 Wooden Chair', 'Teak wooden chair with natural finish', 1, 12.5, 1, 1, 0, 0.06, 1.06, 0, 16, '2014-07-16 01:22:34', 0, '0000-00-00 00:00:00'),
(245, 186, 16, 2, 4, 'A23 Plastic Chair', 'Plastic Chair - Blue', 5, 1, 12, 0, 0, 0, 12, 0, 16, '2014-07-16 01:22:34', 0, '0000-00-00 00:00:00'),
(246, 187, 17, 1, 7, 'A24 Plastic Chair', 'Plastic Chair - Red', 5, 1, 11, 0, 0, 0, 11, 0, 16, '2014-07-16 01:23:41', 0, '0000-00-00 00:00:00'),
(247, 188, 20, 1, 4, 'A23 Plastic Chair', 'Plastic Chair - Blue', 1, 1, 12, 0, 0, 0, 12, 0, 16, '2014-07-16 01:24:56', 0, '0000-00-00 00:00:00'),
(248, 188, 22, 2, 1, 'A12 Wooden Chair', 'Teak wooden chair with natural finish', 11, 9, 11, 1, 0, 0.66, 11.66, 0, 16, '2014-07-16 01:24:56', 0, '0000-00-00 00:00:00'),
(249, 189, 23, 1, 2, 'B13 Steel Chair', 'Steel chair for outdoor', 5, 1, 11, 1, 0, 0.66, 11.66, 0, 16, '2014-07-16 01:29:14', 0, '0000-00-00 00:00:00'),
(250, 190, 24, 1, 4, 'A23 Plastic Chair', 'Plastic Chair - Blue', 1, 1, 12, 0, 0, 0, 12, 0, 16, '2014-07-16 01:43:57', 0, '0000-00-00 00:00:00'),
(251, 190, 25, 2, 2, 'B13 Steel Chair', 'Steel chair for outdoor', 5, 1, 11, 1, 0, 0.66, 11.66, 0, 16, '2014-07-16 01:43:57', 0, '0000-00-00 00:00:00'),
(252, 191, 71, 1, 11, 'Meja makan bulat', 'saiz 10. warna gold', 1, 2222, 2222, 1, 0, 133.32, 2355.32, 0, 16, '2014-07-16 02:10:14', 0, '0000-00-00 00:00:00'),
(253, 192, 25, 1, 9, 'Nasi Goreng', 'Nasi Goreng Ayam', 122, 12, 1464, 5, 0, 0, 1464, 0, 16, '2014-07-16 02:11:05', 0, '0000-00-00 00:00:00'),
(254, 192, 26, 2, 4, 'A23 Plastic Chair', 'Plastic Chair - Blue', 1, 1, 12, 0, 0, 0, 12, 0, 16, '2014-07-16 02:11:05', 0, '0000-00-00 00:00:00'),
(255, 193, 71, 1, 12, 'Meja makan lonjong', 'saiz 10. warna hitam', 4, 3333, 39996, 1, 0, 2399.76, 42395.76, 0, 16, '2014-07-16 02:11:51', 0, '0000-00-00 00:00:00'),
(256, 194, 26, 1, 1, 'A12 Wooden Chair', 'Teak wooden chair with natural finish', 1, 13, 1, 1, 0, 0.06, 1.06, 0, 16, '2014-07-17 00:33:33', 0, '0000-00-00 00:00:00'),
(257, 194, 27, 2, 7, 'A24 Plastic Chair', 'Plastic Chair - Red', 1, 1, 11, 0, 0, 0, 11, 0, 16, '2014-07-17 00:33:33', 0, '0000-00-00 00:00:00'),
(258, 194, 28, 3, 7, 'A24 Plastic Chair', 'Plastic Chair - Red', 1, 1, 11, 0, 0, 0, 11, 0, 16, '2014-07-17 00:33:33', 0, '0000-00-00 00:00:00'),
(259, 195, 28, 1, 2, 'B13 Steel Chair', 'Steel chair for outdoor', 1, 1, 11, 1, 0, 0.66, 11.66, 0, 16, '2014-07-17 00:35:51', 0, '0000-00-00 00:00:00'),
(260, 195, 29, 2, 7, 'A24 Plastic Chair', 'Plastic Chair - Red', 1, 1, 11, 0, 0, 0, 11, 0, 16, '2014-07-17 00:35:51', 0, '0000-00-00 00:00:00'),
(261, 196, 29, 1, 1, 'A12 Wooden Chair', 'Teak wooden chair with natural finish', 21, 12, 252, 1, 0, 15.12, 267.12, 0, 16, '2014-07-17 05:40:09', 0, '0000-00-00 00:00:00'),
(262, 196, 37, 2, 1, 'A12 Wooden Chair', 'Teak wooden chair with natural finish', 12, 12, 144, 1, 0, 8.64, 152.64, 0, 16, '2014-07-17 05:40:09', 0, '0000-00-00 00:00:00'),
(263, 199, 0, 1, 16, '', 'Wireless', 10, 110, 1100, 0, 6, 66, 1166, 0, 29, '2014-07-21 07:29:28', 0, '0000-00-00 00:00:00'),
(264, 200, 68, 1, 13, 'ALAT TULIS', 'ALATAN TULIS DAN MELUKIS', 10, 2, 30, 1, 0, 1.8, 31.8, 0, 1, '2014-07-24 03:55:05', 0, '0000-00-00 00:00:00'),
(265, 200, 69, 2, 13, 'ALAT TULIS', 'ALATAN TULIS DAN MELUKIS', 5, 2, 30, 1, 0, 1.8, 31.8, 0, 1, '2014-07-24 03:55:05', 0, '0000-00-00 00:00:00'),
(266, 201, 68, 1, 13, 'ALAT TULIS', 'ALATAN TULIS DAN MELUKIS', 10, 2, 30, 1, 0, 1.8, 31.8, 0, 1, '2014-07-24 03:55:07', 0, '0000-00-00 00:00:00'),
(267, 201, 69, 2, 13, 'ALAT TULIS', 'ALATAN TULIS DAN MELUKIS', 5, 2, 30, 1, 0, 1.8, 31.8, 0, 1, '2014-07-24 03:55:07', 0, '0000-00-00 00:00:00'),
(268, 202, 0, 1, 1, '', 'Teak wooden chair with natural finish', 3, 3, 9, 0, 6, 0.54, 9.54, 0, 16, '2014-06-26 06:44:47', 0, '0000-00-00 00:00:00'),
(269, 202, 0, 2, 7, '', 'Plastic Chair - Red', 12, 2345, 28140, 0, 0, 0, 28140, 0, 16, '2014-06-26 06:45:09', 0, '0000-00-00 00:00:00'),
(270, 203, 0, 1, 1, '', 'Teak wooden chair with natural finish', 3, 3, 9, 0, 6, 0.54, 9.54, 0, 16, '2014-06-26 06:44:47', 0, '0000-00-00 00:00:00'),
(271, 203, 0, 2, 7, '', 'Plastic Chair - Red', 12, 2345, 28140, 0, 0, 0, 28140, 0, 16, '2014-06-26 06:45:09', 0, '0000-00-00 00:00:00'),
(272, 204, 0, 1, 1, '', 'Teak wooden chair with natural finish', 3, 3, 9, 0, 6, 0.54, 9.54, 0, 16, '2014-06-26 06:44:47', 0, '0000-00-00 00:00:00'),
(273, 204, 0, 2, 7, '', 'Plastic Chair - Red', 12, 2345, 28140, 0, 0, 0, 28140, 0, 16, '2014-06-26 06:45:09', 0, '0000-00-00 00:00:00'),
(274, 205, 0, 1, 1, '', 'Teak wooden chair with natural finish', 3, 3, 9, 0, 6, 0.54, 9.54, 0, 16, '2014-06-26 06:44:47', 0, '0000-00-00 00:00:00'),
(275, 205, 0, 2, 7, '', 'Plastic Chair - Red', 12, 2345, 28140, 0, 0, 0, 28140, 0, 16, '2014-06-26 06:45:09', 0, '0000-00-00 00:00:00'),
(276, 206, 0, 1, 1, '', 'Teak wooden chair with natural finish', 3, 3, 9, 0, 6, 0.54, 9.54, 0, 16, '2014-06-26 06:44:47', 0, '0000-00-00 00:00:00'),
(277, 206, 0, 2, 7, '', 'Plastic Chair - Red', 12, 2345, 28140, 0, 0, 0, 28140, 0, 16, '2014-06-26 06:45:09', 0, '0000-00-00 00:00:00'),
(278, 207, 76, 1, 18, 'Laptop Dell', 'Dell High Specification', 5, 100, 500, 0, 0, 0, 500, 0, 29, '2014-08-05 01:23:47', 0, '0000-00-00 00:00:00'),
(279, 207, 77, 2, 17, 'Sony Projector', 'Projector 1 set with remote', 3, 34, 170, 0, 0, 0, 170, 0, 29, '2014-08-05 01:23:47', 0, '0000-00-00 00:00:00'),
(280, 209, 45, 1, 1, 'A12 Wooden Chair', 'Teak wooden chair with natural finish', 1, 12, 12, 1, 0, 0.72, 12.72, 0, 33, '2014-08-20 02:27:21', 0, '0000-00-00 00:00:00'),
(282, 217, 30, 1, 4, 'A23 Plastic Chair', 'Plastic Chair - Blue', 1, 1, 12, 0, 0, 0, 12, 0, 33, '2014-08-26 21:16:57', 0, '0000-00-00 00:00:00'),
(283, 233, 38, 2, 2, 'B13 Steel Chair', 'Steel chair for outdoor', 1, 1, 11, 1, 0, 0.66, 11.66, 0, 33, '2014-08-27 10:34:49', 0, '0000-00-00 00:00:00'),
(287, 234, 91, 1, 23, 'Chair', 'Chair with gift', 2, 1000, 2000, 6, 0, 120, 2120, 0, 19, '2014-08-27 12:07:54', 0, '0000-00-00 00:00:00'),
(288, 234, 91, 2, 24, 'Table', 'Table with gift', 2, 2000, 4000, 6, 0, 240, 4240, 0, 19, '2014-08-27 12:07:54', 0, '0000-00-00 00:00:00'),
(289, 234, 91, 3, 23, 'Chair', 'Chair with gift', 2, 1000, 2000, 6, 0, 120, 2120, 0, 19, '2014-08-27 12:07:54', 0, '0000-00-00 00:00:00'),
(290, 234, 92, 4, 23, 'Chair', 'Chair with gift', 4, 10, 40, 6, 0, 2.4, 42.4, 0, 19, '2014-08-27 12:07:54', 0, '0000-00-00 00:00:00'),
(291, 234, 92, 5, 23, 'Chair', 'Chair with gift', 2, 10, 20, 6, 0, 1.2, 21.2, 0, 19, '2014-08-27 12:07:54', 0, '0000-00-00 00:00:00'),
(292, 235, 0, 1, 23, '', 'Chair with gift', 5, 12, 60, 239, 6, 3.6, 63.6, 0, 19, '2014-08-27 13:20:39', 0, '0000-00-00 00:00:00'),
(293, 238, 0, 1, 23, '', 'Chair with gift', 10, 1000, 10000, 237, 6, 600, 10600, 0, 19, '2014-08-28 01:22:37', 0, '0000-00-00 00:00:00');

-- --------------------------------------------------------

--
-- Table structure for table `comp_supplier_statement`
--

CREATE TABLE IF NOT EXISTS `comp_supplier_statement` (
  `ID` int(11) NOT NULL AUTO_INCREMENT,
  `debit` double NOT NULL,
  `credit` double NOT NULL,
  `balance` double NOT NULL,
  `supplierCode` int(11) NOT NULL,
  `supplierName` varchar(16) NOT NULL,
  `description` varchar(255) NOT NULL,
  `referenceNo` varchar(5) NOT NULL,
  `is_delete` smallint(16) NOT NULL,
  PRIMARY KEY (`ID`)
) ENGINE=InnoDB DEFAULT CHARSET=latin1 AUTO_INCREMENT=1 ;

-- --------------------------------------------------------

--
-- Table structure for table `customer`
--

CREATE TABLE IF NOT EXISTS `customer` (
  `ID` int(11) NOT NULL AUTO_INCREMENT,
  `companyID` int(11) NOT NULL,
  `customerName` varchar(128) NOT NULL,
  `accountCode` varchar(8) NOT NULL,
  `customerCompanyNo` varchar(32) NOT NULL,
  `line1` varchar(128) NOT NULL,
  `line2` varchar(128) NOT NULL,
  `line3` varchar(128) NOT NULL,
  `city` varchar(128) NOT NULL,
  `customerPostCode` varchar(8) NOT NULL,
  `customerStateID` int(11) NOT NULL,
  `customerCountryID` int(11) NOT NULL,
  `attention` varchar(16) NOT NULL,
  `website` varchar(32) NOT NULL,
  `phoneNumber1` varchar(50) NOT NULL,
  `phoneNumber2` varchar(50) NOT NULL,
  `fax` varchar(50) NOT NULL,
  `generalNote` varchar(255) NOT NULL,
  `gstRegNo` varchar(16) NOT NULL,
  `termsID` int(11) NOT NULL,
  `creditLimit` int(8) NOT NULL,
  `creditLimitAlert` tinyint(1) NOT NULL,
  `linkedAPAccountID` varchar(11) NOT NULL,
  `createdDate` date NOT NULL,
  `currencyID` int(11) NOT NULL,
  `email` varchar(32) NOT NULL,
  `termstatus` int(11) NOT NULL,
  `createdBy` int(11) NOT NULL,
  `createdTS` timestamp NOT NULL DEFAULT CURRENT_TIMESTAMP,
  `updatedBy` int(11) NOT NULL,
  `updatedTS` timestamp NOT NULL DEFAULT '0000-00-00 00:00:00' ON UPDATE CURRENT_TIMESTAMP,
  `is_delete` int(16) NOT NULL,
  `position` varchar(16) NOT NULL,
  PRIMARY KEY (`ID`)
) ENGINE=InnoDB  DEFAULT CHARSET=latin1 AUTO_INCREMENT=40 ;

--
-- Dumping data for table `customer`
--

INSERT INTO `customer` (`ID`, `companyID`, `customerName`, `accountCode`, `customerCompanyNo`, `line1`, `line2`, `line3`, `city`, `customerPostCode`, `customerStateID`, `customerCountryID`, `attention`, `website`, `phoneNumber1`, `phoneNumber2`, `fax`, `generalNote`, `gstRegNo`, `termsID`, `creditLimit`, `creditLimitAlert`, `linkedAPAccountID`, `createdDate`, `currencyID`, `email`, `termstatus`, `createdBy`, `createdTS`, `updatedBy`, `updatedTS`, `is_delete`, `position`) VALUES
(12, 1, 'Telekom Malaysia', '20', '', '555, JALAN SAMUDRA UTARA 1', 'TAMAN SAMUDRA', '', 'GOMBAK', '68100', 1933, 458, '0', '0', '603 61881213', '', '603 61881214', '', '', 17, 12345, 0, '20', '2014-08-19', 1, 'account@salihin.com.my', 17, 0, '2014-05-21 04:52:14', 0, '2014-08-21 08:28:31', 0, '0'),
(15, 1, 'Celcom', '20', '', 'no.23, jalan rampai,', 'taman seri rampai', '', 'wilayah persekutuan', '68100', 1933, 458, '0', '0', '603 61881213', '', '603 61881213', '', '', 0, 0, 0, '20', '0000-00-00', 2, 'qaqa@yahoo.com.my', 0, 0, '2014-05-21 10:57:46', 0, '2014-06-23 02:45:38', 0, 'reseller'),
(16, 1, 'Maxis', '20', '', '23,jalan jalan', 'cari makan', '', 'gombak', '68100', 1933, 458, '0', '0', '603 61881213', '', '603 61881213', '', '', 0, 0, 0, '20', '0000-00-00', 1, 'qaqa@yahoo.com', 0, 0, '2014-05-22 11:18:09', 0, '2014-06-23 02:45:55', 0, 'HELPER'),
(17, 15, 'AXBN', '0', '', 'customer 1, jalan 1, taman 1/1', '', '', 'batu 1', '11111', 1933, 458, '0', '0', '111', '', '111', '', '', 0, 0, 0, '243', '0000-00-00', 1, 'accounts1@salihin.com.my', 0, 0, '2014-05-29 02:56:48', 0, '2014-08-15 07:31:01', 0, 'Manager 1'),
(18, 15, 'Malakoff Utilities', '228', '', 'No 2, jalan 2, taman 2/2', '', '', 'Batu 2', '22222', 1922, 458, '0', '0', '603-88371234', '', '603-88891999', '', '', 0, 5558880, 0, '243', '2014-08-20', 2, 'accounts2@salihin.com.my', 17, 0, '2014-05-29 03:03:13', 0, '2014-08-21 08:40:32', 0, 'Manager 2'),
(19, 15, 'Permata Hijrah', '3333', '', 'No 3, Jalan 3, Taman 3/3', '', '', 'Batu 3', '33333', 1921, 458, '0', '0', '333', '', '333', '', '', 0, 0, 0, '243', '0000-00-00', 1, 'accounts3@salihin.com.my', 0, 0, '2014-05-29 03:06:10', 0, '2014-08-15 07:32:08', 0, 'Manager 3'),
(20, 1, 'ABC Enterprise', '20', '', '', '', '', '', '', 1933, 458, '0', '0', '', '', '', '', '', 0, 0, 0, '20', '0000-00-00', 1, '', 0, 0, '2014-05-29 09:55:13', 0, '2014-06-23 02:46:09', 0, ''),
(21, 27, 'qa', 'qa12', '', '555, JALAN SAMUDRA UTARA 1', 'TAMAN SAMUDRA', '', 'GOMBAK', '68100', 1933, 458, '0', '0', '603 61854646', '', '603 61856767', '', '', 0, 0, 0, '0', '0000-00-00', 0, 'bee@gmail.com', 0, 0, '2014-06-06 09:25:49', 0, '2014-06-06 09:26:01', 0, 'test1'),
(26, 1, 'qa', '0', '', '', '', '', '', '', 0, 458, '0', '0', '', '', '', '', '', 0, 0, 0, '20', '0000-00-00', 0, '', 0, 0, '2014-06-23 02:40:13', 0, '0000-00-00 00:00:00', 0, ''),
(27, 1, 'FARHANA', '20', '', '555, JALAN SAMUDRA UTARA 1', 'TAMAN SAMUDRA', '', 'GOMBAK', '68100', 1921, 458, '0', '0', '603 6178987', '012 3121312', '603 6176756', '', '', 0, 0, 0, '20', '0000-00-00', 0, 'ateeq@webfulcreations.com', 0, 0, '2014-06-23 02:41:34', 0, '2014-06-24 04:23:06', 0, 'tester'),
(28, 45, 'Borong Sdn Bhd', '0', '', 'A12, Jalan Perindustrian 1', 'Taman Perindustrian 2,', '', 'Shah Alam', '40100', 1931, 458, '0', '0', '603 5415 5560', '', '603 5415 6789', '', '', 0, 0, 0, '0', '0000-00-00', 0, 'borong@gmail.com', 0, 0, '2014-07-03 01:09:26', 0, '2014-07-03 01:10:12', 0, 'Account Executiv'),
(29, 55, 'Fabrica Fashion Sdn Bhd', '0', '', 'Lot A1, Wisma PKNS,', 'Kompleks PKNS Jalan 1', '', 'Shah Alam', '40100', 1931, 458, '0', '0', '603 5409090', '', '603 5409898', '', '', 0, 0, 0, '0', '0000-00-00', 0, 'fabrca@gmail.com', 0, 0, '2014-07-03 01:55:09', 0, '0000-00-00 00:00:00', 0, 'Account Executiv'),
(30, 57, 'AH LEONG KIT', '0', '', 'unit 2A-1-1, ', 'lorong perindustrian 1', '', 'shah alam', '40500', 1931, 458, '0', '0', '603 55109091', '012 5678903', '603 55123123', '', '', 0, 0, 0, '0', '0000-00-00', 0, 'ahleong@gmail.com', 0, 0, '2014-07-09 02:05:56', 0, '0000-00-00 00:00:00', 0, 'pemborong'),
(31, 1, 'test111', '0', '', '111', '11', '', '11', '11111', 1921, 458, '0', '0', '11', '11', '11', '11', '11', 0, 0, 0, '20', '0000-00-00', 1, '', 0, 0, '2014-07-11 00:49:22', 0, '0000-00-00 00:00:00', 0, '11'),
(32, 76, 'fana', '0', '1234', '555, JALAN SAMUDRA UTARA 1', 'taman jalan raya', '', 'gombak', '68100', 1933, 458, '0', '0', '', '', '', '', '', 0, 0, 0, '0', '0000-00-00', 0, '', 0, 0, '2014-07-17 07:29:25', 0, '0000-00-00 00:00:00', 0, ''),
(33, 81, 'Alam Megah Sdn Bhd', '0', 'AC1234', 'Lot 2a-1-3, Lorong Perindustrian', 'Taman Usahawan Jaya', '', 'Petaling Jaya', '47000', 1931, 458, '0', '0', '603 41776767', '012 61776767', '603 41771616', '', '', 0, 0, 0, '0', '0000-00-00', 1, 'stock@alam.com.my', 0, 0, '2014-07-21 03:42:44', 0, '0000-00-00 00:00:00', 0, 'Stock Keeper'),
(34, 81, 'Ideal House Sdn Bhd', '0', 'AP2341', '12, Lorong Persiaran S1/2', 'Taman Industri Metro', '', '', '', 0, 458, '0', '0', '603-41223434', '016 3456765', '603-41223535', 'test', '', 0, 0, 0, '0', '0000-00-00', 1, 'consultant@idealhouse.com.my', 0, 0, '2014-07-21 03:56:39', 0, '0000-00-00 00:00:00', 0, 'consultant'),
(35, 84, 'Hello World', '0', 'hello world1214', 'Hello world address', 'add1', '', 'Dhaka', '12345', 278, 50, '0', '0', '603 61851515', '012 61851515', '603 61851515', '', 'A234-A', 0, 0, 0, '27518', '0000-00-00', 10, 'accounts@salihin.com.my', 0, 0, '2014-08-12 12:34:14', 0, '0000-00-00 00:00:00', 0, 'Sales executive'),
(36, 84, 'Pepsi Co.', '0', 'Pepsi3241', 'Dhaka', 'dhaka', '', 'dhaka', '12345', 278, 50, '0', '0', '603 61851515', '012 61851515', '603 61851515', 'General Note', 'A234-A', 0, 0, 0, '27519', '0000-00-00', 1, 'accounts@salihin.com.my', 0, 0, '2014-08-13 06:07:03', 0, '0000-00-00 00:00:00', 0, 'Executive'),
(37, 1, 'sknfajlwm', 'adahj', 'shdak', 'sjdql', 'owqkwm', 'sdsdsd', 'osd;q', '12121', 1923, 458, '0', '0', 'sdsd', '', 'dsad', 'ada', 'ds', 0, 0, 0, '20', '0000-00-00', 9, 'sdhhskd@sd.sd', 0, 0, '2014-08-14 01:31:53', 0, '2014-08-14 01:33:43', 0, ''),
(38, 87, 'Bahagia Sdn Bhd', 'B001', '34444-T', 'No 7778, Jalan Kenari', 'Taman Kenari', '', 'Ampang', '53100', 1933, 458, '0', '0', '6033232323', '', '6033232324', '', '53636363333', 0, 0, 0, '28167', '0000-00-00', 1, 'azi@bahagia.com.my', 0, 0, '2014-08-21 03:37:58', 0, '0000-00-00 00:00:00', 0, ''),
(39, 1, 'SDS', 'SDS', 'SDS', 'SDS', 'sdsS', 'SDS', 'SDS', 'SDSDS', 1923, 458, '0', '0', 'SDS', 'SDS', 'SDS', 'SDS', 'SDSAS', 18, 1212, 0, '20', '2014-08-29', 1, 'DANA@SDS.SD', 0, 0, '2014-08-29 07:23:52', 0, '0000-00-00 00:00:00', 0, '');

-- --------------------------------------------------------

--
-- Table structure for table `customer_address`
--

CREATE TABLE IF NOT EXISTS `customer_address` (
  `ID` int(11) NOT NULL AUTO_INCREMENT,
  `companyID` int(11) NOT NULL,
  `customerID` int(11) NOT NULL,
  `addressCode` varchar(50) NOT NULL,
  `addressName` varchar(128) NOT NULL,
  `line1` varchar(128) NOT NULL,
  `line2` varchar(128) NOT NULL,
  `line3` varchar(128) NOT NULL,
  `city` varchar(128) NOT NULL,
  `postCode` varchar(8) NOT NULL,
  `stateID` int(11) NOT NULL,
  `countryID` int(11) NOT NULL,
  `createdBy` int(11) NOT NULL,
  `createdTS` timestamp NOT NULL DEFAULT CURRENT_TIMESTAMP,
  `updatedBy` int(11) NOT NULL,
  `updatedTS` timestamp NOT NULL DEFAULT '0000-00-00 00:00:00' ON UPDATE CURRENT_TIMESTAMP,
  `is_delete` tinyint(1) NOT NULL,
  PRIMARY KEY (`ID`)
) ENGINE=InnoDB  DEFAULT CHARSET=latin1 AUTO_INCREMENT=21 ;

--
-- Dumping data for table `customer_address`
--

INSERT INTO `customer_address` (`ID`, `companyID`, `customerID`, `addressCode`, `addressName`, `line1`, `line2`, `line3`, `city`, `postCode`, `stateID`, `countryID`, `createdBy`, `createdTS`, `updatedBy`, `updatedTS`, `is_delete`) VALUES
(1, 1, 1, '', '', '', '', '', '', '', 0, 0, 0, '2014-05-14 08:45:58', 0, '2014-06-03 10:05:20', 0),
(2, 1, 2, '', '', '', '', '', '', '', 0, 0, 0, '2014-05-14 09:00:46', 0, '2014-06-03 10:05:21', 0),
(3, 1, 5, '', '', '', '', '', '', '', 0, 0, 0, '2014-05-14 09:06:45', 0, '2014-05-19 07:16:29', 0),
(4, 1, 1, '3234', '', 'fad', 'fad', 'fad', '2323', '32222', 1929, 458, 0, '2014-05-19 22:46:16', 0, '2014-08-13 07:27:57', 0),
(5, 1, 17, 'HQ AXBN', 'Apartment 1', 'Apartment 1', 'jalan apartment axbn', 'taman axbn perdata', 'Batu 1.1', '11111', 1923, 458, 0, '2014-05-28 21:13:50', 0, '2014-08-20 03:01:25', 0),
(6, 1, 17, 'W1 AXBN', 'Condo 1', 'Condo 1', 'jalan apartment axbn', 'taman axbn perdata', 'Batu 1.1.1', '11111', 1932, 458, 0, '2014-05-28 21:29:09', 0, '2014-08-20 03:01:52', 0),
(7, 1, 12, 'HQ Telekom Malaysia', 'Apartment 1', 'Apartment 1', '', '', 'Batu 1.1', '11111', 1923, 458, 0, '2014-05-28 21:13:50', 0, '2014-08-13 08:03:31', 0),
(8, 1, 12, 'Branch 1 Telekom Malaysia', 'Condo 1', 'Condo 1', '', '', 'Batu 1.1.1', '11111', 1932, 458, 0, '2014-05-28 21:29:09', 0, '2014-08-13 08:04:02', 0),
(9, 1, 35, 'HQ Hello World', '', 'HQ address', '', '', 'KL', '', 1933, 458, 0, '2014-08-12 23:59:40', 0, '2014-08-13 11:07:53', 1),
(10, 84, 36, 'HQ Pepsi', '', '', '', '', '', '', 1933, 458, 0, '2014-08-13 00:07:23', 0, '2014-08-13 06:46:06', 0),
(11, 84, 36, 'W1 Pepsi', '', 'W1 Pepsi', '', '', '', '', 1921, 458, 0, '2014-08-13 00:07:45', 0, '2014-08-13 06:46:12', 0),
(12, 1, 15, 'HQ Celcom', '', 'KL', '', '', '', '', 0, 458, 0, '2014-08-13 02:05:32', 0, '2014-08-13 08:39:34', 0),
(13, 1, 15, 'HQ Celcom', '', 'KL', '', '', 'KL', '12345', 1933, 458, 0, '2014-08-13 02:05:54', 0, '2014-08-13 08:39:39', 0),
(14, 1, 15, 'Branch 1 Celcom', '', 'KL', '', '', 'KL', '12345', 1933, 458, 0, '2014-08-13 02:06:17', 0, '2014-08-13 08:39:42', 0),
(15, 1, 16, 'HQ Maxis', '', 'Head Quater Maxis', '', '', 'KL', '12345', 1933, 458, 33, '2014-08-13 02:42:38', 0, '0000-00-00 00:00:00', 0),
(16, 1, 16, 'First Branch maxis', '', 'First Branch maxis', '', '', 'KL', '12345', 1933, 458, 33, '2014-08-13 02:43:03', 0, '0000-00-00 00:00:00', 0),
(17, 1, 20, 'HQ ABC Enterprise', '', 'HQ ABC Enterprise', 'HQ ABC Enterprise', 'HQ ABC Enterprise', 'KL', '12345', 1933, 458, 33, '2014-08-13 04:29:23', 0, '0000-00-00 00:00:00', 0),
(18, 84, 35, 'HQ Hello World', '', 'HQ Hello World', 'HQ Hello World', 'HQ Hello World', 'HQ Hello World', '12345', 1933, 458, 33, '2014-08-13 05:07:57', 0, '0000-00-00 00:00:00', 0),
(19, 84, 35, 'Main Branch', '', 'Main Branch', 'Main Branch', 'Main Branch', 'Main Branch', '12323', 1933, 458, 33, '2014-08-13 05:08:35', 0, '0000-00-00 00:00:00', 0),
(20, 87, 38, '001', '', 'Jalan 222', 'TAMAN LAKSAMANA', '', 'SG. BULOH', '34343', 1931, 458, 35, '2014-08-20 21:38:12', 0, '0000-00-00 00:00:00', 0);

-- --------------------------------------------------------

--
-- Table structure for table `customer_contact`
--

CREATE TABLE IF NOT EXISTS `customer_contact` (
  `ID` int(11) NOT NULL AUTO_INCREMENT,
  `customerID` int(11) NOT NULL,
  `customer_contact_name` varchar(128) NOT NULL,
  `position` varchar(32) NOT NULL,
  `telOffice` varchar(32) NOT NULL,
  `telHp` varchar(32) NOT NULL,
  `email` varchar(64) NOT NULL,
  `remaks` text NOT NULL,
  `createdID` int(11) NOT NULL,
  `createdTS` timestamp NOT NULL DEFAULT CURRENT_TIMESTAMP,
  `updatedBy` int(11) NOT NULL,
  `updatedTS` timestamp NOT NULL DEFAULT '0000-00-00 00:00:00' ON UPDATE CURRENT_TIMESTAMP,
  PRIMARY KEY (`ID`)
) ENGINE=InnoDB DEFAULT CHARSET=latin1 AUTO_INCREMENT=1 ;

-- --------------------------------------------------------

--
-- Table structure for table `gl_setup`
--

CREATE TABLE IF NOT EXISTS `gl_setup` (
  `ID` int(11) NOT NULL,
  `companyID` int(11) NOT NULL,
  `accountTypeID` int(11) NOT NULL,
  `accountNoID` int(11) NOT NULL
) ENGINE=InnoDB DEFAULT CHARSET=latin1;

-- --------------------------------------------------------

--
-- Table structure for table `item`
--

CREATE TABLE IF NOT EXISTS `item` (
  `ID` int(11) NOT NULL AUTO_INCREMENT,
  `companyID` int(11) NOT NULL,
  `itemCode` varchar(32) NOT NULL,
  `name` varchar(64) NOT NULL,
  `description` text NOT NULL,
  `itemCategoryID` int(11) NOT NULL,
  `itemTypeID` int(11) NOT NULL,
  `quantity` int(11) NOT NULL,
  `unitOfMeasureID` int(11) NOT NULL,
  `editDescription` tinyint(1) NOT NULL,
  `imageFile` varchar(64) NOT NULL,
  `itemStatusID` int(11) NOT NULL,
  `reorderLevel` int(11) NOT NULL,
  `incomeID` int(11) NOT NULL,
  `cogsID` int(11) NOT NULL,
  `inventoriesID` int(11) NOT NULL,
  `inputTaxID` int(11) NOT NULL,
  `outputTaxID` int(11) NOT NULL,
  `supplierID` int(11) NOT NULL,
  `memo` text NOT NULL,
  `locationID` int(11) NOT NULL,
  `is_delete` smallint(6) NOT NULL,
  `updateable` smallint(6) NOT NULL,
  `totalAmount` double NOT NULL,
  `totalPayable` double NOT NULL,
  `createdBy` int(11) NOT NULL,
  `createdTS` timestamp NOT NULL DEFAULT CURRENT_TIMESTAMP,
  `updatedBy` int(11) NOT NULL,
  `updatedTS` timestamp NOT NULL DEFAULT '0000-00-00 00:00:00' ON UPDATE CURRENT_TIMESTAMP,
  `supplierPrice` double NOT NULL,
  `salesPrice` double NOT NULL,
  `currencyID` int(11) NOT NULL,
  PRIMARY KEY (`ID`)
) ENGINE=InnoDB  DEFAULT CHARSET=latin1 AUTO_INCREMENT=25 ;

--
-- Dumping data for table `item`
--

INSERT INTO `item` (`ID`, `companyID`, `itemCode`, `name`, `description`, `itemCategoryID`, `itemTypeID`, `quantity`, `unitOfMeasureID`, `editDescription`, `imageFile`, `itemStatusID`, `reorderLevel`, `incomeID`, `cogsID`, `inventoriesID`, `inputTaxID`, `outputTaxID`, `supplierID`, `memo`, `locationID`, `is_delete`, `updateable`, `totalAmount`, `totalPayable`, `createdBy`, `createdTS`, `updatedBy`, `updatedTS`, `supplierPrice`, `salesPrice`, `currencyID`) VALUES
(1, 1, '321000100', 'A12 Wooden Chair', 'Teak wooden chair with natural finish', 30, 22, 10, 2, 0, 'WIN_20140716_0911483.JPG', 1, 0, 53, 0, 79, 0, 1, 0, '', 1, 0, 0, 0, 0, 0, '2014-06-09 09:14:28', 0, '2014-08-05 09:22:51', 0, 321, 1),
(2, 1, '100300100', 'B13 Steel Chair', 'Steel chair for outdoor', 30, 22, 31, 2, 0, 'WIN_20140716_120339.JPG', 1, 23, 1, 2, 79, 0, 1, 0, '', 1, 0, 0, 0, 0, 0, '2014-06-09 09:14:28', 0, '2014-07-16 05:13:57', 3244, 231, 2),
(4, 1, '331000100', 'A23 Plastic Chair', 'Plastic Chair - Blue', 30, 22, 10, 2, 0, 'WIN_20140716_0911481.JPG', 1, 0, 2, 0, 79, 1, 0, 0, '', 1, 0, 0, 0, 0, 0, '2014-06-09 09:14:28', 0, '2014-07-16 01:55:14', 0, 0, 0),
(7, 1, '331000200', 'A24 Plastic Chair', 'Plastic Chair - Red', 30, 22, 10, 2, 0, 'WIN_20140716_0911481.JPG', 1, 0, 0, 0, 79, 0, 0, 20, '', 1, 0, 0, 0, 0, 0, '2014-06-09 09:14:28', 0, '2014-07-16 01:55:14', 2345, 0, 0),
(8, 1, '331000300', 'A25 Plastic Chair', 'Plastic Chair - White', 21, 23, 10, 2, 0, 'WIN_20140716_0911481.JPG', 1, 12, 18, 15, 79, 28, 10, 0, '', 2, 0, 0, 0, 0, 0, '2014-06-09 09:14:28', 0, '2014-07-16 01:55:15', 0, 0, 0),
(9, 1, '501012000', 'Nasi Goreng', 'Nasi Goreng Ayam', 21, 23, 10, 2, 0, 'WIN_20140716_0911481.JPG', 1, 0, 15, 17, 79, 26, 5, 0, '', 2, 0, 0, 0, 0, 0, '2014-06-09 09:14:28', 0, '2014-07-16 01:55:15', 0, 652, 2),
(10, 1, '801010001', 'Bola', 'Bola Tampar Buaya', 30, 22, 10, 2, 0, 'WIN_20140716_0911481.JPG', 1, 0, 0, 0, 79, 0, 0, 0, '', 2, 0, 0, 0, 0, 0, '2014-06-09 09:14:28', 0, '2014-07-16 01:55:16', 111, 0, 0),
(11, 15, 'M001', 'Meja makan bulat', 'saiz 10. warna gold', 30, 22, 0, 2, 0, 'WIN_20140716_0911481.JPG', 2, 5, 276, 280, 248, 15, 1, 0, '', 0, 0, 0, 0, 0, 0, '2014-06-11 00:41:50', 0, '2014-08-12 04:18:08', 2222, 0, 0),
(12, 15, 'M002', 'Meja makan lonjong', 'saiz 10. warna hitam', 30, 22, 0, 2, 0, 'WIN_20140716_0911481.JPG', 1, 2, 276, 280, 248, 15, 1, 0, '', 0, 0, 0, 0, 0, 0, '2014-06-11 02:09:30', 0, '2014-08-11 09:23:22', 3333, 0, 0),
(13, 1, 'B006', 'ALAT TULIS', 'ALATAN TULIS DAN MELUKIS', 20, 22, 0, 13, 0, 'WIN_20140716_0911481.JPG', 1, 0, 53, 57, 25, 15, 1, 0, '', 0, 0, 0, 0, 0, 0, '2014-07-09 02:46:33', 0, '2014-07-16 01:55:17', 0, 0, 0),
(14, 1, '1245677', 'test photo', '', 0, 0, 0, 0, 0, 'WIN_20140716_0911481.JPG', 1, 0, 53, 57, 25, 0, 0, 0, '', 0, 0, 0, 0, 0, 0, '2014-07-16 01:12:32', 0, '2014-07-16 01:55:18', 0, 0, 0),
(15, 1, 'ddsdfs', 'sdf', '', 19, 22, 0, 3, 0, 'WIN_20140716_0911481.JPG', 1, 0, 53, 57, 25, 31, 10, 0, '', 0, 0, 0, 0, 0, 0, '2014-07-16 01:41:53', 0, '2014-07-16 01:41:53', 0, 0, 0),
(16, 81, 'MCA1', 'Microphone', 'Wireless', 19, 22, 0, 13, 0, '', 1, 0, 0, 0, 0, 0, 0, 0, '', 0, 0, 0, 0, 0, 0, '2014-07-21 06:47:25', 0, '0000-00-00 00:00:00', 0, 0, 0),
(17, 81, 'PRO12', 'Sony Projector', 'Projector 1 set with remote', 19, 22, 0, 3, 0, '', 1, 0, 1146, 0, 1146, 0, 0, 0, '', 0, 0, 0, 0, 0, 0, '2014-08-04 01:55:13', 0, '0000-00-00 00:00:00', 0, 0, 0),
(18, 81, 'DELL', 'Laptop Dell', 'Dell High Specification', 19, 22, 0, 0, 0, '', 1, 0, 1146, 1141, 1141, 0, 0, 0, '', 0, 0, 0, 0, 0, 0, '2014-08-04 03:13:07', 0, '0000-00-00 00:00:00', 0, 0, 0),
(19, 84, 'Item 1234', 'New Item', 'New Item description', 30, 22, 0, 3, 0, '', 1, 1, 26428, 26432, 26430, 15, 5, 0, '', 0, 0, 0, 0, 0, 0, '2014-08-05 09:28:20', 0, '0000-00-00 00:00:00', 0, 0, 0),
(20, 84, 'asdfqwer245235', 'lorem ipsum', 'asdfasdf asdf asfd', 30, 22, 0, 12, 0, '', 1, 0, 27444, 27444, 27510, 26, 10, 0, '', 0, 0, 0, 0, 0, 0, '2014-08-12 12:30:52', 0, '0000-00-00 00:00:00', 0, 0, 0),
(21, 87, '0001', 'Speaker', '', 19, 22, 0, 3, 0, '0001.JPG', 1, 5, 28200, 28205, 28172, 0, 0, 0, '', 0, 0, 0, 0, 0, 0, '2014-08-21 04:07:46', 0, '2014-08-21 04:07:46', 0, 0, 0),
(22, 87, '002', 'mice', '', 19, 22, 0, 3, 0, '', 1, 10, 28200, 28205, 28172, 0, 0, 0, '', 0, 0, 0, 0, 0, 0, '2014-08-21 04:08:17', 0, '0000-00-00 00:00:00', 0, 0, 0),
(23, 86, 'C0001', 'Chair', 'Chair with gift', 31, 22, 0, 3, 0, 'C0001.JPG', 1, 100, 28071, 28076, 28043, 237, 224, 0, '', 0, 0, 0, 0, 0, 0, '2014-08-27 07:36:23', 0, '2014-08-27 11:22:15', 0, 0, 0),
(24, 86, 'T001', 'Table', 'Table with gift', 31, 22, 0, 3, 0, '', 1, 100, 28071, 28076, 28043, 237, 224, 0, '', 0, 0, 0, 0, 0, 0, '2014-08-27 07:45:34', 0, '2014-08-27 11:22:35', 0, 0, 0);

--
-- Triggers `item`
--
DROP TRIGGER IF EXISTS `trigger_before_insert_item`;
DELIMITER //
CREATE TRIGGER `trigger_before_insert_item` BEFORE INSERT ON `item`
 FOR EACH ROW begin
if new.incomeID = 0 or new.incomeID is null then 
set new.incomeID = (select accountID from comp_control_acct_setup where ID > 0 and companyID = new.companyID and accountCode='saleacct'); 
end if;
if new.cogsID = 0 or new.cogsID is null then 
set new.cogsID = (select accountID from comp_control_acct_setup where id>0 and companyID = new.companyID and accountCode = 'saleacct');
end if;

end
//
DELIMITER ;

-- --------------------------------------------------------

--
-- Table structure for table `item_adjustment`
--

CREATE TABLE IF NOT EXISTS `item_adjustment` (
  `ID` int(11) NOT NULL AUTO_INCREMENT,
  `companyID` int(11) NOT NULL,
  `locationID` int(11) NOT NULL,
  `formNo` varchar(32) NOT NULL,
  `updateAble` smallint(11) NOT NULL DEFAULT '1',
  `adjustmentDate` date NOT NULL,
  `createdBy` varchar(50) NOT NULL,
  `createdTS` timestamp NOT NULL DEFAULT CURRENT_TIMESTAMP,
  `updatedBy` int(11) NOT NULL,
  `updatedTS` timestamp NOT NULL DEFAULT '0000-00-00 00:00:00' ON UPDATE CURRENT_TIMESTAMP,
  PRIMARY KEY (`ID`)
) ENGINE=InnoDB  DEFAULT CHARSET=latin1 AUTO_INCREMENT=47 ;

--
-- Dumping data for table `item_adjustment`
--

INSERT INTO `item_adjustment` (`ID`, `companyID`, `locationID`, `formNo`, `updateAble`, `adjustmentDate`, `createdBy`, `createdTS`, `updatedBy`, `updatedTS`) VALUES
(18, 1, 1, 'IA', 0, '2014-06-20', '', '2014-06-20 04:29:17', 0, '2014-06-23 01:53:41'),
(19, 1, 2, 'IA', 0, '2014-06-24', '16', '2014-06-24 02:20:36', 0, '2014-08-18 11:05:36'),
(20, 1, 1, 'IA', 0, '2014-08-04', '16', '2014-08-04 06:38:42', 0, '2014-08-18 11:05:36'),
(21, 1, 2, 'IA', 0, '2014-08-18', '33', '2014-08-18 10:48:14', 0, '2014-08-18 11:05:37'),
(22, 1, 1, 'IA', 0, '2014-08-18', '33', '2014-08-18 10:50:01', 0, '2014-08-18 10:50:19'),
(23, 1, 1, 'IA', 0, '2014-08-18', '33', '2014-08-18 11:06:08', 0, '2014-08-18 11:06:40'),
(24, 1, 2, 'IA', 0, '2014-08-18', '33', '2014-08-18 11:06:30', 0, '2014-08-18 11:06:40'),
(25, 1, 1, 'IA', 0, '2014-08-18', '33', '2014-08-18 11:08:16', 0, '2014-08-18 11:08:28'),
(26, 1, 1, 'IA', 0, '2014-08-18', '33', '2014-08-18 11:09:43', 0, '2014-08-18 11:10:04'),
(27, 1, 1, 'IA', 0, '2014-08-18', '33', '2014-08-18 11:09:50', 0, '2014-08-18 11:10:05'),
(28, 1, 1, 'IA', 0, '2014-08-18', '33', '2014-08-18 11:09:55', 0, '2014-08-18 11:10:05'),
(29, 1, 2, 'IA', 0, '2014-08-18', '33', '2014-08-18 11:10:36', 0, '2014-08-18 11:29:25'),
(30, 1, 2, 'IA', 0, '2014-08-18', '33', '2014-08-18 11:10:42', 0, '2014-08-18 11:29:19'),
(31, 1, 1, 'IA', 0, '2014-08-18', '33', '2014-08-18 11:11:18', 0, '2014-08-18 11:12:08'),
(32, 1, 1, 'IA', 0, '2014-08-18', '33', '2014-08-18 11:11:26', 0, '2014-08-18 11:12:08'),
(33, 1, 1, 'IA', 0, '2014-08-18', '33', '2014-08-18 11:11:41', 0, '2014-08-18 11:28:50'),
(34, 1, 1, 'IA', 0, '2014-08-18', '33', '2014-08-18 11:11:53', 0, '2014-08-18 11:28:50'),
(35, 1, 2, 'IA', 0, '2014-08-18', '33', '2014-08-18 11:29:39', 0, '2014-08-18 11:30:33'),
(36, 1, 2, 'IA', 0, '2014-08-18', '33', '2014-08-18 11:29:46', 0, '2014-08-18 11:30:33'),
(37, 1, 2, 'IA', 0, '2014-08-18', '33', '2014-08-18 11:30:17', 0, '2014-08-18 11:30:33'),
(38, 1, 1, 'IA', 0, '2014-08-19', '33', '2014-08-19 01:08:35', 0, '2014-08-19 01:22:12'),
(39, 1, 2, 'IA', 0, '2014-08-19', '33', '2014-08-19 01:17:25', 0, '2014-08-19 01:22:12'),
(40, 1, 1, 'IA', 0, '2014-08-19', '33', '2014-08-19 01:27:50', 0, '2014-08-19 01:29:43'),
(41, 1, 1, 'IA', 0, '2014-08-19', '33', '2014-08-19 01:27:59', 0, '2014-08-19 01:29:28'),
(42, 1, 1, 'IA', 0, '2014-08-19', '33', '2014-08-19 01:28:04', 0, '2014-08-19 01:29:22'),
(43, 1, 1, 'IA', 0, '2014-08-19', '33', '2014-08-19 01:28:08', 0, '2014-08-19 01:29:22'),
(44, 1, 1, 'IA', 0, '2014-08-19', '33', '2014-08-19 01:28:13', 0, '2014-08-19 01:28:35'),
(45, 1, 1, 'IA', 0, '2014-08-19', '33', '2014-08-19 01:28:23', 0, '2014-08-19 01:28:35'),
(46, 1, 1, 'IA', 0, '2014-08-19', '33', '2014-08-19 01:29:37', 0, '2014-08-19 01:29:43');

-- --------------------------------------------------------

--
-- Table structure for table `item_adjustment_detail`
--

CREATE TABLE IF NOT EXISTS `item_adjustment_detail` (
  `ID` int(11) NOT NULL AUTO_INCREMENT,
  `adjustmentID` int(11) NOT NULL,
  `itemID` int(11) NOT NULL,
  `lineNo` int(11) NOT NULL,
  `unitOfMeasureID` int(11) NOT NULL,
  `qtyOnHand` double NOT NULL COMMENT 'The number of items on the time of Adjustment',
  `counted` double NOT NULL COMMENT 'The actual number of items on the time of adjustment',
  `onDatePrice` double NOT NULL,
  `updateAble` smallint(11) NOT NULL DEFAULT '1',
  `adjustmentDate` date NOT NULL,
  `createdBy` varchar(50) NOT NULL,
  `createdTS` timestamp NOT NULL DEFAULT CURRENT_TIMESTAMP,
  `updatedBy` int(11) NOT NULL,
  `updatedTS` timestamp NOT NULL DEFAULT '0000-00-00 00:00:00' ON UPDATE CURRENT_TIMESTAMP,
  PRIMARY KEY (`ID`)
) ENGINE=InnoDB  DEFAULT CHARSET=latin1 AUTO_INCREMENT=45 ;

--
-- Dumping data for table `item_adjustment_detail`
--

INSERT INTO `item_adjustment_detail` (`ID`, `adjustmentID`, `itemID`, `lineNo`, `unitOfMeasureID`, `qtyOnHand`, `counted`, `onDatePrice`, `updateAble`, `adjustmentDate`, `createdBy`, `createdTS`, `updatedBy`, `updatedTS`) VALUES
(18, 18, 1, 1, 2, 0, 6, 0, 1, '2014-06-20', '', '2014-06-20 04:29:17', 0, '2014-06-20 08:53:06'),
(19, 18, 4, 2, 2, 0, 3, 0, 1, '2014-06-20', '', '2014-06-20 04:29:17', 0, '2014-06-20 08:53:11'),
(20, 18, 7, 3, 2, 0, 6, 0, 1, '2014-06-20', '', '2014-06-20 04:29:17', 0, '0000-00-00 00:00:00'),
(21, 19, 1, 1, 2, 10, 10, 0, 1, '2014-06-24', '', '2014-06-24 02:20:36', 0, '2014-08-18 10:13:30'),
(22, 20, 1, 1, 2, 2, 2, 0, 1, '2014-08-04', '', '2014-08-04 06:38:42', 0, '2014-08-18 05:41:37'),
(23, 21, 1, 1, 2, 15, 25, 0, 1, '2014-08-18', '', '2014-08-18 10:48:14', 0, '2014-08-18 10:54:23'),
(24, 21, 9, 2, 9, 678, 500, 0, 1, '2014-08-18', '', '2014-08-18 10:48:14', 0, '2014-08-18 11:02:25'),
(25, 21, 10, 3, 2, 10, 7, 111, 1, '2014-08-18', '', '2014-08-18 10:48:14', 0, '2014-08-18 11:02:42'),
(26, 22, 1, 1, 2, 1, 5, 0, 1, '2014-08-18', '', '2014-08-18 10:50:01', 0, '0000-00-00 00:00:00'),
(27, 23, 1, 1, 2, 2, 10, 0, 1, '2014-08-18', '', '2014-08-18 11:06:08', 0, '0000-00-00 00:00:00'),
(28, 25, 4, 1, 2, 0, 10, 0, 1, '2014-08-18', '', '2014-08-18 11:08:17', 0, '0000-00-00 00:00:00'),
(29, 26, 1, 1, 2, 10, 11, 0, 1, '2014-08-18', '', '2014-08-18 11:09:43', 0, '0000-00-00 00:00:00'),
(30, 27, 7, 1, 2, 6, 5, 2345, 1, '2014-08-18', '', '2014-08-18 11:09:50', 0, '0000-00-00 00:00:00'),
(31, 28, 4, 1, 2, 0, 10, 0, 1, '2014-08-18', '', '2014-08-18 11:09:55', 0, '0000-00-00 00:00:00'),
(32, 31, 7, 1, 2, 6, 7, 2345, 1, '2014-08-18', '', '2014-08-18 11:11:18', 0, '0000-00-00 00:00:00'),
(33, 34, 7, 1, 2, 6, 8, 2345, 1, '2014-08-18', '', '2014-08-18 11:11:54', 0, '0000-00-00 00:00:00'),
(34, 37, 1, 1, 2, 25, 20, 0, 1, '2014-08-18', '', '2014-08-18 11:30:17', 0, '0000-00-00 00:00:00'),
(35, 37, 8, 2, 2, 9, 10, 0, 1, '2014-08-18', '', '2014-08-18 11:30:17', 0, '0000-00-00 00:00:00'),
(36, 38, 1, 1, 2, 10, 15, 0, 1, '2014-08-19', '', '2014-08-19 01:08:35', 0, '0000-00-00 00:00:00'),
(37, 38, 4, 2, 2, 0, 10, 0, 1, '2014-08-19', '', '2014-08-19 01:08:35', 0, '0000-00-00 00:00:00'),
(38, 39, 1, 1, 2, 20, 25, 0, 1, '2014-08-19', '', '2014-08-19 01:17:26', 0, '0000-00-00 00:00:00'),
(39, 39, 8, 2, 2, 10, 13, 0, 1, '2014-08-19', '', '2014-08-19 01:17:26', 0, '2014-08-19 01:21:40'),
(40, 40, 1, 1, 2, 15, 10, 0, 1, '2014-08-19', '', '2014-08-19 01:27:50', 0, '0000-00-00 00:00:00'),
(41, 41, 4, 1, 2, 10, 20, 0, 1, '2014-08-19', '', '2014-08-19 01:27:59', 0, '0000-00-00 00:00:00'),
(42, 42, 7, 1, 2, 8, 10, 2345, 1, '2014-08-19', '', '2014-08-19 01:28:04', 0, '0000-00-00 00:00:00'),
(43, 45, 7, 1, 2, 8, 10, 2345, 1, '2014-08-19', '', '2014-08-19 01:28:23', 0, '0000-00-00 00:00:00'),
(44, 46, 1, 1, 2, 15, 10, 0, 1, '2014-08-19', '', '2014-08-19 01:29:37', 0, '0000-00-00 00:00:00');

-- --------------------------------------------------------

--
-- Table structure for table `item_details`
--

CREATE TABLE IF NOT EXISTS `item_details` (
  `ID` int(11) NOT NULL AUTO_INCREMENT,
  `companyID` int(11) DEFAULT NULL,
  `itemID` int(11) DEFAULT NULL,
  `locationID` int(11) DEFAULT NULL,
  `onHandQty` double DEFAULT NULL,
  `umID` int(11) DEFAULT NULL,
  `acctID` int(11) DEFAULT NULL,
  `createdBy` int(11) DEFAULT NULL,
  `createdTS` timestamp NULL DEFAULT CURRENT_TIMESTAMP,
  `updatedBy` int(11) DEFAULT NULL,
  `updatedTS` timestamp NULL DEFAULT CURRENT_TIMESTAMP,
  `is_delete` smallint(6) DEFAULT NULL,
  PRIMARY KEY (`ID`),
  KEY `Index 2` (`companyID`,`acctID`,`locationID`)
) ENGINE=InnoDB  DEFAULT CHARSET=latin1 ROW_FORMAT=COMPACT AUTO_INCREMENT=20 ;

--
-- Dumping data for table `item_details`
--

INSERT INTO `item_details` (`ID`, `companyID`, `itemID`, `locationID`, `onHandQty`, `umID`, `acctID`, `createdBy`, `createdTS`, `updatedBy`, `updatedTS`, `is_delete`) VALUES
(1, 1, 1, 1, 10, 2, 79, NULL, '2014-06-19 01:13:12', NULL, '2014-06-19 01:13:12', NULL),
(2, 1, 1, 2, 25, 2, 79, NULL, '2014-06-19 04:39:31', NULL, '2014-06-19 04:39:31', NULL),
(3, 1, 4, 1, 20, 2, 79, 1, '2014-06-19 06:56:42', NULL, '2014-06-19 06:56:42', NULL),
(4, 1, 7, 1, 10, 2, 79, 1, '2014-06-19 06:56:42', NULL, '2014-06-19 06:56:42', NULL),
(5, 1, 8, 2, 13, 2, 79, 1, '2014-06-19 06:56:42', NULL, '2014-06-19 06:56:42', NULL),
(7, 1, 10, 2, 7, 2, 79, 1, '2014-06-19 06:56:42', NULL, '2014-06-19 06:56:42', NULL),
(8, 15, 11, 5, 1, 2, 79, 1, '2014-06-19 06:56:42', NULL, '2014-06-19 06:56:42', NULL),
(9, 15, 12, 5, 1, 2, 79, 1, '2014-06-19 06:56:42', NULL, '2014-06-19 06:56:42', NULL),
(10, 1, 4, 2, 10, NULL, NULL, NULL, '2014-06-19 10:44:52', NULL, '2014-06-19 10:44:52', NULL),
(12, 1, 7, 2, 162, NULL, NULL, NULL, '2014-06-20 02:19:41', NULL, '2014-06-20 02:19:41', NULL),
(13, 1, 9, 2, 500, 9, NULL, NULL, '2014-06-20 02:19:50', NULL, '2014-06-20 02:19:50', NULL),
(14, 1, 8, 1, 1, NULL, NULL, NULL, '2014-06-24 02:21:50', NULL, '2014-06-24 02:21:50', NULL),
(15, 15, 11, 4, 5, 2, 79, NULL, '2014-07-03 00:38:18', NULL, '2014-07-03 00:38:18', NULL),
(16, 15, 12, 4, 1, 2, 79, NULL, '2014-07-03 00:38:18', NULL, '2014-07-03 00:38:18', NULL),
(18, 15, 11, 3, 6, 2, 79, NULL, '2014-07-03 00:40:23', NULL, '2014-07-03 00:40:23', NULL),
(19, 81, 0, 1, 20, NULL, NULL, NULL, '2014-07-21 06:45:36', NULL, '2014-07-21 06:45:36', NULL);

-- --------------------------------------------------------

--
-- Table structure for table `master`
--

CREATE TABLE IF NOT EXISTS `master` (
  `ID` int(11) NOT NULL AUTO_INCREMENT,
  `name` varchar(64) NOT NULL,
  `description` varchar(128) NOT NULL,
  `updatedby` int(11) NOT NULL,
  `updatedTS` timestamp NOT NULL DEFAULT CURRENT_TIMESTAMP ON UPDATE CURRENT_TIMESTAMP,
  `usedBySystem` tinyint(4) NOT NULL DEFAULT '0',
  PRIMARY KEY (`ID`)
) ENGINE=InnoDB  DEFAULT CHARSET=latin1 AUTO_INCREMENT=23 ;

--
-- Dumping data for table `master`
--

INSERT INTO `master` (`ID`, `name`, `description`, `updatedby`, `updatedTS`, `usedBySystem`) VALUES
(1, 'Status', 'status active or inactive', 0, '2014-07-18 00:41:14', 1),
(2, 'Shipping Method', '', 0, '2014-04-24 05:01:05', 0),
(3, 'State', 'State', 0, '2014-07-18 00:41:09', 1),
(4, 'Module', 'Application module', 1, '2014-07-18 00:40:55', 1),
(5, 'Gender', 'Gender Male or Female', 1, '2014-07-18 00:41:01', 1),
(6, 'Bank', 'List of bank', 0, '2014-07-18 01:09:23', 1),
(7, 'Payment Method', 'List of payment method', 0, '2014-04-22 02:24:46', 0),
(8, 'Item Category', 'List of item category', 0, '2014-08-28 08:24:02', 1),
(9, 'Item Type', 'List of item type - product or service', 0, '2014-07-25 07:47:36', 1),
(10, 'Language', 'Language selection English or Bahasa Malasyia', 1, '2014-07-18 00:41:25', 1),
(11, 'Accounting Method', 'Accounting Closing/Opening method monthly or yearly', 0, '2014-08-14 08:53:25', 1),
(12, 'Unit of Measure', 'Unit of measurement such as kg, feet, meter, cubic', 1, '2014-07-18 00:41:31', 1),
(13, 'Account Type', 'Account type for chart of accounts', 0, '2014-08-14 08:53:53', 1),
(14, 'Business Type', 'Business type based on industry selected', 0, '2014-07-18 01:09:15', 1),
(15, 'Industry', 'List of industry classification - retail, manufacturing, service, others', 0, '2014-07-18 00:41:53', 1),
(16, 'Invoice Purchase Code', '', 1, '2014-07-18 01:07:51', 1),
(17, 'Invoice Sales Code', '', 1, '2014-07-18 01:07:38', 1),
(18, 'System Form', '', 1, '2014-07-18 00:53:35', 1),
(19, 'Address', 'List of address type', 0, '2014-08-14 08:54:44', 1),
(20, 'Movement Type', 'List of inventory movement type', 1, '2014-05-28 01:40:05', 0),
(21, 'General Setup', 'General Setup Parameters', 1, '2014-07-18 00:42:24', 1),
(22, 'Waqif', 'Waqif', 0, '2014-07-18 01:38:46', 0);

-- --------------------------------------------------------

--
-- Table structure for table `master_code`
--

CREATE TABLE IF NOT EXISTS `master_code` (
  `ID` int(11) NOT NULL AUTO_INCREMENT,
  `masterID` int(11) NOT NULL,
  `parentFilterID` int(11) DEFAULT NULL,
  `code` varchar(4) NOT NULL,
  `name` varchar(64) NOT NULL,
  `shortName` varchar(8) NOT NULL,
  `description` varchar(128) NOT NULL,
  `orderNo` int(11) NOT NULL,
  `createdBy` int(11) NOT NULL,
  `createdTS` timestamp NOT NULL DEFAULT CURRENT_TIMESTAMP,
  `updateBy` int(11) NOT NULL,
  `updateTS` timestamp NOT NULL DEFAULT '0000-00-00 00:00:00' ON UPDATE CURRENT_TIMESTAMP,
  `is_delete` smallint(6) NOT NULL,
  PRIMARY KEY (`ID`)
) ENGINE=InnoDB  DEFAULT CHARSET=latin1 AUTO_INCREMENT=124 ;

--
-- Dumping data for table `master_code`
--

INSERT INTO `master_code` (`ID`, `masterID`, `parentFilterID`, `code`, `name`, `shortName`, `description`, `orderNo`, `createdBy`, `createdTS`, `updateBy`, `updateTS`, `is_delete`) VALUES
(1, 1, NULL, '0', 'Active', 'Active', '', 1, 0, '2014-05-07 10:01:04', 0, '2014-05-15 10:17:57', 1),
(2, 1, NULL, '1', 'Inactive', 'Inactive', '', 2, 0, '2014-05-07 10:01:04', 0, '0000-00-00 00:00:00', 0),
(3, 2, NULL, 'FR', 'Freight', 'Freight', '', 1, 0, '2014-05-07 10:01:04', 0, '2014-04-24 05:05:19', 0),
(4, 2, 4, 'FE', 'FedEx', 'FE', 'farhana', 2, 0, '2014-05-07 10:01:04', 0, '2014-05-15 03:25:38', 0),
(5, 2, NULL, 'UPS', 'UPS', 'UPS', '', 3, 0, '2014-05-07 10:01:04', 0, '2014-08-21 03:08:39', 1),
(6, 2, NULL, 'CLNK', 'CityLink', 'CLNK', '', 2, 0, '2014-05-07 10:01:04', 0, '2014-04-24 05:05:19', 0),
(8, 2, NULL, 'DHL', 'DHL', 'DHL', '', 4, 0, '2014-05-07 10:01:04', 0, '2014-04-24 05:05:19', 0),
(9, 5, NULL, 'M', 'Male', 'Male', '', 1, 0, '2014-05-07 10:01:04', 0, '0000-00-00 00:00:00', 0),
(10, 5, NULL, 'F', 'Female', '', '', 2, 0, '2014-05-07 10:01:04', 0, '0000-00-00 00:00:00', 0),
(11, 15, NULL, 'MFC', 'Manufacturing', 'MFC', '', 1, 0, '2014-05-07 10:01:04', 0, '0000-00-00 00:00:00', 0),
(12, 15, NULL, 'RT', 'Retail', 'RT', '', 2, 0, '2014-05-07 10:01:04', 0, '0000-00-00 00:00:00', 0),
(13, 15, NULL, 'SERV', 'Service', 'SERV', '', 3, 0, '2014-05-07 10:01:04', 0, '0000-00-00 00:00:00', 0),
(14, 15, NULL, 'OTH', 'Others', 'OTH', '', 4, 0, '2014-05-07 10:01:04', 0, '0000-00-00 00:00:00', 0),
(15, 10, NULL, 'ENG', 'English', 'ENG', '', 1, 0, '2014-05-07 10:01:04', 0, '0000-00-00 00:00:00', 0),
(16, 10, NULL, 'BM', 'Bahasa Malaysia', 'BM', '', 2, 0, '2014-05-07 10:01:04', 0, '0000-00-00 00:00:00', 0),
(17, 11, NULL, 'MTH', 'Monthly', 'MTH', '', 0, 0, '2014-05-07 10:01:04', 0, '0000-00-00 00:00:00', 0),
(18, 11, NULL, 'YR', 'Yearly', 'YR', '', 0, 0, '2014-05-07 10:01:04', 0, '2014-04-22 03:18:53', 0),
(19, 8, NULL, 'E', 'Electrical Appliance', 'EA', '', 5, 0, '2014-05-07 10:01:04', 0, '0000-00-00 00:00:00', 0),
(20, 8, NULL, 'S', 'Stationary', 'ST', '', 10, 0, '2014-05-07 10:01:04', 0, '0000-00-00 00:00:00', 0),
(21, 8, NULL, 'I', 'IT', 'IT', '', 15, 0, '2014-05-07 10:01:04', 0, '0000-00-00 00:00:00', 0),
(22, 9, NULL, 'P', 'Product', 'Product', 'Physical product range', 1, 0, '2014-05-07 10:01:04', 0, '2014-05-26 00:33:45', 0),
(23, 9, NULL, 'S', 'Services', 'Services', 'Services product range', 5, 0, '2014-05-07 10:01:04', 0, '2014-05-26 00:34:04', 0),
(30, 8, NULL, 'F', 'Furniture', 'FR', '', 1, 0, '2014-05-07 10:01:04', 0, '0000-00-00 00:00:00', 0),
(31, 16, NULL, '1', 'Purchase Invoice', '', '', 10, 0, '2014-05-07 10:01:04', 1, '0000-00-00 00:00:00', 0),
(32, 16, NULL, '2', 'Direct Purchase Invcoice', '', '', 20, 0, '2014-05-07 10:01:04', 1, '0000-00-00 00:00:00', 0),
(33, 16, NULL, '3', 'Debit Note', '', 'Purchase Invoice Debit Note (Adjustment)', 30, 0, '2014-05-07 10:01:04', 1, '0000-00-00 00:00:00', 0),
(34, 16, NULL, '4', 'Credit Note', '', 'Purchase Invoice Credit Note (Adjustment)', 40, 0, '2014-05-07 10:01:04', 1, '0000-00-00 00:00:00', 0),
(35, 17, NULL, '1', 'Sales Invoice', '', '', 10, 0, '2014-05-07 10:01:04', 0, '2014-05-07 02:23:53', 0),
(36, 17, NULL, '2', 'Direct Sales Invcoice', '', '', 20, 0, '2014-05-07 10:01:04', 0, '2014-05-07 02:23:58', 0),
(37, 17, NULL, '3', 'Debit Note', '', 'Sales Invoice Debit Note (Adjustment)', 30, 0, '2014-05-07 10:01:04', 0, '2014-05-07 02:24:02', 0),
(38, 17, NULL, '4', 'Credit Note', '', 'Sales Invoice Credit Note (Adjustment)', 40, 0, '2014-05-07 10:01:04', 0, '2014-05-07 02:24:07', 0),
(39, 18, NULL, 'PR', 'Purchase Request', 'PR', 'Purchase Request Form', 90, 1, '2014-05-07 10:01:25', 0, '0000-00-00 00:00:00', 0),
(40, 18, NULL, 'PO', 'Purchase Order', 'PO', 'Purchase Order Form', 100, 1, '2014-05-07 10:01:25', 0, '0000-00-00 00:00:00', 0),
(41, 18, NULL, 'PI', 'Purchase Invoice', 'PURINV', 'Form Purchase Invoice', 110, 1, '2014-05-07 10:01:25', 0, '0000-00-00 00:00:00', 0),
(42, 18, NULL, 'PDN', 'Purchase Debit Note', 'PDN', 'Purchase Debit Note Form', 120, 1, '2014-05-07 10:01:25', 0, '0000-00-00 00:00:00', 0),
(43, 18, NULL, 'PCN', 'Purchase Credit Note', 'PCN', 'Purchase Credit Note Form', 140, 1, '2014-05-07 10:01:25', 0, '0000-00-00 00:00:00', 0),
(44, 18, NULL, 'PP', 'Purchase Payment', 'PP', 'Purchase Payment Form', 150, 1, '2014-05-07 10:01:25', 0, '0000-00-00 00:00:00', 0),
(45, 18, NULL, 'GRN', 'Good Received Note', 'PP', 'Godd Received Note Form', 160, 1, '2014-05-07 10:01:25', 0, '0000-00-00 00:00:00', 0),
(46, 18, NULL, 'LT', 'Inventory Movement', 'LT', 'Inventory Movement Form', 170, 1, '2014-05-07 10:01:25', 0, '0000-00-00 00:00:00', 0),
(47, 18, NULL, 'SQN', 'Sales Quotation', 'SQN', 'Sales Quotation Form', 180, 1, '2014-05-07 10:01:25', 0, '0000-00-00 00:00:00', 0),
(48, 18, NULL, 'SON', 'Sales Order', 'SON', 'Sales Order Form', 190, 1, '2014-05-07 10:01:25', 0, '0000-00-00 00:00:00', 0),
(49, 18, NULL, 'SDN', 'Delivery Order', 'DO', 'Delivery Order Form', 200, 1, '2014-05-07 10:01:25', 0, '2014-08-14 04:15:15', 0),
(50, 18, NULL, 'INV', 'Invoice', 'INV', 'Invoice Form', 210, 1, '2014-05-07 10:01:25', 0, '0000-00-00 00:00:00', 0),
(51, 18, NULL, 'SDN', 'Sales Debit Note', 'PDN', 'Sales Debit Note Form', 230, 1, '2014-05-07 10:01:25', 0, '0000-00-00 00:00:00', 0),
(52, 18, NULL, 'SCN', 'Sales Credit Note', 'PCN', 'Sales Credit Note Form', 240, 1, '2014-05-07 10:01:25', 0, '0000-00-00 00:00:00', 0),
(53, 18, NULL, 'RP', 'Receive Payment', 'RP', 'Receive Payment Form', 250, 1, '2014-05-07 10:01:25', 0, '0000-00-00 00:00:00', 0),
(54, 18, NULL, 'GRN', 'General Transaction', 'PP', 'General Transaction Form', 260, 1, '2014-05-07 10:01:25', 0, '0000-00-00 00:00:00', 0),
(55, 18, NULL, 'OPN', 'Others Payment', 'OPN', 'Others Payment Form', 270, 1, '2014-05-07 10:01:25', 0, '0000-00-00 00:00:00', 0),
(56, 18, NULL, 'ORI', 'Others Receive', 'ORI', 'Others Receive Form', 280, 1, '2014-05-07 10:01:25', 0, '0000-00-00 00:00:00', 0),
(57, 18, NULL, 'SLR', 'Sales Return', 'SLR', 'Sales Return Form', 290, 1, '2014-05-07 10:01:25', 0, '0000-00-00 00:00:00', 0),
(58, 18, NULL, 'IA', 'Item Adjustment', 'IA', 'Item Adjustment Form', 300, 1, '2014-05-07 10:01:25', 0, '0000-00-00 00:00:00', 0),
(59, 12, NULL, 'KG', 'Kilogram', '', '', 10, 1, '2014-05-09 11:30:04', 0, '0000-00-00 00:00:00', 0),
(60, 12, NULL, 'G', 'gram', '', '', 20, 1, '2014-05-09 11:30:04', 0, '0000-00-00 00:00:00', 0),
(61, 12, NULL, 'l', 'liter', '', '', 30, 1, '2014-05-09 11:30:04', 0, '0000-00-00 00:00:00', 0),
(62, 12, NULL, 'Tonn', 'tonne', '', '', 40, 1, '2014-05-09 11:30:04', 0, '0000-00-00 00:00:00', 0),
(63, 12, NULL, 'Unit', 'unit', '', '', 50, 1, '2014-05-09 11:30:04', 0, '0000-00-00 00:00:00', 0),
(64, 12, NULL, 'ml', 'mili liter', '', '', 60, 1, '2014-05-09 11:30:04', 0, '0000-00-00 00:00:00', 0),
(65, 12, NULL, 'm', 'meter', '', '', 70, 1, '2014-05-09 11:30:04', 0, '0000-00-00 00:00:00', 0),
(66, 12, NULL, 'cm', 'centimeter', '', '', 80, 1, '2014-05-09 11:30:04', 0, '0000-00-00 00:00:00', 0),
(67, 12, NULL, 'cc', 'cubic cm', '', '', 90, 1, '2014-05-09 11:30:04', 0, '0000-00-00 00:00:00', 0),
(68, 7, NULL, '', 'Cash', '', '', 10, 0, '2014-05-14 08:59:32', 0, '2014-07-18 01:19:34', 0),
(69, 7, NULL, '', 'Cheque', '', '', 20, 0, '2014-05-14 08:59:32', 0, '2014-07-18 01:19:38', 0),
(70, 0, NULL, '3333', 'fad', 'fad', 'fad', 0, 0, '2014-05-14 09:12:00', 0, '0000-00-00 00:00:00', 0),
(71, 10, NULL, 'ARB', 'Arabic', 'AR', 'Bahasa Ar', 3, 0, '2014-05-15 01:46:45', 0, '2014-05-16 02:52:26', 0),
(72, 18, 0, 'ZK', 'ZAKAT', 'sy', 'desc', 7, 0, '2014-05-15 01:59:07', 0, '2014-06-05 03:51:49', 0),
(73, 2, 4, 'FE', 'FedEx', 'FE', 'fad', 2, 0, '2014-05-15 03:03:42', 0, '0000-00-00 00:00:00', 0),
(74, 2, 0, 'FE', 'FedEx', 'FE', 'akmal', 2, 0, '2014-05-15 03:17:14', 0, '2014-05-26 01:27:52', 0),
(75, 19, 0, '1', 'Billing Address', '', '', 10, 0, '2014-05-16 04:48:35', 0, '2014-05-16 10:51:41', 0),
(76, 19, 0, '2', 'HQ', '', 'Main Addr', 10, 0, '2014-05-16 04:52:07', 0, '0000-00-00 00:00:00', 0),
(77, 19, 0, '3', 'Ship to', '', 'Ship to', 30, 0, '2014-05-16 04:53:25', 0, '0000-00-00 00:00:00', 0),
(78, 20, NULL, 'B', 'Bulk', 'Bulk', '', 10, 0, '2014-05-28 01:32:05', 0, '0000-00-00 00:00:00', 0),
(79, 20, NULL, 'S', 'Small', 'Small', '', 20, 0, '2014-05-28 01:32:05', 0, '0000-00-00 00:00:00', 0),
(80, 21, 1, '', 'retainedEarnings', '', 'Retained Earnings', 1, 1, '2014-06-03 09:33:20', 0, '2014-08-01 09:04:34', 0),
(81, 21, 1, '', 'profitlostYear', '', 'Profit/Loss Year', 10, 1, '2014-06-03 09:33:20', 0, '2014-08-01 09:04:38', 0),
(82, 21, 1, '', 'exchangeVariances', '', 'Exchange Variances Account', 20, 1, '2014-06-03 09:33:20', 0, '2014-08-01 09:04:42', 0),
(83, 21, 1, '', 'bankchargesAccount', '', 'Bank Charges Account', 30, 1, '2014-06-03 09:33:20', 0, '2014-08-01 09:04:47', 0),
(84, 21, 2, '', 'rcvacct', '', 'Receivable Account', 40, 1, '2014-06-03 09:33:20', 0, '2014-08-01 09:05:01', 0),
(85, 21, 2, '', 'saleacct', '', 'Sales Account', 50, 1, '2014-06-03 09:33:20', 0, '2014-08-01 09:05:07', 0),
(86, 21, 2, '', 'saledisacct', '', 'Sales Discount Account', 60, 1, '2014-06-03 09:33:20', 0, '2014-08-01 09:05:11', 0),
(87, 21, 2, '', 'promptpaydisacct', '', 'Prompt Payment Discount Account', 70, 1, '2014-06-03 09:33:20', 0, '2014-08-01 09:05:18', 0),
(88, 21, 2, '', 'commissionexp', '', 'Commission Expense', 80, 1, '2014-06-03 09:33:20', 0, '2014-08-01 09:05:24', 0),
(89, 21, 2, '', 'commisionpay', '', 'Commission Payable', 90, 1, '2014-06-03 09:33:20', 0, '2014-08-01 09:05:31', 0),
(90, 21, 2, '', 'freightcharges', '', 'Freight Charges', 100, 1, '2014-06-03 09:33:20', 0, '2014-08-01 09:05:36', 0),
(91, 21, 2, '', 'exchangediff', '', 'Exchange Difference', 110, 1, '2014-06-03 09:33:20', 0, '2014-08-01 09:05:41', 0),
(92, 21, 3, '', 'payAcct', '', 'Payable Account', 120, 1, '2014-06-03 09:33:20', 0, '2014-08-01 09:05:46', 0),
(93, 21, 3, '', 'payDisc', '', 'Payable Discount', 130, 1, '2014-06-03 09:33:20', 0, '2014-08-01 09:05:49', 0),
(94, 21, NULL, '', 'invAcct', '', 'Inventory Account', 140, 1, '2014-06-03 09:33:20', 0, '2014-06-25 04:33:21', 0),
(95, 21, NULL, '', 'cogs', '', 'C.O.G.S Account', 150, 1, '2014-06-03 09:33:20', 0, '2014-06-25 04:33:21', 0),
(96, 21, NULL, '', 'invAdjAcct', '', 'Inventory Adjustment Account', 160, 1, '2014-06-03 09:33:20', 0, '2014-06-25 04:33:21', 0),
(97, 21, NULL, '', 'gstInputTax', '', 'GST-Input Tax', 170, 1, '2014-06-03 09:33:20', 0, '2014-06-25 04:33:21', 0),
(98, 21, NULL, '', 'gstOutTax', '', 'GST-Output Tax', 180, 1, '2014-06-03 09:33:20', 0, '2014-06-25 04:33:21', 0),
(99, 21, NULL, '', 'susgstInTax', '', 'Suspense-GST Input Tax', 190, 1, '2014-06-03 09:33:20', 0, '2014-06-25 04:33:21', 0),
(100, 21, NULL, '', 'susgstOuTax', '', 'Suspense-GST Output Tax', 200, 1, '2014-06-03 09:33:20', 0, '2014-06-25 04:33:21', 0),
(101, 21, NULL, '', 'gstnoclaim', '', 'GST Not Claimable', 210, 1, '2014-06-03 09:33:20', 0, '2014-06-25 04:33:21', 0),
(102, 21, NULL, '', 'imdutypay', '', 'Import Duty Payable', 220, 1, '2014-06-03 09:33:20', 0, '2014-06-25 04:33:21', 0),
(103, 21, NULL, '', 'saletaxpay', '', 'Sale Tax Payable', 230, 1, '2014-06-03 09:33:20', 0, '2014-06-25 04:33:21', 0),
(104, 21, NULL, '', 'servtaxpay', '', 'Service Tax Payable', 240, 1, '2014-06-03 09:33:20', 0, '2014-06-25 04:33:21', 0),
(105, 21, NULL, '', 'zakat', '', 'Zakat Expenses', 250, 1, '2014-06-03 09:33:20', 0, '2014-06-25 04:33:21', 0),
(106, 21, NULL, '', 'uninvoiceAP', '', 'Un-invoice AP', 165, 1, '2014-06-06 03:28:56', 0, '2014-07-03 03:48:46', 0),
(107, 21, 1, '', 'bank', '', 'Banking Account', 35, 0, '2014-06-25 03:25:00', 0, '2014-08-01 09:07:23', 0),
(108, 22, NULL, '', 'Founder(s)', '', '', 10, 1, '2014-07-18 01:43:04', 0, '2014-07-18 01:43:32', 0),
(109, 22, NULL, '', 'Owner(s)/Shareholder(s)', '', '', 20, 1, '2014-07-18 01:43:04', 0, '2014-07-18 01:43:36', 0),
(110, 22, NULL, '', 'Director(s)', '', '', 30, 0, '2014-07-18 01:44:57', 0, '0000-00-00 00:00:00', 0),
(111, 22, NULL, '', 'Other(s)', '', '', 40, 0, '2014-07-18 01:44:57', 0, '0000-00-00 00:00:00', 0),
(112, 21, NULL, '', 'wakafAcrual', '', 'Wakaf Accrual', 280, 1, '2014-08-01 09:20:26', 0, '2014-08-05 01:22:20', 0),
(114, 21, NULL, '', 'zakatPayable', '', 'zakap payable', 260, 0, '2014-08-04 07:30:14', 0, '2014-08-05 01:21:58', 0),
(115, 21, NULL, '', 'wakafExpense', '', 'wakaf Expenses', 270, 0, '2014-08-04 07:30:14', 0, '2014-08-05 01:22:11', 0),
(116, 22, 0, 'waki', 'new waqif', 'new', 'new', 5, 0, '2014-08-10 21:18:10', 0, '0000-00-00 00:00:00', 0),
(117, 7, 0, '001', 'Director Fund', '', '', 23, 0, '2014-08-20 20:56:44', 0, '2014-08-21 02:59:36', 1),
(118, 7, 0, '001', 'Director Fund', '', '', 23, 0, '2014-08-20 20:57:07', 0, '2014-08-21 02:59:21', 1),
(119, 7, 0, '001', 'Director Fund', 'DF', '', 0, 0, '2014-08-20 20:57:18', 0, '2014-08-21 02:59:13', 1),
(120, 22, 0, 'ssd', 'sds', 'sd', 'sdsdcs', 1, 0, '2014-08-21 01:55:04', 0, '0000-00-00 00:00:00', 0),
(121, 18, 0, 'CS', 'Cash sale', 'CS', 'Cash sale', 1, 0, '2014-08-26 21:25:09', 0, '2014-08-28 08:46:24', 0),
(122, 8, 0, 'izat', 'General', 'GNRL', 'General items', 2, 0, '2014-08-27 04:46:15', 0, '0000-00-00 00:00:00', 0),
(123, 0, 0, '', '', '', '', 0, 0, '2014-08-27 05:03:06', 0, '0000-00-00 00:00:00', 0);

-- --------------------------------------------------------

--
-- Table structure for table `module`
--

CREATE TABLE IF NOT EXISTS `module` (
  `ID` int(11) NOT NULL AUTO_INCREMENT,
  `parentModuleID` int(11) NOT NULL,
  `moduleName` varchar(64) NOT NULL,
  `description` varchar(254) NOT NULL,
  `orderNo` int(11) NOT NULL,
  `createdBy` int(11) NOT NULL,
  `createdTS` timestamp NOT NULL DEFAULT CURRENT_TIMESTAMP,
  `updatedBy` int(11) NOT NULL,
  `updatedTS` timestamp NOT NULL DEFAULT '0000-00-00 00:00:00' ON UPDATE CURRENT_TIMESTAMP,
  PRIMARY KEY (`ID`)
) ENGINE=InnoDB  DEFAULT CHARSET=latin1 AUTO_INCREMENT=11 ;

--
-- Dumping data for table `module`
--

INSERT INTO `module` (`ID`, `parentModuleID`, `moduleName`, `description`, `orderNo`, `createdBy`, `createdTS`, `updatedBy`, `updatedTS`) VALUES
(1, 0, 'GL', 'General Ledger', 0, 0, '2014-05-02 00:36:58', 0, '0000-00-00 00:00:00'),
(2, 0, 'AR', 'Account Receivables', 0, 0, '2014-05-02 00:36:58', 0, '0000-00-00 00:00:00'),
(3, 0, 'AP', 'Account Payables', 0, 0, '2014-05-02 00:36:58', 0, '0000-00-00 00:00:00'),
(4, 0, 'IC', 'Inventory Control', 0, 0, '2014-05-02 00:36:58', 0, '0000-00-00 00:00:00'),
(5, 0, 'SO', 'Sales Order', 0, 0, '2014-05-02 00:36:58', 0, '0000-00-00 00:00:00'),
(6, 0, 'GST', 'Goods & Services Tax', 0, 0, '2014-05-02 00:36:58', 0, '0000-00-00 00:00:00'),
(7, 0, 'ZKT', 'Zakat', 0, 0, '2014-05-02 00:36:58', 0, '0000-00-00 00:00:00'),
(8, 0, 'PUR', 'Purchasing', 0, 0, '2014-05-02 00:36:58', 0, '0000-00-00 00:00:00'),
(9, 0, 'ADM', 'Admin', 0, 0, '2014-05-02 00:36:58', 0, '0000-00-00 00:00:00'),
(10, 0, 'STP', 'Setup', 0, 0, '2014-05-02 00:36:58', 0, '0000-00-00 00:00:00');

-- --------------------------------------------------------

--
-- Table structure for table `person`
--

CREATE TABLE IF NOT EXISTS `person` (
  `ID` int(11) NOT NULL AUTO_INCREMENT,
  `name` int(11) NOT NULL,
  `position` varchar(64) NOT NULL,
  `employeeCode` varchar(16) NOT NULL,
  `genderID` int(11) NOT NULL,
  `dateOfBirth` date NOT NULL,
  `dateOfJoint` date NOT NULL,
  `remaks` text NOT NULL,
  `createdBy` int(11) NOT NULL,
  `createdTS` timestamp NOT NULL DEFAULT CURRENT_TIMESTAMP,
  `updatedBy` int(11) NOT NULL,
  `updatedTS` timestamp NOT NULL DEFAULT '0000-00-00 00:00:00' ON UPDATE CURRENT_TIMESTAMP,
  PRIMARY KEY (`ID`)
) ENGINE=InnoDB DEFAULT CHARSET=latin1 AUTO_INCREMENT=1 ;

-- --------------------------------------------------------

--
-- Table structure for table `person_contact`
--

CREATE TABLE IF NOT EXISTS `person_contact` (
  `ID` int(11) NOT NULL AUTO_INCREMENT,
  `personID` int(11) NOT NULL,
  `companyID` int(11) NOT NULL,
  `contactType` varchar(32) NOT NULL,
  `contact` tinytext NOT NULL,
  `updatedBy` int(11) NOT NULL,
  `updatedTS` timestamp NOT NULL DEFAULT CURRENT_TIMESTAMP ON UPDATE CURRENT_TIMESTAMP,
  PRIMARY KEY (`ID`)
) ENGINE=InnoDB DEFAULT CHARSET=latin1 AUTO_INCREMENT=1 ;

-- --------------------------------------------------------

--
-- Table structure for table `supplier`
--

CREATE TABLE IF NOT EXISTS `supplier` (
  `ID` int(11) NOT NULL AUTO_INCREMENT,
  `companyID` int(11) NOT NULL,
  `supplierName` varchar(128) NOT NULL,
  `supplierCode` varchar(8) NOT NULL,
  `supplierCompanyNo` varchar(32) NOT NULL,
  `line1` varchar(128) NOT NULL,
  `line2` varchar(128) NOT NULL,
  `line3` varchar(128) NOT NULL,
  `city` varchar(128) NOT NULL,
  `supplierPostCode` varchar(8) NOT NULL,
  `supplierStateID` int(11) NOT NULL,
  `supplierCountryID` int(11) NOT NULL,
  `attention` varchar(100) NOT NULL,
  `website` varchar(32) NOT NULL,
  `phoneNumber1` varchar(50) NOT NULL,
  `phoneNumber2` varchar(50) NOT NULL,
  `fax` varchar(50) NOT NULL,
  `generalNote` varchar(255) NOT NULL,
  `gstRegNo` varchar(16) NOT NULL,
  `termsID` int(11) NOT NULL,
  `creditLimit` int(8) NOT NULL,
  `creditLimitAlert` tinyint(1) NOT NULL,
  `linkedAPAccountID` int(11) NOT NULL,
  `createdDate` date NOT NULL,
  `currencyID` int(11) NOT NULL,
  `email` varchar(32) NOT NULL,
  `termstatus` int(11) NOT NULL,
  `createdBy` int(11) NOT NULL,
  `createdTS` timestamp NOT NULL DEFAULT CURRENT_TIMESTAMP,
  `updatedBy` int(11) NOT NULL,
  `updatedTS` timestamp NOT NULL DEFAULT '0000-00-00 00:00:00' ON UPDATE CURRENT_TIMESTAMP,
  `is_delete` smallint(16) NOT NULL,
  PRIMARY KEY (`ID`),
  KEY `ID` (`ID`)
) ENGINE=InnoDB  DEFAULT CHARSET=latin1 AUTO_INCREMENT=46 ;

--
-- Dumping data for table `supplier`
--

INSERT INTO `supplier` (`ID`, `companyID`, `supplierName`, `supplierCode`, `supplierCompanyNo`, `line1`, `line2`, `line3`, `city`, `supplierPostCode`, `supplierStateID`, `supplierCountryID`, `attention`, `website`, `phoneNumber1`, `phoneNumber2`, `fax`, `generalNote`, `gstRegNo`, `termsID`, `creditLimit`, `creditLimitAlert`, `linkedAPAccountID`, `createdDate`, `currencyID`, `email`, `termstatus`, `createdBy`, `createdTS`, `updatedBy`, `updatedTS`, `is_delete`) VALUES
(1, 1, 'ahmad albab sdn bhd', '0', '12345-D', 'no 6 jalan melor,', 'taman melor antarabangsa,', 'simpang pulai,', 'gombak,', '68100', 1931, 458, 'Ms Christina Lim', '0', '603-88891999', '', '603-88891999', '0', '0', 6, 1, 0, 13, '2014-08-13', 2, 'fana@yahoo.com', 6, 0, '2014-06-05 02:12:30', 0, '2014-08-27 09:19:07', 0),
(20, 1, 'Syarikat Kontena Nasional', '23100', '1234568-A', 'alamat 1', 'alamat 2', 'alamat 3', '', '', 1931, 458, 'Puan Aminah', 'website', '1244444', '', '3243242', 'general note', 'gst', 6, 0, 0, 0, '1970-01-01', 1, 'sss.aaa@hhh.my', 0, 0, '2014-06-05 02:12:30', 0, '2014-08-27 09:19:07', 0),
(23, 1, 'Microsoft', '12388', '67382-D', 'add1', 'add2', 'add3', '', '', 1925, 458, 'Datuk Asri Jamaludin', 'eee.ee.ee', '453534', '', '34534', 'general note', '45345', 6, 0, 0, 0, '2014-05-14', 2, 'sss.aaa@hhh.my', 0, 0, '2014-06-05 02:12:30', 0, '2014-08-27 09:19:07', 0),
(24, 1, 'huhu', '00', '00', '', '', '', '', '', 0, 458, '', '', '', '', '', '', '', 6, 0, 0, 0, '2014-05-14', 0, '', 0, 0, '2014-06-05 02:12:30', 0, '2014-08-27 09:19:07', 1),
(25, 27, 'Farhana ', 'A123', 'A20141', '555, JALAN SAMUDRA UTARA 1', 'TAMAN SAMUDRA', '', '', '68100', 1933, 458, '', 'www.bee.com.my', '603 61778989', '', '603 61778787', 'tet', '', 6, 0, 0, 0, '0000-00-00', 1, 'bee@gmail.com', 0, 0, '2014-06-06 10:13:09', 0, '2014-08-27 09:19:07', 0),
(26, 15, 'awan biru sdn bhd', 'SUPP1', '1234-v-0088', 'jalan awan 1', 'taman biru 2', 'kg awan biru', '', '43000', 0, 458, '', '', '', '', '', '', '', 6, 52, 0, 258, '2014-08-01', 2, '', 17, 0, '2014-06-10 09:36:09', 0, '2014-08-27 09:19:07', 0),
(27, 15, 'awan hitam sdn bhd', 'SUPP2', '12345-oo-00o--99', 'jalan awan 2', 'taman hitam 1', 'kg awan biru', '', '43000', 0, 458, '', '', '', '', '', '', '', 6, 50000, 0, 258, '1970-01-01', 1, '', 5, 0, '2014-06-10 09:38:50', 0, '2014-08-27 09:19:07', 0),
(28, 15, 'asas sdn bhd', 'SA', 'a23309988-v', 'no 1 jalan asas 1', 'kg asas 2', '', '', '43000', 1931, 458, '', '', '', '', '', '', '', 17, 1, 0, 258, '2014-08-01', 6, '', 17, 0, '2014-06-23 02:30:58', 0, '2014-08-29 07:03:48', 0),
(29, 45, 'Borong Semua Sdn Bhd', 'AB001', 'C82134P', '12A, Jalan Wawasan 2,', 'Taman Wawasan Jaya', '', '', '40100', 1931, 458, 'Mr Borhan', '', '603 5412312', '', '603 5412323', 'Membekal pelbagai pakaian, fabrik', '', 6, 0, 0, 0, '0000-00-00', 1, 'borhan@semuaborong.com', 0, 0, '2014-07-03 01:15:25', 0, '2014-08-27 09:19:07', 0),
(30, 57, 'BEE WORLD SDN BHD', 'SUP01', 'C0907', '555, JALAN SAMUDRA UTARA 1', 'TAMAN SAMUDRA', '', '', '40100', 1931, 458, 'FARHANA', '', '603 61851616', '603 61881898', '603 61887878', '', '', 6, 0, 0, 0, '0000-00-00', 1, 'bee@gmail.com', 0, 0, '2014-07-09 02:33:34', 0, '2014-08-27 09:19:07', 0),
(31, 1, 'BEE WORLD SDN BHD', 'SUP06', 'C06', '555, JALAN SAMUDRA UTARA 1', 'taman jalan raya', '', '', '68100', 1931, 458, 'FARHANA', '', '603 61889898', '603 61887878', '603 61885656', '', '', 6, 0, 0, 20, '0000-00-00', 1, 'bee@gmail.com', 0, 0, '2014-07-09 02:48:41', 0, '2014-08-27 09:19:07', 0),
(32, 81, 'Mira Edora ', 'SUPP01', '34567AP', '21, Jalan Pinang', 'Lorong Belah Rotan', '', '', '47000', 1931, 458, 'Mir Edora', 'edora.com.my', '603 61851616', '', '603 61878989', '', '', 6, 0, 0, 0, '0000-00-00', 1, 'mira@gmail.com', 0, 0, '2014-07-21 03:20:54', 0, '2014-08-27 09:19:07', 0),
(33, 81, 'Electro Sdn Bhd', 'S06', 'Bee116', '555, JALAN SAMUDRA UTARA 1', 'TAMAN SAMUDRA', '1', '', '68100', 1933, 458, 'shae', '', '', '', '', '', '', 6, 0, 0, 1141, '0000-00-00', 1, 'shae@gmail.com', 0, 0, '2014-08-04 03:02:44', 0, '2014-08-27 09:19:07', 0),
(34, 84, 'Supplier 1', 'ASFD45', 'comp2345', 'Kuala Lumpur', '', '', '', '', 1933, 458, '', '', '', '', '', '', 'A234-A', 6, 0, 0, 0, '0000-00-00', 1, '', 0, 0, '2014-08-05 01:42:24', 0, '2014-08-27 09:19:07', 0),
(35, 82, 'Mega Biru Sdn Bhd', 'A1234', 'x000009-v', 'no 1 jalan utama', 'taman industri prima', '', '', '47890', 1931, 458, '', '', '', '', '', '', '', 6, 0, 0, 27658, '0000-00-00', 0, '', 0, 0, '2014-08-08 04:30:32', 0, '2014-08-27 09:19:07', 0),
(36, 82, 'D mega biru', 'D1234', '200998-v', 'no 2 jalan 2', 'taman industri prima', '', '', '47890', 1931, 458, '', '', '', '', '', '', '0123456789', 6, 0, 0, 27658, '0000-00-00', 0, '', 0, 0, '2014-08-08 04:36:30', 0, '2014-08-27 09:19:07', 0),
(37, 1, 'asaxq', 'SD', 'asa', 'wq', 'qwq', 'qwq', '', 'qwpqw', 1933, 458, 'asas wqw', 'sddd', 'aq', 'qwq', 'awq', 'qwq', 'as', 6, 0, 0, 35, '2014-08-13', 1, 'asasx@yahoo.fr', 0, 0, '2014-08-13 07:32:39', 0, '2014-08-27 09:19:07', 0),
(38, 1, 'asa', 'ADA', 'asa', 'asa', 'aa', 'ad', '', 'wqwqq', 1933, 458, 'asa', 'asa', 'asa', 'as', 'asa', 'asa', 'asa', 6, 0, 0, 35, '2014-08-13', 1, 'asasx@yahoo.fr', 0, 0, '2014-08-13 07:39:05', 0, '2014-08-27 09:19:07', 0),
(39, 87, 'Arif Sdn Bhd', '001', '545455-H', 'Lot 3434', 'Jalan ssss', 'Taman sddd', '', '54555', 1921, 458, '', '', '', '', '', '', '23232332', 6, 0, 0, 28182, '2014-08-21', 1, '', 0, 0, '2014-08-21 03:41:59', 0, '2014-08-27 09:19:07', 0),
(40, 1, 'Sambolic', 'SAM-1234', 'samblaze1234', 'Address', 'Line1111', 'Line2222', '', '12291', 278, 50, '', '', '', '', '', 'General Note', 'A234-A', 6, 12345, 0, 1, '2014-08-20', 1, '', 5, 0, '2014-08-21 08:24:47', 0, '2014-08-27 09:19:07', 0),
(41, 90, 'APB SDN BHD', 'S01', '123321 P', 'NO 1 JALAN NIAH 3', 'TAMAN KENYALANG,', 'SEMANTAN, SARAWAK', '', '63210', 1930, 458, '', '', '60362565656', '60362565656', '', '', '', 6, 0, 0, 0, '2014-08-22', 1, '', 0, 0, '2014-08-22 02:34:20', 0, '2014-08-27 09:19:07', 0),
(42, 86, 'Supplier 01 ', '001', '56565-T', 'No.555', 'Jalan Laksamana', 'Taman Kobis', '', '68100', 1931, 458, 'EN.Akmal', 'www.supplier.com', '0664546546', '036415665', '035645644', '', '12345666', 6, 1000000, 1, 28053, '2013-01-01', 1, 'akmal@salihin.com.my', 5, 0, '2014-08-27 07:33:06', 0, '2014-08-27 09:19:07', 0),
(43, 86, 'SUPPLIER 02 SDN B', 'S02', '3423434-h', 'NO. 544', 'JALAN MUTIARA', 'TAMAN MUTIARA', '', '53444', 1933, 458, 'EN.AMIR', '', '', '', '', '', '1001000100', 0, 1, 0, 28053, '2014-08-22', 1, '', 5, 0, '2014-08-28 01:03:58', 0, '2014-08-28 04:13:54', 0),
(44, 1, 'SDSDSC', 'DS', 'SDS', 'SDS', 'SDSD', 'SDS', '', 'SDSWA', 3592, 807, 'SDS', 'SDS', 'SDS', 'SDS', 'SDS', 'SDS', 'DSD', 5, 111, 0, 33, '2014-08-29', 8, 'DANA@SDS.SD', 0, 0, '2014-08-29 04:42:41', 0, '0000-00-00 00:00:00', 0),
(45, 1, 's', 'DF', 'sds', 'sds', 'sds', 'sds', '', 'sdssd', 1921, 458, 'sds', 'sd', 'sd', 'SDS', 'sd', 'sd', 'sdsdd', 5, 12, 1, 35, '2014-08-29', 1, 'sdhhskd@sd.sd', 0, 0, '2014-08-29 07:01:09', 0, '0000-00-00 00:00:00', 0);

--
-- Triggers `supplier`
--
DROP TRIGGER IF EXISTS `trigger_default_created_date`;
DELIMITER //
CREATE TRIGGER `trigger_default_created_date` BEFORE INSERT ON `supplier`
 FOR EACH ROW if ( isnull(new.createddate) ) then
 set new.createddate=curdate();
end if
//
DELIMITER ;

-- --------------------------------------------------------

--
-- Table structure for table `supplier_address`
--

CREATE TABLE IF NOT EXISTS `supplier_address` (
  `ID` int(11) NOT NULL AUTO_INCREMENT,
  `companyID` int(11) NOT NULL,
  `supplierID` int(11) NOT NULL,
  `addressCode` varchar(50) DEFAULT NULL,
  `addressName` varchar(128) DEFAULT NULL,
  `line1` varchar(128) DEFAULT NULL,
  `line2` varchar(128) DEFAULT NULL,
  `line3` varchar(128) DEFAULT NULL,
  `city` varchar(128) DEFAULT NULL,
  `postCode` varchar(8) DEFAULT NULL,
  `stateID` int(11) DEFAULT NULL,
  `countryID` int(11) DEFAULT NULL,
  `createdBy` int(11) DEFAULT NULL,
  `createdTS` timestamp NULL DEFAULT CURRENT_TIMESTAMP,
  `updatedBy` int(11) DEFAULT NULL,
  `updatedTS` timestamp NULL DEFAULT CURRENT_TIMESTAMP,
  `is_delete` smallint(16) DEFAULT '0',
  PRIMARY KEY (`ID`)
) ENGINE=InnoDB  DEFAULT CHARSET=latin1 AUTO_INCREMENT=27 ;

--
-- Dumping data for table `supplier_address`
--

INSERT INTO `supplier_address` (`ID`, `companyID`, `supplierID`, `addressCode`, `addressName`, `line1`, `line2`, `line3`, `city`, `postCode`, `stateID`, `countryID`, `createdBy`, `createdTS`, `updatedBy`, `updatedTS`, `is_delete`) VALUES
(17, 1, 24, NULL, 'billing address', 'TAMAN SAMUDERA,', '0', '', 'gombak', '68100', 0, 0, 0, '2014-05-06 02:44:24', 0, '2014-05-09 10:27:27', 0),
(18, 1, 1, NULL, 'alamt kilang', 'TAMAN SAMUDERA,', '0', '', 'gombak', '68100', 0, 0, 0, '2014-05-06 02:48:04', 0, '2014-05-08 07:11:43', 0),
(19, 1, 1, NULL, 'cawangan', 'no jalan', '0', '', 'gombak', '68100', 0, 0, 0, '2014-05-06 02:51:00', 0, '2014-05-08 07:11:57', 0),
(20, 1, 1, NULL, 'hq', 'TAMAN SAMUDERA,', '0', '', 'GOMBAK', '68100', 0, 0, 0, '2014-05-06 02:54:04', 0, '2014-05-08 07:12:01', 0),
(21, 1, 1, NULL, 'gudang', 'TAMAN SAMUDERA,', '', '', 'gombak', '68100', 0, 0, 0, '2014-05-06 03:13:15', 0, '2014-05-08 07:12:11', 0),
(22, 1, 23, NULL, '0', 'TAMAN SAMUDERA,', '0', '0', 'gombak', '68100', 0, 0, 0, '2014-05-14 02:45:26', 0, '2014-05-14 02:45:26', 0),
(23, 1, 20, '553777', NULL, 'line1', 'line2', 'line2', 'pj', '77889', 1923, 458, 0, '2014-05-14 02:28:24', 0, '2014-05-14 08:28:27', 0),
(24, 1, 1, NULL, '0', 'FAD', 'FSDGJD', 'FSDGJD', 'SSDAS', 'SDSD', 0, 0, 0, '2014-05-19 03:33:46', 0, '2014-05-19 03:33:46', 0),
(25, 0, 1, '13221', NULL, 'fad', '', '', 'fad', '21212', 1926, 458, 0, '2014-06-01 20:21:58', NULL, '2014-06-02 02:22:14', 0),
(26, 0, 43, '001', NULL, 'Jalan Melaka', '', '', '', '', 0, 458, 0, '2014-08-27 19:18:05', NULL, '2014-08-28 01:18:14', 0);

-- --------------------------------------------------------

--
-- Table structure for table `supplier_contact`
--

CREATE TABLE IF NOT EXISTS `supplier_contact` (
  `ID` int(11) NOT NULL DEFAULT '0',
  `supplierID` int(11) NOT NULL,
  `personID` int(11) NOT NULL,
  `position` varchar(32) NOT NULL,
  `is_delete` smallint(16) NOT NULL
) ENGINE=InnoDB DEFAULT CHARSET=latin1;

--
-- Dumping data for table `supplier_contact`
--

INSERT INTO `supplier_contact` (`ID`, `supplierID`, `personID`, `position`, `is_delete`) VALUES
(0, 0, 0, 'SECRETARY', 1),
(0, 0, 0, 'SECRETARY', 1),
(0, 0, 0, 'SECRETARY', 1),
(0, 0, 0, 'HELPER', 0),
(0, 0, 0, 'SECRETARY', 0);

-- --------------------------------------------------------

--
-- Table structure for table `tax_class`
--

CREATE TABLE IF NOT EXISTS `tax_class` (
  `ID` int(11) NOT NULL AUTO_INCREMENT,
  `code` varchar(10) DEFAULT NULL,
  `shortName` varchar(10) DEFAULT NULL,
  `description` varchar(128) DEFAULT NULL,
  `taxAccount` int(11) DEFAULT NULL,
  `createdBy` int(11) DEFAULT NULL,
  `createdTS` timestamp NULL DEFAULT CURRENT_TIMESTAMP,
  `updatedBy` int(11) DEFAULT NULL,
  `updatedTS` timestamp NULL DEFAULT CURRENT_TIMESTAMP ON UPDATE CURRENT_TIMESTAMP,
  PRIMARY KEY (`ID`)
) ENGINE=InnoDB  DEFAULT CHARSET=latin1 AUTO_INCREMENT=3 ;

--
-- Dumping data for table `tax_class`
--

INSERT INTO `tax_class` (`ID`, `code`, `shortName`, `description`, `taxAccount`, `createdBy`, `createdTS`, `updatedBy`, `updatedTS`) VALUES
(1, 'GST', 'GST', 'Goods And Services Tax', NULL, NULL, '2014-05-09 11:04:42', NULL, '2014-05-11 01:24:32'),
(2, 'OTH', 'OTHER TAX', 'Other Tax', NULL, NULL, '2014-05-09 11:05:22', NULL, '2014-05-09 11:05:55');

-- --------------------------------------------------------

--
-- Table structure for table `tax_group`
--

CREATE TABLE IF NOT EXISTS `tax_group` (
  `ID` int(11) NOT NULL AUTO_INCREMENT,
  `code` varchar(10) DEFAULT NULL,
  `description` varchar(128) DEFAULT NULL,
  `taxAccount` int(11) DEFAULT NULL,
  `createdBy` int(11) DEFAULT NULL,
  `createdTS` timestamp NULL DEFAULT CURRENT_TIMESTAMP,
  `updatedBy` int(11) DEFAULT NULL,
  `updatedTS` timestamp NULL DEFAULT CURRENT_TIMESTAMP ON UPDATE CURRENT_TIMESTAMP,
  PRIMARY KEY (`ID`)
) ENGINE=InnoDB  DEFAULT CHARSET=latin1 ROW_FORMAT=COMPACT AUTO_INCREMENT=3 ;

--
-- Dumping data for table `tax_group`
--

INSERT INTO `tax_group` (`ID`, `code`, `description`, `taxAccount`, `createdBy`, `createdTS`, `updatedBy`, `updatedTS`) VALUES
(1, 'PI', 'PURCHASE/INPUT', NULL, NULL, '2014-05-09 11:06:33', NULL, '2014-08-27 12:24:37'),
(2, 'SO', 'SALES/OUTPUT', NULL, NULL, '2014-05-09 11:06:50', NULL, '2014-05-09 11:06:50');

-- --------------------------------------------------------

--
-- Table structure for table `tax_master`
--

CREATE TABLE IF NOT EXISTS `tax_master` (
  `ID` int(11) NOT NULL AUTO_INCREMENT,
  `companyID` int(11) NOT NULL DEFAULT '0',
  `code` varchar(10) DEFAULT NULL,
  `name` varchar(128) DEFAULT NULL,
  `taxType` int(11) DEFAULT NULL,
  `taxPercentage` double DEFAULT NULL,
  `taxClass` int(11) DEFAULT NULL,
  `taxGroup` int(11) DEFAULT NULL,
  `description` varchar(128) DEFAULT NULL,
  `taxAccount` int(11) DEFAULT NULL,
  `status` tinyint(1) DEFAULT '0',
  `createdBy` int(11) DEFAULT '0',
  `createdTS` timestamp NULL DEFAULT CURRENT_TIMESTAMP,
  `updatedBy` int(11) DEFAULT NULL,
  `updatedTS` timestamp NULL DEFAULT CURRENT_TIMESTAMP ON UPDATE CURRENT_TIMESTAMP,
  PRIMARY KEY (`ID`,`companyID`),
  KEY `FK_tax_master_tax_class` (`taxClass`),
  KEY `FK_tax_master_tax_group` (`taxGroup`),
  KEY `FK_tax_master_tax_type` (`taxType`)
) ENGINE=InnoDB  DEFAULT CHARSET=latin1 AUTO_INCREMENT=768 ;

--
-- Dumping data for table `tax_master`
--

INSERT INTO `tax_master` (`ID`, `companyID`, `code`, `name`, `taxType`, `taxPercentage`, `taxClass`, `taxGroup`, `description`, `taxAccount`, `status`, `createdBy`, `createdTS`, `updatedBy`, `updatedTS`) VALUES
(1, 1, 'SR', 'STANDARD RATED SUPPLIES WITH GST CHARGED', 1, 6, 1, 2, 'STANDARD RATED SUPPLIES WITH GST CHARGED', 261, 0, 0, '2014-05-10 23:56:37', NULL, '2014-08-19 04:56:55'),
(2, 1, 'DS', 'DEEMED SUPPLIES', 1, 6, 1, 2, 'DEEMED SUPPLIES', 261, 0, 0, '2014-05-10 23:56:37', NULL, '2014-08-19 04:56:55'),
(3, 1, 'ZRL', 'ZERO RATED SUPPLIES-LOCAL', 2, 0, 1, 2, 'ZERO RATED SUPPLIES-LOCAL', 261, 0, 0, '2014-05-10 23:56:37', NULL, '2014-08-19 04:56:55'),
(4, 1, 'ZRE', 'EXPORTED GOOD SUPPLIES', 3, 0, 1, 2, 'EXPORTED GOOD SUPPLIES', 261, 0, 0, '2014-05-10 19:02:03', NULL, '2014-08-19 04:56:55'),
(5, 1, 'ES43', 'INCIDENTAL EXEMPT SUPPLIES', 4, 0, 1, 2, 'INCIDENTAL EXEMPT SUPPLIES', 261, 0, 0, '2014-05-12 01:36:01', NULL, '2014-08-19 04:56:55'),
(6, 1, 'ES', 'EXEMPT SUPPLIES UNDER GST', 4, 0, 1, 2, 'EXEMPT SUPPLIES UNDER GST', 261, 0, 0, '2014-05-12 01:36:01', NULL, '2014-08-19 04:56:55'),
(7, 1, 'OS', 'OUT-OF-SCOPE SUPPLIES', 5, 0, 1, 2, 'OUT-OF-SCOPE SUPPLIES', 261, 0, 0, '2014-05-12 01:36:01', NULL, '2014-08-19 04:56:55'),
(8, 1, 'RS', 'RELIEF SUPPLIES UNDER GST', 6, 0, 1, 2, 'RELIEF SUPPLIES UNDER GST', 261, 0, 0, '2014-05-12 01:36:01', NULL, '2014-08-19 04:56:55'),
(9, 1, 'GS', 'DISREGARDED SUPPLIES', 7, 0, 1, 2, 'DISREGARDED SUPPLIES', 261, 0, 0, '2014-05-12 01:36:01', NULL, '2014-08-19 04:56:55'),
(10, 1, 'AJS', 'ANY ADJUSTMENT MADE TO OUTPUT TAX', 8, 6, 1, 2, 'ANY ADJUSTMENT MADE TO OUTPUT TAX', 261, 0, 0, '2014-05-12 01:36:01', NULL, '2014-08-19 04:56:55'),
(11, 1, 'ST-MF', 'SALES TAX FOR GOODS MANUFACTURING ', 9, 10, 2, 2, 'SALES TAX FOR GOODS MANUFACTURING ', 0, 0, 0, '2014-05-12 01:36:01', NULL, '2014-08-19 04:56:55'),
(12, 1, 'ST', 'SALES TAX FOR GENERAL', 9, 5, 2, 2, 'SALES TAX FOR GENERAL', 0, 0, 0, '2014-05-12 01:36:01', NULL, '2014-08-19 04:56:55'),
(13, 1, 'SERT', 'SERVICE TAX FOR GENERAL', 10, 6, 2, 2, 'SERVICE TAX FOR GENERAL', 0, 0, 0, '2014-05-12 01:36:01', NULL, '2014-08-19 04:56:55'),
(14, 1, 'TX', 'PURCHASE WITH GST INCURRED AT 6% AND DIRECTLY ATTRIBUTABLE TO TAXABLE SUPPLIES', 11, 6, 1, 1, 'PURCHASE WITH GST INCURRED AT 6% AND DIRECTLY ATTRIBUTABLE TO TAXABLE SUPPLIES', 32, 0, 0, '2014-05-12 01:36:01', 1, '2014-08-27 03:59:15'),
(15, 1, 'IM', 'GST INCURRED FOR IMPORT OF GOODS', 11, 6, 1, 1, 'GST INCURRED FOR IMPORT OF GOODS', 255, 0, 0, '2014-05-12 01:36:01', NULL, '2014-08-12 04:30:07'),
(16, 1, 'IMS', 'GST INCURRED FOR IMPORT OF SERVICES (REVERSED MECHANISM)', 11, 6, 1, 1, 'GST INCURRED FOR IMPORT OF SERVICES (REVERSED MECHANISM)', 255, 0, 0, '2014-05-12 01:36:01', NULL, '2014-08-12 04:30:07'),
(17, 1, 'IS', 'IMPORTED UNDER SPECIAL SCHEME WITH NO GST INCURRED', 12, 0, 1, 1, 'IMPORTED UNDER SPECIAL SCHEME WITH NO GST INCURRED', 255, 0, 0, '2014-05-12 01:36:01', NULL, '2014-08-12 04:30:07'),
(18, 1, 'BL', 'PURCHASE WITH GST INCURRED BUT NOT CLAIMBLE', 13, 6, 1, 1, 'PURCHASE WITH GST INCURRED BUT NOT CLAIMBLE', 255, 0, 0, '2014-05-12 01:36:01', NULL, '2014-08-12 04:30:07'),
(19, 1, 'NR', 'PURCHASE FROM NON GST-REGISTERED SUPPLIER WITH NO GST INCURRED', 14, 0, 1, 1, 'PURCHASE FROM NON GST-REGISTERED SUPPLIER WITH NO GST INCURRED', 255, 0, 0, '2014-05-12 01:36:01', NULL, '2014-08-12 04:30:07'),
(20, 1, 'ZP', 'PURCHASE FROM GST-REGISTERED SUPPLIER WITH NO GST INCURRED', 15, 0, 1, 1, 'PURCHASE FROM GST-REGISTERED SUPPLIER WITH NO GST INCURRED', 255, 0, 0, '2014-05-12 01:36:01', NULL, '2014-08-12 04:30:07'),
(21, 1, 'EP', 'PURCHASE EXEMPTED FROM GST', 16, 0, 1, 1, 'PURCHASE EXEMPTED FROM GST', 255, 0, 0, '2014-05-12 01:36:01', NULL, '2014-08-12 04:30:07'),
(22, 1, 'OP', 'PURCHASE TRANSACTIONS WHICH IS OUT OF THE SCOPE OF GST LEGISLATION', 5, 0, 1, 1, 'PURCHASE TRANSACTIONS WHICH IS OUT OF THE SCOPE', 255, 0, 0, '2014-05-12 01:36:01', NULL, '2014-08-12 04:30:07'),
(23, 1, 'TX-E43', 'GST INCURRED DIRECTLY ATTRIBUTABLE TO INCIDENTAL EXEMPT SUPPLIES', 11, 6, 1, 1, 'GST INCURRED DIRECTLY ATTRIBUTABLE TO INCIDENTAL EXEMPT SUPPLIES', 255, 0, 0, '2014-05-12 01:36:01', NULL, '2014-08-12 04:30:07'),
(24, 1, 'TX-N43', 'GST  INCURRED DIRECTLY ATTRIBUTABLE TO NON-INCIDENTAL EXEMPT SUPPLIES', 11, 6, 1, 1, 'GST  INCURRED DIRECTLY ATTRIBUTABLE TO NON-INCIDENTAL EXEMPT SUPPLIES', 255, 0, 0, '2014-05-12 01:36:01', NULL, '2014-08-12 04:30:07'),
(25, 1, 'TX-RE', 'GST INCURRED THAT IS NOT DIRECTLY ATTRIBUTABLE TO TAXABLE OR EXEMPT SUPPLIES', 11, 6, 1, 1, 'GST INCURRED THAT IS NOT DIRECTLY ATTRIBUTABLE TO TAXABLE OR EXEMPT SUPPLIES', 255, 0, 0, '2014-05-12 01:36:01', NULL, '2014-08-12 04:30:07'),
(26, 1, 'GP', 'PURCHASE TRANSACTION WHICH LEGISLATION', 19, 0, 1, 1, 'PURCHASE TRANSACTION WHICH LEGISLATION', 255, 0, 0, '2014-05-12 01:36:01', NULL, '2014-08-19 04:36:52'),
(27, 1, 'AJP', 'ANY ADJUSTMENT MADE TO INPUT TAX', 20, 6, 1, 1, 'ANY ADJUSTMENT MADE TO INPUT TAX', 255, 0, 0, '2014-05-12 01:36:01', NULL, '2014-08-19 04:45:40'),
(28, 1, 'ST-1', 'SALES TAX FOR GOODS MANUFACTURING ', 9, 10, 2, 1, 'SALES TAX FOR GOODS MANUFACTURING ', 0, 0, 0, '2014-05-12 01:36:01', NULL, '2014-08-12 04:36:03'),
(29, 1, 'ST-2', 'SALES TAX FOR GENERAL', 9, 10, 2, 1, 'SALES TAX FOR GENERAL', 0, 0, 0, '2014-05-12 01:36:01', NULL, '2014-08-12 04:36:03'),
(30, 1, 'SERT-1', 'SERVICE TAX FOR GENERAL', 10, 6, 2, 1, 'SERVICE TAX FOR GENERAL', 0, 0, 0, '2014-05-12 01:36:01', NULL, '2014-08-12 04:36:03'),
(31, 1, 'IMPD-1', 'IMPORT DUTY FOR CUSTOMS IMPORTED GOODS', 17, 0, 2, 1, 'IMPORT DUTY FOR CUSTOMS IMPORTED GOODS', 0, 0, 0, '2014-05-12 01:36:01', NULL, '2014-08-12 04:36:03'),
(32, 1, 'IMPD-2', 'IMPORT DUTY FOR CUSTOMS OPEN AP', 17, 0, 2, 1, 'IMPORT DUTY FOR CUSTOMS OPEN AP', 0, 0, 0, '2014-05-12 01:36:01', NULL, '2014-08-12 04:36:03'),
(33, 1, 'IMPD-3', 'IMPORT DUTY FOR CUTOMS FRANCHAISE AP', 17, 0, 2, 1, 'IMPORT DUTY FOR CUTOMS FRANCHAISE AP', 0, 0, 0, '2014-05-12 01:36:01', NULL, '2014-08-12 04:36:03'),
(34, 1, 'EXD', 'EXCISE DUTY CUSTOMS', 18, 0, 2, 1, 'EXCISE DUTY CUSTOMS', 0, 0, 0, '2014-05-12 01:36:01', NULL, '2014-08-12 04:36:03'),
(35, 15, 'SR', 'STANDARD RATED SUPPLIES WITH GST CHARGED', 1, 6, 1, 2, 'STANDARD RATED SUPPLIES WITH GST CHARGED', 261, 0, 0, '2014-08-12 09:08:43', NULL, '2014-08-19 04:56:55'),
(36, 15, 'DS', 'DEEMED SUPPLIES', 1, 6, 1, 2, 'DEEMED SUPPLIES', 261, 0, 0, '2014-08-12 09:08:43', NULL, '2014-08-19 04:56:55'),
(37, 15, 'ZRL', 'ZERO RATED SUPPLIES-LOCAL', 2, 0, 1, 2, 'ZERO RATED SUPPLIES-LOCAL', 261, 0, 0, '2014-08-12 09:08:43', NULL, '2014-08-19 04:56:55'),
(38, 15, 'ZRE', 'EXPORTED GOOD SUPPLIES', 3, 0, 1, 2, 'EXPORTED GOOD SUPPLIES', 261, 0, 0, '2014-08-12 09:08:43', NULL, '2014-08-19 04:56:55'),
(39, 15, 'ES43', 'INCIDENTAL EXEMPT SUPPLIES', 4, 0, 1, 2, 'INCIDENTAL EXEMPT SUPPLIES', 261, 0, 0, '2014-08-12 09:08:43', NULL, '2014-08-19 04:56:55'),
(40, 15, 'ES', 'EXEMPT SUPPLIES UNDER GST', 4, 0, 1, 2, 'EXEMPT SUPPLIES UNDER GST', 261, 0, 0, '2014-08-12 09:08:43', NULL, '2014-08-19 04:56:55'),
(41, 15, 'OS', 'OUT-OF-SCOPE SUPPLIES', 5, 0, 1, 2, 'OUT-OF-SCOPE SUPPLIES', 261, 0, 0, '2014-08-12 09:08:43', NULL, '2014-08-19 04:56:55'),
(42, 15, 'RS', 'RELIEF SUPPLIES UNDER GST', 6, 0, 1, 2, 'RELIEF SUPPLIES UNDER GST', 261, 0, 0, '2014-08-12 09:08:43', NULL, '2014-08-19 04:56:55'),
(43, 15, 'GS', 'DISREGARDED SUPPLIES', 7, 0, 1, 2, 'DISREGARDED SUPPLIES', 261, 0, 0, '2014-08-12 09:08:43', NULL, '2014-08-19 04:56:55'),
(44, 15, 'AJS', 'ANY ADJUSTMENT MADE TO OUTPUT TAX', 8, 6, 1, 2, 'ANY ADJUSTMENT MADE TO OUTPUT TAX', 261, 0, 0, '2014-08-12 09:08:43', NULL, '2014-08-19 04:56:55'),
(45, 15, 'ST-MF', 'SALES TAX FOR GOODS MANUFACTURING ', 9, 10, 2, 2, 'SALES TAX FOR GOODS MANUFACTURING ', NULL, 0, 0, '2014-08-12 09:08:43', NULL, '2014-08-19 04:56:55'),
(46, 15, 'ST', 'SALES TAX FOR GENERAL', 9, 5, 2, 2, 'SALES TAX FOR GENERAL', NULL, 0, 0, '2014-08-12 09:08:43', NULL, '2014-08-19 04:56:55'),
(47, 15, 'SERT', 'SERVICE TAX FOR GENERAL', 10, 6, 2, 2, 'SERVICE TAX FOR GENERAL', NULL, 0, 0, '2014-08-12 09:08:43', NULL, '2014-08-19 04:56:55'),
(48, 15, 'TX', 'PURCHASE WITH GST INCURRED AT 6% AND DIRECTLY ATTRIBUTABLE TO TAXABLE SUPPLIES', 11, 6, 1, 1, 'PURCHASE WITH GST INCURRED AT 6% AND DIRECTLY ATTRIBUTABLE TO TAXABLE SUPPLIES', 261, 0, 0, '2014-08-12 09:08:43', NULL, '2014-08-19 04:49:13'),
(49, 15, 'IM', 'GST INCURRED FOR IMPORT OF GOODS', 11, 6, 1, 1, 'GST INCURRED FOR IMPORT OF GOODS', 255, 0, 0, '2014-08-12 09:08:43', NULL, '2014-08-13 02:35:41'),
(50, 15, 'IMS', 'GST INCURRED FOR IMPORT OF SERVICES (REVERSED MECHANISM)', 11, 6, 1, 1, 'GST INCURRED FOR IMPORT OF SERVICES (REVERSED MECHANISM)', 255, 0, 0, '2014-08-12 09:08:43', NULL, '2014-08-13 02:35:41'),
(51, 15, 'IS', 'IMPORTED UNDER SPECIAL SCHEME WITH NO GST INCURRED', 12, 0, 1, 1, 'IMPORTED UNDER SPECIAL SCHEME WITH NO GST INCURRED', 255, 0, 0, '2014-08-12 09:08:43', NULL, '2014-08-13 02:35:41'),
(52, 15, 'BL', 'PURCHASE WITH GST INCURRED BUT NOT CLAIMBLE', 13, 6, 1, 1, 'PURCHASE WITH GST INCURRED BUT NOT CLAIMBLE', 255, 0, 0, '2014-08-12 09:08:43', NULL, '2014-08-13 02:35:41'),
(53, 15, 'NR', 'PURCHASE FROM NON GST-REGISTERED SUPPLIER WITH NO GST INCURRED', 14, 0, 1, 1, 'PURCHASE FROM NON GST-REGISTERED SUPPLIER WITH NO GST INCURRED', 255, 0, 0, '2014-08-12 09:08:43', NULL, '2014-08-13 02:35:41'),
(54, 15, 'ZP', 'PURCHASE FROM GST-REGISTERED SUPPLIER WITH NO GST INCURRED', 15, 0, 1, 1, 'PURCHASE FROM GST-REGISTERED SUPPLIER WITH NO GST INCURRED', 255, 0, 0, '2014-08-12 09:08:43', NULL, '2014-08-13 02:35:41'),
(55, 15, 'EP', 'PURCHASE EXEMPTED FROM GST', 16, 0, 1, 1, 'PURCHASE EXEMPTED FROM GST', 255, 0, 0, '2014-08-12 09:08:43', NULL, '2014-08-13 02:35:41'),
(56, 15, 'OP', 'PURCHASE TRANSACTIONS WHICH IS OUT OF THE SCOPE OF GST LEGISLATION', 5, 0, 1, 1, 'PURCHASE TRANSACTIONS WHICH IS OUT OF THE SCOPE', 255, 0, 0, '2014-08-12 09:08:43', NULL, '2014-08-13 02:35:41'),
(57, 15, 'TX-E43', 'GST INCURRED DIRECTLY ATTRIBUTABLE TO INCIDENTAL EXEMPT SUPPLIES', 11, 6, 1, 1, 'GST INCURRED DIRECTLY ATTRIBUTABLE TO INCIDENTAL EXEMPT SUPPLIES', 255, 0, 0, '2014-08-12 09:08:43', NULL, '2014-08-13 02:35:41'),
(58, 15, 'TX-N43', 'GST  INCURRED DIRECTLY ATTRIBUTABLE TO NON-INCIDENTAL EXEMPT SUPPLIES', 11, 6, 1, 1, 'GST  INCURRED DIRECTLY ATTRIBUTABLE TO NON-INCIDENTAL EXEMPT SUPPLIES', 255, 0, 0, '2014-08-12 09:08:43', NULL, '2014-08-13 02:35:41'),
(59, 15, 'TX-RE', 'GST INCURRED THAT IS NOT DIRECTLY ATTRIBUTABLE TO TAXABLE OR EXEMPT SUPPLIES', 11, 6, 1, 1, 'GST INCURRED THAT IS NOT DIRECTLY ATTRIBUTABLE TO TAXABLE OR EXEMPT SUPPLIES', 255, 0, 0, '2014-08-12 09:08:43', NULL, '2014-08-13 02:35:41'),
(60, 15, 'GP', 'PURCHASE TRANSACTION WHICH LEGISLATION', 19, 0, 1, 1, 'PURCHASE TRANSACTION WHICH LEGISLATION', 255, 0, 0, '2014-08-12 09:08:43', NULL, '2014-08-19 04:36:52'),
(61, 15, 'AJP', 'ANY ADJUSTMENT MADE TO INPUT TAX', 20, 6, 1, 1, 'ANY ADJUSTMENT MADE TO INPUT TAX', 255, 0, 0, '2014-08-12 09:08:43', NULL, '2014-08-19 04:45:40'),
(62, 15, 'ST-1', 'SALES TAX FOR GOODS MANUFACTURING ', 9, 10, 2, 1, 'SALES TAX FOR GOODS MANUFACTURING ', NULL, 0, 0, '2014-08-12 09:08:43', NULL, '2014-08-13 02:35:41'),
(63, 15, 'ST-2', 'SALES TAX FOR GENERAL', 9, 10, 2, 1, 'SALES TAX FOR GENERAL', NULL, 0, 0, '2014-08-12 09:08:43', NULL, '2014-08-13 02:35:41'),
(64, 15, 'SERT-1', 'SERVICE TAX FOR GENERAL', 10, 6, 2, 1, 'SERVICE TAX FOR GENERAL', NULL, 0, 0, '2014-08-12 09:08:43', NULL, '2014-08-13 02:35:41'),
(65, 15, 'IMPD-1', 'IMPORT DUTY FOR CUSTOMS IMPORTED GOODS', 17, 0, 2, 1, 'IMPORT DUTY FOR CUSTOMS IMPORTED GOODS', NULL, 0, 0, '2014-08-12 09:08:43', NULL, '2014-08-13 02:35:41'),
(66, 15, 'IMPD-2', 'IMPORT DUTY FOR CUSTOMS OPEN AP', 17, 0, 2, 1, 'IMPORT DUTY FOR CUSTOMS OPEN AP', NULL, 0, 0, '2014-08-12 09:08:43', NULL, '2014-08-13 02:35:41'),
(67, 15, 'IMPD-3', 'IMPORT DUTY FOR CUTOMS FRANCHAISE AP', 17, 0, 2, 1, 'IMPORT DUTY FOR CUTOMS FRANCHAISE AP', NULL, 0, 0, '2014-08-12 09:08:43', NULL, '2014-08-13 02:35:41'),
(68, 15, 'EXD', 'EXCISE DUTY CUSTOMS', 18, 0, 2, 1, 'EXCISE DUTY CUSTOMS', NULL, 0, 0, '2014-08-12 09:08:43', NULL, '2014-08-13 02:35:41'),
(98, 84, 'SR', 'STANDARD RATED SUPPLIES WITH GST CHARGED', 1, 6, 1, 2, 'STANDARD RATED SUPPLIES WITH GST CHARGED', 27498, 0, 0, '2014-08-12 11:39:51', NULL, '2014-08-19 04:56:55'),
(99, 84, 'DS', 'DEEMED SUPPLIES', 1, 6, 1, 2, 'DEEMED SUPPLIES', 27498, 0, 0, '2014-08-12 11:39:51', NULL, '2014-08-19 04:56:55'),
(100, 84, 'ZRL', 'ZERO RATED SUPPLIES-LOCAL', 2, 0, 1, 2, 'ZERO RATED SUPPLIES-LOCAL', 27498, 0, 0, '2014-08-12 11:39:51', NULL, '2014-08-19 04:56:55'),
(101, 84, 'ZRE', 'EXPORTED GOOD SUPPLIES', 3, 0, 1, 2, 'EXPORTED GOOD SUPPLIES', 27498, 0, 0, '2014-08-12 11:39:51', NULL, '2014-08-19 04:56:55'),
(102, 84, 'ES43', 'INCIDENTAL EXEMPT SUPPLIES', 4, 0, 1, 2, 'INCIDENTAL EXEMPT SUPPLIES', 27498, 0, 0, '2014-08-12 11:39:51', NULL, '2014-08-19 04:56:55'),
(103, 84, 'ES', 'EXEMPT SUPPLIES UNDER GST', 4, 0, 1, 2, 'EXEMPT SUPPLIES UNDER GST', 27498, 0, 0, '2014-08-12 11:39:51', NULL, '2014-08-19 04:56:55'),
(104, 84, 'OS', 'OUT-OF-SCOPE SUPPLIES', 5, 0, 1, 2, 'OUT-OF-SCOPE SUPPLIES', 27498, 0, 0, '2014-08-12 11:39:51', NULL, '2014-08-19 04:56:55'),
(105, 84, 'RS', 'RELIEF SUPPLIES UNDER GST', 6, 0, 1, 2, 'RELIEF SUPPLIES UNDER GST', 27498, 0, 0, '2014-08-12 11:39:51', NULL, '2014-08-19 04:56:55'),
(106, 84, 'GS', 'DISREGARDED SUPPLIES', 7, 0, 1, 2, 'DISREGARDED SUPPLIES', 27498, 0, 0, '2014-08-12 11:39:51', NULL, '2014-08-19 04:56:55'),
(107, 84, 'AJS', 'ANY ADJUSTMENT MADE TO OUTPUT TAX', 8, 6, 1, 2, 'ANY ADJUSTMENT MADE TO OUTPUT TAX', 27498, 0, 0, '2014-08-12 11:39:51', NULL, '2014-08-19 04:56:55'),
(108, 84, 'ST-MF', 'SALES TAX FOR GOODS MANUFACTURING ', 9, 10, 2, 2, 'SALES TAX FOR GOODS MANUFACTURING ', NULL, 0, 0, '2014-08-12 11:39:51', NULL, '2014-08-19 04:56:55'),
(109, 84, 'ST', 'SALES TAX FOR GENERAL', 9, 5, 2, 2, 'SALES TAX FOR GENERAL', NULL, 0, 0, '2014-08-12 11:39:51', NULL, '2014-08-19 04:56:55'),
(110, 84, 'SERT', 'SERVICE TAX FOR GENERAL', 10, 6, 2, 2, 'SERVICE TAX FOR GENERAL', NULL, 0, 0, '2014-08-12 11:39:51', NULL, '2014-08-19 04:56:55'),
(111, 84, 'TX', 'PURCHASE WITH GST INCURRED AT 6% AND DIRECTLY ATTRIBUTABLE TO TAXABLE SUPPLIES', 11, 6, 1, 1, 'PURCHASE WITH GST INCURRED AT 6% AND DIRECTLY ATTRIBUTABLE TO TAXABLE SUPPLIES', 27498, 0, 0, '2014-08-12 11:39:51', NULL, '2014-08-19 04:49:13'),
(112, 84, 'IM', 'GST INCURRED FOR IMPORT OF GOODS', 11, 6, 1, 1, 'GST INCURRED FOR IMPORT OF GOODS', 27537, 0, 0, '2014-08-12 11:39:51', NULL, '2014-08-13 02:35:41'),
(113, 84, 'IMS', 'GST INCURRED FOR IMPORT OF SERVICES (REVERSED MECHANISM)', 11, 6, 1, 1, 'GST INCURRED FOR IMPORT OF SERVICES (REVERSED MECHANISM)', 27537, 0, 0, '2014-08-12 11:39:51', NULL, '2014-08-13 02:35:41'),
(114, 84, 'IS', 'IMPORTED UNDER SPECIAL SCHEME WITH NO GST INCURRED', 12, 0, 1, 1, 'IMPORTED UNDER SPECIAL SCHEME WITH NO GST INCURRED', 27537, 0, 0, '2014-08-12 11:39:51', NULL, '2014-08-13 02:35:41'),
(115, 84, 'BL', 'PURCHASE WITH GST INCURRED BUT NOT CLAIMBLE', 13, 6, 1, 1, 'PURCHASE WITH GST INCURRED BUT NOT CLAIMBLE', 27537, 0, 0, '2014-08-12 11:39:51', NULL, '2014-08-13 02:35:41'),
(116, 84, 'NR', 'PURCHASE FROM NON GST-REGISTERED SUPPLIER WITH NO GST INCURRED', 14, 0, 1, 1, 'PURCHASE FROM NON GST-REGISTERED SUPPLIER WITH NO GST INCURRED', 27537, 0, 0, '2014-08-12 11:39:51', NULL, '2014-08-13 02:35:41'),
(117, 84, 'ZP', 'PURCHASE FROM GST-REGISTERED SUPPLIER WITH NO GST INCURRED', 15, 0, 1, 1, 'PURCHASE FROM GST-REGISTERED SUPPLIER WITH NO GST INCURRED', 27537, 0, 0, '2014-08-12 11:39:51', NULL, '2014-08-13 02:35:41'),
(118, 84, 'EP', 'PURCHASE EXEMPTED FROM GST', 16, 0, 1, 1, 'PURCHASE EXEMPTED FROM GST', 27537, 0, 0, '2014-08-12 11:39:51', NULL, '2014-08-13 02:35:41'),
(119, 84, 'OP', 'PURCHASE TRANSACTIONS WHICH IS OUT OF THE SCOPE OF GST LEGISLATION', 5, 0, 1, 1, 'PURCHASE TRANSACTIONS WHICH IS OUT OF THE SCOPE', 27537, 0, 0, '2014-08-12 11:39:51', NULL, '2014-08-13 02:35:41'),
(120, 84, 'TX-E43', 'GST INCURRED DIRECTLY ATTRIBUTABLE TO INCIDENTAL EXEMPT SUPPLIES', 11, 6, 1, 1, 'GST INCURRED DIRECTLY ATTRIBUTABLE TO INCIDENTAL EXEMPT SUPPLIES', 27537, 0, 0, '2014-08-12 11:39:51', NULL, '2014-08-13 02:35:41'),
(121, 84, 'TX-N43', 'GST  INCURRED DIRECTLY ATTRIBUTABLE TO NON-INCIDENTAL EXEMPT SUPPLIES', 11, 6, 1, 1, 'GST  INCURRED DIRECTLY ATTRIBUTABLE TO NON-INCIDENTAL EXEMPT SUPPLIES', 27537, 0, 0, '2014-08-12 11:39:51', NULL, '2014-08-13 02:35:41'),
(122, 84, 'TX-RE', 'GST INCURRED THAT IS NOT DIRECTLY ATTRIBUTABLE TO TAXABLE OR EXEMPT SUPPLIES', 11, 6, 1, 1, 'GST INCURRED THAT IS NOT DIRECTLY ATTRIBUTABLE TO TAXABLE OR EXEMPT SUPPLIES', 27537, 0, 0, '2014-08-12 11:39:51', NULL, '2014-08-13 02:35:41'),
(123, 84, 'GP', 'PURCHASE TRANSACTION WHICH LEGISLATION', 19, 0, 1, 1, 'PURCHASE TRANSACTION WHICH LEGISLATION', 27537, 0, 0, '2014-08-12 11:39:51', NULL, '2014-08-19 04:36:52'),
(124, 84, 'AJP', 'ANY ADJUSTMENT MADE TO INPUT TAX', 20, 6, 1, 1, 'ANY ADJUSTMENT MADE TO INPUT TAX', 27537, 0, 0, '2014-08-12 11:39:51', NULL, '2014-08-19 04:45:40'),
(125, 84, 'ST-1', 'SALES TAX FOR GOODS MANUFACTURING ', 9, 10, 2, 1, 'SALES TAX FOR GOODS MANUFACTURING ', NULL, 0, 0, '2014-08-12 11:39:51', NULL, '2014-08-13 02:35:41'),
(126, 84, 'ST-2', 'SALES TAX FOR GENERAL', 9, 10, 2, 1, 'SALES TAX FOR GENERAL', NULL, 0, 0, '2014-08-12 11:39:51', NULL, '2014-08-13 02:35:41'),
(127, 84, 'SERT-1', 'SERVICE TAX FOR GENERAL', 10, 6, 2, 1, 'SERVICE TAX FOR GENERAL', NULL, 0, 0, '2014-08-12 11:39:51', NULL, '2014-08-13 02:35:41'),
(128, 84, 'IMPD-1', 'IMPORT DUTY FOR CUSTOMS IMPORTED GOODS', 17, 0, 2, 1, 'IMPORT DUTY FOR CUSTOMS IMPORTED GOODS', NULL, 0, 0, '2014-08-12 11:39:51', NULL, '2014-08-13 02:35:41'),
(129, 84, 'IMPD-2', 'IMPORT DUTY FOR CUSTOMS OPEN AP', 17, 0, 2, 1, 'IMPORT DUTY FOR CUSTOMS OPEN AP', NULL, 0, 0, '2014-08-12 11:39:51', NULL, '2014-08-13 02:35:41'),
(130, 84, 'IMPD-3', 'IMPORT DUTY FOR CUTOMS FRANCHAISE AP', 17, 0, 2, 1, 'IMPORT DUTY FOR CUTOMS FRANCHAISE AP', NULL, 0, 0, '2014-08-12 11:39:51', NULL, '2014-08-13 02:35:41'),
(131, 84, 'EXD', 'EXCISE DUTY CUSTOMS', 18, 0, 2, 1, 'EXCISE DUTY CUSTOMS', NULL, 0, 0, '2014-08-12 11:39:51', NULL, '2014-08-13 02:35:41'),
(161, 7, 'SR', 'STANDARD RATED SUPPLIES WITH GST CHARGED', 1, 6, 1, 2, 'STANDARD RATED SUPPLIES WITH GST CHARGED', NULL, 0, 0, '2014-08-12 11:42:07', NULL, '2014-08-19 04:56:55'),
(162, 7, 'DS', 'DEEMED SUPPLIES', 1, 6, 1, 2, 'DEEMED SUPPLIES', NULL, 0, 0, '2014-08-12 11:42:07', NULL, '2014-08-19 04:56:55'),
(163, 7, 'ZRL', 'ZERO RATED SUPPLIES-LOCAL', 2, 0, 1, 2, 'ZERO RATED SUPPLIES-LOCAL', NULL, 0, 0, '2014-08-12 11:42:07', NULL, '2014-08-19 04:56:55'),
(164, 7, 'ZRE', 'EXPORTED GOOD SUPPLIES', 3, 0, 1, 2, 'EXPORTED GOOD SUPPLIES', NULL, 0, 0, '2014-08-12 11:42:07', NULL, '2014-08-19 04:56:55'),
(165, 7, 'ES43', 'INCIDENTAL EXEMPT SUPPLIES', 4, 0, 1, 2, 'INCIDENTAL EXEMPT SUPPLIES', NULL, 0, 0, '2014-08-12 11:42:07', NULL, '2014-08-19 04:56:55'),
(166, 7, 'ES', 'EXEMPT SUPPLIES UNDER GST', 4, 0, 1, 2, 'EXEMPT SUPPLIES UNDER GST', NULL, 0, 0, '2014-08-12 11:42:07', NULL, '2014-08-19 04:56:55'),
(167, 7, 'OS', 'OUT-OF-SCOPE SUPPLIES', 5, 0, 1, 2, 'OUT-OF-SCOPE SUPPLIES', NULL, 0, 0, '2014-08-12 11:42:07', NULL, '2014-08-19 04:56:55'),
(168, 7, 'RS', 'RELIEF SUPPLIES UNDER GST', 6, 0, 1, 2, 'RELIEF SUPPLIES UNDER GST', NULL, 0, 0, '2014-08-12 11:42:07', NULL, '2014-08-19 04:56:55'),
(169, 7, 'GS', 'DISREGARDED SUPPLIES', 7, 0, 1, 2, 'DISREGARDED SUPPLIES', NULL, 0, 0, '2014-08-12 11:42:07', NULL, '2014-08-19 04:56:55'),
(170, 7, 'AJS', 'ANY ADJUSTMENT MADE TO OUTPUT TAX', 8, 6, 1, 2, 'ANY ADJUSTMENT MADE TO OUTPUT TAX', NULL, 0, 0, '2014-08-12 11:42:07', NULL, '2014-08-19 04:56:55'),
(171, 7, 'ST-MF', 'SALES TAX FOR GOODS MANUFACTURING ', 9, 10, 2, 2, 'SALES TAX FOR GOODS MANUFACTURING ', NULL, 0, 0, '2014-08-12 11:42:07', NULL, '2014-08-19 04:56:55'),
(172, 7, 'ST', 'SALES TAX FOR GENERAL', 9, 5, 2, 2, 'SALES TAX FOR GENERAL', NULL, 0, 0, '2014-08-12 11:42:07', NULL, '2014-08-19 04:56:55'),
(173, 7, 'SERT', 'SERVICE TAX FOR GENERAL', 10, 6, 2, 2, 'SERVICE TAX FOR GENERAL', NULL, 0, 0, '2014-08-12 11:42:07', NULL, '2014-08-19 04:56:55'),
(174, 7, 'TX', 'PURCHASE WITH GST INCURRED AT 6% AND DIRECTLY ATTRIBUTABLE TO TAXABLE SUPPLIES', 11, 6, 1, 1, 'PURCHASE WITH GST INCURRED AT 6% AND DIRECTLY ATTRIBUTABLE TO TAXABLE SUPPLIES', NULL, 0, 0, '2014-08-12 11:42:07', NULL, '2014-08-19 04:49:13'),
(175, 7, 'IM', 'GST INCURRED FOR IMPORT OF GOODS', 11, 6, 1, 1, 'GST INCURRED FOR IMPORT OF GOODS', NULL, 0, 0, '2014-08-12 11:42:07', NULL, '2014-08-13 02:35:41'),
(176, 7, 'IMS', 'GST INCURRED FOR IMPORT OF SERVICES (REVERSED MECHANISM)', 11, 6, 1, 1, 'GST INCURRED FOR IMPORT OF SERVICES (REVERSED MECHANISM)', NULL, 0, 0, '2014-08-12 11:42:07', NULL, '2014-08-13 02:35:41'),
(177, 7, 'IS', 'IMPORTED UNDER SPECIAL SCHEME WITH NO GST INCURRED', 12, 0, 1, 1, 'IMPORTED UNDER SPECIAL SCHEME WITH NO GST INCURRED', NULL, 0, 0, '2014-08-12 11:42:07', NULL, '2014-08-13 02:35:41'),
(178, 7, 'BL', 'PURCHASE WITH GST INCURRED BUT NOT CLAIMBLE', 13, 6, 1, 1, 'PURCHASE WITH GST INCURRED BUT NOT CLAIMBLE', NULL, 0, 0, '2014-08-12 11:42:07', NULL, '2014-08-13 02:35:41'),
(179, 7, 'NR', 'PURCHASE FROM NON GST-REGISTERED SUPPLIER WITH NO GST INCURRED', 14, 0, 1, 1, 'PURCHASE FROM NON GST-REGISTERED SUPPLIER WITH NO GST INCURRED', NULL, 0, 0, '2014-08-12 11:42:07', NULL, '2014-08-13 02:35:41'),
(180, 7, 'ZP', 'PURCHASE FROM GST-REGISTERED SUPPLIER WITH NO GST INCURRED', 15, 0, 1, 1, 'PURCHASE FROM GST-REGISTERED SUPPLIER WITH NO GST INCURRED', NULL, 0, 0, '2014-08-12 11:42:07', NULL, '2014-08-13 02:35:41'),
(181, 7, 'EP', 'PURCHASE EXEMPTED FROM GST', 16, 0, 1, 1, 'PURCHASE EXEMPTED FROM GST', NULL, 0, 0, '2014-08-12 11:42:07', NULL, '2014-08-13 02:35:41'),
(182, 7, 'OP', 'PURCHASE TRANSACTIONS WHICH IS OUT OF THE SCOPE OF GST LEGISLATION', 5, 0, 1, 1, 'PURCHASE TRANSACTIONS WHICH IS OUT OF THE SCOPE', NULL, 0, 0, '2014-08-12 11:42:07', NULL, '2014-08-13 02:35:41'),
(183, 7, 'TX-E43', 'GST INCURRED DIRECTLY ATTRIBUTABLE TO INCIDENTAL EXEMPT SUPPLIES', 11, 6, 1, 1, 'GST INCURRED DIRECTLY ATTRIBUTABLE TO INCIDENTAL EXEMPT SUPPLIES', NULL, 0, 0, '2014-08-12 11:42:07', NULL, '2014-08-13 02:35:41'),
(184, 7, 'TX-N43', 'GST  INCURRED DIRECTLY ATTRIBUTABLE TO NON-INCIDENTAL EXEMPT SUPPLIES', 11, 6, 1, 1, 'GST  INCURRED DIRECTLY ATTRIBUTABLE TO NON-INCIDENTAL EXEMPT SUPPLIES', NULL, 0, 0, '2014-08-12 11:42:07', NULL, '2014-08-13 02:35:41'),
(185, 7, 'TX-RE', 'GST INCURRED THAT IS NOT DIRECTLY ATTRIBUTABLE TO TAXABLE OR EXEMPT SUPPLIES', 11, 6, 1, 1, 'GST INCURRED THAT IS NOT DIRECTLY ATTRIBUTABLE TO TAXABLE OR EXEMPT SUPPLIES', NULL, 0, 0, '2014-08-12 11:42:07', NULL, '2014-08-13 02:35:41'),
(186, 7, 'GP', 'PURCHASE TRANSACTION WHICH LEGISLATION', 19, 0, 1, 1, 'PURCHASE TRANSACTION WHICH LEGISLATION', NULL, 0, 0, '2014-08-12 11:42:07', NULL, '2014-08-19 04:36:52'),
(187, 7, 'AJP', 'ANY ADJUSTMENT MADE TO INPUT TAX', 20, 6, 1, 1, 'ANY ADJUSTMENT MADE TO INPUT TAX', NULL, 0, 0, '2014-08-12 11:42:07', NULL, '2014-08-19 04:45:40'),
(188, 7, 'ST-1', 'SALES TAX FOR GOODS MANUFACTURING ', 9, 10, 2, 1, 'SALES TAX FOR GOODS MANUFACTURING ', NULL, 0, 0, '2014-08-12 11:42:07', NULL, '2014-08-13 02:35:41'),
(189, 7, 'ST-2', 'SALES TAX FOR GENERAL', 9, 10, 2, 1, 'SALES TAX FOR GENERAL', NULL, 0, 0, '2014-08-12 11:42:07', NULL, '2014-08-13 02:35:41'),
(190, 7, 'SERT-1', 'SERVICE TAX FOR GENERAL', 10, 6, 2, 1, 'SERVICE TAX FOR GENERAL', NULL, 0, 0, '2014-08-12 11:42:07', NULL, '2014-08-13 02:35:41'),
(191, 7, 'IMPD-1', 'IMPORT DUTY FOR CUSTOMS IMPORTED GOODS', 17, 0, 2, 1, 'IMPORT DUTY FOR CUSTOMS IMPORTED GOODS', NULL, 0, 0, '2014-08-12 11:42:07', NULL, '2014-08-13 02:35:41'),
(192, 7, 'IMPD-2', 'IMPORT DUTY FOR CUSTOMS OPEN AP', 17, 0, 2, 1, 'IMPORT DUTY FOR CUSTOMS OPEN AP', NULL, 0, 0, '2014-08-12 11:42:07', NULL, '2014-08-13 02:35:41'),
(193, 7, 'IMPD-3', 'IMPORT DUTY FOR CUTOMS FRANCHAISE AP', 17, 0, 2, 1, 'IMPORT DUTY FOR CUTOMS FRANCHAISE AP', NULL, 0, 0, '2014-08-12 11:42:07', NULL, '2014-08-13 02:35:41'),
(194, 7, 'EXD', 'EXCISE DUTY CUSTOMS', 18, 0, 2, 1, 'EXCISE DUTY CUSTOMS', NULL, 0, 0, '2014-08-12 11:42:07', NULL, '2014-08-13 02:35:41'),
(224, 86, 'SR', 'STANDARD RATED SUPPLIES WITH GST CHARGED', 1, 6, 1, 2, 'STANDARD RATED SUPPLIES WITH GST CHARGED', 28056, 0, 0, '2014-08-13 05:12:08', NULL, '2014-08-19 04:56:55'),
(225, 86, 'DS', 'DEEMED SUPPLIES', 1, 6, 1, 2, 'DEEMED SUPPLIES', 28056, 0, 0, '2014-08-13 05:12:08', NULL, '2014-08-19 04:56:55'),
(226, 86, 'ZRL', 'ZERO RATED SUPPLIES-LOCAL', 2, 0, 1, 2, 'ZERO RATED SUPPLIES-LOCAL', 28056, 0, 0, '2014-08-13 05:12:08', NULL, '2014-08-19 04:56:55'),
(227, 86, 'ZRE', 'EXPORTED GOOD SUPPLIES', 3, 0, 1, 2, 'EXPORTED GOOD SUPPLIES', 28056, 0, 0, '2014-08-13 05:12:08', NULL, '2014-08-19 04:56:55'),
(228, 86, 'ES43', 'INCIDENTAL EXEMPT SUPPLIES', 4, 0, 1, 2, 'INCIDENTAL EXEMPT SUPPLIES', 28056, 0, 0, '2014-08-13 05:12:08', NULL, '2014-08-19 04:56:55'),
(229, 86, 'ES', 'EXEMPT SUPPLIES UNDER GST', 4, 0, 1, 2, 'EXEMPT SUPPLIES UNDER GST', 28056, 0, 0, '2014-08-13 05:12:08', NULL, '2014-08-19 04:56:55'),
(230, 86, 'OS', 'OUT-OF-SCOPE SUPPLIES', 5, 0, 1, 2, 'OUT-OF-SCOPE SUPPLIES', 28056, 0, 0, '2014-08-13 05:12:08', NULL, '2014-08-19 04:56:55'),
(231, 86, 'RS', 'RELIEF SUPPLIES UNDER GST', 6, 0, 1, 2, 'RELIEF SUPPLIES UNDER GST', 28056, 0, 0, '2014-08-13 05:12:08', NULL, '2014-08-19 04:56:55'),
(232, 86, 'GS', 'DISREGARDED SUPPLIES', 7, 0, 1, 2, 'DISREGARDED SUPPLIES', 28056, 0, 0, '2014-08-13 05:12:08', NULL, '2014-08-19 04:56:55'),
(233, 86, 'AJS', 'ANY ADJUSTMENT MADE TO OUTPUT TAX', 8, 6, 1, 2, 'ANY ADJUSTMENT MADE TO OUTPUT TAX', 28056, 0, 0, '2014-08-13 05:12:08', NULL, '2014-08-19 04:56:55'),
(234, 86, 'ST-MF', 'SALES TAX FOR GOODS MANUFACTURING ', 9, 10, 2, 2, 'SALES TAX FOR GOODS MANUFACTURING ', NULL, 0, 0, '2014-08-13 05:12:08', NULL, '2014-08-19 04:56:55'),
(235, 86, 'ST', 'SALES TAX FOR GENERAL', 9, 5, 2, 2, 'SALES TAX FOR GENERAL', NULL, 0, 0, '2014-08-13 05:12:08', NULL, '2014-08-19 04:56:55'),
(236, 86, 'SERT', 'SERVICE TAX FOR GENERAL', 10, 6, 2, 2, 'SERVICE TAX FOR GENERAL', NULL, 0, 0, '2014-08-13 05:12:08', NULL, '2014-08-19 04:56:55'),
(237, 86, 'TX', 'PURCHASE WITH GST INCURRED AT 6% AND DIRECTLY ATTRIBUTABLE TO TAXABLE SUPPLIES', 11, 6, 1, 1, 'PURCHASE WITH GST INCURRED AT 6% AND DIRECTLY ATTRIBUTABLE TO TAXABLE SUPPLIES', 28050, 0, 0, '2014-08-13 05:12:08', 19, '2014-08-28 01:00:15'),
(238, 86, 'IM', 'GST INCURRED FOR IMPORT OF GOODS', 11, 6, 1, 1, 'GST INCURRED FOR IMPORT OF GOODS', 28050, 0, 0, '2014-08-13 05:12:08', NULL, '2014-08-19 04:56:55'),
(239, 86, 'IMS', 'GST INCURRED FOR IMPORT OF SERVICES (REVERSED MECHANISM)', 11, 6, 1, 1, 'GST INCURRED FOR IMPORT OF SERVICES (REVERSED MECHANISM)', 28050, 0, 0, '2014-08-13 05:12:08', NULL, '2014-08-19 04:56:55'),
(240, 86, 'IS', 'IMPORTED UNDER SPECIAL SCHEME WITH NO GST INCURRED', 12, 0, 1, 1, 'IMPORTED UNDER SPECIAL SCHEME WITH NO GST INCURRED', 28050, 0, 0, '2014-08-13 05:12:08', NULL, '2014-08-19 04:56:55'),
(241, 86, 'BL', 'PURCHASE WITH GST INCURRED BUT NOT CLAIMBLE', 13, 6, 1, 1, 'PURCHASE WITH GST INCURRED BUT NOT CLAIMBLE', 28050, 0, 0, '2014-08-13 05:12:08', NULL, '2014-08-19 04:56:55'),
(242, 86, 'NR', 'PURCHASE FROM NON GST-REGISTERED SUPPLIER WITH NO GST INCURRED', 14, 0, 1, 1, 'PURCHASE FROM NON GST-REGISTERED SUPPLIER WITH NO GST INCURRED', 28050, 0, 0, '2014-08-13 05:12:08', NULL, '2014-08-19 04:56:55'),
(243, 86, 'ZP', 'PURCHASE FROM GST-REGISTERED SUPPLIER WITH NO GST INCURRED', 15, 0, 1, 1, 'PURCHASE FROM GST-REGISTERED SUPPLIER WITH NO GST INCURRED', 28050, 0, 0, '2014-08-13 05:12:08', NULL, '2014-08-19 04:56:55'),
(244, 86, 'EP', 'PURCHASE EXEMPTED FROM GST', 16, 0, 1, 1, 'PURCHASE EXEMPTED FROM GST', 28050, 0, 0, '2014-08-13 05:12:08', NULL, '2014-08-19 04:56:55'),
(245, 86, 'OP', 'PURCHASE TRANSACTIONS WHICH IS OUT OF THE SCOPE OF GST LEGISLATION', 5, 0, 1, 1, 'PURCHASE TRANSACTIONS WHICH IS OUT OF THE SCOPE', 28050, 0, 0, '2014-08-13 05:12:08', NULL, '2014-08-19 04:56:55'),
(246, 86, 'TX-E43', 'GST INCURRED DIRECTLY ATTRIBUTABLE TO INCIDENTAL EXEMPT SUPPLIES', 11, 6, 1, 1, 'GST INCURRED DIRECTLY ATTRIBUTABLE TO INCIDENTAL EXEMPT SUPPLIES', 28050, 0, 0, '2014-08-13 05:12:08', NULL, '2014-08-19 04:56:55'),
(247, 86, 'TX-N43', 'GST  INCURRED DIRECTLY ATTRIBUTABLE TO NON-INCIDENTAL EXEMPT SUPPLIES', 11, 6, 1, 1, 'GST  INCURRED DIRECTLY ATTRIBUTABLE TO NON-INCIDENTAL EXEMPT SUPPLIES', 28050, 0, 0, '2014-08-13 05:12:08', NULL, '2014-08-19 04:56:55'),
(248, 86, 'TX-RE', 'GST INCURRED THAT IS NOT DIRECTLY ATTRIBUTABLE TO TAXABLE OR EXEMPT SUPPLIES', 11, 6, 1, 1, 'GST INCURRED THAT IS NOT DIRECTLY ATTRIBUTABLE TO TAXABLE OR EXEMPT SUPPLIES', 28050, 0, 0, '2014-08-13 05:12:08', NULL, '2014-08-19 04:56:55'),
(249, 86, 'GP', 'PURCHASE TRANSACTION WHICH LEGISLATION', 19, 0, 1, 1, 'PURCHASE TRANSACTION WHICH LEGISLATION', 28050, 0, 0, '2014-08-13 05:12:08', NULL, '2014-08-19 04:56:55'),
(250, 86, 'AJP', 'ANY ADJUSTMENT MADE TO INPUT TAX', 20, 6, 1, 1, 'ANY ADJUSTMENT MADE TO INPUT TAX', 28050, 0, 0, '2014-08-13 05:12:08', NULL, '2014-08-19 04:56:55'),
(251, 86, 'ST-1', 'SALES TAX FOR GOODS MANUFACTURING ', 9, 10, 2, 1, 'SALES TAX FOR GOODS MANUFACTURING ', NULL, 0, 0, '2014-08-13 05:12:08', NULL, '2014-08-19 04:56:55'),
(252, 86, 'ST-2', 'SALES TAX FOR GENERAL', 9, 10, 2, 1, 'SALES TAX FOR GENERAL', NULL, 0, 0, '2014-08-13 05:12:08', NULL, '2014-08-19 04:56:55'),
(253, 86, 'SERT-1', 'SERVICE TAX FOR GENERAL', 10, 6, 2, 1, 'SERVICE TAX FOR GENERAL', NULL, 0, 0, '2014-08-13 05:12:08', NULL, '2014-08-19 04:56:55'),
(254, 86, 'IMPD-1', 'IMPORT DUTY FOR CUSTOMS IMPORTED GOODS', 17, 0, 2, 1, 'IMPORT DUTY FOR CUSTOMS IMPORTED GOODS', NULL, 0, 0, '2014-08-13 05:12:08', NULL, '2014-08-19 04:56:55'),
(255, 86, 'IMPD-2', 'IMPORT DUTY FOR CUSTOMS OPEN AP', 17, 0, 2, 1, 'IMPORT DUTY FOR CUSTOMS OPEN AP', NULL, 0, 0, '2014-08-13 05:12:08', NULL, '2014-08-19 04:56:55'),
(256, 86, 'IMPD-3', 'IMPORT DUTY FOR CUTOMS FRANCHAISE AP', 17, 0, 2, 1, 'IMPORT DUTY FOR CUTOMS FRANCHAISE AP', NULL, 0, 0, '2014-08-13 05:12:08', NULL, '2014-08-19 04:56:55'),
(257, 86, 'EXD', 'EXCISE DUTY CUSTOMS', 18, 0, 2, 1, 'EXCISE DUTY CUSTOMS', NULL, 0, 0, '2014-08-13 05:12:08', NULL, '2014-08-19 04:56:55'),
(287, 2, 'SR', 'STANDARD RATED SUPPLIES WITH GST CHARGED', 1, 6, 1, 2, 'STANDARD RATED SUPPLIES WITH GST CHARGED', 164, 0, 0, '2014-08-13 08:40:06', NULL, '2014-08-19 04:56:55'),
(288, 2, 'DS', 'DEEMED SUPPLIES', 1, 6, 1, 2, 'DEEMED SUPPLIES', 164, 0, 0, '2014-08-13 08:40:06', NULL, '2014-08-19 04:56:55'),
(289, 2, 'ZRL', 'ZERO RATED SUPPLIES-LOCAL', 2, 0, 1, 2, 'ZERO RATED SUPPLIES-LOCAL', 164, 0, 0, '2014-08-13 08:40:06', NULL, '2014-08-19 04:56:55'),
(290, 2, 'ZRE', 'EXPORTED GOOD SUPPLIES', 3, 0, 1, 2, 'EXPORTED GOOD SUPPLIES', 164, 0, 0, '2014-08-13 08:40:06', NULL, '2014-08-19 04:56:55'),
(291, 2, 'ES43', 'INCIDENTAL EXEMPT SUPPLIES', 4, 0, 1, 2, 'INCIDENTAL EXEMPT SUPPLIES', 164, 0, 0, '2014-08-13 08:40:06', NULL, '2014-08-19 04:56:55'),
(292, 2, 'ES', 'EXEMPT SUPPLIES UNDER GST', 4, 0, 1, 2, 'EXEMPT SUPPLIES UNDER GST', 164, 0, 0, '2014-08-13 08:40:06', NULL, '2014-08-19 04:56:55'),
(293, 2, 'OS', 'OUT-OF-SCOPE SUPPLIES', 5, 0, 1, 2, 'OUT-OF-SCOPE SUPPLIES', 164, 0, 0, '2014-08-13 08:40:06', NULL, '2014-08-19 04:56:55'),
(294, 2, 'RS', 'RELIEF SUPPLIES UNDER GST', 6, 0, 1, 2, 'RELIEF SUPPLIES UNDER GST', 164, 0, 0, '2014-08-13 08:40:06', NULL, '2014-08-19 04:56:55'),
(295, 2, 'GS', 'DISREGARDED SUPPLIES', 7, 0, 1, 2, 'DISREGARDED SUPPLIES', 164, 0, 0, '2014-08-13 08:40:06', NULL, '2014-08-19 04:56:55'),
(296, 2, 'AJS', 'ANY ADJUSTMENT MADE TO OUTPUT TAX', 8, 6, 1, 2, 'ANY ADJUSTMENT MADE TO OUTPUT TAX', 164, 0, 0, '2014-08-13 08:40:06', NULL, '2014-08-19 04:56:55'),
(297, 2, 'ST-MF', 'SALES TAX FOR GOODS MANUFACTURING ', 9, 10, 2, 2, 'SALES TAX FOR GOODS MANUFACTURING ', NULL, 0, 0, '2014-08-13 08:40:06', NULL, '2014-08-19 04:56:55'),
(298, 2, 'ST', 'SALES TAX FOR GENERAL', 9, 5, 2, 2, 'SALES TAX FOR GENERAL', NULL, 0, 0, '2014-08-13 08:40:06', NULL, '2014-08-19 04:56:55'),
(299, 2, 'SERT', 'SERVICE TAX FOR GENERAL', 10, 6, 2, 2, 'SERVICE TAX FOR GENERAL', NULL, 0, 0, '2014-08-13 08:40:06', NULL, '2014-08-19 04:56:55'),
(300, 2, 'TX', 'PURCHASE WITH GST INCURRED AT 6% AND DIRECTLY ATTRIBUTABLE TO TAXABLE SUPPLIES', 11, 6, 1, 1, 'PURCHASE WITH GST INCURRED AT 6% AND DIRECTLY ATTRIBUTABLE TO TAXABLE SUPPLIES', 164, 0, 0, '2014-08-13 08:40:06', NULL, '2014-08-19 04:56:55'),
(301, 2, 'IM', 'GST INCURRED FOR IMPORT OF GOODS', 11, 6, 1, 1, 'GST INCURRED FOR IMPORT OF GOODS', 158, 0, 0, '2014-08-13 08:40:06', NULL, '2014-08-19 04:56:55'),
(302, 2, 'IMS', 'GST INCURRED FOR IMPORT OF SERVICES (REVERSED MECHANISM)', 11, 6, 1, 1, 'GST INCURRED FOR IMPORT OF SERVICES (REVERSED MECHANISM)', 158, 0, 0, '2014-08-13 08:40:06', NULL, '2014-08-19 04:56:55'),
(303, 2, 'IS', 'IMPORTED UNDER SPECIAL SCHEME WITH NO GST INCURRED', 12, 0, 1, 1, 'IMPORTED UNDER SPECIAL SCHEME WITH NO GST INCURRED', 158, 0, 0, '2014-08-13 08:40:06', NULL, '2014-08-19 04:56:55'),
(304, 2, 'BL', 'PURCHASE WITH GST INCURRED BUT NOT CLAIMBLE', 13, 6, 1, 1, 'PURCHASE WITH GST INCURRED BUT NOT CLAIMBLE', 158, 0, 0, '2014-08-13 08:40:06', NULL, '2014-08-19 04:56:55'),
(305, 2, 'NR', 'PURCHASE FROM NON GST-REGISTERED SUPPLIER WITH NO GST INCURRED', 14, 0, 1, 1, 'PURCHASE FROM NON GST-REGISTERED SUPPLIER WITH NO GST INCURRED', 158, 0, 0, '2014-08-13 08:40:06', NULL, '2014-08-19 04:56:55'),
(306, 2, 'ZP', 'PURCHASE FROM GST-REGISTERED SUPPLIER WITH NO GST INCURRED', 15, 0, 1, 1, 'PURCHASE FROM GST-REGISTERED SUPPLIER WITH NO GST INCURRED', 158, 0, 0, '2014-08-13 08:40:06', NULL, '2014-08-19 04:56:55'),
(307, 2, 'EP', 'PURCHASE EXEMPTED FROM GST', 16, 0, 1, 1, 'PURCHASE EXEMPTED FROM GST', 158, 0, 0, '2014-08-13 08:40:06', NULL, '2014-08-19 04:56:55'),
(308, 2, 'OP', 'PURCHASE TRANSACTIONS WHICH IS OUT OF THE SCOPE OF GST LEGISLATION', 5, 0, 1, 1, 'PURCHASE TRANSACTIONS WHICH IS OUT OF THE SCOPE', 158, 0, 0, '2014-08-13 08:40:06', NULL, '2014-08-19 04:56:55'),
(309, 2, 'TX-E43', 'GST INCURRED DIRECTLY ATTRIBUTABLE TO INCIDENTAL EXEMPT SUPPLIES', 11, 6, 1, 1, 'GST INCURRED DIRECTLY ATTRIBUTABLE TO INCIDENTAL EXEMPT SUPPLIES', 158, 0, 0, '2014-08-13 08:40:06', NULL, '2014-08-19 04:56:55'),
(310, 2, 'TX-N43', 'GST  INCURRED DIRECTLY ATTRIBUTABLE TO NON-INCIDENTAL EXEMPT SUPPLIES', 11, 6, 1, 1, 'GST  INCURRED DIRECTLY ATTRIBUTABLE TO NON-INCIDENTAL EXEMPT SUPPLIES', 158, 0, 0, '2014-08-13 08:40:06', NULL, '2014-08-19 04:56:55'),
(311, 2, 'TX-RE', 'GST INCURRED THAT IS NOT DIRECTLY ATTRIBUTABLE TO TAXABLE OR EXEMPT SUPPLIES', 11, 6, 1, 1, 'GST INCURRED THAT IS NOT DIRECTLY ATTRIBUTABLE TO TAXABLE OR EXEMPT SUPPLIES', 158, 0, 0, '2014-08-13 08:40:06', NULL, '2014-08-19 04:56:55'),
(312, 2, 'GP', 'PURCHASE TRANSACTION WHICH LEGISLATION', 19, 0, 1, 1, 'PURCHASE TRANSACTION WHICH LEGISLATION', 158, 0, 0, '2014-08-13 08:40:06', NULL, '2014-08-19 04:56:55'),
(313, 2, 'AJP', 'ANY ADJUSTMENT MADE TO INPUT TAX', 20, 6, 1, 1, 'ANY ADJUSTMENT MADE TO INPUT TAX', 158, 0, 0, '2014-08-13 08:40:06', NULL, '2014-08-19 04:56:55'),
(314, 2, 'ST-1', 'SALES TAX FOR GOODS MANUFACTURING ', 9, 10, 2, 1, 'SALES TAX FOR GOODS MANUFACTURING ', NULL, 0, 0, '2014-08-13 08:40:06', NULL, '2014-08-19 04:56:55'),
(315, 2, 'ST-2', 'SALES TAX FOR GENERAL', 9, 10, 2, 1, 'SALES TAX FOR GENERAL', NULL, 0, 0, '2014-08-13 08:40:06', NULL, '2014-08-19 04:56:55'),
(316, 2, 'SERT-1', 'SERVICE TAX FOR GENERAL', 10, 6, 2, 1, 'SERVICE TAX FOR GENERAL', NULL, 0, 0, '2014-08-13 08:40:06', NULL, '2014-08-19 04:56:55'),
(317, 2, 'IMPD-1', 'IMPORT DUTY FOR CUSTOMS IMPORTED GOODS', 17, 0, 2, 1, 'IMPORT DUTY FOR CUSTOMS IMPORTED GOODS', NULL, 0, 0, '2014-08-13 08:40:06', NULL, '2014-08-19 04:56:55'),
(318, 2, 'IMPD-2', 'IMPORT DUTY FOR CUSTOMS OPEN AP', 17, 0, 2, 1, 'IMPORT DUTY FOR CUSTOMS OPEN AP', NULL, 0, 0, '2014-08-13 08:40:06', NULL, '2014-08-19 04:56:55'),
(319, 2, 'IMPD-3', 'IMPORT DUTY FOR CUTOMS FRANCHAISE AP', 17, 0, 2, 1, 'IMPORT DUTY FOR CUTOMS FRANCHAISE AP', NULL, 0, 0, '2014-08-13 08:40:06', NULL, '2014-08-19 04:56:55'),
(320, 2, 'EXD', 'EXCISE DUTY CUSTOMS', 18, 0, 2, 1, 'EXCISE DUTY CUSTOMS', NULL, 0, 0, '2014-08-13 08:40:06', NULL, '2014-08-19 04:56:55'),
(321, 3, 'SR', 'STANDARD RATED SUPPLIES WITH GST CHARGED', 1, 6, 1, 2, 'STANDARD RATED SUPPLIES WITH GST CHARGED', NULL, 0, 0, '2014-08-15 02:50:15', NULL, '2014-08-19 04:56:55'),
(322, 3, 'DS', 'DEEMED SUPPLIES', 1, 6, 1, 2, 'DEEMED SUPPLIES', NULL, 0, 0, '2014-08-15 02:50:15', NULL, '2014-08-19 04:56:55'),
(323, 3, 'ZRL', 'ZERO RATED SUPPLIES-LOCAL', 2, 0, 1, 2, 'ZERO RATED SUPPLIES-LOCAL', NULL, 0, 0, '2014-08-15 02:50:15', NULL, '2014-08-19 04:56:55'),
(324, 3, 'ZRE', 'EXPORTED GOOD SUPPLIES', 3, 0, 1, 2, 'EXPORTED GOOD SUPPLIES', NULL, 0, 0, '2014-08-15 02:50:15', NULL, '2014-08-19 04:56:55'),
(325, 3, 'ES43', 'INCIDENTAL EXEMPT SUPPLIES', 4, 0, 1, 2, 'INCIDENTAL EXEMPT SUPPLIES', NULL, 0, 0, '2014-08-15 02:50:15', NULL, '2014-08-19 04:56:55'),
(326, 3, 'ES', 'EXEMPT SUPPLIES UNDER GST', 4, 0, 1, 2, 'EXEMPT SUPPLIES UNDER GST', NULL, 0, 0, '2014-08-15 02:50:15', NULL, '2014-08-19 04:56:55'),
(327, 3, 'OS', 'OUT-OF-SCOPE SUPPLIES', 5, 0, 1, 2, 'OUT-OF-SCOPE SUPPLIES', NULL, 0, 0, '2014-08-15 02:50:15', NULL, '2014-08-19 04:56:55'),
(328, 3, 'RS', 'RELIEF SUPPLIES UNDER GST', 6, 0, 1, 2, 'RELIEF SUPPLIES UNDER GST', NULL, 0, 0, '2014-08-15 02:50:15', NULL, '2014-08-19 04:56:55'),
(329, 3, 'GS', 'DISREGARDED SUPPLIES', 7, 0, 1, 2, 'DISREGARDED SUPPLIES', NULL, 0, 0, '2014-08-15 02:50:15', NULL, '2014-08-19 04:56:55'),
(330, 3, 'AJS', 'ANY ADJUSTMENT MADE TO OUTPUT TAX', 8, 6, 1, 2, 'ANY ADJUSTMENT MADE TO OUTPUT TAX', NULL, 0, 0, '2014-08-15 02:50:15', NULL, '2014-08-19 04:56:55'),
(331, 3, 'ST-MF', 'SALES TAX FOR GOODS MANUFACTURING ', 9, 10, 2, 2, 'SALES TAX FOR GOODS MANUFACTURING ', NULL, 0, 0, '2014-08-15 02:50:15', NULL, '2014-08-19 04:56:55'),
(332, 3, 'ST', 'SALES TAX FOR GENERAL', 9, 5, 2, 2, 'SALES TAX FOR GENERAL', NULL, 0, 0, '2014-08-15 02:50:15', NULL, '2014-08-19 04:56:55'),
(333, 3, 'SERT', 'SERVICE TAX FOR GENERAL', 10, 6, 2, 2, 'SERVICE TAX FOR GENERAL', NULL, 0, 0, '2014-08-15 02:50:15', NULL, '2014-08-19 04:56:55'),
(334, 3, 'TX', 'PURCHASE WITH GST INCURRED AT 6% AND DIRECTLY ATTRIBUTABLE TO TAXABLE SUPPLIES', 11, 6, 1, 1, 'PURCHASE WITH GST INCURRED AT 6% AND DIRECTLY ATTRIBUTABLE TO TAXABLE SUPPLIES', NULL, 0, 0, '2014-08-15 02:50:15', NULL, '2014-08-19 04:56:55'),
(335, 3, 'IM', 'GST INCURRED FOR IMPORT OF GOODS', 11, 6, 1, 1, 'GST INCURRED FOR IMPORT OF GOODS', NULL, 0, 0, '2014-08-15 02:50:15', NULL, '2014-08-19 04:56:55'),
(336, 3, 'IMS', 'GST INCURRED FOR IMPORT OF SERVICES (REVERSED MECHANISM)', 11, 6, 1, 1, 'GST INCURRED FOR IMPORT OF SERVICES (REVERSED MECHANISM)', NULL, 0, 0, '2014-08-15 02:50:15', NULL, '2014-08-19 04:56:55'),
(337, 3, 'IS', 'IMPORTED UNDER SPECIAL SCHEME WITH NO GST INCURRED', 12, 0, 1, 1, 'IMPORTED UNDER SPECIAL SCHEME WITH NO GST INCURRED', NULL, 0, 0, '2014-08-15 02:50:15', NULL, '2014-08-19 04:56:55'),
(338, 3, 'BL', 'PURCHASE WITH GST INCURRED BUT NOT CLAIMBLE', 13, 6, 1, 1, 'PURCHASE WITH GST INCURRED BUT NOT CLAIMBLE', NULL, 0, 0, '2014-08-15 02:50:15', NULL, '2014-08-19 04:56:55'),
(339, 3, 'NR', 'PURCHASE FROM NON GST-REGISTERED SUPPLIER WITH NO GST INCURRED', 14, 0, 1, 1, 'PURCHASE FROM NON GST-REGISTERED SUPPLIER WITH NO GST INCURRED', NULL, 0, 0, '2014-08-15 02:50:15', NULL, '2014-08-19 04:56:55'),
(340, 3, 'ZP', 'PURCHASE FROM GST-REGISTERED SUPPLIER WITH NO GST INCURRED', 15, 0, 1, 1, 'PURCHASE FROM GST-REGISTERED SUPPLIER WITH NO GST INCURRED', NULL, 0, 0, '2014-08-15 02:50:15', NULL, '2014-08-19 04:56:55'),
(341, 3, 'EP', 'PURCHASE EXEMPTED FROM GST', 16, 0, 1, 1, 'PURCHASE EXEMPTED FROM GST', NULL, 0, 0, '2014-08-15 02:50:15', NULL, '2014-08-19 04:56:55'),
(342, 3, 'OP', 'PURCHASE TRANSACTIONS WHICH IS OUT OF THE SCOPE OF GST LEGISLATION', 5, 0, 1, 1, 'PURCHASE TRANSACTIONS WHICH IS OUT OF THE SCOPE', NULL, 0, 0, '2014-08-15 02:50:15', NULL, '2014-08-19 04:56:55'),
(343, 3, 'TX-E43', 'GST INCURRED DIRECTLY ATTRIBUTABLE TO INCIDENTAL EXEMPT SUPPLIES', 11, 6, 1, 1, 'GST INCURRED DIRECTLY ATTRIBUTABLE TO INCIDENTAL EXEMPT SUPPLIES', NULL, 0, 0, '2014-08-15 02:50:15', NULL, '2014-08-19 04:56:55'),
(344, 3, 'TX-N43', 'GST  INCURRED DIRECTLY ATTRIBUTABLE TO NON-INCIDENTAL EXEMPT SUPPLIES', 11, 6, 1, 1, 'GST  INCURRED DIRECTLY ATTRIBUTABLE TO NON-INCIDENTAL EXEMPT SUPPLIES', NULL, 0, 0, '2014-08-15 02:50:15', NULL, '2014-08-19 04:56:55'),
(345, 3, 'TX-RE', 'GST INCURRED THAT IS NOT DIRECTLY ATTRIBUTABLE TO TAXABLE OR EXEMPT SUPPLIES', 11, 6, 1, 1, 'GST INCURRED THAT IS NOT DIRECTLY ATTRIBUTABLE TO TAXABLE OR EXEMPT SUPPLIES', NULL, 0, 0, '2014-08-15 02:50:15', NULL, '2014-08-19 04:56:55'),
(346, 3, 'GP', 'PURCHASE TRANSACTION WHICH LEGISLATION', 19, 0, 1, 1, 'PURCHASE TRANSACTION WHICH LEGISLATION', NULL, 0, 0, '2014-08-15 02:50:15', NULL, '2014-08-19 04:56:55'),
(347, 3, 'AJP', 'ANY ADJUSTMENT MADE TO INPUT TAX', 20, 6, 1, 1, 'ANY ADJUSTMENT MADE TO INPUT TAX', NULL, 0, 0, '2014-08-15 02:50:15', NULL, '2014-08-19 04:56:55'),
(348, 3, 'ST-1', 'SALES TAX FOR GOODS MANUFACTURING ', 9, 10, 2, 1, 'SALES TAX FOR GOODS MANUFACTURING ', NULL, 0, 0, '2014-08-15 02:50:15', NULL, '2014-08-19 04:56:55'),
(349, 3, 'ST-2', 'SALES TAX FOR GENERAL', 9, 10, 2, 1, 'SALES TAX FOR GENERAL', NULL, 0, 0, '2014-08-15 02:50:15', NULL, '2014-08-19 04:56:55'),
(350, 3, 'SERT-1', 'SERVICE TAX FOR GENERAL', 10, 6, 2, 1, 'SERVICE TAX FOR GENERAL', NULL, 0, 0, '2014-08-15 02:50:15', NULL, '2014-08-19 04:56:55'),
(351, 3, 'IMPD-1', 'IMPORT DUTY FOR CUSTOMS IMPORTED GOODS', 17, 0, 2, 1, 'IMPORT DUTY FOR CUSTOMS IMPORTED GOODS', NULL, 0, 0, '2014-08-15 02:50:15', NULL, '2014-08-19 04:56:55'),
(352, 3, 'IMPD-2', 'IMPORT DUTY FOR CUSTOMS OPEN AP', 17, 0, 2, 1, 'IMPORT DUTY FOR CUSTOMS OPEN AP', NULL, 0, 0, '2014-08-15 02:50:15', NULL, '2014-08-19 04:56:55'),
(353, 3, 'IMPD-3', 'IMPORT DUTY FOR CUTOMS FRANCHAISE AP', 17, 0, 2, 1, 'IMPORT DUTY FOR CUTOMS FRANCHAISE AP', NULL, 0, 0, '2014-08-15 02:50:15', NULL, '2014-08-19 04:56:55'),
(354, 3, 'EXD', 'EXCISE DUTY CUSTOMS', 18, 0, 2, 1, 'EXCISE DUTY CUSTOMS', NULL, 0, 0, '2014-08-15 02:50:15', NULL, '2014-08-19 04:56:55'),
(384, 26, 'SR', 'STANDARD RATED SUPPLIES WITH GST CHARGED', 1, 6, 1, 2, 'STANDARD RATED SUPPLIES WITH GST CHARGED', NULL, 0, 0, '2014-08-15 07:58:53', NULL, '2014-08-19 04:56:55'),
(385, 26, 'DS', 'DEEMED SUPPLIES', 1, 6, 1, 2, 'DEEMED SUPPLIES', NULL, 0, 0, '2014-08-15 07:58:53', NULL, '2014-08-19 04:56:55'),
(386, 26, 'ZRL', 'ZERO RATED SUPPLIES-LOCAL', 2, 0, 1, 2, 'ZERO RATED SUPPLIES-LOCAL', NULL, 0, 0, '2014-08-15 07:58:53', NULL, '2014-08-19 04:56:55'),
(387, 26, 'ZRE', 'EXPORTED GOOD SUPPLIES', 3, 0, 1, 2, 'EXPORTED GOOD SUPPLIES', NULL, 0, 0, '2014-08-15 07:58:53', NULL, '2014-08-19 04:56:55'),
(388, 26, 'ES43', 'INCIDENTAL EXEMPT SUPPLIES', 4, 0, 1, 2, 'INCIDENTAL EXEMPT SUPPLIES', NULL, 0, 0, '2014-08-15 07:58:53', NULL, '2014-08-19 04:56:55'),
(389, 26, 'ES', 'EXEMPT SUPPLIES UNDER GST', 4, 0, 1, 2, 'EXEMPT SUPPLIES UNDER GST', NULL, 0, 0, '2014-08-15 07:58:53', NULL, '2014-08-19 04:56:55'),
(390, 26, 'OS', 'OUT-OF-SCOPE SUPPLIES', 5, 0, 1, 2, 'OUT-OF-SCOPE SUPPLIES', NULL, 0, 0, '2014-08-15 07:58:53', NULL, '2014-08-19 04:56:55'),
(391, 26, 'RS', 'RELIEF SUPPLIES UNDER GST', 6, 0, 1, 2, 'RELIEF SUPPLIES UNDER GST', NULL, 0, 0, '2014-08-15 07:58:53', NULL, '2014-08-19 04:56:55'),
(392, 26, 'GS', 'DISREGARDED SUPPLIES', 7, 0, 1, 2, 'DISREGARDED SUPPLIES', NULL, 0, 0, '2014-08-15 07:58:53', NULL, '2014-08-19 04:56:55'),
(393, 26, 'AJS', 'ANY ADJUSTMENT MADE TO OUTPUT TAX', 8, 6, 1, 2, 'ANY ADJUSTMENT MADE TO OUTPUT TAX', NULL, 0, 0, '2014-08-15 07:58:53', NULL, '2014-08-19 04:56:55'),
(394, 26, 'ST-MF', 'SALES TAX FOR GOODS MANUFACTURING ', 9, 10, 2, 2, 'SALES TAX FOR GOODS MANUFACTURING ', NULL, 0, 0, '2014-08-15 07:58:53', NULL, '2014-08-19 04:56:55'),
(395, 26, 'ST', 'SALES TAX FOR GENERAL', 9, 5, 2, 2, 'SALES TAX FOR GENERAL', NULL, 0, 0, '2014-08-15 07:58:53', NULL, '2014-08-19 04:56:55'),
(396, 26, 'SERT', 'SERVICE TAX FOR GENERAL', 10, 6, 2, 2, 'SERVICE TAX FOR GENERAL', NULL, 0, 0, '2014-08-15 07:58:53', NULL, '2014-08-19 04:56:55'),
(397, 26, 'TX', 'PURCHASE WITH GST INCURRED AT 6% AND DIRECTLY ATTRIBUTABLE TO TAXABLE SUPPLIES', 11, 6, 1, 1, 'PURCHASE WITH GST INCURRED AT 6% AND DIRECTLY ATTRIBUTABLE TO TAXABLE SUPPLIES', NULL, 0, 0, '2014-08-15 07:58:53', NULL, '2014-08-19 04:56:55'),
(398, 26, 'IM', 'GST INCURRED FOR IMPORT OF GOODS', 11, 6, 1, 1, 'GST INCURRED FOR IMPORT OF GOODS', NULL, 0, 0, '2014-08-15 07:58:53', NULL, '2014-08-19 04:56:55'),
(399, 26, 'IMS', 'GST INCURRED FOR IMPORT OF SERVICES (REVERSED MECHANISM)', 11, 6, 1, 1, 'GST INCURRED FOR IMPORT OF SERVICES (REVERSED MECHANISM)', NULL, 0, 0, '2014-08-15 07:58:53', NULL, '2014-08-19 04:56:55'),
(400, 26, 'IS', 'IMPORTED UNDER SPECIAL SCHEME WITH NO GST INCURRED', 12, 0, 1, 1, 'IMPORTED UNDER SPECIAL SCHEME WITH NO GST INCURRED', NULL, 0, 0, '2014-08-15 07:58:53', NULL, '2014-08-19 04:56:55'),
(401, 26, 'BL', 'PURCHASE WITH GST INCURRED BUT NOT CLAIMBLE', 13, 6, 1, 1, 'PURCHASE WITH GST INCURRED BUT NOT CLAIMBLE', NULL, 0, 0, '2014-08-15 07:58:53', NULL, '2014-08-19 04:56:55'),
(402, 26, 'NR', 'PURCHASE FROM NON GST-REGISTERED SUPPLIER WITH NO GST INCURRED', 14, 0, 1, 1, 'PURCHASE FROM NON GST-REGISTERED SUPPLIER WITH NO GST INCURRED', NULL, 0, 0, '2014-08-15 07:58:53', NULL, '2014-08-19 04:56:55'),
(403, 26, 'ZP', 'PURCHASE FROM GST-REGISTERED SUPPLIER WITH NO GST INCURRED', 15, 0, 1, 1, 'PURCHASE FROM GST-REGISTERED SUPPLIER WITH NO GST INCURRED', NULL, 0, 0, '2014-08-15 07:58:53', NULL, '2014-08-19 04:56:55'),
(404, 26, 'EP', 'PURCHASE EXEMPTED FROM GST', 16, 0, 1, 1, 'PURCHASE EXEMPTED FROM GST', NULL, 0, 0, '2014-08-15 07:58:53', NULL, '2014-08-19 04:56:55'),
(405, 26, 'OP', 'PURCHASE TRANSACTIONS WHICH IS OUT OF THE SCOPE OF GST LEGISLATION', 5, 0, 1, 1, 'PURCHASE TRANSACTIONS WHICH IS OUT OF THE SCOPE', NULL, 0, 0, '2014-08-15 07:58:53', NULL, '2014-08-19 04:56:55'),
(406, 26, 'TX-E43', 'GST INCURRED DIRECTLY ATTRIBUTABLE TO INCIDENTAL EXEMPT SUPPLIES', 11, 6, 1, 1, 'GST INCURRED DIRECTLY ATTRIBUTABLE TO INCIDENTAL EXEMPT SUPPLIES', NULL, 0, 0, '2014-08-15 07:58:53', NULL, '2014-08-19 04:56:55'),
(407, 26, 'TX-N43', 'GST  INCURRED DIRECTLY ATTRIBUTABLE TO NON-INCIDENTAL EXEMPT SUPPLIES', 11, 6, 1, 1, 'GST  INCURRED DIRECTLY ATTRIBUTABLE TO NON-INCIDENTAL EXEMPT SUPPLIES', NULL, 0, 0, '2014-08-15 07:58:53', NULL, '2014-08-19 04:56:55'),
(408, 26, 'TX-RE', 'GST INCURRED THAT IS NOT DIRECTLY ATTRIBUTABLE TO TAXABLE OR EXEMPT SUPPLIES', 11, 6, 1, 1, 'GST INCURRED THAT IS NOT DIRECTLY ATTRIBUTABLE TO TAXABLE OR EXEMPT SUPPLIES', NULL, 0, 0, '2014-08-15 07:58:53', NULL, '2014-08-19 04:56:55'),
(409, 26, 'GP', 'PURCHASE TRANSACTION WHICH LEGISLATION', 19, 0, 1, 1, 'PURCHASE TRANSACTION WHICH LEGISLATION', NULL, 0, 0, '2014-08-15 07:58:53', NULL, '2014-08-19 04:56:55'),
(410, 26, 'AJP', 'ANY ADJUSTMENT MADE TO INPUT TAX', 20, 6, 1, 1, 'ANY ADJUSTMENT MADE TO INPUT TAX', NULL, 0, 0, '2014-08-15 07:58:53', NULL, '2014-08-19 04:56:55'),
(411, 26, 'ST-1', 'SALES TAX FOR GOODS MANUFACTURING ', 9, 10, 2, 1, 'SALES TAX FOR GOODS MANUFACTURING ', NULL, 0, 0, '2014-08-15 07:58:53', NULL, '2014-08-19 04:56:55'),
(412, 26, 'ST-2', 'SALES TAX FOR GENERAL', 9, 10, 2, 1, 'SALES TAX FOR GENERAL', NULL, 0, 0, '2014-08-15 07:58:53', NULL, '2014-08-19 04:56:55'),
(413, 26, 'SERT-1', 'SERVICE TAX FOR GENERAL', 10, 6, 2, 1, 'SERVICE TAX FOR GENERAL', NULL, 0, 0, '2014-08-15 07:58:53', NULL, '2014-08-19 04:56:55'),
(414, 26, 'IMPD-1', 'IMPORT DUTY FOR CUSTOMS IMPORTED GOODS', 17, 0, 2, 1, 'IMPORT DUTY FOR CUSTOMS IMPORTED GOODS', NULL, 0, 0, '2014-08-15 07:58:53', NULL, '2014-08-19 04:56:55'),
(415, 26, 'IMPD-2', 'IMPORT DUTY FOR CUSTOMS OPEN AP', 17, 0, 2, 1, 'IMPORT DUTY FOR CUSTOMS OPEN AP', NULL, 0, 0, '2014-08-15 07:58:53', NULL, '2014-08-19 04:56:55'),
(416, 26, 'IMPD-3', 'IMPORT DUTY FOR CUTOMS FRANCHAISE AP', 17, 0, 2, 1, 'IMPORT DUTY FOR CUTOMS FRANCHAISE AP', NULL, 0, 0, '2014-08-15 07:58:53', NULL, '2014-08-19 04:56:55'),
(417, 26, 'EXD', 'EXCISE DUTY CUSTOMS', 18, 0, 2, 1, 'EXCISE DUTY CUSTOMS', NULL, 0, 0, '2014-08-15 07:58:53', NULL, '2014-08-19 04:56:55'),
(447, 16, 'SR', 'STANDARD RATED SUPPLIES WITH GST CHARGED', 1, 6, 1, 2, 'STANDARD RATED SUPPLIES WITH GST CHARGED', NULL, 0, 0, '2014-08-15 08:00:09', NULL, '2014-08-19 04:56:55'),
(448, 16, 'DS', 'DEEMED SUPPLIES', 1, 6, 1, 2, 'DEEMED SUPPLIES', NULL, 0, 0, '2014-08-15 08:00:09', NULL, '2014-08-19 04:56:55'),
(449, 16, 'ZRL', 'ZERO RATED SUPPLIES-LOCAL', 2, 0, 1, 2, 'ZERO RATED SUPPLIES-LOCAL', NULL, 0, 0, '2014-08-15 08:00:09', NULL, '2014-08-19 04:56:55'),
(450, 16, 'ZRE', 'EXPORTED GOOD SUPPLIES', 3, 0, 1, 2, 'EXPORTED GOOD SUPPLIES', NULL, 0, 0, '2014-08-15 08:00:09', NULL, '2014-08-19 04:56:55'),
(451, 16, 'ES43', 'INCIDENTAL EXEMPT SUPPLIES', 4, 0, 1, 2, 'INCIDENTAL EXEMPT SUPPLIES', NULL, 0, 0, '2014-08-15 08:00:09', NULL, '2014-08-19 04:56:55'),
(452, 16, 'ES', 'EXEMPT SUPPLIES UNDER GST', 4, 0, 1, 2, 'EXEMPT SUPPLIES UNDER GST', NULL, 0, 0, '2014-08-15 08:00:09', NULL, '2014-08-19 04:56:55'),
(453, 16, 'OS', 'OUT-OF-SCOPE SUPPLIES', 5, 0, 1, 2, 'OUT-OF-SCOPE SUPPLIES', NULL, 0, 0, '2014-08-15 08:00:09', NULL, '2014-08-19 04:56:55'),
(454, 16, 'RS', 'RELIEF SUPPLIES UNDER GST', 6, 0, 1, 2, 'RELIEF SUPPLIES UNDER GST', NULL, 0, 0, '2014-08-15 08:00:09', NULL, '2014-08-19 04:56:55'),
(455, 16, 'GS', 'DISREGARDED SUPPLIES', 7, 0, 1, 2, 'DISREGARDED SUPPLIES', NULL, 0, 0, '2014-08-15 08:00:09', NULL, '2014-08-19 04:56:55'),
(456, 16, 'AJS', 'ANY ADJUSTMENT MADE TO OUTPUT TAX', 8, 6, 1, 2, 'ANY ADJUSTMENT MADE TO OUTPUT TAX', NULL, 0, 0, '2014-08-15 08:00:09', NULL, '2014-08-19 04:56:55'),
(457, 16, 'ST-MF', 'SALES TAX FOR GOODS MANUFACTURING ', 9, 10, 2, 2, 'SALES TAX FOR GOODS MANUFACTURING ', NULL, 0, 0, '2014-08-15 08:00:09', NULL, '2014-08-19 04:56:55'),
(458, 16, 'ST', 'SALES TAX FOR GENERAL', 9, 5, 2, 2, 'SALES TAX FOR GENERAL', NULL, 0, 0, '2014-08-15 08:00:09', NULL, '2014-08-19 04:56:55'),
(459, 16, 'SERT', 'SERVICE TAX FOR GENERAL', 10, 6, 2, 2, 'SERVICE TAX FOR GENERAL', NULL, 0, 0, '2014-08-15 08:00:09', NULL, '2014-08-19 04:56:55'),
(460, 16, 'TX', 'PURCHASE WITH GST INCURRED AT 6% AND DIRECTLY ATTRIBUTABLE TO TAXABLE SUPPLIES', 11, 6, 1, 1, 'PURCHASE WITH GST INCURRED AT 6% AND DIRECTLY ATTRIBUTABLE TO TAXABLE SUPPLIES', NULL, 0, 0, '2014-08-15 08:00:09', NULL, '2014-08-19 04:56:55');
INSERT INTO `tax_master` (`ID`, `companyID`, `code`, `name`, `taxType`, `taxPercentage`, `taxClass`, `taxGroup`, `description`, `taxAccount`, `status`, `createdBy`, `createdTS`, `updatedBy`, `updatedTS`) VALUES
(461, 16, 'IM', 'GST INCURRED FOR IMPORT OF GOODS', 11, 6, 1, 1, 'GST INCURRED FOR IMPORT OF GOODS', NULL, 0, 0, '2014-08-15 08:00:09', NULL, '2014-08-19 04:56:55'),
(462, 16, 'IMS', 'GST INCURRED FOR IMPORT OF SERVICES (REVERSED MECHANISM)', 11, 6, 1, 1, 'GST INCURRED FOR IMPORT OF SERVICES (REVERSED MECHANISM)', NULL, 0, 0, '2014-08-15 08:00:09', NULL, '2014-08-19 04:56:55'),
(463, 16, 'IS', 'IMPORTED UNDER SPECIAL SCHEME WITH NO GST INCURRED', 12, 0, 1, 1, 'IMPORTED UNDER SPECIAL SCHEME WITH NO GST INCURRED', NULL, 0, 0, '2014-08-15 08:00:09', NULL, '2014-08-19 04:56:55'),
(464, 16, 'BL', 'PURCHASE WITH GST INCURRED BUT NOT CLAIMBLE', 13, 6, 1, 1, 'PURCHASE WITH GST INCURRED BUT NOT CLAIMBLE', NULL, 0, 0, '2014-08-15 08:00:09', NULL, '2014-08-19 04:56:55'),
(465, 16, 'NR', 'PURCHASE FROM NON GST-REGISTERED SUPPLIER WITH NO GST INCURRED', 14, 0, 1, 1, 'PURCHASE FROM NON GST-REGISTERED SUPPLIER WITH NO GST INCURRED', NULL, 0, 0, '2014-08-15 08:00:09', NULL, '2014-08-19 04:56:55'),
(466, 16, 'ZP', 'PURCHASE FROM GST-REGISTERED SUPPLIER WITH NO GST INCURRED', 15, 0, 1, 1, 'PURCHASE FROM GST-REGISTERED SUPPLIER WITH NO GST INCURRED', NULL, 0, 0, '2014-08-15 08:00:09', NULL, '2014-08-19 04:56:55'),
(467, 16, 'EP', 'PURCHASE EXEMPTED FROM GST', 16, 0, 1, 1, 'PURCHASE EXEMPTED FROM GST', NULL, 0, 0, '2014-08-15 08:00:09', NULL, '2014-08-19 04:56:55'),
(468, 16, 'OP', 'PURCHASE TRANSACTIONS WHICH IS OUT OF THE SCOPE OF GST LEGISLATION', 5, 0, 1, 1, 'PURCHASE TRANSACTIONS WHICH IS OUT OF THE SCOPE', NULL, 0, 0, '2014-08-15 08:00:09', NULL, '2014-08-19 04:56:55'),
(469, 16, 'TX-E43', 'GST INCURRED DIRECTLY ATTRIBUTABLE TO INCIDENTAL EXEMPT SUPPLIES', 11, 6, 1, 1, 'GST INCURRED DIRECTLY ATTRIBUTABLE TO INCIDENTAL EXEMPT SUPPLIES', NULL, 0, 0, '2014-08-15 08:00:09', NULL, '2014-08-19 04:56:55'),
(470, 16, 'TX-N43', 'GST  INCURRED DIRECTLY ATTRIBUTABLE TO NON-INCIDENTAL EXEMPT SUPPLIES', 11, 6, 1, 1, 'GST  INCURRED DIRECTLY ATTRIBUTABLE TO NON-INCIDENTAL EXEMPT SUPPLIES', NULL, 0, 0, '2014-08-15 08:00:09', NULL, '2014-08-19 04:56:55'),
(471, 16, 'TX-RE', 'GST INCURRED THAT IS NOT DIRECTLY ATTRIBUTABLE TO TAXABLE OR EXEMPT SUPPLIES', 11, 6, 1, 1, 'GST INCURRED THAT IS NOT DIRECTLY ATTRIBUTABLE TO TAXABLE OR EXEMPT SUPPLIES', NULL, 0, 0, '2014-08-15 08:00:09', NULL, '2014-08-19 04:56:55'),
(472, 16, 'GP', 'PURCHASE TRANSACTION WHICH LEGISLATION', 19, 0, 1, 1, 'PURCHASE TRANSACTION WHICH LEGISLATION', NULL, 0, 0, '2014-08-15 08:00:09', NULL, '2014-08-19 04:56:55'),
(473, 16, 'AJP', 'ANY ADJUSTMENT MADE TO INPUT TAX', 20, 6, 1, 1, 'ANY ADJUSTMENT MADE TO INPUT TAX', NULL, 0, 0, '2014-08-15 08:00:09', NULL, '2014-08-19 04:56:55'),
(474, 16, 'ST-1', 'SALES TAX FOR GOODS MANUFACTURING ', 9, 10, 2, 1, 'SALES TAX FOR GOODS MANUFACTURING ', NULL, 0, 0, '2014-08-15 08:00:09', NULL, '2014-08-19 04:56:55'),
(475, 16, 'ST-2', 'SALES TAX FOR GENERAL', 9, 10, 2, 1, 'SALES TAX FOR GENERAL', NULL, 0, 0, '2014-08-15 08:00:09', NULL, '2014-08-19 04:56:55'),
(476, 16, 'SERT-1', 'SERVICE TAX FOR GENERAL', 10, 6, 2, 1, 'SERVICE TAX FOR GENERAL', NULL, 0, 0, '2014-08-15 08:00:09', NULL, '2014-08-19 04:56:55'),
(477, 16, 'IMPD-1', 'IMPORT DUTY FOR CUSTOMS IMPORTED GOODS', 17, 0, 2, 1, 'IMPORT DUTY FOR CUSTOMS IMPORTED GOODS', NULL, 0, 0, '2014-08-15 08:00:09', NULL, '2014-08-19 04:56:55'),
(478, 16, 'IMPD-2', 'IMPORT DUTY FOR CUSTOMS OPEN AP', 17, 0, 2, 1, 'IMPORT DUTY FOR CUSTOMS OPEN AP', NULL, 0, 0, '2014-08-15 08:00:09', NULL, '2014-08-19 04:56:55'),
(479, 16, 'IMPD-3', 'IMPORT DUTY FOR CUTOMS FRANCHAISE AP', 17, 0, 2, 1, 'IMPORT DUTY FOR CUTOMS FRANCHAISE AP', NULL, 0, 0, '2014-08-15 08:00:09', NULL, '2014-08-19 04:56:55'),
(480, 16, 'EXD', 'EXCISE DUTY CUSTOMS', 18, 0, 2, 1, 'EXCISE DUTY CUSTOMS', NULL, 0, 0, '2014-08-15 08:00:09', NULL, '2014-08-19 04:56:55'),
(510, 81, 'SR', 'STANDARD RATED SUPPLIES WITH GST CHARGED', 1, 6, 1, 2, 'STANDARD RATED SUPPLIES WITH GST CHARGED', 1125, 0, 0, '2014-08-18 02:47:54', NULL, '2014-08-19 04:56:55'),
(511, 81, 'DS', 'DEEMED SUPPLIES', 1, 6, 1, 2, 'DEEMED SUPPLIES', 1125, 0, 0, '2014-08-18 02:47:54', NULL, '2014-08-19 04:56:55'),
(512, 81, 'ZRL', 'ZERO RATED SUPPLIES-LOCAL', 2, 0, 1, 2, 'ZERO RATED SUPPLIES-LOCAL', NULL, 0, 0, '2014-08-18 02:47:54', NULL, '2014-08-19 04:56:55'),
(513, 81, 'ZRE', 'EXPORTED GOOD SUPPLIES', 3, 0, 1, 2, 'EXPORTED GOOD SUPPLIES', NULL, 0, 0, '2014-08-18 02:47:54', NULL, '2014-08-19 04:56:55'),
(514, 81, 'ES43', 'INCIDENTAL EXEMPT SUPPLIES', 4, 0, 1, 2, 'INCIDENTAL EXEMPT SUPPLIES', NULL, 0, 0, '2014-08-18 02:47:54', NULL, '2014-08-19 04:56:55'),
(515, 81, 'ES', 'EXEMPT SUPPLIES UNDER GST', 4, 0, 1, 2, 'EXEMPT SUPPLIES UNDER GST', NULL, 0, 0, '2014-08-18 02:47:54', NULL, '2014-08-19 04:56:55'),
(516, 81, 'OS', 'OUT-OF-SCOPE SUPPLIES', 5, 0, 1, 2, 'OUT-OF-SCOPE SUPPLIES', NULL, 0, 0, '2014-08-18 02:47:54', NULL, '2014-08-19 04:56:55'),
(517, 81, 'RS', 'RELIEF SUPPLIES UNDER GST', 6, 0, 1, 2, 'RELIEF SUPPLIES UNDER GST', NULL, 0, 0, '2014-08-18 02:47:54', NULL, '2014-08-19 04:56:55'),
(518, 81, 'GS', 'DISREGARDED SUPPLIES', 7, 0, 1, 2, 'DISREGARDED SUPPLIES', NULL, 0, 0, '2014-08-18 02:47:54', NULL, '2014-08-19 04:56:55'),
(519, 81, 'AJS', 'ANY ADJUSTMENT MADE TO OUTPUT TAX', 8, 6, 1, 2, 'ANY ADJUSTMENT MADE TO OUTPUT TAX', 1125, 0, 0, '2014-08-18 02:47:54', NULL, '2014-08-19 04:56:55'),
(520, 81, 'ST-MF', 'SALES TAX FOR GOODS MANUFACTURING ', 9, 10, 2, 2, 'SALES TAX FOR GOODS MANUFACTURING ', 1128, 0, 0, '2014-08-18 02:47:54', NULL, '2014-08-19 04:56:55'),
(521, 81, 'ST', 'SALES TAX FOR GENERAL', 9, 5, 2, 2, 'SALES TAX FOR GENERAL', 1128, 0, 0, '2014-08-18 02:47:54', NULL, '2014-08-19 04:56:55'),
(522, 81, 'SERT', 'SERVICE TAX FOR GENERAL', 10, 6, 2, 2, 'SERVICE TAX FOR GENERAL', 1129, 0, 0, '2014-08-18 02:47:54', NULL, '2014-08-19 04:56:55'),
(523, 81, 'TX', 'PURCHASE WITH GST INCURRED AT 6% AND DIRECTLY ATTRIBUTABLE TO TAXABLE SUPPLIES', 11, 6, 1, 1, 'PURCHASE WITH GST INCURRED AT 6% AND DIRECTLY ATTRIBUTABLE TO TAXABLE SUPPLIES', 1125, 0, 0, '2014-08-18 02:47:54', NULL, '2014-08-19 04:56:55'),
(524, 81, 'IM', 'GST INCURRED FOR IMPORT OF GOODS', 11, 6, 1, 1, 'GST INCURRED FOR IMPORT OF GOODS', 1119, 0, 0, '2014-08-18 02:47:54', NULL, '2014-08-19 04:56:55'),
(525, 81, 'IMS', 'GST INCURRED FOR IMPORT OF SERVICES (REVERSED MECHANISM)', 11, 6, 1, 1, 'GST INCURRED FOR IMPORT OF SERVICES (REVERSED MECHANISM)', 1119, 0, 0, '2014-08-18 02:47:54', NULL, '2014-08-19 04:56:55'),
(526, 81, 'IS', 'IMPORTED UNDER SPECIAL SCHEME WITH NO GST INCURRED', 12, 0, 1, 1, 'IMPORTED UNDER SPECIAL SCHEME WITH NO GST INCURRED', NULL, 0, 0, '2014-08-18 02:47:54', NULL, '2014-08-19 04:56:55'),
(527, 81, 'BL', 'PURCHASE WITH GST INCURRED BUT NOT CLAIMBLE', 13, 6, 1, 1, 'PURCHASE WITH GST INCURRED BUT NOT CLAIMBLE', 1119, 0, 0, '2014-08-18 02:47:54', NULL, '2014-08-19 04:56:55'),
(528, 81, 'NR', 'PURCHASE FROM NON GST-REGISTERED SUPPLIER WITH NO GST INCURRED', 14, 0, 1, 1, 'PURCHASE FROM NON GST-REGISTERED SUPPLIER WITH NO GST INCURRED', NULL, 0, 0, '2014-08-18 02:47:54', NULL, '2014-08-19 04:56:55'),
(529, 81, 'ZP', 'PURCHASE FROM GST-REGISTERED SUPPLIER WITH NO GST INCURRED', 15, 0, 1, 1, 'PURCHASE FROM GST-REGISTERED SUPPLIER WITH NO GST INCURRED', NULL, 0, 0, '2014-08-18 02:47:54', NULL, '2014-08-19 04:56:55'),
(530, 81, 'EP', 'PURCHASE EXEMPTED FROM GST', 16, 0, 1, 1, 'PURCHASE EXEMPTED FROM GST', NULL, 0, 0, '2014-08-18 02:47:54', NULL, '2014-08-19 04:56:55'),
(531, 81, 'OP', 'PURCHASE TRANSACTIONS WHICH IS OUT OF THE SCOPE OF GST LEGISLATION', 5, 0, 1, 1, 'PURCHASE TRANSACTIONS WHICH IS OUT OF THE SCOPE', NULL, 0, 0, '2014-08-18 02:47:54', NULL, '2014-08-19 04:56:55'),
(532, 81, 'TX-E43', 'GST INCURRED DIRECTLY ATTRIBUTABLE TO INCIDENTAL EXEMPT SUPPLIES', 11, 6, 1, 1, 'GST INCURRED DIRECTLY ATTRIBUTABLE TO INCIDENTAL EXEMPT SUPPLIES', 1119, 0, 0, '2014-08-18 02:47:54', NULL, '2014-08-19 04:56:55'),
(533, 81, 'TX-N43', 'GST  INCURRED DIRECTLY ATTRIBUTABLE TO NON-INCIDENTAL EXEMPT SUPPLIES', 11, 6, 1, 1, 'GST  INCURRED DIRECTLY ATTRIBUTABLE TO NON-INCIDENTAL EXEMPT SUPPLIES', 1119, 0, 0, '2014-08-18 02:47:54', NULL, '2014-08-19 04:56:55'),
(534, 81, 'TX-RE', 'GST INCURRED THAT IS NOT DIRECTLY ATTRIBUTABLE TO TAXABLE OR EXEMPT SUPPLIES', 11, 6, 1, 1, 'GST INCURRED THAT IS NOT DIRECTLY ATTRIBUTABLE TO TAXABLE OR EXEMPT SUPPLIES', 1119, 0, 0, '2014-08-18 02:47:54', NULL, '2014-08-19 04:56:55'),
(535, 81, 'GP', 'PURCHASE TRANSACTION WHICH LEGISLATION', 19, 0, 1, 1, 'PURCHASE TRANSACTION WHICH LEGISLATION', NULL, 0, 0, '2014-08-18 02:47:54', NULL, '2014-08-19 04:56:55'),
(536, 81, 'AJP', 'ANY ADJUSTMENT MADE TO INPUT TAX', 20, 6, 1, 1, 'ANY ADJUSTMENT MADE TO INPUT TAX', 1119, 0, 0, '2014-08-18 02:47:54', NULL, '2014-08-19 04:56:55'),
(537, 81, 'ST-1', 'SALES TAX FOR GOODS MANUFACTURING ', 9, 10, 2, 1, 'SALES TAX FOR GOODS MANUFACTURING ', NULL, 0, 0, '2014-08-18 02:47:54', NULL, '2014-08-19 04:56:55'),
(538, 81, 'ST-2', 'SALES TAX FOR GENERAL', 9, 10, 2, 1, 'SALES TAX FOR GENERAL', NULL, 0, 0, '2014-08-18 02:47:54', NULL, '2014-08-19 04:56:55'),
(539, 81, 'SERT-1', 'SERVICE TAX FOR GENERAL', 10, 6, 2, 1, 'SERVICE TAX FOR GENERAL', 1129, 0, 0, '2014-08-18 02:47:54', NULL, '2014-08-19 04:56:55'),
(540, 81, 'IMPD-1', 'IMPORT DUTY FOR CUSTOMS IMPORTED GOODS', 17, 0, 2, 1, 'IMPORT DUTY FOR CUSTOMS IMPORTED GOODS', NULL, 0, 0, '2014-08-18 02:47:54', NULL, '2014-08-19 04:56:55'),
(541, 81, 'IMPD-2', 'IMPORT DUTY FOR CUSTOMS OPEN AP', 17, 0, 2, 1, 'IMPORT DUTY FOR CUSTOMS OPEN AP', NULL, 0, 0, '2014-08-18 02:47:54', NULL, '2014-08-19 04:56:55'),
(542, 81, 'IMPD-3', 'IMPORT DUTY FOR CUTOMS FRANCHAISE AP', 17, 0, 2, 1, 'IMPORT DUTY FOR CUTOMS FRANCHAISE AP', NULL, 0, 0, '2014-08-18 02:47:54', NULL, '2014-08-19 04:56:55'),
(543, 81, 'EXD', 'EXCISE DUTY CUSTOMS', 18, 0, 2, 1, 'EXCISE DUTY CUSTOMS', NULL, 0, 0, '2014-08-18 02:47:54', NULL, '2014-08-19 04:56:55'),
(544, 1, 'TX-CG', 'CAPITAL GOODS ACQUIRED', 11, 6, 1, 1, 'CAPITAL GOODS ACQUIRED', 32, 0, 0, '2014-08-19 05:17:34', NULL, '2014-08-19 05:17:34'),
(545, 2, 'TX-CG', 'CAPITAL GOODS ACQUIRED', 11, 6, 1, 1, 'CAPITAL GOODS ACQUIRED', 158, 0, 0, '2014-08-19 05:17:34', NULL, '2014-08-19 05:17:34'),
(546, 3, 'TX-CG', 'CAPITAL GOODS ACQUIRED', 11, 6, 1, 1, 'CAPITAL GOODS ACQUIRED', NULL, 0, 0, '2014-08-19 05:17:34', NULL, '2014-08-19 05:17:34'),
(547, 4, 'TX-CG', 'CAPITAL GOODS ACQUIRED', 11, 6, 1, 1, 'CAPITAL GOODS ACQUIRED', NULL, 0, 0, '2014-08-19 05:17:34', NULL, '2014-08-19 05:17:34'),
(548, 7, 'TX-CG', 'CAPITAL GOODS ACQUIRED', 11, 6, 1, 1, 'CAPITAL GOODS ACQUIRED', NULL, 0, 0, '2014-08-19 05:17:34', NULL, '2014-08-19 05:17:34'),
(549, 15, 'TX-CG', 'CAPITAL GOODS ACQUIRED', 11, 6, 1, 1, 'CAPITAL GOODS ACQUIRED', 255, 0, 0, '2014-08-19 05:17:34', NULL, '2014-08-19 05:17:34'),
(550, 16, 'TX-CG', 'CAPITAL GOODS ACQUIRED', 11, 6, 1, 1, 'CAPITAL GOODS ACQUIRED', NULL, 0, 0, '2014-08-19 05:17:34', NULL, '2014-08-19 05:17:34'),
(551, 17, 'TX-CG', 'CAPITAL GOODS ACQUIRED', 11, 6, 1, 1, 'CAPITAL GOODS ACQUIRED', NULL, 0, 0, '2014-08-19 05:17:34', NULL, '2014-08-19 05:17:34'),
(552, 18, 'TX-CG', 'CAPITAL GOODS ACQUIRED', 11, 6, 1, 1, 'CAPITAL GOODS ACQUIRED', NULL, 0, 0, '2014-08-19 05:17:34', NULL, '2014-08-19 05:17:34'),
(553, 25, 'TX-CG', 'CAPITAL GOODS ACQUIRED', 11, 6, 1, 1, 'CAPITAL GOODS ACQUIRED', NULL, 0, 0, '2014-08-19 05:17:34', NULL, '2014-08-19 05:17:34'),
(554, 26, 'TX-CG', 'CAPITAL GOODS ACQUIRED', 11, 6, 1, 1, 'CAPITAL GOODS ACQUIRED', NULL, 0, 0, '2014-08-19 05:17:34', NULL, '2014-08-19 05:17:34'),
(555, 27, 'TX-CG', 'CAPITAL GOODS ACQUIRED', 11, 6, 1, 1, 'CAPITAL GOODS ACQUIRED', NULL, 0, 0, '2014-08-19 05:17:34', NULL, '2014-08-19 05:17:34'),
(556, 28, 'TX-CG', 'CAPITAL GOODS ACQUIRED', 11, 6, 1, 1, 'CAPITAL GOODS ACQUIRED', NULL, 0, 0, '2014-08-19 05:17:34', NULL, '2014-08-19 05:17:34'),
(557, 31, 'TX-CG', 'CAPITAL GOODS ACQUIRED', 11, 6, 1, 1, 'CAPITAL GOODS ACQUIRED', NULL, 0, 0, '2014-08-19 05:17:34', NULL, '2014-08-19 05:17:34'),
(558, 32, 'TX-CG', 'CAPITAL GOODS ACQUIRED', 11, 6, 1, 1, 'CAPITAL GOODS ACQUIRED', NULL, 0, 0, '2014-08-19 05:17:34', NULL, '2014-08-19 05:17:34'),
(559, 33, 'TX-CG', 'CAPITAL GOODS ACQUIRED', 11, 6, 1, 1, 'CAPITAL GOODS ACQUIRED', NULL, 0, 0, '2014-08-19 05:17:34', NULL, '2014-08-19 05:17:34'),
(560, 34, 'TX-CG', 'CAPITAL GOODS ACQUIRED', 11, 6, 1, 1, 'CAPITAL GOODS ACQUIRED', NULL, 0, 0, '2014-08-19 05:17:34', NULL, '2014-08-19 05:17:34'),
(561, 41, 'TX-CG', 'CAPITAL GOODS ACQUIRED', 11, 6, 1, 1, 'CAPITAL GOODS ACQUIRED', NULL, 0, 0, '2014-08-19 05:17:34', NULL, '2014-08-19 05:17:34'),
(562, 42, 'TX-CG', 'CAPITAL GOODS ACQUIRED', 11, 6, 1, 1, 'CAPITAL GOODS ACQUIRED', NULL, 0, 0, '2014-08-19 05:17:34', NULL, '2014-08-19 05:17:34'),
(563, 43, 'TX-CG', 'CAPITAL GOODS ACQUIRED', 11, 6, 1, 1, 'CAPITAL GOODS ACQUIRED', NULL, 0, 0, '2014-08-19 05:17:34', NULL, '2014-08-19 05:17:34'),
(564, 45, 'TX-CG', 'CAPITAL GOODS ACQUIRED', 11, 6, 1, 1, 'CAPITAL GOODS ACQUIRED', NULL, 0, 0, '2014-08-19 05:17:34', NULL, '2014-08-19 05:17:34'),
(565, 52, 'TX-CG', 'CAPITAL GOODS ACQUIRED', 11, 6, 1, 1, 'CAPITAL GOODS ACQUIRED', NULL, 0, 0, '2014-08-19 05:17:34', NULL, '2014-08-19 05:17:34'),
(566, 53, 'TX-CG', 'CAPITAL GOODS ACQUIRED', 11, 6, 1, 1, 'CAPITAL GOODS ACQUIRED', NULL, 0, 0, '2014-08-19 05:17:34', NULL, '2014-08-19 05:17:34'),
(567, 54, 'TX-CG', 'CAPITAL GOODS ACQUIRED', 11, 6, 1, 1, 'CAPITAL GOODS ACQUIRED', NULL, 0, 0, '2014-08-19 05:17:34', NULL, '2014-08-19 05:17:34'),
(568, 55, 'TX-CG', 'CAPITAL GOODS ACQUIRED', 11, 6, 1, 1, 'CAPITAL GOODS ACQUIRED', NULL, 0, 0, '2014-08-19 05:17:34', NULL, '2014-08-19 05:17:34'),
(569, 56, 'TX-CG', 'CAPITAL GOODS ACQUIRED', 11, 6, 1, 1, 'CAPITAL GOODS ACQUIRED', NULL, 0, 0, '2014-08-19 05:17:34', NULL, '2014-08-19 05:17:34'),
(570, 57, 'TX-CG', 'CAPITAL GOODS ACQUIRED', 11, 6, 1, 1, 'CAPITAL GOODS ACQUIRED', 612, 0, 0, '2014-08-19 05:17:34', NULL, '2014-08-19 05:17:34'),
(571, 74, 'TX-CG', 'CAPITAL GOODS ACQUIRED', 11, 6, 1, 1, 'CAPITAL GOODS ACQUIRED', 865, 0, 0, '2014-08-19 05:17:34', NULL, '2014-08-19 05:17:34'),
(572, 75, 'TX-CG', 'CAPITAL GOODS ACQUIRED', 11, 6, 1, 1, 'CAPITAL GOODS ACQUIRED', 738, 0, 0, '2014-08-19 05:17:34', NULL, '2014-08-19 05:17:34'),
(573, 76, 'TX-CG', 'CAPITAL GOODS ACQUIRED', 11, 6, 1, 1, 'CAPITAL GOODS ACQUIRED', 992, 0, 0, '2014-08-19 05:17:34', NULL, '2014-08-19 05:17:34'),
(574, 81, 'TX-CG', 'CAPITAL GOODS ACQUIRED', 11, 6, 1, 1, 'CAPITAL GOODS ACQUIRED', 1119, 0, 0, '2014-08-19 05:17:34', NULL, '2014-08-19 05:17:34'),
(575, 82, 'TX-CG', 'CAPITAL GOODS ACQUIRED', 11, 6, 1, 1, 'CAPITAL GOODS ACQUIRED', 27673, 0, 0, '2014-08-19 05:17:34', NULL, '2014-08-19 05:17:34'),
(576, 83, 'TX-CG', 'CAPITAL GOODS ACQUIRED', 11, 6, 1, 1, 'CAPITAL GOODS ACQUIRED', NULL, 0, 0, '2014-08-19 05:17:34', NULL, '2014-08-19 05:17:34'),
(577, 84, 'TX-CG', 'CAPITAL GOODS ACQUIRED', 11, 6, 1, 1, 'CAPITAL GOODS ACQUIRED', 27537, 0, 0, '2014-08-19 05:17:34', NULL, '2014-08-19 05:17:34'),
(578, 85, 'TX-CG', 'CAPITAL GOODS ACQUIRED', 11, 6, 1, 1, 'CAPITAL GOODS ACQUIRED', NULL, 0, 0, '2014-08-19 05:17:34', NULL, '2014-08-19 05:17:34'),
(579, 86, 'TX-CG', 'CAPITAL GOODS ACQUIRED', 11, 6, 1, 1, 'CAPITAL GOODS ACQUIRED', 28050, 0, 0, '2014-08-19 05:17:34', NULL, '2014-08-19 05:17:34'),
(607, 87, 'TX-CG', 'CAPITAL GOODS ACQUIRED', 11, 6, 1, 1, 'CAPITAL GOODS ACQUIRED', 28179, 0, 0, '2014-08-21 02:30:25', NULL, '2014-08-21 04:40:55'),
(608, 87, 'SR', 'STANDARD RATED SUPPLIES WITH GST CHARGED', 1, 6, 1, 2, 'STANDARD RATED SUPPLIES WITH GST CHARGED', 28185, 0, 0, '2014-08-21 02:30:25', NULL, '2014-08-21 04:40:55'),
(609, 87, 'DS', 'DEEMED SUPPLIES', 1, 6, 1, 2, 'DEEMED SUPPLIES', 28185, 0, 0, '2014-08-21 02:30:25', NULL, '2014-08-21 04:40:55'),
(610, 87, 'ZRL', 'ZERO RATED SUPPLIES-LOCAL', 2, 0, 1, 2, 'ZERO RATED SUPPLIES-LOCAL', NULL, 0, 0, '2014-08-21 02:30:25', NULL, '2014-08-21 04:40:55'),
(611, 87, 'ZRE', 'EXPORTED GOOD SUPPLIES', 3, 0, 1, 2, 'EXPORTED GOOD SUPPLIES', NULL, 0, 0, '2014-08-21 02:30:25', NULL, '2014-08-21 04:40:55'),
(612, 87, 'ES43', 'INCIDENTAL EXEMPT SUPPLIES', 4, 0, 1, 2, 'INCIDENTAL EXEMPT SUPPLIES', NULL, 0, 0, '2014-08-21 02:30:25', NULL, '2014-08-21 04:40:55'),
(613, 87, 'ES', 'EXEMPT SUPPLIES UNDER GST', 4, 0, 1, 2, 'EXEMPT SUPPLIES UNDER GST', NULL, 0, 0, '2014-08-21 02:30:25', NULL, '2014-08-21 04:40:55'),
(614, 87, 'OS', 'OUT-OF-SCOPE SUPPLIES', 5, 0, 1, 2, 'OUT-OF-SCOPE SUPPLIES', NULL, 0, 0, '2014-08-21 02:30:25', NULL, '2014-08-21 04:40:55'),
(615, 87, 'RS', 'RELIEF SUPPLIES UNDER GST', 6, 0, 1, 2, 'RELIEF SUPPLIES UNDER GST', NULL, 0, 0, '2014-08-21 02:30:25', NULL, '2014-08-21 04:40:55'),
(616, 87, 'GS', 'DISREGARDED SUPPLIES', 7, 0, 1, 2, 'DISREGARDED SUPPLIES', NULL, 0, 0, '2014-08-21 02:30:25', NULL, '2014-08-21 04:40:55'),
(617, 87, 'AJS', 'ANY ADJUSTMENT MADE TO OUTPUT TAX', 8, 6, 1, 2, 'ANY ADJUSTMENT MADE TO OUTPUT TAX', 28185, 0, 0, '2014-08-21 02:30:25', NULL, '2014-08-21 04:40:55'),
(618, 87, 'ST-MF', 'SALES TAX FOR GOODS MANUFACTURING ', 9, 10, 2, 2, 'SALES TAX FOR GOODS MANUFACTURING ', 28188, 0, 0, '2014-08-21 02:30:25', NULL, '2014-08-21 04:40:55'),
(619, 87, 'ST', 'SALES TAX FOR GENERAL', 9, 5, 2, 2, 'SALES TAX FOR GENERAL', 28188, 0, 0, '2014-08-21 02:30:25', NULL, '2014-08-21 04:40:55'),
(620, 87, 'SERT', 'SERVICE TAX FOR GENERAL', 10, 6, 2, 2, 'SERVICE TAX FOR GENERAL', 28189, 0, 0, '2014-08-21 02:30:25', NULL, '2014-08-21 04:40:55'),
(621, 87, 'TX', 'PURCHASE WITH GST INCURRED AT 6% AND DIRECTLY ATTRIBUTABLE TO TAXABLE SUPPLIES', 11, 6, 1, 1, 'PURCHASE WITH GST INCURRED AT 6% AND DIRECTLY ATTRIBUTABLE TO TAXABLE SUPPLIES', 28185, 0, 0, '2014-08-21 02:30:25', NULL, '2014-08-21 04:40:55'),
(622, 87, 'IM', 'GST INCURRED FOR IMPORT OF GOODS', 11, 6, 1, 1, 'GST INCURRED FOR IMPORT OF GOODS', 28179, 0, 0, '2014-08-21 02:30:25', NULL, '2014-08-21 04:40:55'),
(623, 87, 'IMS', 'GST INCURRED FOR IMPORT OF SERVICES (REVERSED MECHANISM)', 11, 6, 1, 1, 'GST INCURRED FOR IMPORT OF SERVICES (REVERSED MECHANISM)', 28179, 0, 0, '2014-08-21 02:30:25', NULL, '2014-08-21 04:40:55'),
(624, 87, 'IS', 'IMPORTED UNDER SPECIAL SCHEME WITH NO GST INCURRED', 12, 0, 1, 1, 'IMPORTED UNDER SPECIAL SCHEME WITH NO GST INCURRED', NULL, 0, 0, '2014-08-21 02:30:25', NULL, '2014-08-21 04:40:55'),
(625, 87, 'BL', 'PURCHASE WITH GST INCURRED BUT NOT CLAIMBLE', 13, 6, 1, 1, 'PURCHASE WITH GST INCURRED BUT NOT CLAIMBLE', 28179, 0, 0, '2014-08-21 02:30:25', NULL, '2014-08-21 04:40:55'),
(626, 87, 'NR', 'PURCHASE FROM NON GST-REGISTERED SUPPLIER WITH NO GST INCURRED', 14, 0, 1, 1, 'PURCHASE FROM NON GST-REGISTERED SUPPLIER WITH NO GST INCURRED', NULL, 0, 0, '2014-08-21 02:30:25', NULL, '2014-08-21 04:40:55'),
(627, 87, 'ZP', 'PURCHASE FROM GST-REGISTERED SUPPLIER WITH NO GST INCURRED', 15, 0, 1, 1, 'PURCHASE FROM GST-REGISTERED SUPPLIER WITH NO GST INCURRED', NULL, 0, 0, '2014-08-21 02:30:25', NULL, '2014-08-21 04:40:55'),
(628, 87, 'EP', 'PURCHASE EXEMPTED FROM GST', 16, 0, 1, 1, 'PURCHASE EXEMPTED FROM GST', NULL, 0, 0, '2014-08-21 02:30:25', NULL, '2014-08-21 04:40:55'),
(629, 87, 'OP', 'PURCHASE TRANSACTIONS WHICH IS OUT OF THE SCOPE OF GST LEGISLATION', 5, 0, 1, 1, 'PURCHASE TRANSACTIONS WHICH IS OUT OF THE SCOPE', NULL, 0, 0, '2014-08-21 02:30:25', NULL, '2014-08-21 04:40:55'),
(630, 87, 'TX-E43', 'GST INCURRED DIRECTLY ATTRIBUTABLE TO INCIDENTAL EXEMPT SUPPLIES', 11, 6, 1, 1, 'GST INCURRED DIRECTLY ATTRIBUTABLE TO INCIDENTAL EXEMPT SUPPLIES', 28179, 0, 0, '2014-08-21 02:30:25', NULL, '2014-08-21 04:40:55'),
(631, 87, 'TX-N43', 'GST  INCURRED DIRECTLY ATTRIBUTABLE TO NON-INCIDENTAL EXEMPT SUPPLIES', 11, 6, 1, 1, 'GST  INCURRED DIRECTLY ATTRIBUTABLE TO NON-INCIDENTAL EXEMPT SUPPLIES', 28179, 0, 0, '2014-08-21 02:30:25', NULL, '2014-08-21 04:40:55'),
(632, 87, 'TX-RE', 'GST INCURRED THAT IS NOT DIRECTLY ATTRIBUTABLE TO TAXABLE OR EXEMPT SUPPLIES', 11, 6, 1, 1, 'GST INCURRED THAT IS NOT DIRECTLY ATTRIBUTABLE TO TAXABLE OR EXEMPT SUPPLIES', 28179, 0, 0, '2014-08-21 02:30:25', NULL, '2014-08-21 04:40:55'),
(633, 87, 'GP', 'PURCHASE TRANSACTION WHICH LEGISLATION', 19, 0, 1, 1, 'PURCHASE TRANSACTION WHICH LEGISLATION', NULL, 0, 0, '2014-08-21 02:30:25', NULL, '2014-08-21 04:40:55'),
(634, 87, 'AJP', 'ANY ADJUSTMENT MADE TO INPUT TAX', 20, 6, 1, 1, 'ANY ADJUSTMENT MADE TO INPUT TAX', 28179, 0, 0, '2014-08-21 02:30:25', NULL, '2014-08-21 04:40:55'),
(635, 87, 'ST-1', 'SALES TAX FOR GOODS MANUFACTURING ', 9, 10, 2, 1, 'SALES TAX FOR GOODS MANUFACTURING ', 28248, 0, 0, '2014-08-21 02:30:25', NULL, '2014-08-21 04:40:55'),
(636, 87, 'ST-2', 'SALES TAX FOR GENERAL', 9, 10, 2, 1, 'SALES TAX FOR GENERAL', 28248, 0, 0, '2014-08-21 02:30:25', NULL, '2014-08-21 04:40:55'),
(637, 87, 'SERT-1', 'SERVICE TAX FOR GENERAL', 10, 6, 2, 1, 'SERVICE TAX FOR GENERAL', 28189, 0, 0, '2014-08-21 02:30:25', NULL, '2014-08-21 04:40:55'),
(638, 87, 'IMPD-1', 'IMPORT DUTY FOR CUSTOMS IMPORTED GOODS', 17, 0, 2, 1, 'IMPORT DUTY FOR CUSTOMS IMPORTED GOODS', NULL, 0, 0, '2014-08-21 02:30:25', NULL, '2014-08-21 04:40:55'),
(639, 87, 'IMPD-2', 'IMPORT DUTY FOR CUSTOMS OPEN AP', 17, 0, 2, 1, 'IMPORT DUTY FOR CUSTOMS OPEN AP', NULL, 0, 0, '2014-08-21 02:30:25', NULL, '2014-08-21 04:40:55'),
(640, 87, 'IMPD-3', 'IMPORT DUTY FOR CUTOMS FRANCHAISE AP', 17, 0, 2, 1, 'IMPORT DUTY FOR CUTOMS FRANCHAISE AP', NULL, 0, 0, '2014-08-21 02:30:25', NULL, '2014-08-21 04:40:55'),
(641, 87, 'EXD', 'EXCISE DUTY CUSTOMS', 18, 0, 2, 1, 'EXCISE DUTY CUSTOMS', NULL, 0, 0, '2014-08-21 02:30:25', NULL, '2014-08-21 04:40:55'),
(670, 89, 'TX-CG', 'CAPITAL GOODS ACQUIRED', 11, 6, 1, 1, 'CAPITAL GOODS ACQUIRED', NULL, 0, 0, '2014-08-22 01:35:03', NULL, '2014-08-22 01:35:03'),
(671, 89, 'SR', 'STANDARD RATED SUPPLIES WITH GST CHARGED', 1, 6, 1, 2, 'STANDARD RATED SUPPLIES WITH GST CHARGED', NULL, 0, 0, '2014-08-22 01:35:03', NULL, '2014-08-22 01:35:03'),
(672, 89, 'DS', 'DEEMED SUPPLIES', 1, 6, 1, 2, 'DEEMED SUPPLIES', NULL, 0, 0, '2014-08-22 01:35:03', NULL, '2014-08-22 01:35:03'),
(673, 89, 'ZRL', 'ZERO RATED SUPPLIES-LOCAL', 2, 0, 1, 2, 'ZERO RATED SUPPLIES-LOCAL', NULL, 0, 0, '2014-08-22 01:35:03', NULL, '2014-08-22 01:35:03'),
(674, 89, 'ZRE', 'EXPORTED GOOD SUPPLIES', 3, 0, 1, 2, 'EXPORTED GOOD SUPPLIES', NULL, 0, 0, '2014-08-22 01:35:03', NULL, '2014-08-22 01:35:03'),
(675, 89, 'ES43', 'INCIDENTAL EXEMPT SUPPLIES', 4, 0, 1, 2, 'INCIDENTAL EXEMPT SUPPLIES', NULL, 0, 0, '2014-08-22 01:35:03', NULL, '2014-08-22 01:35:03'),
(676, 89, 'ES', 'EXEMPT SUPPLIES UNDER GST', 4, 0, 1, 2, 'EXEMPT SUPPLIES UNDER GST', NULL, 0, 0, '2014-08-22 01:35:03', NULL, '2014-08-22 01:35:03'),
(677, 89, 'OS', 'OUT-OF-SCOPE SUPPLIES', 5, 0, 1, 2, 'OUT-OF-SCOPE SUPPLIES', NULL, 0, 0, '2014-08-22 01:35:03', NULL, '2014-08-22 01:35:03'),
(678, 89, 'RS', 'RELIEF SUPPLIES UNDER GST', 6, 0, 1, 2, 'RELIEF SUPPLIES UNDER GST', NULL, 0, 0, '2014-08-22 01:35:03', NULL, '2014-08-22 01:35:03'),
(679, 89, 'GS', 'DISREGARDED SUPPLIES', 7, 0, 1, 2, 'DISREGARDED SUPPLIES', NULL, 0, 0, '2014-08-22 01:35:03', NULL, '2014-08-22 01:35:03'),
(680, 89, 'AJS', 'ANY ADJUSTMENT MADE TO OUTPUT TAX', 8, 6, 1, 2, 'ANY ADJUSTMENT MADE TO OUTPUT TAX', NULL, 0, 0, '2014-08-22 01:35:03', NULL, '2014-08-22 01:35:03'),
(681, 89, 'ST-MF', 'SALES TAX FOR GOODS MANUFACTURING ', 9, 10, 2, 2, 'SALES TAX FOR GOODS MANUFACTURING ', NULL, 0, 0, '2014-08-22 01:35:03', NULL, '2014-08-22 01:35:03'),
(682, 89, 'ST', 'SALES TAX FOR GENERAL', 9, 5, 2, 2, 'SALES TAX FOR GENERAL', NULL, 0, 0, '2014-08-22 01:35:03', NULL, '2014-08-22 01:35:03'),
(683, 89, 'SERT', 'SERVICE TAX FOR GENERAL', 10, 6, 2, 2, 'SERVICE TAX FOR GENERAL', NULL, 0, 0, '2014-08-22 01:35:03', NULL, '2014-08-22 01:35:03'),
(684, 89, 'TX', 'PURCHASE WITH GST INCURRED AT 6% AND DIRECTLY ATTRIBUTABLE TO TAXABLE SUPPLIES', 11, 6, 1, 1, 'PURCHASE WITH GST INCURRED AT 6% AND DIRECTLY ATTRIBUTABLE TO TAXABLE SUPPLIES', NULL, 0, 0, '2014-08-22 01:35:03', NULL, '2014-08-22 01:35:03'),
(685, 89, 'IM', 'GST INCURRED FOR IMPORT OF GOODS', 11, 6, 1, 1, 'GST INCURRED FOR IMPORT OF GOODS', NULL, 0, 0, '2014-08-22 01:35:03', NULL, '2014-08-22 01:35:03'),
(686, 89, 'IMS', 'GST INCURRED FOR IMPORT OF SERVICES (REVERSED MECHANISM)', 11, 6, 1, 1, 'GST INCURRED FOR IMPORT OF SERVICES (REVERSED MECHANISM)', NULL, 0, 0, '2014-08-22 01:35:03', NULL, '2014-08-22 01:35:03'),
(687, 89, 'IS', 'IMPORTED UNDER SPECIAL SCHEME WITH NO GST INCURRED', 12, 0, 1, 1, 'IMPORTED UNDER SPECIAL SCHEME WITH NO GST INCURRED', NULL, 0, 0, '2014-08-22 01:35:03', NULL, '2014-08-22 01:35:03'),
(688, 89, 'BL', 'PURCHASE WITH GST INCURRED BUT NOT CLAIMBLE', 13, 6, 1, 1, 'PURCHASE WITH GST INCURRED BUT NOT CLAIMBLE', NULL, 0, 0, '2014-08-22 01:35:03', NULL, '2014-08-22 01:35:03'),
(689, 89, 'NR', 'PURCHASE FROM NON GST-REGISTERED SUPPLIER WITH NO GST INCURRED', 14, 0, 1, 1, 'PURCHASE FROM NON GST-REGISTERED SUPPLIER WITH NO GST INCURRED', NULL, 0, 0, '2014-08-22 01:35:03', NULL, '2014-08-22 01:35:03'),
(690, 89, 'ZP', 'PURCHASE FROM GST-REGISTERED SUPPLIER WITH NO GST INCURRED', 15, 0, 1, 1, 'PURCHASE FROM GST-REGISTERED SUPPLIER WITH NO GST INCURRED', NULL, 0, 0, '2014-08-22 01:35:03', NULL, '2014-08-22 01:35:03'),
(691, 89, 'EP', 'PURCHASE EXEMPTED FROM GST', 16, 0, 1, 1, 'PURCHASE EXEMPTED FROM GST', NULL, 0, 0, '2014-08-22 01:35:03', NULL, '2014-08-22 01:35:03'),
(692, 89, 'OP', 'PURCHASE TRANSACTIONS WHICH IS OUT OF THE SCOPE OF GST LEGISLATION', 5, 0, 1, 1, 'PURCHASE TRANSACTIONS WHICH IS OUT OF THE SCOPE', NULL, 0, 0, '2014-08-22 01:35:03', NULL, '2014-08-22 01:35:03'),
(693, 89, 'TX-E43', 'GST INCURRED DIRECTLY ATTRIBUTABLE TO INCIDENTAL EXEMPT SUPPLIES', 11, 6, 1, 1, 'GST INCURRED DIRECTLY ATTRIBUTABLE TO INCIDENTAL EXEMPT SUPPLIES', NULL, 0, 0, '2014-08-22 01:35:03', NULL, '2014-08-22 01:35:03'),
(694, 89, 'TX-N43', 'GST  INCURRED DIRECTLY ATTRIBUTABLE TO NON-INCIDENTAL EXEMPT SUPPLIES', 11, 6, 1, 1, 'GST  INCURRED DIRECTLY ATTRIBUTABLE TO NON-INCIDENTAL EXEMPT SUPPLIES', NULL, 0, 0, '2014-08-22 01:35:03', NULL, '2014-08-22 01:35:03'),
(695, 89, 'TX-RE', 'GST INCURRED THAT IS NOT DIRECTLY ATTRIBUTABLE TO TAXABLE OR EXEMPT SUPPLIES', 11, 6, 1, 1, 'GST INCURRED THAT IS NOT DIRECTLY ATTRIBUTABLE TO TAXABLE OR EXEMPT SUPPLIES', NULL, 0, 0, '2014-08-22 01:35:03', NULL, '2014-08-22 01:35:03'),
(696, 89, 'GP', 'PURCHASE TRANSACTION WHICH LEGISLATION', 19, 0, 1, 1, 'PURCHASE TRANSACTION WHICH LEGISLATION', NULL, 0, 0, '2014-08-22 01:35:03', NULL, '2014-08-22 01:35:03'),
(697, 89, 'AJP', 'ANY ADJUSTMENT MADE TO INPUT TAX', 20, 6, 1, 1, 'ANY ADJUSTMENT MADE TO INPUT TAX', NULL, 0, 0, '2014-08-22 01:35:03', NULL, '2014-08-22 01:35:03'),
(698, 89, 'ST-1', 'SALES TAX FOR GOODS MANUFACTURING ', 9, 10, 2, 1, 'SALES TAX FOR GOODS MANUFACTURING ', NULL, 0, 0, '2014-08-22 01:35:03', NULL, '2014-08-22 01:35:03'),
(699, 89, 'ST-2', 'SALES TAX FOR GENERAL', 9, 10, 2, 1, 'SALES TAX FOR GENERAL', NULL, 0, 0, '2014-08-22 01:35:03', NULL, '2014-08-22 01:35:03'),
(700, 89, 'SERT-1', 'SERVICE TAX FOR GENERAL', 10, 6, 2, 1, 'SERVICE TAX FOR GENERAL', NULL, 0, 0, '2014-08-22 01:35:03', NULL, '2014-08-22 01:35:03'),
(701, 89, 'IMPD-1', 'IMPORT DUTY FOR CUSTOMS IMPORTED GOODS', 17, 0, 2, 1, 'IMPORT DUTY FOR CUSTOMS IMPORTED GOODS', NULL, 0, 0, '2014-08-22 01:35:03', NULL, '2014-08-22 01:35:03'),
(702, 89, 'IMPD-2', 'IMPORT DUTY FOR CUSTOMS OPEN AP', 17, 0, 2, 1, 'IMPORT DUTY FOR CUSTOMS OPEN AP', NULL, 0, 0, '2014-08-22 01:35:03', NULL, '2014-08-22 01:35:03'),
(703, 89, 'IMPD-3', 'IMPORT DUTY FOR CUTOMS FRANCHAISE AP', 17, 0, 2, 1, 'IMPORT DUTY FOR CUTOMS FRANCHAISE AP', NULL, 0, 0, '2014-08-22 01:35:03', NULL, '2014-08-22 01:35:03'),
(704, 89, 'EXD', 'EXCISE DUTY CUSTOMS', 18, 0, 2, 1, 'EXCISE DUTY CUSTOMS', NULL, 0, 0, '2014-08-22 01:35:03', NULL, '2014-08-22 01:35:03'),
(733, 90, 'TX-CG', 'CAPITAL GOODS ACQUIRED', 11, 6, 1, 1, 'CAPITAL GOODS ACQUIRED', NULL, 0, 0, '2014-08-22 02:36:00', NULL, '2014-08-22 02:36:00'),
(734, 90, 'SR', 'STANDARD RATED SUPPLIES WITH GST CHARGED', 1, 6, 1, 2, 'STANDARD RATED SUPPLIES WITH GST CHARGED', NULL, 0, 0, '2014-08-22 02:36:00', NULL, '2014-08-22 02:36:00'),
(735, 90, 'DS', 'DEEMED SUPPLIES', 1, 6, 1, 2, 'DEEMED SUPPLIES', NULL, 0, 0, '2014-08-22 02:36:00', NULL, '2014-08-22 02:36:00'),
(736, 90, 'ZRL', 'ZERO RATED SUPPLIES-LOCAL', 2, 0, 1, 2, 'ZERO RATED SUPPLIES-LOCAL', NULL, 0, 0, '2014-08-22 02:36:00', NULL, '2014-08-22 02:36:00'),
(737, 90, 'ZRE', 'EXPORTED GOOD SUPPLIES', 3, 0, 1, 2, 'EXPORTED GOOD SUPPLIES', NULL, 0, 0, '2014-08-22 02:36:00', NULL, '2014-08-22 02:36:00'),
(738, 90, 'ES43', 'INCIDENTAL EXEMPT SUPPLIES', 4, 0, 1, 2, 'INCIDENTAL EXEMPT SUPPLIES', NULL, 0, 0, '2014-08-22 02:36:00', NULL, '2014-08-22 02:36:00'),
(739, 90, 'ES', 'EXEMPT SUPPLIES UNDER GST', 4, 0, 1, 2, 'EXEMPT SUPPLIES UNDER GST', NULL, 0, 0, '2014-08-22 02:36:00', NULL, '2014-08-22 02:36:00'),
(740, 90, 'OS', 'OUT-OF-SCOPE SUPPLIES', 5, 0, 1, 2, 'OUT-OF-SCOPE SUPPLIES', NULL, 0, 0, '2014-08-22 02:36:00', NULL, '2014-08-22 02:36:00'),
(741, 90, 'RS', 'RELIEF SUPPLIES UNDER GST', 6, 0, 1, 2, 'RELIEF SUPPLIES UNDER GST', NULL, 0, 0, '2014-08-22 02:36:00', NULL, '2014-08-22 02:36:00'),
(742, 90, 'GS', 'DISREGARDED SUPPLIES', 7, 0, 1, 2, 'DISREGARDED SUPPLIES', NULL, 0, 0, '2014-08-22 02:36:00', NULL, '2014-08-22 02:36:00'),
(743, 90, 'AJS', 'ANY ADJUSTMENT MADE TO OUTPUT TAX', 8, 6, 1, 2, 'ANY ADJUSTMENT MADE TO OUTPUT TAX', NULL, 0, 0, '2014-08-22 02:36:00', NULL, '2014-08-22 02:36:00'),
(744, 90, 'ST-MF', 'SALES TAX FOR GOODS MANUFACTURING ', 9, 10, 2, 2, 'SALES TAX FOR GOODS MANUFACTURING ', NULL, 0, 0, '2014-08-22 02:36:00', NULL, '2014-08-22 02:36:00'),
(745, 90, 'ST', 'SALES TAX FOR GENERAL', 9, 5, 2, 2, 'SALES TAX FOR GENERAL', NULL, 0, 0, '2014-08-22 02:36:00', NULL, '2014-08-22 02:36:00'),
(746, 90, 'SERT', 'SERVICE TAX FOR GENERAL', 10, 6, 2, 2, 'SERVICE TAX FOR GENERAL', NULL, 0, 0, '2014-08-22 02:36:00', NULL, '2014-08-22 02:36:00'),
(747, 90, 'TX', 'PURCHASE WITH GST INCURRED AT 6% AND DIRECTLY ATTRIBUTABLE TO TAXABLE SUPPLIES', 11, 6, 1, 1, 'PURCHASE WITH GST INCURRED AT 6% AND DIRECTLY ATTRIBUTABLE TO TAXABLE SUPPLIES', NULL, 0, 0, '2014-08-22 02:36:00', NULL, '2014-08-22 02:36:00'),
(748, 90, 'IM', 'GST INCURRED FOR IMPORT OF GOODS', 11, 6, 1, 1, 'GST INCURRED FOR IMPORT OF GOODS', NULL, 0, 0, '2014-08-22 02:36:00', NULL, '2014-08-22 02:36:00'),
(749, 90, 'IMS', 'GST INCURRED FOR IMPORT OF SERVICES (REVERSED MECHANISM)', 11, 6, 1, 1, 'GST INCURRED FOR IMPORT OF SERVICES (REVERSED MECHANISM)', NULL, 0, 0, '2014-08-22 02:36:00', NULL, '2014-08-22 02:36:00'),
(750, 90, 'IS', 'IMPORTED UNDER SPECIAL SCHEME WITH NO GST INCURRED', 12, 0, 1, 1, 'IMPORTED UNDER SPECIAL SCHEME WITH NO GST INCURRED', NULL, 0, 0, '2014-08-22 02:36:00', NULL, '2014-08-22 02:36:00'),
(751, 90, 'BL', 'PURCHASE WITH GST INCURRED BUT NOT CLAIMBLE', 13, 6, 1, 1, 'PURCHASE WITH GST INCURRED BUT NOT CLAIMBLE', NULL, 0, 0, '2014-08-22 02:36:00', NULL, '2014-08-22 02:36:00'),
(752, 90, 'NR', 'PURCHASE FROM NON GST-REGISTERED SUPPLIER WITH NO GST INCURRED', 14, 0, 1, 1, 'PURCHASE FROM NON GST-REGISTERED SUPPLIER WITH NO GST INCURRED', NULL, 0, 0, '2014-08-22 02:36:00', NULL, '2014-08-22 02:36:00'),
(753, 90, 'ZP', 'PURCHASE FROM GST-REGISTERED SUPPLIER WITH NO GST INCURRED', 15, 0, 1, 1, 'PURCHASE FROM GST-REGISTERED SUPPLIER WITH NO GST INCURRED', NULL, 0, 0, '2014-08-22 02:36:00', NULL, '2014-08-22 02:36:00'),
(754, 90, 'EP', 'PURCHASE EXEMPTED FROM GST', 16, 0, 1, 1, 'PURCHASE EXEMPTED FROM GST', NULL, 0, 0, '2014-08-22 02:36:00', NULL, '2014-08-22 02:36:00'),
(755, 90, 'OP', 'PURCHASE TRANSACTIONS WHICH IS OUT OF THE SCOPE OF GST LEGISLATION', 5, 0, 1, 1, 'PURCHASE TRANSACTIONS WHICH IS OUT OF THE SCOPE', NULL, 0, 0, '2014-08-22 02:36:00', NULL, '2014-08-22 02:36:00'),
(756, 90, 'TX-E43', 'GST INCURRED DIRECTLY ATTRIBUTABLE TO INCIDENTAL EXEMPT SUPPLIES', 11, 6, 1, 1, 'GST INCURRED DIRECTLY ATTRIBUTABLE TO INCIDENTAL EXEMPT SUPPLIES', NULL, 0, 0, '2014-08-22 02:36:00', NULL, '2014-08-22 02:36:00'),
(757, 90, 'TX-N43', 'GST  INCURRED DIRECTLY ATTRIBUTABLE TO NON-INCIDENTAL EXEMPT SUPPLIES', 11, 6, 1, 1, 'GST  INCURRED DIRECTLY ATTRIBUTABLE TO NON-INCIDENTAL EXEMPT SUPPLIES', NULL, 0, 0, '2014-08-22 02:36:00', NULL, '2014-08-22 02:36:00'),
(758, 90, 'TX-RE', 'GST INCURRED THAT IS NOT DIRECTLY ATTRIBUTABLE TO TAXABLE OR EXEMPT SUPPLIES', 11, 6, 1, 1, 'GST INCURRED THAT IS NOT DIRECTLY ATTRIBUTABLE TO TAXABLE OR EXEMPT SUPPLIES', NULL, 0, 0, '2014-08-22 02:36:00', NULL, '2014-08-22 02:36:00'),
(759, 90, 'GP', 'PURCHASE TRANSACTION WHICH LEGISLATION', 19, 0, 1, 1, 'PURCHASE TRANSACTION WHICH LEGISLATION', NULL, 0, 0, '2014-08-22 02:36:00', NULL, '2014-08-22 02:36:00'),
(760, 90, 'AJP', 'ANY ADJUSTMENT MADE TO INPUT TAX', 20, 6, 1, 1, 'ANY ADJUSTMENT MADE TO INPUT TAX', NULL, 0, 0, '2014-08-22 02:36:00', NULL, '2014-08-22 02:36:00'),
(761, 90, 'ST-1', 'SALES TAX FOR GOODS MANUFACTURING ', 9, 10, 2, 1, 'SALES TAX FOR GOODS MANUFACTURING ', NULL, 0, 0, '2014-08-22 02:36:00', NULL, '2014-08-22 02:36:00'),
(762, 90, 'ST-2', 'SALES TAX FOR GENERAL', 9, 10, 2, 1, 'SALES TAX FOR GENERAL', NULL, 0, 0, '2014-08-22 02:36:00', NULL, '2014-08-22 02:36:00'),
(763, 90, 'SERT-1', 'SERVICE TAX FOR GENERAL', 10, 6, 2, 1, 'SERVICE TAX FOR GENERAL', NULL, 0, 0, '2014-08-22 02:36:00', NULL, '2014-08-22 02:36:00'),
(764, 90, 'IMPD-1', 'IMPORT DUTY FOR CUSTOMS IMPORTED GOODS', 17, 0, 2, 1, 'IMPORT DUTY FOR CUSTOMS IMPORTED GOODS', NULL, 0, 0, '2014-08-22 02:36:00', NULL, '2014-08-22 02:36:00'),
(765, 90, 'IMPD-2', 'IMPORT DUTY FOR CUSTOMS OPEN AP', 17, 0, 2, 1, 'IMPORT DUTY FOR CUSTOMS OPEN AP', NULL, 0, 0, '2014-08-22 02:36:00', NULL, '2014-08-22 02:36:00'),
(766, 90, 'IMPD-3', 'IMPORT DUTY FOR CUTOMS FRANCHAISE AP', 17, 0, 2, 1, 'IMPORT DUTY FOR CUTOMS FRANCHAISE AP', NULL, 0, 0, '2014-08-22 02:36:00', NULL, '2014-08-22 02:36:00'),
(767, 90, 'EXD', 'EXCISE DUTY CUSTOMS', 18, 0, 2, 1, 'EXCISE DUTY CUSTOMS', NULL, 0, 0, '2014-08-22 02:36:00', NULL, '2014-08-22 02:36:00');

-- --------------------------------------------------------

--
