-- Table structure for table `comp_sales_invoice_detail`
--

CREATE TABLE IF NOT EXISTS `comp_sales_invoice_detail` (
`ID` int(11) NOT NULL,
  `invoiceID` int(11) NOT NULL,
  `doID` int(11) NOT NULL,
  `lineNo` int(11) NOT NULL,
  `itemID` int(11) NOT NULL,
  `itemdescription` varchar(128) NOT NULL,
  `umID` int(11) NOT NULL,
  `quantity` int(11) NOT NULL,
  `unitPrice` double NOT NULL,
  `amountExcludedTax` double NOT NULL,
  `taxID` int(11) NOT NULL,
  `taxRate` double NOT NULL,
  `taxAmount` double NOT NULL,
  `amountIncludedTax` double NOT NULL,
  `accountID` int(11) NOT NULL,
  `createdBy` int(11) NOT NULL,
  `createdTS` timestamp NOT NULL DEFAULT CURRENT_TIMESTAMP ON UPDATE CURRENT_TIMESTAMP,
  `updatedBy` int(11) NOT NULL,
  `updatedTS` timestamp NOT NULL DEFAULT '0000-00-00 00:00:00'
) ENGINE=InnoDB  DEFAULT CHARSET=latin1 AUTO_INCREMENT=88 ;

--
-- Dumping data for table `comp_sales_invoice_detail`
--

INSERT INTO `comp_sales_invoice_detail` (`ID`, `invoiceID`, `doID`, `lineNo`, `itemID`, `itemdescription`, `umID`, `quantity`, `unitPrice`, `amountExcludedTax`, `taxID`, `taxRate`, `taxAmount`, `amountIncludedTax`, `accountID`, `createdBy`, `createdTS`, `updatedBy`, `updatedTS`) VALUES
(1, 1, 1, 1, 1, 'PM2B200S003057161', 15, 1, 60000, 60000, 37, 6, 3600, 63600, 0, 1, '2015-05-11 08:07:19', 0, '0000-00-00 00:00:00'),
(2, 2, 0, 1, 154, 'PM2B200S0030570002', 15, 1, 29544.98, 29544.98, 37, 6, 1772.7, 31317.68, 0, 1, '2015-05-19 07:37:30', 0, '0000-00-00 00:00:00'),
(3, 3, 3, 1, 63, 'PM2B200S003057161', 16, 1, 29544.98, 29544.98, 2, 6, 1772.7, 31317.68, 0, 2, '2015-05-21 02:52:53', 0, '0000-00-00 00:00:00'),
(4, 4, 4, 1, 2, 'PM2M502G002233768', 16, 1, 51176.88, 51176.88, 2, 6, 3070.61, 54247.49, 0, 2, '2015-05-21 04:07:11', 0, '0000-00-00 00:00:00'),
(5, 5, 5, 1, 5, 'PM2M502G002244221', 16, 1, 54374.76, 54374.76, 2, 6, 3262.49, 57637.25, 0, 2, '2015-05-21 04:20:55', 0, '0000-00-00 00:00:00'),
(6, 6, 6, 1, 13, 'PM2B200S003066948', 16, 1, 29870.34, 29870.34, 2, 6, 1792.22, 31662.56, 0, 2, '2015-05-23 00:46:49', 0, '0000-00-00 00:00:00'),
(7, 7, 7, 1, 6, 'PM2M602S002228544', 16, 1, 39775.43, 39775.43, 2, 6, 2386.53, 42161.96, 0, 2, '2015-05-23 01:05:06', 0, '0000-00-00 00:00:00'),
(8, 8, 8, 1, 3, 'PM2M502G002244478', 16, 1, 54374.76, 54374.76, 2, 6, 3262.49, 57637.25, 0, 2, '2015-05-23 01:21:51', 0, '0000-00-00 00:00:00'),
(9, 9, 9, 1, 4, 'PM2M603S002124504', 16, 1, 48459.12, 48459.12, 2, 6, 2907.55, 51366.67, 0, 2, '2015-05-23 12:45:29', 0, '0000-00-00 00:00:00'),
(10, 10, 10, 1, 21, 'PM2M603S002125470', 16, 1, 53046.1, 53046.1, 2, 6, 3182.77, 56228.87, 0, 2, '2015-05-23 12:57:23', 0, '0000-00-00 00:00:00'),
(11, 11, 11, 1, 8, 'PM2M602S002227972', 16, 1, 42904.98, 42904.98, 2, 6, 2574.3, 45479.28, 0, 2, '2015-05-23 13:16:01', 0, '0000-00-00 00:00:00'),
(12, 12, 12, 1, 11, 'PM2B2002003065820', 16, 1, 38448, 38448, 2, 6, 2306.88, 40754.88, 0, 2, '2015-05-23 14:00:54', 0, '0000-00-00 00:00:00'),
(13, 13, 13, 1, 20, 'PM2B200S003061468', 16, 1, 29518.98, 29518.98, 2, 6, 1771.14, 31290.12, 0, 2, '2015-05-23 14:38:29', 0, '0000-00-00 00:00:00'),
(14, 14, 14, 1, 10, 'PM2B200S003064661', 16, 1, 29870.34, 29870.34, 2, 6, 1792.22, 31662.56, 0, 2, '2015-05-23 14:57:16', 0, '0000-00-00 00:00:00'),
(15, 15, 15, 1, 7, 'PM2M502G002238777', 16, 1, 54374.76, 54374.76, 2, 6, 3262.49, 57637.25, 0, 2, '2015-05-23 15:41:02', 0, '0000-00-00 00:00:00'),
(16, 16, 16, 1, 14, 'PM2M602S002221793', 16, 1, 42904.98, 42904.98, 2, 6, 2574.3, 45479.28, 0, 2, '2015-05-23 15:56:36', 0, '0000-00-00 00:00:00'),
(17, 17, 17, 1, 17, 'PM2M502G002233365', 16, 1, 50705.18, 50705.18, 2, 6, 3042.31, 53747.49, 0, 2, '2015-05-23 16:07:47', 0, '0000-00-00 00:00:00'),
(18, 18, 18, 1, 19, 'PM2M602S002226176', 16, 1, 42904.98, 42904.98, 2, 6, 2574.3, 45479.28, 0, 2, '2015-05-23 16:26:16', 0, '0000-00-00 00:00:00'),
(19, 19, 19, 1, 18, 'PM2M502G002240733', 16, 1, 54374.76, 54374.76, 2, 6, 3262.49, 57637.25, 0, 2, '2015-05-23 16:55:43', 0, '0000-00-00 00:00:00'),
(20, 20, 20, 1, 15, 'PM2M602S002224913', 16, 1, 42904.98, 42904.98, 2, 6, 2574.3, 45479.28, 0, 2, '2015-05-23 17:07:34', 0, '0000-00-00 00:00:00'),
(21, 21, 21, 1, 16, 'PM2M602S002227434', 16, 1, 42904.98, 42904.98, 2, 6, 2574.3, 45479.28, 0, 2, '2015-05-23 17:16:22', 0, '0000-00-00 00:00:00'),
(22, 22, 22, 1, 9, 'PM2M602S002222680', 16, 1, 39775.43, 39775.43, 2, 6, 2386.53, 42161.96, 0, 2, '2015-05-23 17:30:19', 0, '0000-00-00 00:00:00'),
(23, 23, 23, 1, 12, 'PM2M603S002123949', 16, 1, 48459.12, 48459.12, 2, 6, 2907.55, 51366.67, 0, 2, '2015-05-23 17:43:25', 0, '0000-00-00 00:00:00'),
(24, 24, 24, 1, 89, 'PM2M602S002224192', 16, 1, 40126.79, 40126.79, 2, 6, 2407.61, 42534.4, 0, 2, '2015-05-23 17:58:11', 0, '0000-00-00 00:00:00'),
(25, 25, 25, 1, 126, 'PM2M602S002226704', 16, 1, 40126.79, 40126.79, 2, 6, 2407.61, 42534.4, 0, 2, '2015-05-23 18:07:31', 0, '0000-00-00 00:00:00'),
(26, 26, 26, 1, 23, 'PM2M602S002224741', 16, 1, 40126.79, 40126.79, 2, 6, 2407.61, 42534.4, 0, 2, '2015-05-23 18:16:18', 0, '0000-00-00 00:00:00'),
(27, 27, 27, 1, 24, 'PM2M603S002118902', 16, 1, 48508.89, 48508.89, 2, 6, 2910.53, 51419.42, 0, 2, '2015-05-23 18:28:22', 0, '0000-00-00 00:00:00'),
(28, 28, 28, 1, 71, 'PM2M602S002224263', 16, 1, 40126.79, 40126.79, 2, 6, 2407.61, 42534.4, 0, 2, '2015-05-23 18:36:00', 0, '0000-00-00 00:00:00'),
(29, 29, 29, 1, 25, 'PM2B200S003063290', 16, 1, 29870.34, 29870.34, 2, 6, 1792.22, 31662.56, 0, 2, '2015-05-23 18:43:27', 0, '0000-00-00 00:00:00'),
(30, 30, 30, 1, 22, 'PM2B200S003064263', 16, 1, 38448, 38448, 2, 6, 2306.88, 40754.88, 0, 2, '2015-05-23 18:51:13', 0, '0000-00-00 00:00:00'),
(31, 31, 31, 1, 128, 'PM2B200S003063190', 16, 1, 29870.34, 29870.34, 2, 6, 1792.22, 31662.56, 0, 2, '2015-05-23 19:00:47', 0, '0000-00-00 00:00:00'),
(32, 32, 32, 1, 115, 'PM2M603S002124145', 16, 1, 53046.1, 53046.1, 2, 6, 3182.77, 56228.87, 0, 2, '2015-05-23 19:09:11', 0, '0000-00-00 00:00:00'),
(33, 33, 33, 1, 98, 'PM2M603S002119976', 16, 1, 48459.12, 48459.12, 2, 6, 2907.55, 51366.67, 0, 2, '2015-05-25 04:15:37', 0, '0000-00-00 00:00:00'),
(34, 34, 34, 1, 34, 'PM2B200S003060816', 16, 1, 29518.98, 29518.98, 2, 6, 1771.14, 31290.12, 0, 2, '2015-05-25 04:25:35', 0, '0000-00-00 00:00:00'),
(35, 35, 35, 1, 27, 'PM2B200S003064300', 16, 1, 35940.75, 35940.75, 2, 6, 2156.45, 38097.2, 0, 2, '2015-05-25 04:34:14', 0, '0000-00-00 00:00:00'),
(36, 36, 36, 1, 132, 'PM2M603S002125713', 16, 1, 53046.1, 53046.1, 2, 6, 3182.77, 56228.87, 0, 2, '2015-05-25 04:43:34', 0, '0000-00-00 00:00:00'),
(37, 37, 37, 1, 29, 'PM2M502G002240118', 16, 1, 54374.76, 54374.76, 2, 6, 3262.49, 57637.25, 0, 2, '2015-05-25 05:23:39', 0, '0000-00-00 00:00:00'),
(38, 38, 38, 1, 125, 'PM2M602S002226238', 16, 1, 42904.98, 42904.98, 2, 6, 2574.3, 45479.28, 0, 2, '2015-05-25 05:33:13', 0, '0000-00-00 00:00:00'),
(39, 39, 39, 1, 30, 'PM2M602S002220116', 16, 1, 42904.98, 42904.98, 2, 6, 2574.3, 45479.28, 0, 2, '2015-05-25 05:42:26', 0, '0000-00-00 00:00:00'),
(40, 40, 40, 1, 11, 'PM2B2002003065820', 16, 1, 38448, 38448, 2, 6, 2306.88, 40754.88, 0, 2, '2015-05-25 07:26:50', 0, '0000-00-00 00:00:00'),
(41, 41, 41, 1, 28, 'PM2M602S002227262', 16, 1, 40126.79, 40126.79, 2, 6, 2407.61, 42534.4, 0, 2, '2015-05-25 08:17:47', 0, '0000-00-00 00:00:00'),
(42, 42, 42, 1, 113, 'PM2M602S002225004', 16, 1, 42904.98, 42904.98, 2, 6, 2574.3, 45479.28, 0, 2, '2015-05-25 08:30:50', 0, '0000-00-00 00:00:00'),
(43, 43, 43, 1, 122, 'PM2B200S003061465', 16, 1, 29870.34, 29870.34, 2, 6, 1792.22, 31662.56, 0, 2, '2015-05-25 08:42:14', 0, '0000-00-00 00:00:00'),
(44, 44, 44, 1, 103, 'PM2M603S002122485', 16, 1, 48459.12, 48459.12, 2, 6, 2907.55, 51366.67, 0, 2, '2015-05-25 08:50:23', 0, '0000-00-00 00:00:00'),
(45, 45, 45, 1, 133, 'PM2B200S003062980', 16, 1, 29870.34, 29870.34, 2, 6, 1792.22, 31662.56, 0, 2, '2015-05-25 17:33:02', 0, '0000-00-00 00:00:00'),
(46, 46, 46, 1, 134, 'PM2B200S003063471', 16, 1, 38448, 38448, 2, 6, 2306.88, 40754.88, 0, 2, '2015-05-25 17:49:07', 0, '0000-00-00 00:00:00'),
(47, 47, 47, 1, 72, 'PM2B200S003059207', 16, 1, 29870.34, 29870.34, 2, 6, 1792.22, 31662.56, 0, 2, '2015-05-25 18:14:05', 0, '0000-00-00 00:00:00'),
(48, 48, 48, 1, 82, 'PM2M603S002116907', 16, 1, 48459.12, 48459.12, 2, 6, 2907.55, 51366.67, 0, 2, '2015-05-25 18:28:24', 0, '0000-00-00 00:00:00'),
(49, 49, 49, 1, 26, 'PM2B200S003063013', 16, 1, 29518.98, 29518.98, 2, 6, 1771.14, 31290.12, 0, 2, '2015-05-25 18:42:27', 0, '0000-00-00 00:00:00'),
(50, 50, 50, 1, 35, 'PM2B200S003063747', 16, 1, 36318.12, 36318.12, 2, 6, 2179.09, 38497.21, 0, 2, '2015-05-25 19:16:06', 0, '0000-00-00 00:00:00'),
(51, 51, 51, 1, 31, 'PM2M502G002239756', 16, 1, 53929.07, 53929.07, 2, 6, 3235.74, 57164.81, 0, 2, '2015-05-25 19:27:21', 0, '0000-00-00 00:00:00'),
(52, 52, 52, 1, 36, 'PM2B200S003063376', 16, 1, 35940.75, 35940.75, 2, 6, 2156.45, 38097.2, 0, 2, '2015-05-25 19:38:56', 0, '0000-00-00 00:00:00'),
(53, 53, 53, 1, 33, 'PM2M502G002237903', 16, 1, 59527.78, 59527.78, 2, 6, 3571.67, 63099.45, 0, 2, '2015-05-25 20:40:25', 0, '0000-00-00 00:00:00'),
(54, 54, 54, 1, 32, 'PM2M502G002243548', 16, 1, 59056.08, 59056.08, 2, 6, 3543.36, 62599.44, 0, 2, '2015-05-25 20:50:15', 0, '0000-00-00 00:00:00'),
(55, 55, 55, 1, 135, 'PM2B200S003063565', 16, 1, 29518.98, 29518.98, 2, 6, 1771.14, 31290.12, 0, 2, '2015-05-25 20:59:39', 0, '0000-00-00 00:00:00'),
(56, 56, 56, 1, 81, 'PM2M603S002115576', 16, 1, 48459.12, 48459.12, 2, 6, 2907.55, 51366.67, 0, 2, '2015-05-25 21:08:31', 0, '0000-00-00 00:00:00'),
(57, 57, 57, 1, 38, 'PM2B200S003061884', 16, 1, 29870.34, 29870.34, 2, 6, 1792.22, 31662.56, 0, 2, '2015-05-25 21:17:09', 0, '0000-00-00 00:00:00'),
(58, 58, 58, 1, 37, 'PM2B200S003062682', 16, 1, 36318.12, 36318.12, 2, 6, 2179.09, 38497.21, 0, 2, '2015-05-26 01:10:57', 0, '0000-00-00 00:00:00'),
(59, 59, 59, 1, 45, 'PM2B200S003062003', 16, 1, 29870.34, 29870.34, 2, 6, 1792.22, 31662.56, 0, 2, '2015-05-26 01:23:05', 0, '0000-00-00 00:00:00'),
(60, 60, 60, 1, 39, 'PM2M602S002223434', 16, 1, 42527.62, 42527.62, 2, 6, 2551.66, 45079.28, 0, 2, '2015-05-26 01:36:06', 0, '0000-00-00 00:00:00'),
(61, 61, 61, 1, 44, 'PM2M602S002223932', 16, 1, 39775.43, 39775.43, 2, 6, 2386.53, 42161.96, 0, 2, '2015-05-26 01:51:45', 0, '0000-00-00 00:00:00'),
(62, 62, 62, 1, 41, 'PM2M502G002241388', 16, 1, 53929.07, 53929.07, 2, 6, 3235.74, 57164.81, 0, 2, '2015-05-26 02:17:19', 0, '0000-00-00 00:00:00'),
(63, 63, 63, 1, 46, 'PM2M602S002221283', 16, 1, 40126.79, 40126.79, 2, 6, 2407.61, 42534.4, 0, 2, '2015-05-26 02:28:02', 0, '0000-00-00 00:00:00'),
(64, 64, 64, 1, 40, 'PM2M603S002124029', 16, 1, 48459.12, 48459.12, 2, 6, 2907.55, 51366.67, 0, 2, '2015-05-26 02:42:55', 0, '0000-00-00 00:00:00'),
(65, 65, 65, 1, 42, 'PM2M602S002220984', 16, 1, 42527.62, 42527.62, 2, 6, 2551.66, 45079.28, 0, 2, '2015-05-26 02:55:37', 0, '0000-00-00 00:00:00'),
(66, 66, 66, 1, 47, 'PM2M603S002123701', 16, 1, 48081.76, 48081.76, 2, 6, 2884.91, 50966.67, 0, 2, '2015-05-26 03:08:14', 0, '0000-00-00 00:00:00'),
(67, 67, 67, 1, 43, 'PM2M603S002124836', 16, 1, 48459.12, 48459.12, 2, 6, 2907.55, 51366.67, 0, 2, '2015-05-26 03:20:28', 0, '0000-00-00 00:00:00'),
(68, 68, 68, 1, 52, 'PM2B200S003060508', 16, 1, 29870.34, 29870.34, 2, 6, 1792.22, 31662.56, 0, 2, '2015-05-26 07:09:07', 0, '0000-00-00 00:00:00'),
(69, 69, 69, 1, 59, 'PM2B200S003061734', 16, 1, 29870.34, 29870.34, 2, 6, 1792.22, 31662.56, 0, 2, '2015-05-26 07:20:22', 0, '0000-00-00 00:00:00'),
(70, 70, 70, 1, 58, 'PM2M502G002243161', 16, 1, 51700.58, 51700.58, 2, 6, 3102.03, 54802.61, 0, 2, '2015-05-26 07:31:10', 0, '0000-00-00 00:00:00'),
(71, 71, 71, 1, 62, 'PM2M603S002123889', 16, 1, 48511.12, 48511.12, 2, 6, 2910.67, 51421.79, 0, 2, '2015-05-26 07:41:20', 0, '0000-00-00 00:00:00'),
(72, 72, 72, 1, 61, 'PM2M603S002123965', 16, 1, 48511.12, 48511.12, 2, 6, 2910.67, 51421.79, 0, 2, '2015-05-26 08:33:11', 0, '0000-00-00 00:00:00'),
(73, 73, 73, 1, 60, 'PM2B200S003057295', 16, 1, 29544.98, 29544.98, 2, 6, 1772.7, 31317.68, 0, 2, '2015-05-26 08:55:38', 0, '0000-00-00 00:00:00'),
(74, 74, 74, 1, 53, 'PM2B200S003057837', 16, 1, 29870.34, 29870.34, 2, 6, 1792.22, 31662.56, 0, 2, '2015-05-26 16:07:35', 0, '0000-00-00 00:00:00'),
(75, 75, 75, 1, 48, 'PM2M602S002224352', 16, 1, 42956.98, 42956.98, 2, 6, 2577.42, 45534.4, 0, 2, '2015-05-26 16:33:08', 0, '0000-00-00 00:00:00'),
(76, 76, 76, 1, 54, 'PM2B200S003060778', 16, 1, 29922.34, 29922.34, 2, 6, 1795.34, 31717.68, 0, 2, '2015-05-26 16:46:05', 0, '0000-00-00 00:00:00'),
(77, 77, 77, 1, 49, 'PM2B200S003059105', 16, 1, 38500, 38500, 2, 6, 2310, 40810, 0, 2, '2015-05-26 17:01:24', 0, '0000-00-00 00:00:00'),
(78, 78, 78, 1, 50, 'PM2B200S003060254', 16, 1, 38086.87, 38086.87, 2, 6, 2285.21, 40372.08, 0, 2, '2015-05-26 17:18:30', 0, '0000-00-00 00:00:00'),
(79, 79, 79, 1, 51, 'PM2M602S002224437', 16, 1, 42904.98, 42904.98, 2, 6, 2574.3, 45479.28, 0, 2, '2015-05-26 18:02:49', 0, '0000-00-00 00:00:00'),
(80, 80, 80, 1, 64, 'PM2B200S003059399', 16, 1, 29922.34, 29922.34, 2, 6, 1795.34, 31717.68, 0, 2, '2015-05-26 18:20:01', 0, '0000-00-00 00:00:00'),
(81, 81, 81, 1, 66, 'PM2M603S002122601', 16, 1, 53124.1, 53124.1, 2, 6, 3187.45, 56311.55, 0, 2, '2015-05-26 18:58:55', 0, '0000-00-00 00:00:00'),
(82, 82, 82, 1, 65, 'PM2B200S003059861', 16, 1, 29922.34, 29922.34, 2, 6, 1795.34, 31717.68, 0, 2, '2015-05-26 19:14:21', 0, '0000-00-00 00:00:00'),
(83, 83, 83, 1, 57, 'PM2M603S002118391', 16, 1, 48511.12, 48511.12, 2, 6, 2910.67, 51421.79, 0, 2, '2015-05-26 19:27:21', 0, '0000-00-00 00:00:00'),
(84, 84, 84, 1, 56, 'PM2B200S003058199', 16, 1, 38500, 38500, 2, 6, 2310, 40810, 0, 2, '2015-05-26 19:39:53', 0, '0000-00-00 00:00:00'),
(85, 85, 85, 1, 55, 'PM2M602S002225215', 16, 1, 42956.98, 42956.98, 2, 6, 2577.42, 45534.4, 0, 2, '2015-05-26 20:06:52', 0, '0000-00-00 00:00:00'),
(86, 86, 86, 1, 67, 'PM2M603S002116000', 16, 1, 48511.12, 48511.12, 2, 6, 2910.67, 51421.79, 0, 2, '2015-05-26 20:21:10', 0, '0000-00-00 00:00:00'),
(87, 87, 87, 1, 68, 'PM2M603S002122944', 16, 1, 53124.1, 53124.1, 2, 6, 3187.45, 56311.55, 0, 2, '2015-05-26 20:35:18', 0, '0000-00-00 00:00:00');

-- --------------------------------------------------------

--
-- Table structure for table `comp_sales_order`
--

CREATE TABLE IF NOT EXISTS `comp_sales_order` (
`ID` int(11) NOT NULL,
  `serialNo` int(16) NOT NULL,
  `companyID` int(11) NOT NULL,
  `invoiceID` int(11) NOT NULL,
  `customerID` int(11) DEFAULT NULL,
  `OrderNo` varchar(32) DEFAULT NULL,
  `formNo` varchar(32) DEFAULT NULL,
  `currencyID` int(11) DEFAULT NULL,
  `exchangeRate` double DEFAULT '1',
  `salesOrderDate` date DEFAULT NULL,
  `dateRequired` date DEFAULT NULL,
  `deliveryToID` int(11) DEFAULT NULL,
  `salesPerson` int(11) DEFAULT NULL,
  `memo` varchar(128) DEFAULT NULL,
  `supplierID` int(11) DEFAULT NULL,
  `totalAmount` double DEFAULT NULL,
  `totalReceivable` double DEFAULT NULL,
  `status` tinyint(1) DEFAULT '1',
  `createdBy` int(11) NOT NULL,
  `createdTS` timestamp NOT NULL DEFAULT CURRENT_TIMESTAMP ON UPDATE CURRENT_TIMESTAMP,
  `updatedBy` int(11) NOT NULL,
  `updatedTS` timestamp NOT NULL DEFAULT '0000-00-00 00:00:00',
  `is_delete` smallint(16) NOT NULL
) ENGINE=InnoDB DEFAULT CHARSET=latin1 AUTO_INCREMENT=1 ;

--
-- Triggers `comp_sales_order`
--
DELIMITER //
CREATE TRIGGER `Addserialsaleorder` BEFORE INSERT ON `comp_sales_order`
 FOR EACH ROW set new.serialNo = (select nextSerialNo 
			   from view_serial_comp_sales_order
			   where companyID = new.companyID)
//
DELIMITER ;

-- --------------------------------------------------------

--
-- Table structure for table `comp_sales_price`
--

CREATE TABLE IF NOT EXISTS `comp_sales_price` (
`ID` int(11) NOT NULL,
  `companyID` int(11) NOT NULL,
  `customerID` int(11) NOT NULL,
  `itemID` int(11) NOT NULL,
  `currencyID` int(11) NOT NULL,
  `umID` int(11) NOT NULL,
  `startDate` date NOT NULL,
  `endDate` date NOT NULL,
  `price` double NOT NULL,
  `updatedBy` int(11) NOT NULL,
  `createdBy` int(11) NOT NULL,
  `createdTS` timestamp NOT NULL DEFAULT CURRENT_TIMESTAMP,
  `updatedTS` timestamp NOT NULL DEFAULT CURRENT_TIMESTAMP ON UPDATE CURRENT_TIMESTAMP
) ENGINE=InnoDB DEFAULT CHARSET=latin1 AUTO_INCREMENT=1 ;

-- --------------------------------------------------------

--
-- Table structure for table `comp_section`
--

CREATE TABLE IF NOT EXISTS `comp_section` (
  `fldid` int(11) NOT NULL DEFAULT '0',
  `code` varchar(18) CHARACTER SET utf8 DEFAULT NULL,
  `department` varchar(18) CHARACTER SET utf8 DEFAULT NULL,
  `description` varchar(100) CHARACTER SET utf8 DEFAULT NULL,
  `section_head` varchar(50) CHARACTER SET utf8 DEFAULT NULL
) ENGINE=InnoDB DEFAULT CHARSET=latin1;

-- --------------------------------------------------------

--
-- Table structure for table `comp_so_seq`
--

CREATE TABLE IF NOT EXISTS `comp_so_seq` (
`ID` int(11) NOT NULL,
  `compID` int(11) DEFAULT NULL,
  `moduleID` int(11) DEFAULT NULL,
  `initial` varchar(2) CHARACTER SET utf8 DEFAULT NULL,
  `year` year(4) DEFAULT NULL,
  `period` int(2) DEFAULT NULL,
  `seqNo` int(11) NOT NULL
) ENGINE=InnoDB DEFAULT CHARSET=latin1 ROW_FORMAT=COMPACT AUTO_INCREMENT=1 ;

-- --------------------------------------------------------

--
-- Table structure for table `comp_supplier_closing`
--

CREATE TABLE IF NOT EXISTS `comp_supplier_closing` (
`ID` int(11) NOT NULL,
  `companyID` int(11) NOT NULL,
  `supplierID` int(11) NOT NULL,
  `yearMonth` varchar(6) NOT NULL,
  `openBalance` double NOT NULL,
  `totalDr` double NOT NULL,
  `totalCr` double NOT NULL,
  `balance` double NOT NULL
) ENGINE=InnoDB DEFAULT CHARSET=latin1 AUTO_INCREMENT=1 ;

-- --------------------------------------------------------

--
-- Table structure for table `comp_supplier_closing_daily`
--

CREATE TABLE IF NOT EXISTS `comp_supplier_closing_daily` (
`ID` int(11) NOT NULL,
  `companyID` int(11) NOT NULL,
  `supplierID` int(11) NOT NULL,
  `transDate` date NOT NULL,
  `openBalance` double NOT NULL,
  `totalDr` double NOT NULL,
  `totalCr` double NOT NULL,
  `balance` double NOT NULL,
  `createdTS` timestamp NOT NULL DEFAULT CURRENT_TIMESTAMP
) ENGINE=InnoDB DEFAULT CHARSET=latin1 AUTO_INCREMENT=1 ;

-- --------------------------------------------------------

--
-- Table structure for table `comp_supplier_creditnote`
--

CREATE TABLE IF NOT EXISTS `comp_supplier_creditnote` (
`ID` int(11) NOT NULL,
  `serialNo` int(11) NOT NULL DEFAULT '1',
  `companyID` int(11) NOT NULL,
  `supplierID` int(11) NOT NULL,
  `formNo` varchar(32) NOT NULL,
  `creditNoteDate` date NOT NULL,
  `supplierInvoiceID` int(11) NOT NULL,
  `projectID` int(11) NOT NULL,
  `termsID` int(11) NOT NULL,
  `currencyID` int(11) NOT NULL,
  `exchangeRate` double NOT NULL,
  `agentID` int(11) NOT NULL,
  `memo` text NOT NULL,
  `employeeID` int(11) NOT NULL,
  `shippingMethodID` int(11) NOT NULL,
  `totalAmount` double NOT NULL,
  `amountPaid` decimal(10,0) NOT NULL,
  `totalTaxAmount` double NOT NULL,
  `totalPayable` double NOT NULL,
  `total` double NOT NULL,
  `createdBy` int(11) NOT NULL,
  `createdTS` timestamp NOT NULL DEFAULT CURRENT_TIMESTAMP,
  `updatedBy` int(11) NOT NULL,
  `updatedTS` timestamp NOT NULL DEFAULT '0000-00-00 00:00:00' ON UPDATE CURRENT_TIMESTAMP,
  `is_delete` smallint(16) NOT NULL,
  `updateAble` tinyint(1) NOT NULL DEFAULT '1',
  `journalNo` varchar(32) NOT NULL
) ENGINE=InnoDB  DEFAULT CHARSET=latin1 AUTO_INCREMENT=3 ;

--
-- Dumping data for table `comp_supplier_creditnote`
--

INSERT INTO `comp_supplier_creditnote` (`ID`, `serialNo`, `companyID`, `supplierID`, `formNo`, `creditNoteDate`, `supplierInvoiceID`, `projectID`, `termsID`, `currencyID`, `exchangeRate`, `agentID`, `memo`, `employeeID`, `shippingMethodID`, `totalAmount`, `amountPaid`, `totalTaxAmount`, `totalPayable`, `total`, `createdBy`, `createdTS`, `updatedBy`, `updatedTS`, `is_delete`, `updateAble`, `journalNo`) VALUES
(1, 1, 1, 3, 'PCN20150518', '2015-05-10', 154, 0, 0, 1, 1, 0, '', 0, 0, 10600, '0', 600, 10600, 0, 1, '2015-05-18 10:36:05', 0, '2015-05-18 10:36:16', 0, 0, ''),
(2, 2, 1, 3, 'PCN20150518', '2015-04-30', 155, 0, 0, 1, 1, 0, '', 0, 0, 10600, '0', 600, 10600, 0, 1, '2015-05-18 11:03:16', 0, '2015-05-18 11:04:14', 0, 0, '');

--
-- Triggers `comp_supplier_creditnote`
--
DELIMITER //
CREATE TRIGGER `trigger_before_insert_scno_add_serialNo` BEFORE INSERT ON `comp_supplier_creditnote`
 FOR EACH ROW set new.serialNo = (select nextSerialNo 
			   from view_serial_comp_supplier_creditnote
			   where companyID = new.companyID)
//
DELIMITER ;

-- --------------------------------------------------------

--
-- Table structure for table `comp_supplier_creditnote_charges`
--

CREATE TABLE IF NOT EXISTS `comp_supplier_creditnote_charges` (
`ID` int(11) NOT NULL,
  `creditNoteID` int(11) NOT NULL,
  `lineNo` int(11) NOT NULL,
  `accountNoID` int(11) NOT NULL,
  `itemname` varchar(64) NOT NULL,
  `itemdescription` text NOT NULL,
  `umID` int(11) NOT NULL,
  `quantity` int(11) NOT NULL,
  `unitPrice` double NOT NULL,
  `amountExcludedTax` double NOT NULL,
  `taxID` int(11) NOT NULL,
  `taxRate` double NOT NULL,
  `taxAmount` double NOT NULL,
  `amountIncludedTax` double NOT NULL,
  `drAccountID` int(11) NOT NULL,
  `crAccountID` int(11) NOT NULL,
  `drTaxAccountID` int(11) NOT NULL,
  `crTaxAccountID` int(11) NOT NULL,
  `createdBy` int(11) NOT NULL,
  `createdTS` timestamp NOT NULL DEFAULT CURRENT_TIMESTAMP,
  `updatedBy` int(11) NOT NULL,
  `updatedTS` timestamp NOT NULL DEFAULT '0000-00-00 00:00:00' ON UPDATE CURRENT_TIMESTAMP
) ENGINE=InnoDB DEFAULT CHARSET=latin1 AUTO_INCREMENT=1 ;

-- --------------------------------------------------------

--
-- Table structure for table `comp_supplier_creditnote_detail`
--

CREATE TABLE IF NOT EXISTS `comp_supplier_creditnote_detail` (
`ID` int(11) NOT NULL,
  `creditnoteID` int(11) NOT NULL,
  `invoiceDetailID` int(11) NOT NULL,
  `lineNo` int(11) NOT NULL,
  `itemID` int(11) NOT NULL,
  `itemname` varchar(64) NOT NULL,
  `itemdescription` text NOT NULL,
  `umID` int(11) NOT NULL,
  `quantity` int(11) NOT NULL,
  `unitPrice` double NOT NULL,
  `amountExcludedTax` double NOT NULL,
  `taxID` int(11) NOT NULL,
  `taxRate` double NOT NULL,
  `taxAmount` double NOT NULL,
  `amountIncludedTax` double NOT NULL,
  `accountID` int(11) NOT NULL,
  `createdBy` int(11) NOT NULL,
  `createdTS` timestamp NOT NULL DEFAULT CURRENT_TIMESTAMP ON UPDATE CURRENT_TIMESTAMP,
  `updatedBy` int(11) NOT NULL,
  `updatedTS` timestamp NOT NULL DEFAULT '0000-00-00 00:00:00'
) ENGINE=InnoDB  DEFAULT CHARSET=latin1 AUTO_INCREMENT=3 ;

--
-- Dumping data for table `comp_supplier_creditnote_detail`
--

INSERT INTO `comp_supplier_creditnote_detail` (`ID`, `creditnoteID`, `invoiceDetailID`, `lineNo`, `itemID`, `itemname`, `itemdescription`, `umID`, `quantity`, `unitPrice`, `amountExcludedTax`, `taxID`, `taxRate`, `taxAmount`, `amountIncludedTax`, `accountID`, `createdBy`, `createdTS`, `updatedBy`, `updatedTS`) VALUES
(1, 1, 155, 1, 1, '0', 'PM2B200S003057161', 15, 1, 10000, 10000, 50, 6, 600, 10600, 0, 1, '2015-05-18 10:36:05', 0, '0000-00-00 00:00:00'),
(2, 2, 156, 1, 153, '0', 'PM2M502G002230001', 15, 1, 10000, 10000, 50, 6, 600, 10600, 0, 1, '2015-05-18 11:03:16', 0, '0000-00-00 00:00:00');

-- --------------------------------------------------------

--
-- Table structure for table `comp_supplier_debitnote`
--

CREATE TABLE IF NOT EXISTS `comp_supplier_debitnote` (
`ID` int(11) NOT NULL,
  `serialNo` int(11) NOT NULL DEFAULT '1',
  `companyID` int(11) NOT NULL,
  `supplierID` int(11) NOT NULL,
  `formNo` varchar(32) NOT NULL,
  `debitNoteDate` date NOT NULL,
  `supplierInvoiceID` int(11) NOT NULL,
  `projectID` int(11) NOT NULL,
  `termsID` int(11) NOT NULL,
  `currencyID` int(11) NOT NULL,
  `exchangeRate` double NOT NULL,
  `agentID` int(11) NOT NULL,
  `memo` text NOT NULL,
  `employeeID` int(11) NOT NULL,
  `shippingMethodID` int(11) NOT NULL,
  `totalAmount` double NOT NULL,
  `amountPaid` decimal(10,0) NOT NULL,
  `totalTaxAmount` double NOT NULL,
  `totalPayable` double NOT NULL,
  `total` double NOT NULL,
  `createdBy` int(11) NOT NULL,
  `createdTS` timestamp NOT NULL DEFAULT CURRENT_TIMESTAMP,
  `updatedBy` int(11) NOT NULL,
  `updatedTS` timestamp NOT NULL DEFAULT '0000-00-00 00:00:00' ON UPDATE CURRENT_TIMESTAMP,
  `is_delete` smallint(16) NOT NULL,
  `updateAble` tinyint(1) NOT NULL DEFAULT '1',
  `journalNo` varchar(32) NOT NULL
) ENGINE=InnoDB  DEFAULT CHARSET=latin1 AUTO_INCREMENT=25 ;

--
-- Dumping data for table `comp_supplier_debitnote`
--

INSERT INTO `comp_supplier_debitnote` (`ID`, `serialNo`, `companyID`, `supplierID`, `formNo`, `debitNoteDate`, `supplierInvoiceID`, `projectID`, `termsID`, `currencyID`, `exchangeRate`, `agentID`, `memo`, `employeeID`, `shippingMethodID`, `totalAmount`, `amountPaid`, `totalTaxAmount`, `totalPayable`, `total`, `createdBy`, `createdTS`, `updatedBy`, `updatedTS`, `is_delete`, `updateAble`, `journalNo`) VALUES
(1, 1, 1, 3, 'PDN20150518', '2015-04-30', 155, 0, 0, 1, 1, 0, '', 0, 0, 10600, '0', 600, 10600, 0, 1, '2015-05-18 11:16:49', 0, '2015-05-18 11:17:09', 0, 0, 'AP20150100000008'),
(2, 2, 1, 3, 'PDN20150518', '2015-04-30', 156, 0, 0, 1, 1, 0, '', 0, 0, 10600, '0', 600, 10600, 0, 1, '2015-05-18 11:42:33', 0, '2015-05-18 11:43:09', 0, 0, 'AP20150100000010'),
(3, 1, 2, 2, 'PDN20150519', '2015-04-20', 107, 0, 0, 1, 1, 0, 'CN00093680', 0, 0, 55479.09, '0', 3140.33, 55479.09, 0, 2, '2015-05-19 03:50:46', 0, '2015-05-19 03:51:32', 0, 0, 'AP20150100000151'),
(4, 2, 2, 2, 'PDN20150519', '2015-04-24', 113, 0, 0, 1, 1, 0, '', 0, 0, 55479.09, '0', 3140.33, 55479.09, 0, 2, '2015-05-19 04:09:45', 0, '2015-05-19 04:10:12', 0, 0, 'AP20150100000152'),
(5, 3, 2, 2, 'PDN20150519', '2015-04-21', 132, 0, 0, 1, 1, 0, '', 0, 0, 41037.68, '0', 2322.89, 41037.68, 0, 2, '2015-05-19 04:19:13', 0, '2015-05-19 04:19:43', 0, 0, 'AP20150100000153'),
(6, 4, 2, 2, 'PDN20150519', '2015-04-28', 84, 0, 0, 1, 1, 0, 'CN00101587', 0, 0, 49365.39, '0', 2794.27, 49365.39, 0, 2, '2015-05-19 04:27:33', 0, '2015-05-19 04:28:09', 0, 0, 'AP20150100000154'),
(7, 5, 2, 2, 'PDN20150519', '2015-04-23', 141, 0, 0, 1, 1, 0, 'CN00093940', 0, 0, 40955, '0', 2318.21, 40955, 0, 2, '2015-05-19 04:35:48', 0, '2015-05-19 04:36:05', 0, 0, 'AP20150100000155'),
(8, 6, 2, 2, 'PDN20150519', '2015-04-16', 76, 0, 0, 1, 1, 0, 'CN00093519', 0, 0, 51301.33, '0', 2903.85, 51301.33, 0, 2, '2015-05-19 04:40:36', 0, '2015-05-19 04:41:00', 0, 0, 'AP20150100000156'),
(9, 7, 2, 2, 'PDN20150519', '2015-04-16', 119, 0, 0, 1, 1, 0, 'CN00093516', 0, 0, 60701.73, '0', 3435.95, 60701.73, 0, 2, '2015-05-19 04:45:54', 0, '2015-05-19 04:46:21', 0, 0, 'AP20150100000157'),
(10, 8, 2, 2, 'PDN20150611', '2015-05-14', 78, 0, 0, 1, 1, 0, 'CN00103535', 0, 0, 52534.21, '0', 2973.63, 52534.21, 0, 2, '2015-06-11 09:06:23', 0, '2015-06-11 09:07:11', 0, 0, 'AP20150200000010'),
(11, 9, 2, 2, 'PDN20150611', '2015-05-13', 142, 0, 0, 1, 1, 0, 'CN00103509', 0, 0, 43793.88, '0', 2478.9, 43793.88, 0, 2, '2015-06-11 09:15:51', 0, '2015-06-11 09:16:15', 0, 0, 'AP20150200000011'),
(12, 10, 2, 2, 'PDN20150614', '2015-05-12', 110, 0, 0, 1, 1, 0, 'CN00103450', 0, 0, 43849, '0', 2482.02, 43849, 0, 2, '2015-06-13 17:53:39', 0, '2015-06-13 17:54:42', 0, 0, 'AP20150200000012'),
(13, 11, 2, 2, 'PDN20150614', '2015-05-12', 109, 0, 0, 1, 1, 0, 'CN00103449', 0, 0, 43449, '0', 2459.38, 43449, 0, 2, '2015-06-13 18:04:09', 0, '2015-06-13 18:04:31', 0, 0, 'AP20150200000013'),
(14, 12, 2, 2, 'PDN20150614', '2015-05-12', 106, 0, 0, 1, 1, 0, 'CN00103420', 0, 0, 55479.09, '0', 3140.33, 55479.09, 0, 2, '2015-06-13 18:09:15', 0, '2015-06-13 18:09:35', 0, 0, 'AP20150200000014'),
(15, 13, 2, 2, 'PDN20150614', '2015-05-11', 70, 0, 0, 1, 1, 0, 'CN00103299', 0, 0, 41037.68, '0', 2322.89, 41037.68, 0, 2, '2015-06-13 18:14:49', 0, '2015-06-13 18:15:28', 0, 0, 'AP20150200000015'),
(16, 14, 2, 2, 'PDN20150614', '2015-05-06', 111, 0, 0, 1, 1, 0, 'CN00103207', 0, 0, 27273.96, '0', 1543.81, 27273.96, 0, 2, '2015-06-13 18:23:01', 0, '2015-06-13 18:23:36', 0, 0, 'AP20150200000016'),
(17, 15, 2, 2, 'PDN20150614', '2015-05-18', 148, 0, 0, 1, 1, 0, 'CN0103688', 0, 0, 26846.41, '0', 1519.61, 26846.41, 0, 2, '2015-06-13 18:47:06', 0, '2015-06-13 18:47:33', 0, 0, 'AP20150200000017'),
(18, 16, 2, 2, 'PDN20150614', '2015-05-22', 74, 0, 0, 1, 1, 0, 'CN00104064', 0, 0, 38120.36, '0', 2157.76, 38120.36, 0, 2, '2015-06-13 18:51:01', 0, '2015-06-13 18:51:31', 0, 0, 'AP20150200000018'),
(19, 17, 2, 2, 'PDN20150614', '2015-05-22', 91, 0, 0, 1, 1, 0, 'CN00104063', 0, 0, 37720.37, '0', 2135.11, 37720.37, 0, 2, '2015-06-13 18:55:11', 0, '2015-06-13 18:55:36', 0, 0, 'AP20150200000019'),
(20, 18, 2, 2, 'PDN20150614', '2015-05-28', 146, 0, 0, 1, 1, 0, 'CN00104615', 0, 0, 43793.88, '0', 2478.9, 43793.88, 0, 2, '2015-06-13 18:58:34', 0, '2015-06-13 18:58:59', 0, 0, 'AP20150200000020'),
(21, 19, 2, 2, 'PDN20150614', '2015-05-28', 150, 0, 0, 1, 1, 0, 'CN00104616', 0, 0, 54066.47, '0', 3060.37, 54066.47, 0, 2, '2015-06-13 19:01:59', 0, '2015-06-13 19:02:22', 0, 0, 'AP20150200000021'),
(22, 20, 2, 2, 'PDN20150614', '2015-05-29', 159, 0, 0, 1, 1, 0, 'CN00104667', 0, 0, 36652.81, '0', 2074.69, 36652.81, 0, 2, '2015-06-13 19:24:43', 0, '2015-06-13 19:25:05', 0, 0, 'AP20150200000023'),
(23, 21, 2, 2, 'PDN20150614', '2015-05-28', 160, 0, 0, 1, 1, 0, 'CN00104619', 0, 0, 43393.88, '0', 2456.26, 43393.88, 0, 2, '2015-06-13 19:38:07', 0, '2015-06-13 19:38:26', 0, 0, 'AP20150200000025'),
(24, 22, 2, 2, 'PDN20150614', '2015-05-15', 161, 0, 0, 1, 1, 0, 'CN00103633', 0, 0, 40955, '0', 2318.21, 40955, 0, 2, '2015-06-13 19:51:27', 0, '2015-06-13 19:51:48', 0, 0, 'AP20150200000027');

--
-- Triggers `comp_supplier_debitnote`
--
DELIMITER //
CREATE TRIGGER `trigger_before_insert_sdno_add_serialNo` BEFORE INSERT ON `comp_supplier_debitnote`
 FOR EACH ROW set new.serialNo = (select nextSerialNo 
			   from view_serial_comp_supplier_debitnote
			   where companyID = new.companyID)
//
DELIMITER ;

-- --------------------------------------------------------

--
-- Table structure for table `comp_supplier_debitnote_charges`
--

CREATE TABLE IF NOT EXISTS `comp_supplier_debitnote_charges` (
`ID` int(11) NOT NULL,
  `debitNoteID` int(11) NOT NULL,
  `lineNo` int(11) NOT NULL,
  `accountNoID` int(11) NOT NULL,
  `itemname` varchar(64) NOT NULL,
  `itemdescription` text NOT NULL,
  `umID` int(11) NOT NULL,
  `quantity` int(11) NOT NULL,
  `unitPrice` double NOT NULL,
  `amountExcludedTax` double NOT NULL,
  `taxID` int(11) NOT NULL,
  `taxRate` double NOT NULL,
  `taxAmount` double NOT NULL,
  `amountIncludedTax` double NOT NULL,
  `drAccountID` int(11) NOT NULL,
  `crAccountID` int(11) NOT NULL,
  `drTaxAccountID` int(11) NOT NULL,
  `crTaxAccountID` int(11) NOT NULL,
  `createdBy` int(11) NOT NULL,
  `createdTS` timestamp NOT NULL DEFAULT CURRENT_TIMESTAMP,
  `updatedBy` int(11) NOT NULL,
  `updatedTS` timestamp NOT NULL DEFAULT '0000-00-00 00:00:00' ON UPDATE CURRENT_TIMESTAMP
) ENGINE=InnoDB DEFAULT CHARSET=latin1 AUTO_INCREMENT=1 ;

-- --------------------------------------------------------

--
-- Table structure for table `comp_supplier_debitnote_detail`
--

CREATE TABLE IF NOT EXISTS `comp_supplier_debitnote_detail` (
`ID` int(11) NOT NULL,
  `debitnoteID` int(11) NOT NULL,
  `invoiceDetailID` int(11) NOT NULL,
  `lineNo` int(11) NOT NULL,
  `itemID` int(11) NOT NULL,
  `itemname` varchar(64) NOT NULL,
  `itemdescription` text NOT NULL,
  `umID` int(11) NOT NULL,
  `quantity` int(11) NOT NULL,
  `unitPrice` double NOT NULL,
  `amountExcludedTax` double NOT NULL,
  `taxID` int(11) NOT NULL,
  `taxRate` double NOT NULL,
  `taxAmount` double NOT NULL,
  `amountIncludedTax` double NOT NULL,
  `accountID` int(11) NOT NULL,
  `createdBy` int(11) NOT NULL,
  `createdTS` timestamp NOT NULL DEFAULT CURRENT_TIMESTAMP ON UPDATE CURRENT_TIMESTAMP,
  `updatedBy` int(11) NOT NULL,
  `updatedTS` timestamp NOT NULL DEFAULT '0000-00-00 00:00:00'
) ENGINE=InnoDB  DEFAULT CHARSET=latin1 AUTO_INCREMENT=25 ;

--
-- Dumping data for table `comp_supplier_debitnote_detail`
--

INSERT INTO `comp_supplier_debitnote_detail` (`ID`, `debitnoteID`, `invoiceDetailID`, `lineNo`, `itemID`, `itemname`, `itemdescription`, `umID`, `quantity`, `unitPrice`, `amountExcludedTax`, `taxID`, `taxRate`, `taxAmount`, `amountIncludedTax`, `accountID`, `createdBy`, `createdTS`, `updatedBy`, `updatedTS`) VALUES
(1, 1, 156, 1, 153, '', 'PM2M502G002230001', 15, 1, 10000, 10000, 50, 6, 600, 10600, 0, 1, '2015-05-18 11:16:49', 0, '0000-00-00 00:00:00'),
(2, 2, 157, 1, 154, '', 'PM2B200S0030570002', 15, 1, 10000, 10000, 50, 6, 600, 10600, 0, 1, '2015-05-18 11:42:33', 0, '0000-00-00 00:00:00'),
(3, 3, 108, 1, 106, '', 'PM2M502G002239259', 16, 1, 52338.76, 52338.76, 15, 6, 3140.33, 55479.09, 0, 2, '2015-05-19 03:50:46', 0, '0000-00-00 00:00:00'),
(4, 4, 114, 1, 112, '', 'PM2M502G002242156', 16, 1, 52338.76, 52338.76, 15, 6, 3140.33, 55479.09, 0, 2, '2015-05-19 04:09:46', 0, '0000-00-00 00:00:00'),
(5, 5, 133, 1, 131, '', 'PM2M602S002226892', 16, 1, 38714.79, 38714.79, 15, 6, 2322.89, 41037.68, 0, 2, '2015-05-19 04:19:13', 0, '0000-00-00 00:00:00'),
(6, 6, 85, 1, 83, '', 'PM2M603S002118671', 16, 1, 46571.12, 46571.12, 15, 6, 2794.27, 49365.39, 0, 2, '2015-05-19 04:27:33', 0, '0000-00-00 00:00:00'),
(7, 7, 142, 1, 140, '', 'PM2M602S002227253', 16, 1, 38636.79, 38636.79, 15, 6, 2318.21, 40955, 0, 2, '2015-05-19 04:35:48', 0, '0000-00-00 00:00:00'),
(8, 8, 77, 1, 75, '', 'PM2M502G002230581', 16, 1, 48397.48, 48397.48, 15, 6, 2903.85, 51301.33, 0, 2, '2015-05-19 04:40:36', 0, '0000-00-00 00:00:00'),
(9, 9, 120, 1, 118, '', 'PM2M502G002236870', 16, 1, 57265.78, 57265.78, 15, 6, 3435.95, 60701.73, 0, 2, '2015-05-19 04:45:54', 0, '0000-00-00 00:00:00'),
(10, 10, 79, 1, 77, '', 'PM2M502G002233053', 16, 1, 49560.58, 49560.58, 15, 6, 2973.63, 52534.21, 0, 2, '2015-06-11 09:06:23', 0, '0000-00-00 00:00:00'),
(11, 11, 143, 1, 141, '', 'PM2M602S002227517', 16, 1, 41314.98, 41314.98, 15, 6, 2478.9, 43793.88, 0, 2, '2015-06-11 09:15:51', 0, '0000-00-00 00:00:00'),
(12, 12, 111, 1, 109, '', 'PM2M602S002222335', 16, 1, 41366.98, 41366.98, 15, 6, 2482.02, 43849, 0, 2, '2015-06-13 17:53:40', 0, '0000-00-00 00:00:00'),
(13, 13, 110, 1, 108, '', 'PM2M602S002211617', 16, 1, 40989.62, 40989.62, 15, 6, 2459.38, 43449, 0, 2, '2015-06-13 18:04:09', 0, '0000-00-00 00:00:00'),
(14, 14, 107, 1, 105, '', 'PM2M502G002232531', 16, 1, 52338.76, 52338.76, 15, 6, 3140.33, 55479.09, 0, 2, '2015-06-13 18:09:16', 0, '0000-00-00 00:00:00'),
(15, 15, 71, 1, 69, '', 'PM2M602S002223046', 16, 1, 38714.79, 38714.79, 15, 6, 2322.89, 41037.68, 0, 2, '2015-06-13 18:14:49', 0, '0000-00-00 00:00:00'),
(16, 16, 112, 1, 110, '', 'PM2B200S003057543', 16, 1, 25730.15, 25730.15, 15, 6, 1543.81, 27273.96, 0, 2, '2015-06-13 18:23:02', 0, '0000-00-00 00:00:00'),
(17, 17, 149, 1, 147, '', 'PM2B200S003065427', 16, 1, 25326.8, 25326.8, 15, 6, 1519.61, 26846.41, 0, 2, '2015-06-13 18:47:06', 0, '0000-00-00 00:00:00'),
(18, 18, 75, 1, 73, '', 'PM2M602S002224501', 16, 1, 35962.6, 35962.6, 15, 6, 2157.76, 38120.36, 0, 2, '2015-06-13 18:51:01', 0, '0000-00-00 00:00:00'),
(19, 19, 92, 1, 90, '', 'PM2M602S002222164', 16, 1, 35585.25, 35585.25, 15, 6, 2135.11, 37720.37, 0, 2, '2015-06-13 18:55:11', 0, '0000-00-00 00:00:00'),
(20, 20, 147, 1, 145, '', 'PM2M602S002227661', 16, 1, 41314.98, 41314.98, 15, 6, 2478.9, 43793.88, 0, 2, '2015-06-13 18:58:34', 0, '0000-00-00 00:00:00'),
(21, 21, 151, 1, 149, '', 'PM2M603S002126126', 16, 1, 51006.1, 51006.1, 15, 6, 3060.37, 54066.47, 0, 2, '2015-06-13 19:01:59', 0, '0000-00-00 00:00:00'),
(22, 22, 160, 1, 155, '', 'PM2B200S003073500', 16, 1, 34578.12, 34578.12, 15, 6, 2074.69, 36652.81, 0, 2, '2015-06-13 19:24:43', 0, '0000-00-00 00:00:00'),
(23, 23, 161, 1, 156, '', 'PM2M602S002230123', 16, 1, 40937.62, 40937.62, 15, 6, 2456.26, 43393.88, 0, 2, '2015-06-13 19:38:07', 0, '0000-00-00 00:00:00'),
(24, 24, 162, 1, 157, '', 'PM2M602S002215277', 16, 1, 38636.79, 38636.79, 15, 6, 2318.21, 40955, 0, 2, '2015-06-13 19:51:27', 0, '0000-00-00 00:00:00');

-- --------------------------------------------------------

--
-- Table structure for table `comp_supplier_invoice`
--

CREATE TABLE IF NOT EXISTS `comp_supplier_invoice` (
`ID` int(11) NOT NULL,
  `serialNo` int(11) NOT NULL DEFAULT '1',
  `companyID` int(11) NOT NULL,
  `purchaseInvoiceCodeID` int(11) NOT NULL COMMENT '1=puchase inv, 2=direct purch inv, 3=debit note, 4=credit note',
  `purchaserID` int(11) NOT NULL,
  `supplierID` int(11) NOT NULL,
  `formNo` varchar(32) NOT NULL,
  `invoiceDate` date NOT NULL,
  `supplierInvoiceNo` varchar(32) NOT NULL,
  `projectID` int(11) NOT NULL,
  `termsID` int(11) NOT NULL,
  `shipToID` int(11) NOT NULL,
  `locationID` int(11) NOT NULL,
  `currencyID` int(11) NOT NULL,
  `exchangeRate` double NOT NULL,
  `agentID` int(11) NOT NULL,
  `memo` text NOT NULL,
  `employeeID` int(11) NOT NULL,
  `shippingMethodID` int(11) NOT NULL,
  `totalAmount` double NOT NULL,
  `amountPaid` double NOT NULL,
  `totalTaxAmount` double NOT NULL,
  `totalPayable` double NOT NULL,
  `total` double NOT NULL,
  `createdBy` int(11) NOT NULL,
  `createdTS` timestamp NOT NULL DEFAULT CURRENT_TIMESTAMP,
  `updatedBy` int(11) NOT NULL,
  `updatedTS` timestamp NOT NULL DEFAULT '0000-00-00 00:00:00' ON UPDATE CURRENT_TIMESTAMP,
  `is_delete` smallint(16) NOT NULL,
  `updateAble` tinyint(1) NOT NULL DEFAULT '1',
  `journalNo` varchar(32) NOT NULL
) ENGINE=InnoDB  DEFAULT CHARSET=latin1 AUTO_INCREMENT=179 ;

--
-- Dumping data for table `comp_supplier_invoice`
--

INSERT INTO `comp_supplier_invoice` (`ID`, `serialNo`, `companyID`, `purchaseInvoiceCodeID`, `purchaserID`, `supplierID`, `formNo`, `invoiceDate`, `supplierInvoiceNo`, `projectID`, `termsID`, `shipToID`, `locationID`, `currencyID`, `exchangeRate`, `agentID`, `memo`, `employeeID`, `shippingMethodID`, `totalAmount`, `amountPaid`, `totalTaxAmount`, `totalPayable`, `total`, `createdBy`, `createdTS`, `updatedBy`, `updatedTS`, `is_delete`, `updateAble`, `journalNo`) VALUES
(1, 1, 1, 2, 0, 3, 'PI20150510', '2015-04-01', 'IV02105193', 0, 3, 0, 1, 1, 1, 0, '', 0, 0, 52061.77, 0, 2946.89, 52061.77, 0, 1, '2015-05-10 08:43:56', 0, '2015-05-10 08:45:42', 0, 0, 'AP20150100000001'),
(2, 1, 2, 2, 0, 2, 'PI20150510', '2015-04-08', 'IV02105193', 0, 6, 1, 2, 1, 1, 0, '', 0, 0, 52061.77, 0, 2946.89, 52061.77, 0, 2, '2015-05-10 10:19:01', 0, '2015-05-10 10:20:19', 0, 0, 'AP20150100000001'),
(3, 2, 1, 2, 0, 3, 'PI20150511', '2015-04-01', 'INV001', 0, 3, 0, 1, 1, 1, 0, '', 0, 0, 2120, 0, 120, 2120, 0, 1, '2015-05-11 07:06:25', 0, '2015-05-11 07:07:54', 0, 0, 'AP20150100000002'),
(4, 3, 1, 2, 0, 3, 'PI20150511', '2015-04-01', 'INV0002', 0, 3, 0, 1, 1, 1, 0, '', 0, 0, 52061.77, 0, 2946.89, 52061.77, 0, 1, '2015-05-11 07:32:58', 0, '2015-05-11 07:33:22', 0, 0, 'AP20150100000003'),
(5, 2, 2, 2, 0, 2, 'PI20150512', '2015-04-08', 'IV02105193', 0, 6, 1, 2, 1, 1, 0, '', 0, 0, 52061.77, 0, 2946.89, 52061.77, 0, 2, '2015-05-12 07:29:41', 0, '2015-05-12 07:31:33', 0, 0, 'AP20150100000002'),
(6, 3, 2, 2, 0, 2, 'PI20150512', '2015-04-25', 'IV02121788', 0, 6, 1, 2, 1, 1, 0, '', 0, 0, 55368.85, 0, 3134.09, 55368.85, 0, 2, '2015-05-12 07:42:47', 0, '2015-05-12 07:44:15', 0, 0, 'AP20150100000003'),
(7, 4, 2, 2, 0, 2, 'PI20150512', '2015-04-29', 'IV02123667', 0, 6, 1, 2, 1, 1, 0, '', 0, 0, 49310.27, 0, 2791.15, 49310.27, 0, 2, '2015-05-12 07:51:50', 0, '2015-05-12 07:52:39', 0, 0, 'AP20150100000004'),
(8, 5, 2, 2, 0, 2, 'PI20150512', '2015-04-24', 'IV02121278', 0, 6, 1, 2, 1, 1, 0, '', 0, 0, 55479.09, 0, 3140.33, 55479.09, 0, 2, '2015-05-12 08:26:20', 0, '2015-05-12 08:26:45', 0, 0, 'AP20150100000005'),
(9, 6, 2, 2, 0, 2, 'PI20150512', '2015-04-09', 'IV02107112', 0, 6, 1, 2, 1, 1, 0, '', 0, 0, 55479.09, 0, 3140.33, 55479.09, 0, 2, '2015-05-12 08:34:35', 0, '2015-05-12 08:39:57', 0, 0, 'AP20150100000006'),
(10, 7, 2, 2, 0, 2, 'PI20150512', '2015-04-27', 'IV02122414', 0, 6, 1, 2, 1, 1, 0, '', 0, 0, 43793.88, 0, 2478.9, 43793.88, 0, 2, '2015-05-12 08:44:54', 0, '2015-05-12 08:46:17', 0, 0, 'AP20150100000007'),
(11, 8, 2, 2, 0, 2, 'PI20150512', '2015-04-03', 'IV02100150', 0, 6, 1, 2, 1, 1, 0, '', 0, 0, 40637.68, 0, 2300.25, 40637.68, 0, 2, '2015-05-12 08:54:47', 0, '2015-05-12 08:56:08', 0, 0, 'AP20150100000008'),
(12, 9, 2, 2, 0, 2, 'PI20150512', '2015-04-25', 'IV02121602', 0, 6, 1, 2, 1, 1, 0, '', 0, 0, 30136.16, 0, 1705.82, 30136.16, 0, 2, '2015-05-12 09:03:15', 0, '2015-05-12 09:06:00', 0, 0, 'AP20150100000009'),
(13, 10, 2, 2, 0, 2, 'PI20150512', '2015-04-27', 'IV02122119', 0, 6, 1, 2, 1, 1, 0, '', 0, 0, 38910.48, 0, 2202.48, 38910.48, 0, 2, '2015-05-12 09:11:14', 0, '2015-05-12 09:12:24', 0, 0, 'AP20150100000010'),
(14, 11, 2, 2, 0, 2, 'PI20150512', '2015-04-20', 'IV02117879', 0, 6, 1, 2, 1, 1, 0, '', 0, 0, 49365.39, 0, 2794.27, 49365.39, 0, 2, '2015-05-12 09:55:38', 0, '2015-05-12 09:57:03', 0, 0, 'AP20150100000011'),
(15, 12, 2, 2, 0, 2, 'PI20150512', '2015-04-09', 'IV02107374', 0, 6, 1, 2, 1, 1, 0, '', 0, 0, 43849, 0, 2482.02, 43849, 0, 2, '2015-05-12 10:03:44', 0, '2015-05-12 10:04:17', 0, 0, 'AP20150100000012'),
(16, 13, 2, 2, 0, 2, 'PI20150512', '2015-04-13', 'IV02112940', 0, 6, 1, 2, 1, 1, 0, '', 0, 0, 43849, 0, 2482.02, 43849, 0, 2, '2015-05-12 10:08:38', 0, '2015-05-12 10:09:05', 0, 0, 'AP20150100000013'),
(17, 14, 2, 2, 0, 2, 'PI20150512', '2015-04-23', 'IV02120683', 0, 6, 1, 2, 1, 1, 0, '', 0, 0, 43793.88, 0, 2478.9, 43793.88, 0, 2, '2015-05-12 10:17:50', 0, '2015-05-12 10:18:32', 0, 0, 'AP20150100000014'),
(18, 15, 2, 2, 0, 2, 'PI20150512', '2015-04-08', 'IV02105189', 0, 6, 1, 2, 1, 1, 0, '', 0, 0, 51773.77, 0, 2930.59, 51773.77, 0, 2, '2015-05-12 12:11:52', 0, '2015-05-12 12:12:36', 0, 0, 'AP20150100000015'),
(19, 16, 2, 2, 0, 2, 'PI20150512', '2015-04-09', 'IV02107203', 0, 6, 1, 2, 1, 1, 0, '', 0, 0, 55479.09, 0, 3140.33, 55479.09, 0, 2, '2015-05-12 12:22:17', 0, '2015-05-12 12:22:51', 0, 0, 'AP20150100000016'),
(20, 17, 2, 2, 0, 2, 'PI20150512', '2015-04-16', 'IV02115678', 0, 6, 1, 2, 1, 1, 0, '', 0, 0, 43849, 0, 2482.02, 43849, 0, 2, '2015-05-12 12:31:32', 0, '2015-05-12 12:31:59', 0, 0, 'AP20150100000017'),
(21, 18, 2, 2, 0, 2, 'PI20150512', '2015-04-17', 'IV02115981', 0, 6, 1, 2, 1, 1, 0, '', 0, 0, 29791.28, 0, 1686.3, 29791.28, 0, 2, '2015-05-12 12:39:12', 0, '2015-05-12 12:39:33', 0, 0, 'AP20150100000018'),
(22, 19, 2, 2, 0, 2, 'PI20150512', '2015-04-17', 'IV02116572', 0, 6, 1, 2, 1, 1, 0, '', 0, 0, 54149.15, 0, 3065.05, 54149.15, 0, 2, '2015-05-12 12:44:49', 0, '2015-05-12 12:45:09', 0, 0, 'AP20150100000019'),
(23, 20, 2, 2, 0, 2, 'PI20150512', '2015-04-22', 'IV02119550', 0, 6, 1, 2, 1, 1, 0, '', 0, 0, 38910.48, 0, 2202.48, 38910.48, 0, 2, '2015-05-12 12:50:39', 0, '2015-05-12 12:50:55', 0, 0, 'AP20150100000020'),
(24, 21, 2, 2, 0, 2, 'PI20150513', '2015-04-08', 'IV02105773', 0, 6, 1, 2, 1, 1, 0, '', 0, 0, 41037.68, 0, 2322.89, 41037.68, 0, 2, '2015-05-12 16:44:55', 0, '2015-05-12 16:45:22', 0, 0, 'AP20150100000021'),
(25, 22, 2, 2, 0, 2, 'PI20150513', '2015-04-22', 'IV02120039', 0, 6, 1, 2, 1, 1, 0, '', 0, 0, 49310.27, 0, 2791.15, 49310.27, 0, 2, '2015-05-12 16:50:52', 0, '2015-05-12 16:51:15', 0, 0, 'AP20150100000022'),
(26, 23, 2, 2, 0, 2, 'PI20150513', '2015-04-17', 'IV02116235', 0, 6, 1, 2, 1, 1, 0, '', 0, 0, 30191.28, 0, 1708.94, 30191.28, 0, 2, '2015-05-12 16:56:31', 0, '2015-05-12 16:56:50', 0, 0, 'AP20150100000023'),
(27, 24, 2, 2, 0, 2, 'PI20150513', '2015-04-20', 'IV02117410', 0, 6, 1, 2, 1, 1, 0, '', 0, 0, 29791.28, 0, 1686.3, 29791.28, 0, 2, '2015-05-12 17:02:04', 0, '2015-05-12 17:02:25', 0, 0, 'AP20150100000024'),
(28, 25, 2, 2, 0, 2, 'PI20150513', '2015-04-22', 'IV02119561', 0, 6, 1, 2, 1, 1, 0, '', 0, 0, 36252.8, 0, 2052.05, 36252.8, 0, 2, '2015-05-12 17:06:48', 0, '2015-05-12 17:07:05', 0, 0, 'AP20150100000025'),
(29, 26, 2, 2, 0, 2, 'PI20150513', '2015-04-29', 'IV02123449', 0, 6, 1, 2, 1, 1, 0, '', 0, 0, 40955, 0, 2318.21, 40955, 0, 2, '2015-05-12 17:12:40', 0, '2015-05-12 17:13:03', 0, 0, 'AP20150100000026'),
(30, 27, 2, 2, 0, 2, 'PI20150513', '2015-04-18', 'IV02116884', 0, 6, 1, 2, 1, 1, 0, '', 0, 0, 55479.09, 0, 3140.33, 55479.09, 0, 2, '2015-05-12 23:04:25', 0, '2015-05-12 23:04:50', 0, 0, 'AP20150100000027'),
(31, 28, 2, 2, 0, 2, 'PI20150513', '2015-04-09', 'IV02107362', 0, 6, 1, 2, 1, 1, 0, '', 0, 0, 43849, 0, 2482.02, 43849, 0, 2, '2015-05-13 06:48:18', 0, '2015-05-13 06:48:36', 0, 0, 'AP20150100000028'),
(32, 29, 2, 2, 0, 2, 'PI20150513', '2015-04-09', 'IV02107135', 0, 6, 1, 2, 1, 1, 0, '', 0, 0, 54979.09, 0, 3112.02, 54979.09, 0, 2, '2015-05-13 06:56:12', 0, '2015-05-13 06:56:30', 0, 0, 'AP20150100000029'),
(33, 30, 2, 2, 0, 2, 'PI20150513', '2015-04-16', 'IV02115420', 0, 6, 1, 2, 1, 1, 0, '', 0, 0, 60229.28, 0, 3409.2, 60229.28, 0, 2, '2015-05-13 07:07:29', 0, '2015-05-13 07:07:49', 0, 0, 'AP20150100000030'),
(34, 31, 2, 2, 0, 2, 'PI20150513', '2015-04-09', 'IV02107094', 0, 6, 1, 2, 1, 1, 0, '', 0, 0, 60701.73, 0, 3435.95, 60701.73, 0, 2, '2015-05-13 07:13:16', 0, '2015-05-13 07:13:35', 0, 0, 'AP20150100000031'),
(35, 32, 2, 2, 0, 2, 'PI20150513', '2015-04-13', 'IV02112496', 0, 6, 1, 2, 1, 1, 0, '', 0, 0, 29791.28, 0, 1686.3, 29791.28, 0, 2, '2015-05-13 07:19:20', 0, '2015-05-13 07:19:44', 0, 0, 'AP20150100000032'),
(36, 33, 2, 2, 0, 2, 'PI20150513', '2015-04-23', 'IV02120289', 0, 6, 1, 2, 1, 1, 0, '', 0, 0, 36652.81, 0, 2074.69, 36652.81, 0, 2, '2015-05-13 07:40:31', 0, '2015-05-13 07:40:48', 0, 0, 'AP20150100000033'),
(37, 34, 2, 2, 0, 2, 'PI20150513', '2015-04-23', 'IV02120268', 0, 6, 1, 2, 1, 1, 0, '', 0, 0, 36252.8, 0, 2052.05, 36252.8, 0, 2, '2015-05-13 07:45:31', 0, '2015-05-13 07:45:50', 0, 0, 'AP20150100000034'),
(38, 35, 2, 2, 0, 2, 'PI20150513', '2015-04-17', 'IV02116151', 0, 6, 1, 2, 1, 1, 0, '', 0, 0, 36707.93, 0, 2077.81, 36707.93, 0, 2, '2015-05-13 07:55:12', 0, '2015-05-13 07:55:31', 0, 0, 'AP20150100000035'),
(39, 36, 2, 2, 0, 2, 'PI20150513', '2015-04-15', 'IV02114338', 0, 6, 1, 2, 1, 1, 0, '', 0, 0, 30191.28, 0, 1708.94, 30191.28, 0, 2, '2015-05-13 08:00:58', 0, '2015-05-13 08:01:21', 0, 0, 'AP20150100000036'),
(40, 37, 2, 2, 0, 2, 'PI20150513', '2015-04-03', 'IV02100178', 0, 6, 1, 2, 1, 1, 0, '', 0, 0, 43449, 0, 2459.38, 43449, 0, 2, '2015-05-13 08:19:49', 0, '2015-05-13 08:20:06', 0, 0, 'AP20150100000037'),
(41, 38, 2, 2, 0, 2, 'PI20150513', '2015-04-03', 'IV02100503', 0, 6, 1, 2, 1, 1, 0, '', 0, 0, 49365.39, 0, 2794.27, 49365.39, 0, 2, '2015-05-13 08:24:28', 0, '2015-05-13 08:24:46', 0, 0, 'AP20150100000038'),
(42, 39, 2, 2, 0, 2, 'PI20150513', '2015-04-20', 'IV02117572', 0, 6, 1, 2, 1, 1, 0, '', 0, 0, 54979.09, 0, 3112.02, 54979.09, 0, 2, '2015-05-13 08:29:45', 0, '2015-05-13 08:30:00', 0, 0, 'AP20150100000039'),
(43, 40, 2, 2, 0, 2, 'PI20150513', '2015-04-11', 'IV02110647', 0, 6, 1, 2, 1, 1, 0, '', 0, 0, 43449, 0, 2459.38, 43449, 0, 2, '2015-05-13 08:37:11', 0, '2015-05-13 08:37:29', 0, 0, 'AP20150100000040'),
(44, 41, 2, 2, 0, 2, 'PI20150513', '2015-04-13', 'IV02113088', 0, 6, 1, 2, 1, 1, 0, '', 0, 0, 49365.39, 0, 2794.27, 49365.39, 0, 2, '2015-05-13 08:42:59', 0, '2015-05-13 08:43:16', 0, 0, 'AP20150100000041'),
(45, 42, 2, 2, 0, 2, 'PI20150513', '2015-04-13', 'IV02112921', 0, 6, 1, 2, 1, 1, 0, '', 0, 0, 40637.68, 0, 2300.25, 40637.68, 0, 2, '2015-05-13 08:47:36', 0, '2015-05-13 08:48:03', 0, 0, 'AP20150100000042'),
(46, 43, 2, 2, 0, 2, 'PI20150513', '2015-04-17', 'IV02116018', 0, 6, 1, 2, 1, 1, 0, '', 0, 0, 30191.28, 0, 1708.94, 30191.28, 0, 2, '2015-05-13 08:53:37', 0, '2015-05-13 08:53:56', 0, 0, 'AP20150100000043'),
(47, 44, 2, 2, 0, 2, 'PI20150514', '2015-04-09', 'IV02107368', 0, 6, 1, 2, 1, 1, 0, '', 0, 0, 41037.68, 0, 2322.89, 41037.68, 0, 2, '2015-05-14 02:09:10', 0, '2015-05-14 02:09:31', 0, 0, 'AP20150100000044'),
(48, 45, 2, 2, 0, 2, 'PI20150514', '2015-04-03', 'IV02100465', 0, 6, 1, 2, 1, 1, 0, '', 0, 0, 48992.95, 0, 2773.19, 48992.95, 0, 2, '2015-05-14 02:14:20', 0, '2015-05-14 02:14:39', 0, 0, 'AP20150100000045'),
(49, 46, 2, 2, 0, 2, 'PI20150514', '2015-04-03', 'IV02100291', 0, 6, 1, 2, 1, 1, 0, '', 0, 0, 43849, 0, 2482.02, 43849, 0, 2, '2015-05-14 02:28:16', 0, '2015-05-14 02:28:34', 0, 0, 'AP20150100000046'),
(50, 47, 2, 2, 0, 2, 'PI20150514', '2015-04-08', 'IV02104900', 0, 6, 1, 2, 1, 1, 0, '', 0, 0, 38965.6, 0, 2205.6, 38965.6, 0, 2, '2015-05-14 02:33:32', 0, '2015-05-14 02:33:49', 0, 0, 'AP20150100000047'),
(51, 48, 2, 2, 0, 2, 'PI20150514', '2015-04-16', 'IV02114952', 0, 6, 1, 2, 1, 1, 0, '', 0, 0, 38582.8, 0, 2183.93, 38582.8, 0, 2, '2015-05-14 02:40:10', 0, '2015-05-14 02:40:28', 0, 0, 'AP20150100000048'),
(52, 49, 2, 2, 0, 2, 'PI20150514', '2015-04-11', 'IV02110991', 0, 6, 1, 2, 1, 1, 0, '', 0, 0, 43849, 0, 2482.02, 43849, 0, 2, '2015-05-14 02:45:03', 0, '2015-05-14 02:45:25', 0, 0, 'AP20150100000049'),
(53, 50, 2, 2, 0, 2, 'PI20150514', '2015-04-16', 'IV02114961', 0, 6, 1, 2, 1, 1, 0, '', 0, 0, 30191.28, 0, 1708.94, 30191.28, 0, 2, '2015-05-14 02:50:53', 0, '2015-05-14 02:51:18', 0, 0, 'AP20150100000050'),
(54, 51, 2, 2, 0, 2, 'PI20150514', '2015-04-03', 'IV02099921', 0, 6, 1, 2, 1, 1, 0, '', 0, 0, 30191.28, 0, 1708.94, 30191.28, 0, 2, '2015-05-14 02:57:23', 0, '2015-05-14 02:57:43', 0, 0, 'AP20150100000051'),
(55, 52, 2, 2, 0, 2, 'PI20150514', '2015-04-13', 'IV02112487', 0, 6, 1, 2, 1, 1, 0, '', 0, 0, 30191.28, 0, 1708.94, 30191.28, 0, 2, '2015-05-14 03:01:41', 0, '2015-05-14 03:02:02', 0, 0, 'AP20150100000052'),
(56, 53, 2, 2, 0, 2, 'PI20150514', '2015-04-11', 'IV02111017', 0, 6, 1, 2, 1, 1, 0, '', 0, 0, 43849, 0, 2482.02, 43849, 0, 2, '2015-05-14 03:06:44', 0, '2015-05-14 03:07:00', 0, 0, 'AP20150100000053'),
(57, 54, 2, 2, 0, 2, 'PI20150514', '2015-04-11', 'IV02109020', 0, 6, 1, 2, 1, 1, 0, '', 0, 0, 38965.6, 0, 2205.6, 38965.6, 0, 2, '2015-05-14 03:20:35', 0, '2015-05-14 03:21:14', 0, 0, 'AP20150100000054'),
(58, 55, 2, 2, 0, 2, 'PI20150514', '2015-04-11', 'IV02111332', 0, 6, 1, 2, 1, 1, 0, '', 0, 0, 49365.39, 0, 2794.27, 49365.39, 0, 2, '2015-05-14 03:26:38', 0, '2015-05-14 03:26:54', 0, 0, 'AP20150100000055'),
(59, 56, 2, 2, 0, 2, 'PI20150514', '2015-04-13', 'IV02112824', 0, 6, 1, 2, 1, 1, 0, '', 0, 0, 52534.21, 0, 2973.63, 52534.21, 0, 2, '2015-05-14 03:34:56', 0, '2015-05-14 03:35:14', 0, 0, 'AP20150100000056'),
(60, 57, 2, 2, 0, 2, 'PI20150514', '2015-04-15', 'IV02114311', 0, 6, 1, 2, 1, 1, 0, '', 0, 0, 30191.28, 0, 1708.94, 30191.28, 0, 2, '2015-05-14 03:39:11', 0, '2015-05-14 03:39:36', 0, 0, 'AP20150100000057'),
(61, 58, 2, 2, 0, 2, 'PI20150514', '2015-04-03', 'IV02099864', 0, 6, 1, 2, 1, 1, 0, '', 0, 0, 29791.28, 0, 1686.3, 29791.28, 0, 2, '2015-05-14 03:44:11', 0, '2015-05-14 03:44:27', 0, 0, 'AP20150100000058'),
(62, 59, 2, 2, 0, 2, 'PI20150514', '2015-04-03', 'IV02100499', 0, 6, 1, 2, 1, 1, 0, '', 0, 0, 49365.39, 0, 2794.27, 49365.39, 0, 2, '2015-05-14 03:48:53', 0, '2015-05-14 03:49:10', 0, 0, 'AP20150100000059'),
(63, 60, 2, 2, 0, 2, 'PI20150514', '2015-04-10', 'IV02108735', 0, 6, 1, 2, 1, 1, 0, '', 0, 0, 49365.39, 0, 2794.27, 49365.39, 0, 2, '2015-05-14 05:23:37', 0, '2015-05-14 05:24:00', 0, 0, 'AP20150100000060'),
(64, 61, 2, 2, 0, 2, 'PI20150514', '2015-04-03', 'IV02099849', 0, 6, 1, 2, 1, 1, 0, '', 0, 0, 29791.28, 0, 1686.3, 29791.28, 0, 2, '2015-05-14 05:28:36', 0, '2015-05-14 05:28:56', 0, 0, 'AP20150100000061'),
(65, 62, 2, 2, 0, 2, 'PI20150514', '2015-04-10', 'IV02108107', 0, 6, 1, 2, 1, 1, 0, '', 0, 0, 30191.28, 0, 1708.94, 30191.28, 0, 2, '2015-05-14 05:33:15', 0, '2015-05-14 05:33:34', 0, 0, 'AP20150100000062'),
(66, 63, 2, 2, 0, 2, 'PI20150514', '2015-04-11', 'IV02109051', 0, 6, 1, 2, 1, 1, 0, '', 0, 0, 30191.28, 0, 1708.94, 30191.28, 0, 2, '2015-05-14 05:41:16', 0, '2015-05-14 05:41:34', 0, 0, 'AP20150100000063'),
(67, 64, 2, 2, 0, 2, 'PI20150514', '2015-04-11', 'IV02111792', 0, 6, 1, 2, 1, 1, 0, '', 0, 0, 54149.15, 0, 3065.05, 54149.15, 0, 2, '2015-05-14 05:45:58', 0, '2015-05-14 05:46:14', 0, 0, 'AP20150100000064'),
(68, 65, 2, 2, 0, 2, 'PI20150514', '2015-04-08', 'IV02105876', 0, 6, 1, 2, 1, 1, 0, '', 0, 0, 49365.39, 0, 2794.27, 49365.39, 0, 2, '2015-05-14 05:50:34', 0, '2015-05-14 05:50:55', 0, 0, 'AP20150100000065'),
(69, 66, 2, 2, 0, 2, 'PI20150514', '2015-04-11', 'IV02111856', 0, 6, 1, 2, 1, 1, 0, '', 0, 0, 54149.15, 0, 3065.05, 54149.15, 0, 2, '2015-05-14 05:55:18', 0, '2015-05-14 05:55:39', 0, 0, 'AP20150100000066'),
(70, 67, 2, 2, 0, 2, 'PI20150516', '2015-04-03', 'IV02100159', 0, 6, 1, 2, 1, 1, 0, '', 0, 0, 41037.68, 0, 2322.89, 41037.68, 0, 2, '2015-05-16 06:58:48', 0, '2015-05-16 06:59:08', 0, 0, 'AP20150100000067'),
(71, 68, 2, 2, 0, 2, 'PI20150516', '2015-04-03', 'IV02100263', 0, 6, 1, 2, 1, 1, 0, '', 0, 0, 43849, 0, 2482.02, 43849, 0, 2, '2015-05-16 07:16:37', 0, '2015-05-16 07:17:56', 0, 0, 'AP20150100000068'),
(72, 69, 2, 2, 0, 2, 'PI20150516', '2015-04-03', 'IV02100279', 0, 6, 1, 2, 1, 1, 0, '', 0, 0, 41037.68, 0, 2322.89, 41037.68, 0, 2, '2015-05-16 12:18:24', 0, '2015-05-16 12:20:32', 0, 0, 'AP20150100000069'),
(73, 70, 2, 2, 0, 2, 'PI20150516', '2015-04-08', 'IV02104919', 0, 6, 1, 2, 1, 1, 0, '', 0, 0, 30191.28, 0, 1708.94, 30191.28, 0, 2, '2015-05-16 14:56:49', 0, '2015-05-16 14:57:09', 0, 0, 'AP20150100000070'),
(74, 71, 2, 2, 0, 2, 'PI20150516', '2015-04-08', 'IV02105720', 0, 6, 1, 2, 1, 1, 0, '', 0, 0, 38120.36, 0, 2157.76, 38120.36, 0, 2, '2015-05-16 15:10:08', 0, '2015-05-16 15:10:27', 0, 0, 'AP20150100000071'),
(75, 72, 2, 2, 0, 2, 'PI20150516', '2015-04-08', 'IV02105100', 0, 6, 1, 2, 1, 1, 0, '', 0, 0, 48356.45, 0, 2737.16, 48356.45, 0, 2, '2015-05-16 15:36:54', 0, '2015-05-16 15:37:13', 0, 0, 'AP20150100000072'),
(76, 73, 2, 2, 0, 2, 'PI20150516', '2015-04-08', 'IV02105141', 0, 6, 1, 2, 1, 1, 0, '', 0, 0, 51301.33, 0, 2903.85, 51301.33, 0, 2, '2015-05-16 15:43:20', 0, '2015-05-16 15:43:38', 0, 0, 'AP20150100000073'),
(77, 74, 2, 2, 0, 2, 'PI20150516', '2015-04-08', 'IV02105182', 0, 6, 1, 2, 1, 1, 0, '', 0, 0, 51301.33, 0, 2903.85, 51301.33, 0, 2, '2015-05-16 15:49:53', 0, '2015-05-16 15:50:09', 0, 0, 'AP20150100000074'),
(78, 75, 2, 2, 0, 2, 'PI20150516', '2015-04-08', 'IV02105186', 0, 6, 1, 2, 1, 1, 0, '', 0, 0, 52534.21, 0, 2973.63, 52534.21, 0, 2, '2015-05-16 15:57:33', 0, '2015-05-16 15:57:54', 0, 0, 'AP20150100000075'),
(79, 76, 2, 2, 0, 2, 'PI20150517', '2015-04-08', 'IV02105208', 0, 6, 1, 2, 1, 1, 0, '', 0, 0, 51301.33, 0, 2903.85, 51301.33, 0, 2, '2015-05-16 16:20:05', 0, '2015-05-16 16:20:21', 0, 0, 'AP20150100000076'),
(80, 77, 2, 2, 0, 2, 'PI20150517', '2015-04-08', 'IV02105230', 0, 6, 1, 2, 1, 1, 0, '', 0, 0, 48356.45, 0, 2737.16, 48356.45, 0, 2, '2015-05-16 16:40:40', 0, '2015-05-16 16:40:59', 0, 0, 'AP20150100000077'),
(81, 78, 2, 2, 0, 2, 'PI20150517', '2015-04-08', 'IV02105293', 0, 6, 1, 2, 1, 1, 0, '', 0, 0, 51301.33, 0, 2903.85, 51301.33, 0, 2, '2015-05-16 16:46:47', 0, '2015-05-16 16:47:03', 0, 0, 'AP20150100000078'),
(82, 79, 2, 2, 0, 2, 'PI20150517', '2015-04-08', 'IV02105868', 0, 6, 1, 2, 1, 1, 0, '', 0, 0, 49365.39, 0, 2794.27, 49365.39, 0, 2, '2015-05-16 16:52:18', 0, '2015-05-16 16:52:41', 0, 0, 'AP20150100000079'),
(83, 80, 2, 2, 0, 2, 'PI20150517', '2015-04-08', 'IV02105900', 0, 6, 1, 2, 1, 1, 0, '', 0, 0, 49365.39, 0, 2794.27, 49365.39, 0, 2, '2015-05-16 17:03:52', 0, '2015-05-16 17:04:10', 0, 0, 'AP20150100000080'),
(84, 81, 2, 2, 0, 2, 'PI20150517', '2015-04-08', 'IV02105956', 0, 6, 1, 2, 1, 1, 0, '', 0, 0, 49365.39, 0, 2794.27, 49365.39, 0, 2, '2015-05-16 17:09:24', 0, '2015-05-16 17:09:40', 0, 0, 'AP20150100000081'),
(85, 82, 2, 2, 0, 2, 'PI20150517', '2015-04-08', 'IV02106003', 0, 6, 1, 2, 1, 1, 0, '', 0, 0, 48992.95, 0, 2773.19, 48992.95, 0, 2, '2015-05-17 00:50:21', 0, '2015-05-17 00:50:41', 0, 0, 'AP20150100000082'),
(86, 83, 2, 2, 0, 2, 'PI20150517', '2015-04-08', 'IV02105861', 0, 6, 1, 2, 1, 1, 0, '', 0, 0, 46448.07, 0, 2629.14, 46448.07, 0, 2, '2015-05-17 00:57:29', 0, '2015-05-17 00:57:54', 0, 0, 'AP20150100000083'),
(87, 84, 2, 2, 0, 2, 'PI20150517', '2015-04-08', 'IV02105883', 0, 6, 1, 2, 1, 1, 0, '', 0, 0, 46075.63, 0, 2608.05, 46075.63, 0, 2, '2015-05-17 01:17:19', 0, '2015-05-17 01:17:49', 0, 0, 'AP20150100000084'),
(88, 85, 2, 2, 0, 2, 'PI20150517', '2015-04-08', 'IV02105979', 0, 6, 1, 2, 1, 1, 0, '', 0, 0, 46448.07, 0, 2629.14, 46448.07, 0, 2, '2015-05-17 01:23:53', 0, '2015-05-17 01:25:13', 0, 0, 'AP20150100000085'),
(89, 86, 2, 2, 0, 2, 'PI20150517', '2015-04-08', 'IV02105369', 0, 6, 1, 2, 1, 1, 0, '', 0, 0, 60701.73, 0, 3435.95, 60701.73, 0, 2, '2015-05-17 01:30:40', 0, '2015-05-17 01:31:06', 0, 0, 'AP20150100000086'),
(90, 87, 2, 2, 0, 2, 'PI20150517', '2015-04-08', 'IV02105681', 0, 6, 1, 2, 1, 1, 0, '', 0, 0, 41037.68, 0, 2322.89, 41037.68, 0, 2, '2015-05-17 01:37:48', 0, '2015-05-17 01:38:10', 0, 0, 'AP20150100000087'),
(91, 88, 2, 2, 0, 2, 'PI20150517', '2015-04-09', 'IV02107381', 0, 6, 1, 2, 1, 1, 0, '', 0, 0, 37720.37, 0, 2135.11, 37720.37, 0, 2, '2015-05-17 01:43:48', 0, '2015-05-17 01:44:16', 0, 0, 'AP20150100000088'),
(92, 89, 2, 2, 0, 2, 'PI20150517', '2015-04-09', 'IV02107029', 0, 6, 1, 2, 1, 1, 0, '', 0, 0, 51773.77, 0, 2930.59, 51773.77, 0, 2, '2015-05-17 01:50:05', 0, '2015-05-17 01:50:26', 0, 0, 'AP20150100000089'),
(93, 90, 2, 2, 0, 2, 'PI20150517', '2015-04-09', 'IV02107075', 0, 6, 1, 2, 1, 1, 0, '', 0, 0, 51773.77, 0, 2930.59, 51773.77, 0, 2, '2015-05-17 01:55:46', 0, '2015-05-17 01:56:05', 0, 0, 'AP20150100000090'),
(94, 91, 2, 2, 0, 2, 'PI20150517', '2015-04-09', 'IV02107110', 0, 6, 1, 2, 1, 1, 0, '', 0, 0, 51301.33, 0, 2903.85, 51301.33, 0, 2, '2015-05-17 02:03:21', 0, '2015-05-17 02:03:45', 0, 0, 'AP20150100000091'),
(95, 92, 2, 2, 0, 2, 'PI20150517', '2015-04-09', 'IV02107227', 0, 6, 1, 2, 1, 1, 0, '', 0, 0, 51301.33, 0, 2903.85, 51301.33, 0, 2, '2015-05-17 02:15:24', 0, '2015-05-17 02:15:42', 0, 0, 'AP20150100000092'),
(96, 93, 2, 2, 0, 2, 'PI20150517', '2015-04-09', 'IV02107667', 0, 6, 1, 2, 1, 1, 0, '', 0, 0, 49365.39, 0, 2794.27, 49365.39, 0, 2, '2015-05-17 02:21:50', 0, '2015-05-17 02:22:14', 0, 0, 'AP20150100000093'),
(97, 94, 2, 2, 0, 2, 'PI20150517', '2015-04-09', 'IV02107686', 0, 6, 1, 2, 1, 1, 0, '', 0, 0, 48992.95, 0, 2773.19, 48992.95, 0, 2, '2015-05-17 02:27:59', 0, '2015-05-17 02:28:26', 0, 0, 'AP20150100000094'),
(98, 95, 2, 2, 0, 2, 'PI20150517', '2015-04-09', 'IV02107712', 0, 6, 1, 2, 1, 1, 0, '', 0, 0, 49365.39, 0, 2794.27, 49365.39, 0, 2, '2015-05-17 02:34:34', 0, '2015-05-17 02:34:58', 0, 0, 'AP20150100000095'),
(99, 96, 2, 2, 0, 2, 'PI20150517', '2015-04-09', 'IV02107716', 0, 6, 1, 2, 1, 1, 0, '', 0, 0, 49365.39, 0, 2794.27, 49365.39, 0, 2, '2015-05-17 02:40:25', 0, '2015-05-17 02:40:45', 0, 0, 'AP20150100000096'),
(100, 97, 2, 2, 0, 2, 'PI20150517', '2015-04-09', 'IN02107727', 0, 6, 1, 2, 1, 1, 0, '', 0, 0, 49365.39, 0, 2794.27, 49365.39, 0, 2, '2015-05-17 02:46:03', 0, '2015-05-17 02:46:22', 0, 0, 'AP20150100000097'),
(101, 98, 2, 2, 0, 2, 'PI20150517', '2015-04-09', 'IV02107743', 0, 6, 1, 2, 1, 1, 0, '', 0, 0, 49365.39, 0, 2794.27, 49365.39, 0, 2, '2015-05-17 02:52:57', 0, '2015-05-17 02:53:18', 0, 0, 'AP20150100000098'),
(102, 99, 2, 2, 0, 2, 'PI20150517', '2015-04-09', 'IV02107758', 0, 6, 1, 2, 1, 1, 0, '', 0, 0, 48992.95, 0, 2773.19, 48992.95, 0, 2, '2015-05-17 04:59:13', 0, '2015-05-17 04:59:31', 0, 0, 'AP20150100000099'),
(103, 100, 2, 2, 0, 2, 'PI20150517', '2015-04-09', 'IV02107765', 0, 6, 1, 2, 1, 1, 0, '', 0, 0, 48992.95, 0, 2773.19, 48992.95, 0, 2, '2015-05-17 05:04:35', 0, '2015-05-17 05:04:52', 0, 0, 'AP20150100000100'),
(104, 101, 2, 2, 0, 2, 'PI20150517', '2015-04-09', 'IV02107769', 0, 6, 1, 2, 1, 1, 0, '', 0, 0, 49365.39, 0, 2794.27, 49365.39, 0, 2, '2015-05-17 05:13:49', 0, '2015-05-17 05:14:07', 0, 0, 'AP20150100000101'),
(105, 102, 2, 2, 0, 2, 'PI20150517', '2015-04-09', 'IV02107735', 0, 6, 1, 2, 1, 1, 0, '', 0, 0, 46448.07, 0, 2629.14, 46448.07, 0, 2, '2015-05-17 05:19:07', 0, '2015-05-17 05:19:23', 0, 0, 'AP20150100000102'),
(106, 103, 2, 2, 0, 2, 'PI20150517', '2015-04-09', 'IV02107061', 0, 6, 1, 2, 1, 1, 0, '', 0, 0, 55479.09, 0, 3140.33, 55479.09, 0, 2, '2015-05-17 05:27:03', 0, '2015-05-17 05:27:18', 0, 0, 'AP20150100000103'),
(107, 104, 2, 2, 0, 2, 'PI20150517', '2015-04-09', 'IV02107119', 0, 6, 1, 2, 1, 1, 0, '', 0, 0, 55479.09, 0, 3140.33, 55479.09, 0, 2, '2015-05-17 05:34:03', 0, '2015-05-17 05:34:37', 0, 0, 'AP20150100000104'),
(108, 105, 2, 2, 0, 2, 'PI20150517', '2015-04-09', 'IV02107157', 0, 6, 1, 2, 1, 1, 0, '', 0, 0, 60701.73, 0, 3435.95, 60701.73, 0, 2, '2015-05-17 05:39:20', 0, '2015-05-17 05:39:39', 0, 0, 'AP20150100000105'),
(109, 106, 2, 2, 0, 2, 'PI20150517', '2015-04-09', 'IN02107355', 0, 6, 1, 2, 1, 1, 0, '', 0, 0, 43449, 0, 2459.38, 43449, 0, 2, '2015-05-17 05:45:17', 0, '2015-05-17 05:45:33', 0, 0, 'AP20150100000106'),
(110, 107, 2, 2, 0, 2, 'PI20150517', '2015-04-09', 'IV02107388', 0, 6, 1, 2, 1, 1, 0, '', 0, 0, 43849, 0, 2482.02, 43849, 0, 2, '2015-05-17 05:49:54', 0, '2015-05-17 05:50:09', 0, 0, 'AP20150100000107'),
(111, 108, 2, 2, 0, 2, 'PI20150517', '2015-04-10', 'IV02108017', 0, 6, 1, 2, 1, 1, 0, '', 0, 0, 27273.96, 0, 1543.81, 27273.96, 0, 2, '2015-05-17 07:06:33', 0, '2015-05-17 07:06:57', 0, 0, 'AP20150100000108'),
(112, 109, 2, 2, 0, 2, 'PI20150517', '2015-04-10', 'IV02108741', 0, 6, 1, 2, 1, 1, 0, '', 0, 0, 46075.63, 0, 2608.05, 46075.63, 0, 2, '2015-05-17 07:15:05', 0, '2015-05-17 07:15:21', 0, 0, 'AP20150100000109'),
(113, 110, 2, 2, 0, 2, 'PI20150517', '2015-04-10', 'IV02108420', 0, 6, 1, 2, 1, 1, 0, '', 0, 0, 55479.09, 0, 3140.33, 55479.09, 0, 2, '2015-05-17 07:26:22', 0, '2015-05-17 07:26:40', 0, 0, 'AP20150100000110'),
(114, 111, 2, 2, 0, 2, 'PI20150517', '2015-04-10', 'IV02108586', 0, 6, 1, 2, 1, 1, 0, '', 0, 0, 43849, 0, 2482.02, 43849, 0, 2, '2015-05-17 07:32:43', 0, '2015-05-17 07:33:03', 0, 0, 'AP20150100000111'),
(115, 112, 2, 2, 0, 2, 'PI20150517', '2015-04-10', 'IV02108607', 0, 6, 1, 2, 1, 1, 0, '', 0, 0, 41037.68, 0, 2322.89, 41037.68, 0, 2, '2015-05-17 07:39:22', 0, '2015-05-17 07:39:37', 0, 0, 'AP20150100000112'),
(116, 113, 2, 2, 0, 2, 'PI20150517', '2015-04-10', 'IV02108752', 0, 6, 1, 2, 1, 1, 0, '', 0, 0, 54149.15, 0, 3065.05, 54149.15, 0, 2, '2015-05-17 07:44:59', 0, '2015-05-17 07:45:15', 0, 0, 'AP20150100000113'),
(117, 114, 2, 2, 0, 2, 'PI20150517', '2015-04-11', 'IV02109608', 0, 6, 1, 2, 1, 1, 0, '', 0, 0, 51773.77, 0, 2930.59, 51773.77, 0, 2, '2015-05-17 08:20:46', 0, '2015-05-17 08:21:08', 0, 0, 'AP20150100000114'),
(118, 115, 2, 2, 0, 2, 'PI20150517', '2015-04-11', 'IV02111784', 0, 6, 1, 2, 1, 1, 0, '', 0, 0, 49365.39, 0, 2794.27, 49365.39, 0, 2, '2015-05-17 08:28:15', 0, '2015-05-17 08:28:38', 0, 0, 'AP20150100000115'),
(119, 116, 2, 2, 0, 2, 'PI20150517', '2015-04-11', 'IV02109619', 0, 6, 1, 2, 1, 1, 0, '', 0, 0, 60701.73, 0, 3435.95, 60701.73, 0, 2, '2015-05-17 08:34:58', 0, '2015-05-17 08:35:16', 0, 0, 'AP20150100000116'),
(120, 117, 2, 2, 0, 2, 'PI20150517', '2015-04-13', 'IV02112693', 0, 6, 1, 2, 1, 1, 0, '', 0, 0, 60229.28, 0, 3409.2, 60229.28, 0, 2, '2015-05-17 08:42:06', 0, '2015-05-17 08:42:23', 0, 0, 'AP20150100000117'),
(121, 118, 2, 2, 0, 2, 'PI20150517', '2015-04-13', 'IV02112712', 0, 6, 1, 2, 1, 1, 0, '', 0, 0, 55479.09, 0, 3140.33, 55479.09, 0, 2, '2015-05-17 08:47:59', 0, '2015-05-17 08:48:16', 0, 0, 'AP20150100000118'),
(122, 119, 2, 2, 0, 2, 'PI20150517', '2015-04-13', 'IV02112722', 0, 6, 1, 2, 1, 1, 0, '', 0, 0, 60229.28, 0, 3409.2, 60229.28, 0, 2, '2015-05-17 08:53:33', 0, '2015-05-17 08:53:48', 0, 0, 'AP20150100000119'),
(123, 120, 2, 2, 0, 2, 'PI20150517', '2015-04-15', 'IV02114257', 0, 6, 1, 2, 1, 1, 0, '', 0, 0, 30191.28, 0, 1708.94, 30191.28, 0, 2, '2015-05-17 09:10:47', 0, '2015-05-17 09:11:05', 0, 0, 'AP20150100000120'),
(124, 121, 2, 2, 0, 2, 'PI20150517', '2015-04-15', 'IV02114759', 0, 6, 1, 2, 1, 1, 0, '', 0, 0, 43849, 0, 2482.02, 43849, 0, 2, '2015-05-17 09:40:23', 0, '2015-05-17 09:41:11', 0, 0, 'AP20150100000121'),
(125, 122, 2, 2, 0, 2, 'PI20150517', '2015-04-16', 'IV02115916', 0, 6, 1, 2, 1, 1, 0, '', 0, 0, 46448.07, 0, 2629.14, 46448.07, 0, 2, '2015-05-17 09:49:43', 0, '2015-05-17 09:49:59', 0, 0, 'AP20150100000122'),
(126, 123, 2, 2, 0, 2, 'PI20150517', '2015-04-17', 'IV02116396', 0, 6, 1, 2, 1, 1, 0, '', 0, 0, 43849, 0, 2482.02, 43849, 0, 2, '2015-05-17 10:02:31', 0, '2015-05-17 10:02:51', 0, 0, 'AP20150100000123'),
(127, 124, 2, 2, 0, 2, 'PI20150517', '2015-04-17', 'IV02116508', 0, 6, 1, 2, 1, 1, 0, '', 0, 0, 41037.68, 0, 2322.89, 41037.68, 0, 2, '2015-05-17 10:09:05', 0, '2015-05-17 10:09:25', 0, 0, 'AP20150100000124'),
(128, 125, 2, 2, 0, 2, 'PI20150517', '2015-04-18', 'IV02116915', 0, 6, 1, 2, 1, 1, 0, '', 0, 0, 60701.73, 0, 3435.95, 60701.73, 0, 2, '2015-05-17 10:24:50', 0, '2015-05-17 10:25:12', 0, 0, 'AP20150100000125'),
(129, 126, 2, 2, 0, 2, 'PI20150517', '2015-04-20', 'IV02117432', 0, 6, 1, 2, 1, 1, 0, '', 0, 0, 30191.28, 0, 1708.94, 30191.28, 0, 2, '2015-05-17 10:33:04', 0, '2015-05-17 10:33:22', 0, 0, 'AP20150100000126'),
(130, 127, 2, 2, 0, 2, 'PI20150517', '2015-04-20', 'IV02117762', 0, 6, 1, 2, 1, 1, 0, '', 0, 0, 51773.77, 0, 2930.59, 51773.77, 0, 2, '2015-05-17 10:40:07', 0, '2015-05-17 10:40:22', 0, 0, 'AP20150100000127'),
(131, 128, 2, 2, 0, 2, 'PI20150517', '2015-04-20', 'IV02117781', 0, 6, 1, 2, 1, 1, 0, '', 0, 0, 48856.45, 0, 2765.46, 48856.45, 0, 2, '2015-05-17 11:40:51', 0, '2015-05-17 11:41:11', 0, 0, 'AP20150100000128'),
(132, 129, 2, 2, 0, 2, 'PI20150517', '2015-04-20', 'IV02117842', 0, 6, 1, 2, 1, 1, 0, '', 0, 0, 41037.68, 0, 2322.89, 41037.68, 0, 2, '2015-05-17 11:47:07', 0, '2015-05-17 11:47:24', 0, 0, 'AP20150100000129'),
(133, 130, 2, 2, 0, 2, 'PI20150518', '2015-04-20', 'IV02117910', 0, 6, 1, 2, 1, 1, 0, '', 0, 0, 54149.15, 0, 3065.05, 54149.15, 0, 2, '2015-05-17 16:19:14', 0, '2015-05-17 16:19:36', 0, 0, 'AP20150100000130'),
(134, 131, 2, 2, 0, 2, 'PI20150518', '2015-04-22', 'IV02119315', 0, 6, 1, 2, 1, 1, 0, '', 0, 0, 30136.16, 0, 1705.82, 30136.16, 0, 2, '2015-05-17 16:28:12', 0, '2015-05-17 16:28:31', 0, 0, 'AP20150100000131'),
(135, 132, 2, 2, 0, 2, 'PI20150518', '2015-04-22', 'IV02119358', 0, 6, 1, 2, 1, 1, 0, '', 0, 0, 38910.48, 0, 2202.48, 38910.48, 0, 2, '2015-05-17 16:35:53', 0, '2015-05-17 16:36:17', 0, 0, 'AP20150100000132'),
(136, 133, 2, 2, 0, 2, 'PI20150518', '2015-04-22', 'IV02119373', 0, 6, 1, 2, 1, 1, 0, '', 0, 0, 29763.72, 0, 1684.74, 29763.72, 0, 2, '2015-05-17 16:42:38', 0, '2015-05-17 16:43:04', 0, 0, 'AP20150100000133'),
(137, 134, 2, 2, 0, 2, 'PI20150518', '2015-04-22', 'IV02120120', 0, 6, 1, 2, 1, 1, 0, '', 0, 0, 49310.27, 0, 2791.15, 49310.27, 0, 2, '2015-05-17 16:55:41', 0, '2015-05-17 16:55:58', 0, 0, 'AP20150100000134'),
(138, 135, 2, 2, 0, 2, 'PI20150518', '2015-04-22', 'IV02119806', 0, 6, 1, 2, 1, 1, 0, '', 0, 0, 40955, 0, 2318.21, 40955, 0, 2, '2015-05-17 17:01:47', 0, '2015-05-17 17:02:06', 0, 0, 'AP20150100000135'),
(139, 136, 2, 2, 0, 2, 'PI20150518', '2015-04-22', 'IV02119844', 0, 6, 1, 2, 1, 1, 0, '', 0, 0, 43793.88, 0, 2478.9, 43793.88, 0, 2, '2015-05-18 07:08:08', 0, '2015-05-18 07:08:36', 0, 0, 'AP20150100000136'),
(140, 137, 2, 2, 0, 2, 'PI20150518', '2015-04-22', 'IV02119902', 0, 6, 1, 2, 1, 1, 0, '', 0, 0, 43393.88, 0, 2456.26, 43393.88, 0, 2, '2015-05-18 07:14:17', 0, '2015-05-18 07:14:40', 0, 0, 'AP20150100000137'),
(141, 138, 2, 2, 0, 2, 'PI20150518', '2015-04-22', 'IV02119958', 0, 6, 1, 2, 1, 1, 0, '', 0, 0, 40955, 0, 2318.21, 40955, 0, 2, '2015-05-18 07:20:15', 0, '2015-05-18 07:20:32', 0, 0, 'AP20150100000138'),
(142, 139, 2, 2, 0, 2, 'PI20150518', '2015-04-23', 'IV02120710', 0, 6, 1, 2, 1, 1, 0, '', 0, 0, 43793.88, 0, 2478.9, 43793.88, 0, 2, '2015-05-18 07:25:08', 0, '2015-05-18 07:25:40', 0, 0, 'AP20150100000139'),
(143, 140, 2, 2, 0, 2, 'PI20150518', '2015-04-23', 'IV02120852', 0, 6, 1, 2, 1, 1, 0, '', 0, 0, 54066.47, 0, 3060.37, 54066.47, 0, 2, '2015-05-18 07:29:30', 0, '2015-05-18 07:29:51', 0, 0, 'AP20150100000140'),
(144, 141, 2, 2, 0, 2, 'PI20150518', '2015-04-24', 'IV02121275', 0, 6, 1, 2, 1, 1, 0, '', 0, 0, 51301.33, 0, 2903.85, 51301.33, 0, 2, '2015-05-18 07:34:42', 0, '2015-05-18 07:34:59', 0, 0, 'AP20150100000141'),
(145, 142, 2, 2, 0, 2, 'PI20150518', '2015-04-25', 'IV02121790', 0, 6, 1, 2, 1, 1, 0, '', 0, 0, 54896.41, 0, 3107.34, 54896.41, 0, 2, '2015-05-18 08:12:48', 0, '2015-05-18 08:13:08', 0, 0, 'AP20150100000142'),
(146, 143, 2, 2, 0, 2, 'PI20150518', '2015-04-25', 'IV02121876', 0, 6, 1, 2, 1, 1, 0, '', 0, 0, 43793.88, 0, 2478.9, 43793.88, 0, 2, '2015-05-18 08:18:46', 0, '2015-05-18 08:19:05', 0, 0, 'AP20150100000143'),
(147, 144, 2, 2, 0, 2, 'PI20150518', '2015-04-27', 'IV02122062', 0, 6, 1, 2, 1, 1, 0, '', 0, 0, 38910.48, 0, 2202.48, 38910.48, 0, 2, '2015-05-18 08:24:00', 0, '2015-05-18 08:24:17', 0, 0, 'AP20150100000144'),
(148, 145, 2, 2, 0, 2, 'PI20150518', '2015-04-27', 'IV02122064', 0, 6, 1, 2, 1, 1, 0, '', 0, 0, 26846.41, 0, 1519.61, 26846.41, 0, 2, '2015-05-18 08:29:19', 0, '2015-05-18 08:29:39', 0, 0, 'AP20150100000145'),
(149, 146, 2, 2, 0, 2, 'PI20150518', '2015-04-27', 'IV02122327', 0, 6, 1, 2, 1, 1, 0, '', 0, 0, 60619.05, 0, 3431.27, 60619.05, 0, 2, '2015-05-18 09:00:56', 0, '2015-05-18 09:01:13', 0, 0, 'AP20150100000146'),
(150, 147, 2, 2, 0, 2, 'PI20150518', '2015-04-27', 'IV02122460', 0, 6, 1, 2, 1, 1, 0, '', 0, 0, 54066.47, 0, 3060.37, 54066.47, 0, 2, '2015-05-18 09:07:22', 0, '2015-05-18 09:07:39', 0, 0, 'AP20150100000147'),
(151, 148, 2, 2, 0, 2, 'PI20150518', '2015-04-29', 'IV02122945', 0, 6, 1, 2, 1, 1, 0, '', 0, 0, 38527.68, 0, 2180.81, 38527.68, 0, 2, '2015-05-18 09:47:56', 0, '2015-05-18 09:48:17', 0, 0, 'AP20150100000148'),
(152, 149, 2, 2, 0, 2, 'PI20150518', '2015-04-29', 'IV02122996', 0, 6, 1, 2, 1, 1, 0, '', 0, 0, 38527.68, 0, 2180.81, 38527.68, 0, 2, '2015-05-18 09:55:56', 0, '2015-05-18 09:56:12', 0, 0, 'AP20150100000149'),
(153, 150, 2, 2, 0, 2, 'PI20150518', '2015-04-29', 'IV02123431', 0, 6, 1, 2, 1, 1, 0, '', 0, 0, 43793.88, 0, 2478.9, 43793.88, 0, 2, '2015-05-18 10:06:18', 0, '2015-05-18 10:06:37', 0, 0, 'AP20150100000150'),
(154, 4, 1, 2, 0, 3, 'PI20150518', '2015-04-08', 'IV000001', 0, 1, 0, 1, 1, 1, 0, '', 0, 0, 10600, 0, 600, 10600, 0, 1, '2015-05-18 10:30:34', 0, '2015-05-18 10:30:50', 0, 0, 'AP20150100000004'),
(155, 5, 1, 2, 0, 3, 'PI20150518', '2015-04-01', 'testcn', 0, 1, 0, 1, 1, 1, 0, '', 0, 0, 10600, 0, 600, 10600, 0, 1, '2015-05-18 10:52:00', 0, '2015-05-18 10:52:18', 0, 0, 'AP20150100000005'),
(156, 6, 1, 2, 0, 3, 'PI20150518', '2015-04-01', 'IV01-CN NO GR', 0, 1, 0, 1, 1, 1, 0, '', 0, 0, 10600, 0, 600, 10600, 0, 1, '2015-05-18 11:37:48', 0, '2015-05-18 11:38:18', 0, 0, 'AP20150100000009'),
(157, 151, 2, 2, 0, 2, 'PI20150523', '2015-05-05', 'IV02126645', 0, 6, 1, 2, 1, 1, 0, '', 0, 0, 40582.56, 0, 2297.13, 40582.56, 0, 2, '2015-05-23 00:21:44', 0, '2015-05-23 00:23:02', 0, 0, 'AP20150200000001'),
(158, 152, 2, 2, 0, 2, 'PI20150523', '2015-05-05', 'IV02125861', 0, 6, 1, 2, 1, 1, 0, '', 0, 0, 30136.16, 0, 1705.82, 30136.16, 0, 2, '2015-05-23 00:31:44', 0, '2015-05-23 00:32:05', 0, 0, 'AP20150200000002'),
(159, 153, 2, 2, 0, 2, 'PI20150614', '2015-05-21', 'IV02136066', 0, 6, 1, 2, 1, 1, 0, '', 0, 0, 36652.81, 0, 2074.69, 36652.81, 0, 2, '2015-06-13 19:12:44', 0, '2015-06-13 19:13:13', 0, 0, 'AP20150200000022'),
(160, 154, 2, 2, 0, 2, 'PI20150614', '2015-05-12', 'IV02130996', 0, 6, 1, 2, 1, 1, 0, '', 0, 0, 43393.88, 0, 2456.26, 43393.88, 0, 2, '2015-06-13 19:32:45', 0, '2015-06-13 19:33:05', 0, 0, 'AP20150200000024'),
(161, 155, 2, 2, 0, 2, 'PI20150614', '2015-05-13', 'IV02131850', 0, 6, 1, 2, 1, 1, 0, '', 0, 0, 40955, 0, 2318.21, 40955, 0, 2, '2015-06-13 19:46:33', 0, '2015-06-13 19:46:55', 0, 0, 'AP20150200000026'),
(162, 156, 2, 2, 0, 2, 'PI20150614', '2015-05-13', 'IV02131851', 0, 6, 1, 2, 1, 1, 0, '', 0, 0, 43393.88, 0, 2456.26, 43393.88, 0, 2, '2015-06-13 20:00:51', 0, '2015-06-13 20:01:23', 0, 0, 'AP20150200000028'),
(163, 157, 2, 2, 0, 2, 'PI20150614', '2015-05-13', 'IV02131853', 0, 6, 1, 2, 1, 1, 0, '', 0, 0, 40955, 0, 2318.21, 40955, 0, 2, '2015-06-13 20:08:30', 0, '2015-06-13 20:08:50', 0, 0, 'AP20150200000029'),
(164, 158, 2, 2, 0, 2, 'PI20150614', '2015-05-13', 'IV02131908', 0, 6, 1, 2, 1, 1, 0, '', 0, 0, 40955, 0, 2318.21, 40955, 0, 2, '2015-06-13 20:13:44', 0, '2015-06-13 20:14:03', 0, 0, 'AP20150200000030'),
(165, 159, 2, 2, 0, 2, 'PI20150614', '2015-05-15', 'IV02133169', 0, 6, 1, 2, 1, 1, 0, '', 0, 0, 40955, 0, 2318.21, 40955, 0, 2, '2015-06-13 20:20:01', 0, '2015-06-13 20:20:17', 0, 0, 'AP20150200000031'),
(166, 160, 2, 2, 0, 2, 'PI20150616', '2015-05-04', 'IV02125581', 0, 6, 1, 2, 1, 1, 0, '', 0, 0, 40582.56, 0, 2297.13, 40582.56, 0, 2, '2015-06-15 18:55:45', 0, '2015-06-15 18:56:07', 0, 0, 'AP20150200000032'),
(167, 161, 2, 2, 0, 2, 'PI20150616', '2015-05-05', 'IV02126476', 0, 6, 1, 2, 1, 1, 0, '', 0, 0, 51691.09, 0, 2925.91, 51691.09, 0, 2, '2015-06-15 19:06:10', 0, '2015-06-15 19:06:28', 0, 0, 'AP20150200000033'),
(168, 162, 2, 2, 0, 2, 'PI20150616', '2015-05-05', 'IV02126643', 0, 6, 1, 2, 1, 1, 0, '', 0, 0, 43793.88, 0, 2478.9, 43793.88, 0, 2, '2015-06-15 19:14:51', 0, '2015-06-15 19:15:30', 0, 0, 'AP20150200000034'),
(169, 163, 2, 2, 0, 2, 'PI20150616', '2015-05-05', 'IV02126791', 0, 6, 1, 2, 1, 1, 0, '', 0, 0, 49310.27, 0, 2791.15, 49310.27, 0, 2, '2015-06-15 19:23:26', 0, '2015-06-15 19:23:46', 0, 0, 'AP20150200000035'),
(170, 164, 2, 2, 0, 2, 'PI20150616', '2015-05-11', 'IV02130398', 0, 6, 1, 2, 1, 1, 0, '', 0, 0, 43793.88, 0, 2478.9, 43793.88, 0, 2, '2015-06-15 19:34:49', 0, '2015-06-15 19:35:10', 0, 0, 'AP20150200000036'),
(171, 165, 2, 2, 0, 2, 'PI20150616', '2015-05-11', 'IV02129954', 0, 6, 1, 2, 1, 1, 0, '', 0, 0, 30136.16, 0, 1705.82, 30136.16, 0, 2, '2015-06-15 19:41:00', 0, '2015-06-15 19:41:20', 0, 0, 'AP20150200000037'),
(172, 166, 2, 2, 0, 2, 'PI20150616', '2015-05-11', 'IV02130275', 0, 6, 1, 2, 1, 1, 0, '', 0, 0, 60619.05, 0, 3431.27, 60619.05, 0, 2, '2015-06-15 19:57:35', 0, '2015-06-15 19:57:56', 0, 0, 'AP20150200000038'),
(173, 167, 2, 2, 0, 2, 'PI20150616', '2015-05-11', 'IV02130307', 0, 6, 1, 2, 1, 1, 0, '', 0, 0, 52451.53, 0, 2968.95, 52451.53, 0, 2, '2015-06-15 20:23:15', 0, '2015-06-15 20:24:25', 0, 0, 'AP20150200000039'),
(174, 168, 2, 2, 0, 2, 'PI20150616', '2015-05-12', 'IV02130939', 0, 6, 1, 2, 1, 1, 0, '', 0, 0, 40955, 0, 2318.21, 40955, 0, 2, '2015-06-15 20:32:35', 0, '2015-06-15 20:32:52', 0, 0, 'AP20150200000040'),
(175, 169, 2, 2, 0, 2, 'PI20150616', '2015-05-12', 'IV02130625', 0, 6, 1, 2, 1, 1, 0, '', 0, 0, 30136.16, 0, 1705.82, 30136.16, 0, 2, '2015-06-15 20:46:23', 0, '2015-06-15 20:46:54', 0, 0, 'AP20150200000041'),
(176, 170, 2, 2, 0, 2, 'PI20150616', '2015-05-12', 'IV02130644', 0, 6, 1, 2, 1, 1, 0, '', 0, 0, 30136.16, 0, 1705.82, 30136.16, 0, 2, '2015-06-15 21:08:40', 0, '2015-06-15 21:08:57', 0, 0, 'AP20150200000042'),
(177, 171, 2, 2, 0, 2, 'PI20150616', '2015-05-12', 'IV02130699', 0, 6, 1, 2, 1, 1, 0, '', 0, 0, 27218.84, 0, 1540.69, 27218.84, 0, 2, '2015-06-15 21:15:04', 0, '2015-06-15 21:15:30', 0, 0, 'AP20150200000043'),
(178, 172, 2, 2, 0, 2, 'PI20150616', '2015-05-12', 'IV02130749', 0, 6, 1, 2, 1, 1, 0, '', 0, 0, 30136.16, 0, 1705.82, 30136.16, 0, 2, '2015-06-15 21:20:58', 0, '2015-06-15 21:21:14', 0, 0, 'AP20150200000044');

--
-- Triggers `comp_supplier_invoice`
--
DELIMITER //
CREATE TRIGGER `trigger_before_insert_supinv_add_serialNo` BEFORE INSERT ON `comp_supplier_invoice`
 FOR EACH ROW set new.serialNo = (select nextSerialNo 
			   from view_serial_comp_supplier_invoice 
			   where companyID = new.companyID)
//
DELIMITER ;

-- --------------------------------------------------------

--
-- Table structure for table `comp_supplier_invoice_charges`
--

CREATE TABLE IF NOT EXISTS `comp_supplier_invoice_charges` (
`ID` int(11) NOT NULL,
  `invoiceID` int(11) NOT NULL,
  `lineNo` int(11) NOT NULL,
  `accountNoID` int(11) NOT NULL,
  `chargeDescription` text NOT NULL,
  `itemname` varchar(64) NOT NULL,
  `itemdescription` text NOT NULL,
  `umID` int(11) NOT NULL,
  `quantity` int(11) NOT NULL,
  `unitPrice` double NOT NULL,
  `amountExcludedTax` double NOT NULL,
  `taxID` int(11) NOT NULL,
  `taxRate` double NOT NULL,
  `taxAmount` double NOT NULL,
  `amountIncludedTax` double NOT NULL,
  `drAccountID` int(11) NOT NULL,
  `crAccountID` int(11) NOT NULL,
  `drTaxAccountID` int(11) NOT NULL,
  `crTaxAccountID` int(11) NOT NULL,
  `createdBy` int(11) NOT NULL,
  `createdTS` timestamp NOT NULL DEFAULT CURRENT_TIMESTAMP,
  `updatedBy` int(11) NOT NULL,
  `updatedTS` timestamp NOT NULL DEFAULT '0000-00-00 00:00:00' ON UPDATE CURRENT_TIMESTAMP
) ENGINE=InnoDB DEFAULT CHARSET=latin1 AUTO_INCREMENT=1 ;

-- --------------------------------------------------------

--
-- Table structure for table `comp_supplier_invoice_detail`
--

CREATE TABLE IF NOT EXISTS `comp_supplier_invoice_detail` (
`ID` int(11) NOT NULL,
  `invoiceID` int(11) NOT NULL,
  `receiveID` int(11) NOT NULL COMMENT 'Is used for receive detail id instead of receive ID',
  `lineNo` int(11) NOT NULL,
  `itemID` int(11) NOT NULL,
  `itemname` varchar(64) NOT NULL,
  `itemdescription` text NOT NULL,
  `umID` int(11) NOT NULL,
  `quantity` int(11) NOT NULL,
  `unitPrice` double NOT NULL,
  `amountExcludedTax` double NOT NULL,
  `taxID` int(11) NOT NULL,
  `taxRate` double NOT NULL,
  `taxAmount` double NOT NULL,
  `amountIncludedTax` double NOT NULL,
  `accountID` int(11) NOT NULL,
  `createdBy` int(11) NOT NULL,
  `createdTS` timestamp NOT NULL DEFAULT CURRENT_TIMESTAMP ON UPDATE CURRENT_TIMESTAMP,
  `updatedBy` int(11) NOT NULL,
  `updatedTS` timestamp NOT NULL DEFAULT '0000-00-00 00:00:00'
) ENGINE=InnoDB  DEFAULT CHARSET=latin1 AUTO_INCREMENT=180 ;

--
-- Dumping data for table `comp_supplier_invoice_detail`
--

INSERT INTO `comp_supplier_invoice_detail` (`ID`, `invoiceID`, `receiveID`, `lineNo`, `itemID`, `itemname`, `itemdescription`, `umID`, `quantity`, `unitPrice`, `amountExcludedTax`, `taxID`, `taxRate`, `taxAmount`, `amountIncludedTax`, `accountID`, `createdBy`, `createdTS`, `updatedBy`, `updatedTS`) VALUES
(1, 1, 1, 1, 1, '', 'PM2B200S003057161', 15, 1, 49114.88, 49114.88, 50, 6, 2946.89, 52061.77, 0, 1, '2015-05-10 08:45:42', 0, '0000-00-00 00:00:00'),
(2, 2, 2, 1, 2, '', 'PM2M502G002233768', 16, 1, 49114.88, 49114.88, 15, 6, 2946.89, 52061.77, 0, 2, '2015-05-10 10:20:19', 0, '0000-00-00 00:00:00'),
(3, 3, 3, 1, 1, '', 'PM2B200S003057161', 15, 1, 1000, 1000, 50, 6, 60, 1060, 0, 1, '2015-05-11 07:07:53', 0, '0000-00-00 00:00:00'),
(4, 3, 4, 2, 1, '', 'PM2B200S003057161', 15, 1, 1000, 1000, 50, 6, 60, 1060, 0, 1, '2015-05-11 07:07:53', 0, '0000-00-00 00:00:00'),
(5, 4, 5, 1, 1, '', 'PM2B200S003057161', 15, 1, 49114.88, 49114.88, 50, 6, 2946.89, 52061.77, 0, 1, '2015-05-11 07:33:21', 0, '0000-00-00 00:00:00'),
(6, 5, 6, 1, 2, '', 'PM2M502G002233768', 16, 1, 49114.88, 49114.88, 15, 6, 2946.89, 52061.77, 0, 2, '2015-05-12 07:31:33', 0, '0000-00-00 00:00:00'),
(7, 6, 8, 1, 3, '', 'PM2M502G002244478', 16, 1, 52234.76, 52234.76, 15, 6, 3134.09, 55368.85, 0, 2, '2015-05-12 07:44:15', 0, '0000-00-00 00:00:00'),
(8, 7, 9, 1, 4, '', 'PM2M603S002124504', 16, 1, 46519.12, 46519.12, 15, 6, 2791.15, 49310.27, 0, 2, '2015-05-12 07:52:39', 0, '0000-00-00 00:00:00'),
(9, 8, 10, 1, 5, '', 'PM2M502G002244221', 16, 1, 52338.76, 52338.76, 15, 6, 3140.33, 55479.09, 0, 2, '2015-05-12 08:26:45', 0, '0000-00-00 00:00:00'),
(10, 9, 11, 1, 7, '', 'PM2M502G002238777', 16, 1, 52338.76, 52338.76, 15, 6, 3140.33, 55479.09, 0, 2, '2015-05-12 08:39:57', 0, '0000-00-00 00:00:00'),
(11, 10, 12, 1, 8, '', 'PM2M602S002227972', 16, 1, 41314.98, 41314.98, 15, 6, 2478.9, 43793.88, 0, 2, '2015-05-12 08:46:17', 0, '0000-00-00 00:00:00'),
(12, 11, 13, 1, 9, '', 'PM2M602S002222680', 16, 1, 38337.43, 38337.43, 15, 6, 2300.25, 40637.68, 0, 2, '2015-05-12 08:56:08', 0, '0000-00-00 00:00:00'),
(13, 12, 14, 1, 10, '', 'PM2B200S003064661', 16, 1, 28430.34, 28430.34, 15, 6, 1705.82, 30136.16, 0, 2, '2015-05-12 09:06:00', 0, '0000-00-00 00:00:00'),
(14, 13, 15, 1, 11, '', 'PM2B2002003065820', 16, 1, 36708, 36708, 15, 6, 2202.48, 38910.48, 0, 2, '2015-05-12 09:12:24', 0, '0000-00-00 00:00:00'),
(15, 14, 16, 1, 12, '', 'PM2M603S002123949', 16, 1, 46571.12, 46571.12, 15, 6, 2794.27, 49365.39, 0, 2, '2015-05-12 09:57:03', 0, '0000-00-00 00:00:00'),
(16, 15, 17, 1, 14, '', 'PM2M602S002221793', 16, 1, 41366.98, 41366.98, 15, 6, 2482.02, 43849, 0, 2, '2015-05-12 10:04:17', 0, '0000-00-00 00:00:00'),
(17, 16, 18, 1, 15, '', 'PM2M602S002224913', 16, 1, 41366.98, 41366.98, 15, 6, 2482.02, 43849, 0, 2, '2015-05-12 10:09:05', 0, '0000-00-00 00:00:00'),
(18, 17, 19, 1, 16, '', 'PM2M602S002227434', 16, 1, 41314.98, 41314.98, 15, 6, 2478.9, 43793.88, 0, 2, '2015-05-12 10:18:32', 0, '0000-00-00 00:00:00'),
(19, 18, 20, 1, 17, '', 'PM2M502G002233365', 16, 1, 48843.18, 48843.18, 15, 6, 2930.59, 51773.77, 0, 2, '2015-05-12 12:12:36', 0, '0000-00-00 00:00:00'),
(20, 19, 21, 1, 18, '', 'PM2M502G002240733', 16, 1, 52338.76, 52338.76, 15, 6, 3140.33, 55479.09, 0, 2, '2015-05-12 12:22:51', 0, '0000-00-00 00:00:00'),
(21, 20, 22, 1, 19, '', 'PM2M602S002226176', 16, 1, 41366.98, 41366.98, 15, 6, 2482.02, 43849, 0, 2, '2015-05-12 12:31:59', 0, '0000-00-00 00:00:00'),
(22, 21, 23, 1, 20, '', 'PM2B200S003061468', 16, 1, 28104.98, 28104.98, 15, 6, 1686.3, 29791.28, 0, 2, '2015-05-12 12:39:33', 0, '0000-00-00 00:00:00'),
(23, 22, 24, 1, 21, '', 'PM2M603S002125470', 16, 1, 51084.1, 51084.1, 15, 6, 3065.05, 54149.15, 0, 2, '2015-05-12 12:45:09', 0, '0000-00-00 00:00:00'),
(24, 23, 25, 1, 22, '', 'PM2B200S003064263', 16, 1, 36708, 36708, 15, 6, 2202.48, 38910.48, 0, 2, '2015-05-12 12:50:55', 0, '0000-00-00 00:00:00'),
(25, 24, 26, 1, 23, '', 'PM2M602S002224741', 16, 1, 38714.79, 38714.79, 15, 6, 2322.89, 41037.68, 0, 2, '2015-05-12 16:45:22', 0, '0000-00-00 00:00:00'),
(26, 25, 27, 1, 24, '', 'PM2M603S002118902', 16, 1, 46519.12, 46519.12, 15, 6, 2791.15, 49310.27, 0, 2, '2015-05-12 16:51:14', 0, '0000-00-00 00:00:00'),
(27, 26, 28, 1, 25, '', 'PM2B200S003063290', 16, 1, 28482.34, 28482.34, 15, 6, 1708.94, 30191.28, 0, 2, '2015-05-12 16:56:50', 0, '0000-00-00 00:00:00'),
(28, 27, 29, 1, 26, '', 'PM2B200S003063013', 16, 1, 28104.98, 28104.98, 15, 6, 1686.3, 29791.28, 0, 2, '2015-05-12 17:02:25', 0, '0000-00-00 00:00:00'),
(29, 28, 30, 1, 27, '', 'PM2B200S003064300', 16, 1, 34200.75, 34200.75, 15, 6, 2052.05, 36252.8, 0, 2, '2015-05-12 17:07:05', 0, '0000-00-00 00:00:00'),
(30, 29, 31, 1, 28, '', 'PM2M602S002227262', 16, 1, 38636.79, 38636.79, 15, 6, 2318.21, 40955, 0, 2, '2015-05-12 17:13:03', 0, '0000-00-00 00:00:00'),
(31, 30, 32, 1, 29, '', 'PM2M502G002240118', 16, 1, 52338.76, 52338.76, 15, 6, 3140.33, 55479.09, 0, 2, '2015-05-12 23:04:50', 0, '0000-00-00 00:00:00'),
(32, 31, 33, 1, 30, '', 'PM2M602S002220116', 16, 1, 41366.98, 41366.98, 15, 6, 2482.02, 43849, 0, 2, '2015-05-13 06:48:36', 0, '0000-00-00 00:00:00'),
(33, 32, 34, 1, 31, '', 'PM2M502G002239756', 16, 1, 51867.07, 51867.07, 15, 6, 3112.02, 54979.09, 0, 2, '2015-05-13 06:56:30', 0, '0000-00-00 00:00:00'),
(34, 33, 35, 1, 32, '', 'PM2M502G002243548', 16, 1, 56820.08, 56820.08, 15, 6, 3409.2, 60229.28, 0, 2, '2015-05-13 07:07:49', 0, '0000-00-00 00:00:00'),
(35, 34, 36, 1, 33, '', 'PM2M502G002237903', 16, 1, 57265.78, 57265.78, 15, 6, 3435.95, 60701.73, 0, 2, '2015-05-13 07:13:35', 0, '0000-00-00 00:00:00'),
(36, 35, 37, 1, 34, '', 'PM2B200S003060816', 16, 1, 28104.98, 28104.98, 15, 6, 1686.3, 29791.28, 0, 2, '2015-05-13 07:19:44', 0, '0000-00-00 00:00:00'),
(37, 36, 38, 1, 35, '', 'PM2B200S003063747', 16, 1, 34578.12, 34578.12, 15, 6, 2074.69, 36652.81, 0, 2, '2015-05-13 07:40:48', 0, '0000-00-00 00:00:00'),
(38, 37, 39, 1, 36, '', 'PM2B200S003063376', 16, 1, 34200.75, 34200.75, 15, 6, 2052.05, 36252.8, 0, 2, '2015-05-13 07:45:50', 0, '0000-00-00 00:00:00'),
(39, 38, 40, 1, 37, '', 'PM2B200S003062682', 16, 1, 34630.12, 34630.12, 15, 6, 2077.81, 36707.93, 0, 2, '2015-05-13 07:55:30', 0, '0000-00-00 00:00:00'),
(40, 39, 41, 1, 38, '', 'PM2B200S003061884', 16, 1, 28482.34, 28482.34, 15, 6, 1708.94, 30191.28, 0, 2, '2015-05-13 08:01:21', 0, '0000-00-00 00:00:00'),
(41, 40, 42, 1, 39, '', 'PM2M602S002223434', 16, 1, 40989.62, 40989.62, 15, 6, 2459.38, 43449, 0, 2, '2015-05-13 08:20:06', 0, '0000-00-00 00:00:00'),
(42, 41, 43, 1, 40, '', 'PM2M603S002124029', 16, 1, 46571.12, 46571.12, 15, 6, 2794.27, 49365.39, 0, 2, '2015-05-13 08:24:46', 0, '0000-00-00 00:00:00'),
(43, 42, 44, 1, 41, '', 'PM2M502G002241388', 16, 1, 51867.07, 51867.07, 15, 6, 3112.02, 54979.09, 0, 2, '2015-05-13 08:30:00', 0, '0000-00-00 00:00:00'),
(44, 43, 45, 1, 42, '', 'PM2M602S002220984', 16, 1, 40989.62, 40989.62, 15, 6, 2459.38, 43449, 0, 2, '2015-05-13 08:37:29', 0, '0000-00-00 00:00:00'),
(45, 44, 46, 1, 43, '', 'PM2M603S002124836', 16, 1, 46571.12, 46571.12, 15, 6, 2794.27, 49365.39, 0, 2, '2015-05-13 08:43:16', 0, '0000-00-00 00:00:00'),
(46, 45, 47, 1, 44, '', 'PM2M602S002223932', 16, 1, 38337.43, 38337.43, 15, 6, 2300.25, 40637.68, 0, 2, '2015-05-13 08:48:02', 0, '0000-00-00 00:00:00'),
(47, 46, 48, 1, 45, '', 'PM2B200S003062003', 16, 1, 28482.34, 28482.34, 15, 6, 1708.94, 30191.28, 0, 2, '2015-05-13 08:53:56', 0, '0000-00-00 00:00:00'),
(48, 47, 49, 1, 46, '', 'PM2M602S002221283', 16, 1, 38714.79, 38714.79, 15, 6, 2322.89, 41037.68, 0, 2, '2015-05-14 02:09:30', 0, '0000-00-00 00:00:00'),
(49, 48, 50, 1, 47, '', 'PM2M603S002123701', 16, 1, 46219.76, 46219.76, 15, 6, 2773.19, 48992.95, 0, 2, '2015-05-14 02:14:39', 0, '0000-00-00 00:00:00'),
(50, 49, 51, 1, 48, '', 'PM2M602S002224352', 16, 1, 41366.98, 41366.98, 15, 6, 2482.02, 43849, 0, 2, '2015-05-14 02:28:34', 0, '0000-00-00 00:00:00'),
(51, 50, 52, 1, 49, '', 'PM2B200S003059105', 16, 1, 36760, 36760, 15, 6, 2205.6, 38965.6, 0, 2, '2015-05-14 02:33:49', 0, '0000-00-00 00:00:00'),
(52, 51, 53, 1, 50, '', 'PM2B200S003060254', 16, 1, 36398.87, 36398.87, 15, 6, 2183.93, 38582.8, 0, 2, '2015-05-14 02:40:28', 0, '0000-00-00 00:00:00'),
(53, 52, 54, 1, 51, '', 'PM2M602S002224437', 16, 1, 41366.98, 41366.98, 15, 6, 2482.02, 43849, 0, 2, '2015-05-14 02:45:25', 0, '0000-00-00 00:00:00'),
(54, 53, 55, 1, 52, '', 'PM2B200S003060508', 16, 1, 28482.34, 28482.34, 15, 6, 1708.94, 30191.28, 0, 2, '2015-05-14 02:51:18', 0, '0000-00-00 00:00:00'),
(55, 54, 56, 1, 53, '', 'PM2B200S003057837', 16, 1, 28482.34, 28482.34, 15, 6, 1708.94, 30191.28, 0, 2, '2015-05-14 02:57:43', 0, '0000-00-00 00:00:00'),
(56, 55, 57, 1, 54, '', 'PM2B200S003060778', 16, 1, 28482.34, 28482.34, 15, 6, 1708.94, 30191.28, 0, 2, '2015-05-14 03:02:02', 0, '0000-00-00 00:00:00'),
(57, 56, 58, 1, 55, '', 'PM2M602S002225215', 16, 1, 41366.98, 41366.98, 15, 6, 2482.02, 43849, 0, 2, '2015-05-14 03:07:00', 0, '0000-00-00 00:00:00'),
(58, 57, 59, 1, 56, '', 'PM2B200S003058199', 16, 1, 36760, 36760, 15, 6, 2205.6, 38965.6, 0, 2, '2015-05-14 03:21:14', 0, '0000-00-00 00:00:00'),
(59, 58, 60, 1, 57, '', 'PM2M603S002118391', 16, 1, 46571.12, 46571.12, 15, 6, 2794.27, 49365.39, 0, 2, '2015-05-14 03:26:54', 0, '0000-00-00 00:00:00'),
(60, 59, 61, 1, 58, '', 'PM2M502G002243161', 16, 1, 49560.58, 49560.58, 15, 6, 2973.63, 52534.21, 0, 2, '2015-05-14 03:35:14', 0, '0000-00-00 00:00:00'),
(61, 60, 62, 1, 59, '', 'PM2B200S003061734', 16, 1, 28482.34, 28482.34, 15, 6, 1708.94, 30191.28, 0, 2, '2015-05-14 03:39:36', 0, '0000-00-00 00:00:00'),
(62, 61, 63, 1, 60, '', 'PM2B200S003057295', 16, 1, 28104.98, 28104.98, 15, 6, 1686.3, 29791.28, 0, 2, '2015-05-14 03:44:27', 0, '0000-00-00 00:00:00'),
(63, 62, 64, 1, 61, '', 'PM2M603S002123965', 16, 1, 46571.12, 46571.12, 15, 6, 2794.27, 49365.39, 0, 2, '2015-05-14 03:49:10', 0, '0000-00-00 00:00:00'),
(64, 63, 65, 1, 62, '', 'PM2M603S002123889', 16, 1, 46571.12, 46571.12, 15, 6, 2794.27, 49365.39, 0, 2, '2015-05-14 05:24:00', 0, '0000-00-00 00:00:00'),
(65, 64, 66, 1, 63, '', 'PM2B200S003057161', 16, 1, 28104.98, 28104.98, 15, 6, 1686.3, 29791.28, 0, 2, '2015-05-14 05:28:56', 0, '0000-00-00 00:00:00'),
(66, 65, 67, 1, 64, '', 'PM2B200S003059399', 16, 1, 28482.34, 28482.34, 15, 6, 1708.94, 30191.28, 0, 2, '2015-05-14 05:33:34', 0, '0000-00-00 00:00:00'),
(67, 66, 68, 1, 65, '', 'PM2B200S003059861', 16, 1, 28482.34, 28482.34, 15, 6, 1708.94, 30191.28, 0, 2, '2015-05-14 05:41:34', 0, '0000-00-00 00:00:00'),
(68, 67, 69, 1, 66, '', 'PM2M603S002122601', 16, 1, 51084.1, 51084.1, 15, 6, 3065.05, 54149.15, 0, 2, '2015-05-14 05:46:14', 0, '0000-00-00 00:00:00'),
(69, 68, 70, 1, 67, '', 'PM2M603S002116000', 16, 1, 46571.12, 46571.12, 15, 6, 2794.27, 49365.39, 0, 2, '2015-05-14 05:50:55', 0, '0000-00-00 00:00:00'),
(70, 69, 71, 1, 68, '', 'PM2M603S002122944', 16, 1, 51084.1, 51084.1, 15, 6, 3065.05, 54149.15, 0, 2, '2015-05-14 05:55:39', 0, '0000-00-00 00:00:00'),
(71, 70, 72, 1, 69, '', 'PM2M602S002223046', 16, 1, 38714.79, 38714.79, 15, 6, 2322.89, 41037.68, 0, 2, '2015-05-16 06:59:08', 0, '0000-00-00 00:00:00'),
(72, 71, 73, 1, 70, '', 'PM2M602S002224073', 16, 1, 41366.98, 41366.98, 15, 6, 2482.02, 43849, 0, 2, '2015-05-16 07:17:56', 0, '0000-00-00 00:00:00'),
(73, 72, 74, 1, 71, '', 'PM2M602S002224263', 16, 1, 38714.79, 38714.79, 15, 6, 2322.89, 41037.68, 0, 2, '2015-05-16 12:20:31', 0, '0000-00-00 00:00:00'),
(74, 73, 75, 1, 72, '', 'PM2B200S003059207', 16, 1, 28482.34, 28482.34, 15, 6, 1708.94, 30191.28, 0, 2, '2015-05-16 14:57:09', 0, '0000-00-00 00:00:00'),
(75, 74, 76, 1, 73, '', 'PM2M602S002224501', 16, 1, 35962.6, 35962.6, 15, 6, 2157.76, 38120.36, 0, 2, '2015-05-16 15:10:27', 0, '0000-00-00 00:00:00'),
(76, 75, 77, 1, 74, '', 'PM2M502G002226854', 16, 1, 45619.29, 45619.29, 15, 6, 2737.16, 48356.45, 0, 2, '2015-05-16 15:37:13', 0, '0000-00-00 00:00:00'),
(77, 76, 78, 1, 75, '', 'PM2M502G002230581', 16, 1, 48397.48, 48397.48, 15, 6, 2903.85, 51301.33, 0, 2, '2015-05-16 15:43:38', 0, '0000-00-00 00:00:00'),
(78, 77, 79, 1, 76, '', 'PM2M502G002232526', 16, 1, 48397.48, 48397.48, 15, 6, 2903.85, 51301.33, 0, 2, '2015-05-16 15:50:09', 0, '0000-00-00 00:00:00'),
(79, 78, 80, 1, 77, '', 'PM2M502G002233053', 16, 1, 49560.58, 49560.58, 15, 6, 2973.63, 52534.21, 0, 2, '2015-05-16 15:57:54', 0, '0000-00-00 00:00:00'),
(80, 79, 81, 1, 78, '', 'PM2M502G002234339', 16, 1, 48397.48, 48397.48, 15, 6, 2903.85, 51301.33, 0, 2, '2015-05-16 16:20:21', 0, '0000-00-00 00:00:00'),
(81, 80, 82, 1, 79, '', 'PM2M502G002235606', 16, 1, 45619.29, 45619.29, 15, 6, 2737.16, 48356.45, 0, 2, '2015-05-16 16:40:59', 0, '0000-00-00 00:00:00'),
(82, 81, 83, 1, 80, '', 'PM2M502G002237288', 16, 1, 48397.48, 48397.48, 15, 6, 2903.85, 51301.33, 0, 2, '2015-05-16 16:47:03', 0, '0000-00-00 00:00:00'),
(83, 82, 84, 1, 81, '', 'PM2M603S002115576', 16, 1, 46571.12, 46571.12, 15, 6, 2794.27, 49365.39, 0, 2, '2015-05-16 16:52:41', 0, '0000-00-00 00:00:00'),
(84, 83, 85, 1, 82, '', 'PM2M603S002116907', 16, 1, 46571.12, 46571.12, 15, 6, 2794.27, 49365.39, 0, 2, '2015-05-16 17:04:10', 0, '0000-00-00 00:00:00'),
(85, 84, 86, 1, 83, '', 'PM2M603S002118671', 16, 1, 46571.12, 46571.12, 15, 6, 2794.27, 49365.39, 0, 2, '2015-05-16 17:09:40', 0, '0000-00-00 00:00:00'),
(86, 85, 87, 1, 84, '', 'PM2M603S002119479', 16, 1, 46219.76, 46219.76, 15, 6, 2773.19, 48992.95, 0, 2, '2015-05-17 00:50:41', 0, '0000-00-00 00:00:00'),
(87, 86, 88, 1, 85, '', 'PM2M603S002113759', 16, 1, 43818.93, 43818.93, 15, 6, 2629.14, 46448.07, 0, 2, '2015-05-17 00:57:54', 0, '0000-00-00 00:00:00'),
(88, 87, 89, 1, 86, '', 'PM2M603S002116330', 16, 1, 43467.58, 43467.58, 15, 6, 2608.05, 46075.63, 0, 2, '2015-05-17 01:17:49', 0, '0000-00-00 00:00:00'),
(89, 88, 90, 1, 87, '', 'PM2M603S002119123', 16, 1, 43818.93, 43818.93, 15, 6, 2629.14, 46448.07, 0, 2, '2015-05-17 01:25:13', 0, '0000-00-00 00:00:00'),
(90, 89, 91, 1, 88, '', 'PM2M502G002239054', 16, 1, 57265.78, 57265.78, 15, 6, 3435.95, 60701.73, 0, 2, '2015-05-17 01:31:06', 0, '0000-00-00 00:00:00'),
(91, 90, 92, 1, 89, '', 'PM2M602S002224192', 16, 1, 38714.79, 38714.79, 15, 6, 2322.89, 41037.68, 0, 2, '2015-05-17 01:38:10', 0, '0000-00-00 00:00:00'),
(92, 91, 93, 1, 90, '', 'PM2M602S002222164', 16, 1, 35585.25, 35585.25, 15, 6, 2135.11, 37720.37, 0, 2, '2015-05-17 01:44:16', 0, '0000-00-00 00:00:00'),
(93, 92, 94, 1, 91, '', 'PM2M502G002226413', 16, 1, 48843.18, 48843.18, 15, 6, 2930.59, 51773.77, 0, 2, '2015-05-17 01:50:26', 0, '0000-00-00 00:00:00'),
(94, 93, 95, 1, 92, '', 'PM2M502G002236166', 16, 1, 48843.18, 48843.18, 15, 6, 2930.59, 51773.77, 0, 2, '2015-05-17 01:56:04', 0, '0000-00-00 00:00:00'),
(95, 94, 96, 1, 93, '', 'PM2M502G002238643', 16, 1, 48397.48, 48397.48, 15, 6, 2903.85, 51301.33, 0, 2, '2015-05-17 02:03:44', 0, '0000-00-00 00:00:00'),
(96, 95, 97, 1, 94, '', 'PM2M502G002240930', 16, 1, 48397.48, 48397.48, 15, 6, 2903.85, 51301.33, 0, 2, '2015-05-17 02:15:42', 0, '0000-00-00 00:00:00'),
(97, 96, 98, 1, 95, '', 'PM2M603S002114707', 16, 1, 46571.12, 46571.12, 15, 6, 2794.27, 49365.39, 0, 2, '2015-05-17 02:22:14', 0, '0000-00-00 00:00:00'),
(98, 97, 99, 1, 96, '', 'PM2M603S002117455', 16, 1, 46219.76, 46219.76, 15, 6, 2773.19, 48992.95, 0, 2, '2015-05-17 02:28:26', 0, '0000-00-00 00:00:00'),
(99, 98, 100, 1, 97, '', 'PM2M603S002119734', 16, 1, 46571.12, 46571.12, 15, 6, 2794.27, 49365.39, 0, 2, '2015-05-17 02:34:57', 0, '0000-00-00 00:00:00'),
(100, 99, 101, 1, 98, '', 'PM2M603S002119976', 16, 1, 46571.12, 46571.12, 15, 6, 2794.27, 49365.39, 0, 2, '2015-05-17 02:40:45', 0, '0000-00-00 00:00:00'),
(101, 100, 102, 1, 99, '', 'PM2M603S002120594', 16, 1, 46571.12, 46571.12, 15, 6, 2794.27, 49365.39, 0, 2, '2015-05-17 02:46:22', 0, '0000-00-00 00:00:00'),
(102, 101, 103, 1, 100, '', 'PM2M603S002121595', 16, 1, 46571.12, 46571.12, 15, 6, 2794.27, 49365.39, 0, 2, '2015-05-17 02:53:17', 0, '0000-00-00 00:00:00'),
(103, 102, 104, 1, 101, '', 'PM2M603S002122092', 16, 1, 46219.76, 46219.76, 15, 6, 2773.19, 48992.95, 0, 2, '2015-05-17 04:59:31', 0, '0000-00-00 00:00:00'),
(104, 103, 105, 1, 102, '', 'PM2M603S002122324', 16, 1, 46219.76, 46219.76, 15, 6, 2773.19, 48992.95, 0, 2, '2015-05-17 05:04:52', 0, '0000-00-00 00:00:00'),
(105, 104, 106, 1, 103, '', 'PM2M603S002122485', 16, 1, 46571.12, 46571.12, 15, 6, 2794.27, 49365.39, 0, 2, '2015-05-17 05:14:07', 0, '0000-00-00 00:00:00'),
(106, 105, 107, 1, 104, '', 'PM2M603S002121022', 16, 1, 43818.93, 43818.93, 15, 6, 2629.14, 46448.07, 0, 2, '2015-05-17 05:19:23', 0, '0000-00-00 00:00:00'),
(107, 106, 108, 1, 105, '', 'PM2M502G002232531', 16, 1, 52338.76, 52338.76, 15, 6, 3140.33, 55479.09, 0, 2, '2015-05-17 05:27:18', 0, '0000-00-00 00:00:00'),
(108, 107, 109, 1, 106, '', 'PM2M502G002239259', 16, 1, 52338.76, 52338.76, 15, 6, 3140.33, 55479.09, 0, 2, '2015-05-17 05:34:36', 0, '0000-00-00 00:00:00'),
(109, 108, 110, 1, 107, '', 'PM2M502G002240218', 16, 1, 57265.78, 57265.78, 15, 6, 3435.95, 60701.73, 0, 2, '2015-05-17 05:39:39', 0, '0000-00-00 00:00:00'),
(110, 109, 111, 1, 108, '', 'PM2M602S002211617', 16, 1, 40989.62, 40989.62, 15, 6, 2459.38, 43449, 0, 2, '2015-05-17 05:45:33', 0, '0000-00-00 00:00:00'),
(111, 110, 112, 1, 109, '', 'PM2M602S002222335', 16, 1, 41366.98, 41366.98, 15, 6, 2482.02, 43849, 0, 2, '2015-05-17 05:50:09', 0, '0000-00-00 00:00:00'),
(112, 111, 113, 1, 110, '', 'PM2B200S003057543', 16, 1, 25730.15, 25730.15, 15, 6, 1543.81, 27273.96, 0, 2, '2015-05-17 07:06:57', 0, '0000-00-00 00:00:00'),
(113, 112, 114, 1, 111, '', 'PM2M603S002123990', 16, 1, 43467.58, 43467.58, 15, 6, 2608.05, 46075.63, 0, 2, '2015-05-17 07:15:21', 0, '0000-00-00 00:00:00'),
(114, 113, 115, 1, 112, '', 'PM2M502G002242156', 16, 1, 52338.76, 52338.76, 15, 6, 3140.33, 55479.09, 0, 2, '2015-05-17 07:26:40', 0, '0000-00-00 00:00:00'),
(115, 114, 116, 1, 113, '', 'PM2M602S002225004', 16, 1, 41366.98, 41366.98, 15, 6, 2482.02, 43849, 0, 2, '2015-05-17 07:33:03', 0, '0000-00-00 00:00:00'),
(116, 115, 117, 1, 114, '', 'PM2M602S002225146', 16, 1, 38714.79, 38714.79, 15, 6, 2322.89, 41037.68, 0, 2, '2015-05-17 07:39:37', 0, '0000-00-00 00:00:00'),
(117, 116, 118, 1, 115, '', 'PM2M603S002124145', 16, 1, 51084.1, 51084.1, 15, 6, 3065.05, 54149.15, 0, 2, '2015-05-17 07:45:15', 0, '0000-00-00 00:00:00'),
(118, 117, 119, 1, 116, '', 'PM2M502G002236703', 16, 1, 48843.18, 48843.18, 15, 6, 2930.59, 51773.77, 0, 2, '2015-05-17 08:21:08', 0, '0000-00-00 00:00:00'),
(119, 118, 120, 1, 117, '', 'PM2M603S002122572', 16, 1, 46571.12, 46571.12, 15, 6, 2794.27, 49365.39, 0, 2, '2015-05-17 08:28:38', 0, '0000-00-00 00:00:00'),
(120, 119, 121, 1, 118, '', 'PM2M502G002236870', 16, 1, 57265.78, 57265.78, 15, 6, 3435.95, 60701.73, 0, 2, '2015-05-17 08:35:16', 0, '0000-00-00 00:00:00'),
(121, 120, 122, 1, 119, '', 'PM2M502G002241927', 16, 1, 56820.08, 56820.08, 15, 6, 3409.2, 60229.28, 0, 2, '2015-05-17 08:42:23', 0, '0000-00-00 00:00:00'),
(122, 121, 123, 1, 120, '', 'PM2M502G002242052', 16, 1, 52338.76, 52338.76, 15, 6, 3140.33, 55479.09, 0, 2, '2015-05-17 08:48:16', 0, '0000-00-00 00:00:00'),
(123, 122, 124, 1, 121, '', 'PM2M502G002242181', 16, 1, 56820.08, 56820.08, 15, 6, 3409.2, 60229.28, 0, 2, '2015-05-17 08:53:48', 0, '0000-00-00 00:00:00'),
(124, 123, 125, 1, 122, '', 'PM2B200S003061465', 16, 1, 28482.34, 28482.34, 15, 6, 1708.94, 30191.28, 0, 2, '2015-05-17 09:11:04', 0, '0000-00-00 00:00:00'),
(125, 124, 126, 1, 123, '', 'PM2M602S002226188', 16, 1, 41366.98, 41366.98, 15, 6, 2482.02, 43849, 0, 2, '2015-05-17 09:41:11', 0, '0000-00-00 00:00:00'),
(126, 125, 127, 1, 124, '', 'PM2M603S002125360', 16, 1, 43818.93, 43818.93, 15, 6, 2629.14, 46448.07, 0, 2, '2015-05-17 09:49:59', 0, '0000-00-00 00:00:00'),
(127, 126, 128, 1, 125, '', 'PM2M602S002226238', 16, 1, 41366.98, 41366.98, 15, 6, 2482.02, 43849, 0, 2, '2015-05-17 10:02:51', 0, '0000-00-00 00:00:00'),
(128, 127, 129, 1, 126, '', 'PM2M602S002226704', 16, 1, 38714.79, 38714.79, 15, 6, 2322.89, 41037.68, 0, 2, '2015-05-17 10:09:25', 0, '0000-00-00 00:00:00'),
(129, 128, 130, 1, 127, '', 'PM2M502G002242362', 16, 1, 57265.78, 57265.78, 15, 6, 3435.95, 60701.73, 0, 2, '2015-05-17 10:25:12', 0, '0000-00-00 00:00:00'),
(130, 129, 131, 1, 128, '', 'PM2B200S003063190', 16, 1, 28482.34, 28482.34, 15, 6, 1708.94, 30191.28, 0, 2, '2015-05-17 10:33:22', 0, '0000-00-00 00:00:00'),
(131, 130, 132, 1, 129, '', 'PM2M502G002244366', 16, 1, 48843.18, 48843.18, 15, 6, 2930.59, 51773.77, 0, 2, '2015-05-17 10:40:21', 0, '0000-00-00 00:00:00'),
(132, 131, 133, 1, 130, '', 'PM2M502G002244432', 16, 1, 46090.99, 46090.99, 15, 6, 2765.46, 48856.45, 0, 2, '2015-05-17 11:41:11', 0, '0000-00-00 00:00:00'),
(133, 132, 134, 1, 131, '', 'PM2M602S002226892', 16, 1, 38714.79, 38714.79, 15, 6, 2322.89, 41037.68, 0, 2, '2015-05-17 11:47:23', 0, '0000-00-00 00:00:00'),
(134, 133, 135, 1, 132, '', 'PM2M603S002125713', 16, 1, 51084.1, 51084.1, 15, 6, 3065.05, 54149.15, 0, 2, '2015-05-17 16:19:36', 0, '0000-00-00 00:00:00'),
(135, 134, 136, 1, 133, '', 'PM2B200S003062980', 16, 1, 28430.34, 28430.34, 15, 6, 1705.82, 30136.16, 0, 2, '2015-05-17 16:28:31', 0, '0000-00-00 00:00:00'),
(136, 135, 137, 1, 134, '', 'PM2B200S003063471', 16, 1, 36708, 36708, 15, 6, 2202.48, 38910.48, 0, 2, '2015-05-17 16:36:17', 0, '0000-00-00 00:00:00'),
(137, 136, 138, 1, 135, '', 'PM2B200S003063565', 16, 1, 28078.98, 28078.98, 15, 6, 1684.74, 29763.72, 0, 2, '2015-05-17 16:43:04', 0, '0000-00-00 00:00:00'),
(138, 137, 139, 1, 136, '', 'PM2M603S002125812', 16, 1, 46519.12, 46519.12, 15, 6, 2791.15, 49310.27, 0, 2, '2015-05-17 16:55:58', 0, '0000-00-00 00:00:00'),
(139, 138, 140, 1, 137, '', 'PM2M602S002223853', 16, 1, 38636.79, 38636.79, 15, 6, 2318.21, 40955, 0, 2, '2015-05-17 17:02:06', 0, '0000-00-00 00:00:00'),
(140, 139, 141, 1, 138, '', 'PM2M602S002226405', 16, 1, 41314.98, 41314.98, 15, 6, 2478.9, 43793.88, 0, 2, '2015-05-18 07:08:36', 0, '0000-00-00 00:00:00'),
(141, 140, 142, 1, 139, '', 'PM2M602S002227023', 16, 1, 40937.62, 40937.62, 15, 6, 2456.26, 43393.88, 0, 2, '2015-05-18 07:14:40', 0, '0000-00-00 00:00:00'),
(142, 141, 143, 1, 140, '', 'PM2M602S002227253', 16, 1, 38636.79, 38636.79, 15, 6, 2318.21, 40955, 0, 2, '2015-05-18 07:20:32', 0, '0000-00-00 00:00:00'),
(143, 142, 144, 1, 141, '', 'PM2M602S002227517', 16, 1, 41314.98, 41314.98, 15, 6, 2478.9, 43793.88, 0, 2, '2015-05-18 07:25:40', 0, '0000-00-00 00:00:00'),
(144, 143, 145, 1, 142, '', 'PM2M603S002126011', 16, 1, 51006.1, 51006.1, 15, 6, 3060.37, 54066.47, 0, 2, '2015-05-18 07:29:51', 0, '0000-00-00 00:00:00'),
(145, 144, 146, 1, 143, '', 'PM2M502G002244188', 16, 1, 48397.48, 48397.48, 15, 6, 2903.85, 51301.33, 0, 2, '2015-05-18 07:34:58', 0, '0000-00-00 00:00:00'),
(146, 145, 147, 1, 144, '', 'PM2M502G002244522', 16, 1, 51789.07, 51789.07, 15, 6, 3107.34, 54896.41, 0, 2, '2015-05-18 08:13:08', 0, '0000-00-00 00:00:00'),
(147, 146, 148, 1, 145, '', 'PM2M602S002227661', 16, 1, 41314.98, 41314.98, 15, 6, 2478.9, 43793.88, 0, 2, '2015-05-18 08:19:05', 0, '0000-00-00 00:00:00'),
(148, 147, 149, 1, 146, '', 'PM2B200S003065387', 16, 1, 36708, 36708, 15, 6, 2202.48, 38910.48, 0, 2, '2015-05-18 08:24:17', 0, '0000-00-00 00:00:00'),
(149, 148, 150, 1, 147, '', 'PM2B200S003065427', 16, 1, 25326.8, 25326.8, 15, 6, 1519.61, 26846.41, 0, 2, '2015-05-18 08:29:39', 0, '0000-00-00 00:00:00'),
(150, 149, 151, 1, 148, '', 'PM2M502G002245112', 16, 1, 57187.78, 57187.78, 15, 6, 3431.27, 60619.05, 0, 2, '2015-05-18 09:01:12', 0, '0000-00-00 00:00:00'),
(151, 150, 152, 1, 149, '', 'PM2M603S002126126', 16, 1, 51006.1, 51006.1, 15, 6, 3060.37, 54066.47, 0, 2, '2015-05-18 09:07:39', 0, '0000-00-00 00:00:00'),
(152, 151, 153, 1, 150, '', 'PM2B200S003066278', 16, 1, 36346.87, 36346.87, 15, 6, 2180.81, 38527.68, 0, 2, '2015-05-18 09:48:17', 0, '0000-00-00 00:00:00'),
(153, 152, 154, 1, 151, '', 'PM2B200S003066505', 16, 1, 36346.87, 36346.87, 15, 6, 2180.81, 38527.68, 0, 2, '2015-05-18 09:56:11', 0, '0000-00-00 00:00:00'),
(154, 153, 155, 1, 152, '', 'PM2M602S002227033', 16, 1, 41314.98, 41314.98, 15, 6, 2478.9, 43793.88, 0, 2, '2015-05-18 10:06:37', 0, '0000-00-00 00:00:00'),
(155, 154, 156, 1, 1, '', 'PM2B200S003057161', 15, 1, 10000, 10000, 50, 6, 600, 10600, 0, 1, '2015-05-18 10:30:50', 0, '0000-00-00 00:00:00'),
(156, 155, 157, 1, 153, '', 'PM2M502G002230001', 15, 1, 10000, 10000, 50, 6, 600, 10600, 0, 1, '2015-05-18 10:52:18', 0, '0000-00-00 00:00:00'),
(157, 156, 158, 1, 154, '', 'PM2B200S0030570002', 15, 1, 10000, 10000, 50, 6, 600, 10600, 0, 1, '2015-05-18 11:38:18', 0, '0000-00-00 00:00:00'),
(158, 157, 159, 1, 6, '', 'PM2M602S002228544', 16, 1, 38285.43, 38285.43, 15, 6, 2297.13, 40582.56, 0, 2, '2015-05-23 00:23:02', 0, '0000-00-00 00:00:00'),
(159, 158, 160, 1, 13, '', 'PM2B200S003066948', 16, 1, 28430.34, 28430.34, 15, 6, 1705.82, 30136.16, 0, 2, '2015-05-23 00:32:04', 0, '0000-00-00 00:00:00'),
(160, 159, 162, 1, 155, '', 'PM2B200S003073500', 16, 1, 34578.12, 34578.12, 15, 6, 2074.69, 36652.81, 0, 2, '2015-06-13 19:13:13', 0, '0000-00-00 00:00:00'),
(161, 160, 163, 1, 156, '', 'PM2M602S002230123', 16, 1, 40937.62, 40937.62, 15, 6, 2456.26, 43393.88, 0, 2, '2015-06-13 19:33:04', 0, '0000-00-00 00:00:00'),
(162, 161, 164, 1, 157, '', 'PM2M602S002215277', 16, 1, 38636.79, 38636.79, 15, 6, 2318.21, 40955, 0, 2, '2015-06-13 19:46:55', 0, '0000-00-00 00:00:00'),
(163, 162, 165, 1, 158, '', 'PM2M602S002216292', 16, 1, 40937.62, 40937.62, 15, 6, 2456.26, 43393.88, 0, 2, '2015-06-13 20:01:23', 0, '0000-00-00 00:00:00'),
(164, 163, 166, 1, 159, '', 'PM2M602S002218927', 16, 1, 38636.79, 38636.79, 15, 6, 2318.21, 40955, 0, 2, '2015-06-13 20:08:50', 0, '0000-00-00 00:00:00'),
(165, 164, 167, 1, 160, '', 'PM2M602S002227384', 16, 1, 38636.79, 38636.79, 15, 6, 2318.21, 40955, 0, 2, '2015-06-13 20:14:02', 0, '0000-00-00 00:00:00'),
(166, 165, 168, 1, 161, '', 'PM2M602S002226683', 16, 1, 38636.79, 38636.79, 15, 6, 2318.21, 40955, 0, 2, '2015-06-13 20:20:17', 0, '0000-00-00 00:00:00'),
(167, 166, 169, 1, 162, '', 'PM2M602S002222428', 16, 1, 38285.43, 38285.43, 15, 6, 2297.13, 40582.56, 0, 2, '2015-06-15 18:56:07', 0, '0000-00-00 00:00:00'),
(168, 167, 170, 1, 163, '', 'PM2M502G002245537', 16, 1, 48765.18, 48765.18, 15, 6, 2925.91, 51691.09, 0, 2, '2015-06-15 19:06:28', 0, '0000-00-00 00:00:00'),
(169, 168, 171, 1, 164, '', 'PM2M602S002228532', 16, 1, 41314.98, 41314.98, 15, 6, 2478.9, 43793.88, 0, 2, '2015-06-15 19:15:30', 0, '0000-00-00 00:00:00'),
(170, 169, 172, 1, 165, '', 'PM2M603S002126733', 16, 1, 46519.12, 46519.12, 15, 6, 2791.15, 49310.27, 0, 2, '2015-06-15 19:23:46', 0, '0000-00-00 00:00:00'),
(171, 170, 173, 1, 166, '', 'PM2M602S002229324', 16, 1, 41314.98, 41314.98, 15, 6, 2478.9, 43793.88, 0, 2, '2015-06-15 19:35:10', 0, '0000-00-00 00:00:00'),
(172, 171, 174, 1, 167, '', 'PM2B200S003069102', 16, 1, 28430.34, 28430.34, 15, 6, 1705.82, 30136.16, 0, 2, '2015-06-15 19:41:20', 0, '0000-00-00 00:00:00'),
(173, 172, 175, 1, 168, '', 'PM2M502G002244184', 16, 1, 57187.78, 57187.78, 15, 6, 3431.27, 60619.05, 0, 2, '2015-06-15 19:57:56', 0, '0000-00-00 00:00:00'),
(174, 173, 176, 1, 169, '', 'PM2M502G002246239', 16, 1, 49482.58, 49482.58, 15, 6, 2968.95, 52451.53, 0, 2, '2015-06-15 20:24:25', 0, '0000-00-00 00:00:00'),
(175, 174, 177, 1, 170, '', 'PM2M602S002229787', 16, 1, 38636.79, 38636.79, 15, 6, 2318.21, 40955, 0, 2, '2015-06-15 20:32:52', 0, '0000-00-00 00:00:00'),
(176, 175, 178, 1, 171, '', 'PM2B200S003069703', 16, 1, 28430.34, 28430.34, 15, 6, 1705.82, 30136.16, 0, 2, '2015-06-15 20:46:54', 0, '0000-00-00 00:00:00'),
(177, 176, 179, 1, 172, '', 'PM2B200S003069950', 16, 1, 28430.34, 28430.34, 15, 6, 1705.82, 30136.16, 0, 2, '2015-06-15 21:08:57', 0, '0000-00-00 00:00:00'),
(178, 177, 180, 1, 173, '', 'PM2B200S003070123', 16, 1, 25678.15, 25678.15, 15, 6, 1540.69, 27218.84, 0, 2, '2015-06-15 21:15:30', 0, '0000-00-00 00:00:00'),
(179, 178, 181, 1, 174, '', 'PM2B200S003070331', 16, 1, 28430.34, 28430.34, 15, 6, 1705.82, 30136.16, 0, 2, '2015-06-15 21:21:14', 0, '0000-00-00 00:00:00');

-- --------------------------------------------------------

--
-- Table structure for table `comp_supplier_statement`
--

CREATE TABLE IF NOT EXISTS `comp_supplier_statement` (
`ID` int(11) NOT NULL,
  `debit` double NOT NULL,
  `credit` double NOT NULL,
  `balance` double NOT NULL,
  `supplierCode` int(11) NOT NULL,
  `supplierName` varchar(16) NOT NULL,
  `description` varchar(255) NOT NULL,
  `referenceNo` varchar(5) NOT NULL,
  `is_delete` smallint(16) NOT NULL
) ENGINE=InnoDB DEFAULT CHARSET=latin1 AUTO_INCREMENT=1 ;

-- --------------------------------------------------------

--
-- Table structure for table `comp_unpresented_check`
--

CREATE TABLE IF NOT EXISTS `comp_unpresented_check` (
`ID` int(11) NOT NULL,
  `companyID` int(11) NOT NULL,
  `transDate` date NOT NULL,
  `transNo` varchar(255) NOT NULL,
  `desc` text NOT NULL,
  `referenceNo` varchar(255) NOT NULL,
  `bankID` int(11) NOT NULL,
  `debit` double NOT NULL,
  `credit` double NOT NULL,
  `bankReconcileID` int(11) NOT NULL DEFAULT '0',
  `is_delete` int(11) NOT NULL DEFAULT '0',
  `createdTS` timestamp NOT NULL DEFAULT CURRENT_TIMESTAMP,
  `createdBy` int(11) DEFAULT NULL,
  `updateTS` timestamp NOT NULL DEFAULT '0000-00-00 00:00:00' ON UPDATE CURRENT_TIMESTAMP,
  `updatedBy` int(11) DEFAULT NULL
) ENGINE=InnoDB DEFAULT CHARSET=latin1 AUTO_INCREMENT=1 ;

-- --------------------------------------------------------

--
-- Table structure for table `customer`
--

CREATE TABLE IF NOT EXISTS `customer` (
`ID` int(11) NOT NULL,
  `companyID` int(11) NOT NULL,
  `customerName` varchar(128) NOT NULL,
  `accountCode` varchar(8) NOT NULL,
  `customerCompanyNo` varchar(32) NOT NULL,
  `line1` varchar(128) NOT NULL,
  `line2` varchar(128) NOT NULL,
  `line3` varchar(128) NOT NULL,
  `city` varchar(128) NOT NULL,
  `customerPostCode` varchar(8) NOT NULL,
  `customerStateID` int(11) NOT NULL,
  `customerCountryID` int(11) NOT NULL,
  `attention` varchar(16) NOT NULL,
  `website` varchar(32) NOT NULL,
  `phoneNumber1` varchar(50) NOT NULL,
  `phoneNumber2` varchar(50) NOT NULL,
  `fax` varchar(50) NOT NULL,
  `generalNote` varchar(255) NOT NULL,
  `gstRegNo` varchar(16) NOT NULL,
  `termsID` int(11) NOT NULL,
  `creditLimit` int(8) NOT NULL,
  `creditLimitAlert` tinyint(1) NOT NULL,
  `linkedAPAccountID` varchar(11) NOT NULL,
  `createdDate` date NOT NULL,
  `currencyID` int(11) NOT NULL,
  `email` varchar(64) NOT NULL,
  `termstatus` int(11) NOT NULL,
  `createdBy` int(11) NOT NULL,
  `createdTS` timestamp NOT NULL DEFAULT CURRENT_TIMESTAMP,
  `updatedBy` int(11) NOT NULL,
  `updatedTS` timestamp NOT NULL DEFAULT '0000-00-00 00:00:00' ON UPDATE CURRENT_TIMESTAMP,
  `is_delete` int(16) NOT NULL,
  `position` varchar(16) NOT NULL
) ENGINE=InnoDB  DEFAULT CHARSET=latin1 AUTO_INCREMENT=87 ;

--
-- Dumping data for table `customer`
--

INSERT INTO `customer` (`ID`, `companyID`, `customerName`, `accountCode`, `customerCompanyNo`, `line1`, `line2`, `line3`, `city`, `customerPostCode`, `customerStateID`, `customerCountryID`, `attention`, `website`, `phoneNumber1`, `phoneNumber2`, `fax`, `generalNote`, `gstRegNo`, `termsID`, `creditLimit`, `creditLimitAlert`, `linkedAPAccountID`, `createdDate`, `currencyID`, `email`, `termstatus`, `createdBy`, `createdTS`, `updatedBy`, `updatedTS`, `is_delete`, `position`) VALUES
(1, 1, 'ABC Co', 'ABC Co', 'ABC Co', '', '', '', '', '', 0, 458, '0', '0', '', '', '', '', '', 3, 0, 0, '160', '2015-04-01', 1, '', 0, 0, '2015-05-11 08:05:36', 0, '0000-00-00 00:00:00', 0, ''),
(2, 2, 'Ahmad Faisal Bin Abdul Hamid', 'A00-01', '2706513', 'No 15 Jalan 41/10', 'Taman Koperasi Polis', 'Fasa 2', 'Batu Caves', '68100', 1931, 458, '0', '0', '', '+6017-3952854', '', '', '', 6, 0, 0, '283', '2015-04-01', 1, '', 0, 0, '2015-05-21 02:34:40', 0, '0000-00-00 00:00:00', 0, ''),
(3, 2, 'Noor Syahira Binti Mahmud', 'N00-01', '2726568', '', '', '', '', '', 0, 458, '0', '0', '', '', '', '', '', 6, 0, 0, '285', '2015-04-01', 1, '', 0, 0, '2015-05-21 03:33:13', 0, '0000-00-00 00:00:00', 0, ''),
(4, 2, 'Shirley Auwardt', 'S00-01', '1146589', '', '', '', '', '', 0, 458, '0', '0', '', '', '', '', '', 6, 0, 0, '286', '2015-04-01', 1, '', 0, 0, '2015-05-21 03:38:25', 0, '0000-00-00 00:00:00', 0, ''),
(5, 2, 'Chan Luok Yee', 'C00-01', '2748721', '', '', '', '', '', 0, 458, '0', '0', '', '', '', '', '', 6, 0, 0, '287', '2015-04-01', 1, '', 0, 0, '2015-05-21 04:01:49', 0, '0000-00-00 00:00:00', 0, ''),
(6, 2, 'Noor Faiziatul Nazwa Mhd Jamil', 'N00-02', '2751248', '', '', '', '', '', 0, 458, '0', '0', '', '', '', '', '', 6, 0, 0, '288', '2015-04-01', 1, '', 0, 0, '2015-05-21 04:17:16', 0, '0000-00-00 00:00:00', 0, ''),
(7, 2, 'Siti Hajar Mohamad Khalil', 'S00-02', '2742357', '', '', '', '', '', 0, 458, '0', '0', '', '', '', '', '', 6, 0, 0, '289', '2015-04-01', 1, '', 0, 0, '2015-05-21 04:35:45', 0, '0000-00-00 00:00:00', 0, ''),
(8, 2, 'Mohd Basir Bin Hussin', 'M00-01', '1743643', '', '', '', '', '', 0, 458, '0', '0', '', '', '', '', '', 6, 0, 0, '290', '2015-04-01', 1, '', 0, 0, '2015-05-23 01:17:04', 0, '0000-00-00 00:00:00', 0, ''),
(9, 2, 'Sadhanaraj A/L Susairaj', 'S00-03', '2755000', '', '', '', '', '', 0, 458, '0', '0', '', '', '', '', '', 6, 0, 0, '291', '2015-04-01', 1, '', 0, 0, '2015-05-23 12:40:41', 0, '0000-00-00 00:00:00', 0, ''),
(10, 2, 'Foh Rui Yin', 'F00-01', '2709571', '', '', '', '', '', 0, 458, '0', '0', '', '', '', '', '', 6, 0, 0, '292', '2015-04-01', 1, '', 0, 0, '2015-05-23 12:53:06', 0, '0000-00-00 00:00:00', 0, ''),
(11, 2, 'Norazlin Binti Yusop', 'N00-03', '2737248', '', '', '', '', '', 0, 458, '0', '0', '', '', '', '', '', 6, 0, 0, '293', '2015-04-01', 1, '', 0, 0, '2015-05-23 13:12:54', 0, '0000-00-00 00:00:00', 0, ''),
(12, 2, 'Hew Yong Hui', 'H00-01', '2729224', '', '', '', '', '', 0, 458, '0', '0', '', '', '', '', '', 6, 0, 0, '294', '2015-04-01', 1, '', 0, 0, '2015-05-23 13:53:34', 0, '0000-00-00 00:00:00', 0, ''),
(13, 2, 'Nur Syamimi Kamaruzaman', 'N00-04', '2724963', '', '', '', '', '', 0, 458, '0', '0', '', '', '', '', '', 6, 0, 0, '295', '2015-04-30', 1, '', 0, 0, '2015-05-23 14:34:16', 0, '0000-00-00 00:00:00', 0, ''),
(14, 2, 'Muhammad Bin Jamsuri', 'M00-02', '2132605', '', '', '', '', '', 0, 458, '0', '0', '', '', '', '', '', 6, 0, 0, '296', '2015-04-01', 1, '', 0, 0, '2015-05-23 14:53:36', 0, '0000-00-00 00:00:00', 0, ''),
(15, 2, 'Mohd Fauzi Bin Md Rafie', 'M00-03', '2749838', '', '', '', '', '', 0, 458, '0', '0', '', '', '', '', '', 6, 0, 0, '297', '2015-04-01', 1, '', 0, 0, '2015-05-23 15:23:57', 0, '0000-00-00 00:00:00', 0, ''),
(16, 2, 'Muhammad Ashraf Bin Jasni', 'M00-04', '2749924', '', '', '', '', '', 0, 458, '0', '0', '', '', '', '', '', 6, 0, 0, '298', '2015-04-30', 1, '', 0, 0, '2015-05-23 15:53:23', 0, '0000-00-00 00:00:00', 0, ''),
(17, 2, 'Wong Yao Lam', 'W00-01', '2751638', '', '', '', '', '', 0, 458, '0', '0', '', '', '', '', '', 6, 0, 0, '299', '2015-04-30', 1, '', 0, 0, '2015-05-23 16:03:56', 0, '0000-00-00 00:00:00', 0, ''),
(18, 2, 'Aw Hoay Hoay', 'A00-02', '2750307', '', '', '', '', '', 0, 458, '0', '0', '', '', '', '', '', 6, 0, 0, '300', '2015-04-01', 1, '', 0, 0, '2015-05-23 16:22:42', 0, '0000-00-00 00:00:00', 0, ''),
(19, 2, 'Nor Asiah Binti Aminuddin', 'N00-05', '2748240', '', '', '', '', '', 0, 458, '0', '0', '', '', '', '', '', 6, 0, 0, '301', '2015-04-01', 1, '', 0, 0, '2015-05-23 16:40:33', 0, '0000-00-00 00:00:00', 0, ''),
(20, 2, 'Harun Bin Bakar', 'H00-02', '2754449', '', '', '', '', '', 0, 458, '0', '0', '', '', '', '', '', 6, 0, 0, '302', '2015-04-01', 1, '', 0, 0, '2015-05-23 17:03:47', 0, '0000-00-00 00:00:00', 0, ''),
(21, 2, 'Amanda How Chien Yinn', 'A00-03', '2734411', '', '', '', '', '', 0, 458, '0', '0', '', '', '', '', '', 6, 0, 0, '303', '2015-04-01', 1, '', 0, 0, '2015-05-23 17:13:35', 0, '0000-00-00 00:00:00', 0, ''),
(22, 2, 'Syarifah Syahirah Syed Nazir', 'S00-04', '2715083', '', '', '', '', '', 0, 458, '0', '0', '', '', '', '', '', 6, 0, 0, '304', '2015-04-01', 1, '', 0, 0, '2015-05-23 17:27:23', 0, '0000-00-00 00:00:00', 0, ''),
(23, 2, 'Rawaida Binti Ab Razak', 'R00-01', '2742897', '', '', '', '', '', 0, 458, '0', '0', '', '', '', '', '', 6, 0, 0, '305', '2015-04-01', 1, '', 0, 0, '2015-05-23 17:40:32', 0, '0000-00-00 00:00:00', 0, ''),
(24, 2, 'Nur Farhah Binti Ismail', 'N00-06', '2751637', '', '', '', '', '', 0, 458, '0', '0', '', '', '', '', '', 6, 0, 0, '306', '2015-04-01', 1, '', 0, 0, '2015-05-23 17:55:25', 0, '0000-00-00 00:00:00', 0, ''),
(25, 2, 'Tan Weng Teak', 'T00-01', '2749365', '', '', '', '', '', 0, 458, '0', '0', '', '', '', '', '', 6, 0, 0, '307', '2015-04-01', 1, '', 0, 0, '2015-05-23 18:03:59', 0, '0000-00-00 00:00:00', 0, ''),
(26, 2, 'Noor Hazira Binti Mahussin', 'N00-07', '', '', '', '', '', '', 0, 458, '0', '0', '', '', '', '', '', 6, 0, 0, '308', '2015-04-01', 1, '', 0, 0, '2015-05-23 18:13:38', 0, '0000-00-00 00:00:00', 0, ''),
(27, 2, 'Control Technical', 'C00-02', '', '', '', '', '', '', 0, 458, '0', '0', '', '', '', '', '', 6, 0, 0, '309', '2015-04-01', 1, '', 0, 0, '2015-05-23 18:25:53', 0, '0000-00-00 00:00:00', 0, ''),
(28, 2, 'Lim Soh Hwa', 'L00-01', '', '', '', '', '', '', 0, 458, '0', '0', '', '', '', '', '', 6, 0, 0, '310', '2015-04-01', 1, '', 0, 0, '2015-05-23 18:33:27', 0, '0000-00-00 00:00:00', 0, ''),
(29, 2, 'Low Yen Ling', 'L00-02', '', '', '', '', '', '', 0, 458, '0', '0', '', '', '', '', '', 6, 0, 0, '311', '2015-04-01', 1, '', 0, 0, '2015-05-23 18:40:56', 0, '0000-00-00 00:00:00', 0, ''),
(30, 2, 'Nur Syamena Mohd Nazri', 'N00-08', '', '', '', '', '', '', 0, 458, '0', '0', '', '', '', '', '', 6, 0, 0, '312', '2015-04-01', 1, '', 0, 0, '2015-05-23 18:48:38', 0, '0000-00-00 00:00:00', 0, ''),
(31, 2, 'Nurmaini Binti Zulkifli', 'N00-09', '', '', '', '', '', '', 0, 458, '0', '0', '', '', '', '', '', 6, 0, 0, '313', '2015-04-01', 1, '', 0, 0, '2015-05-23 18:57:58', 0, '0000-00-00 00:00:00', 0, ''),
(32, 2, 'Norhaizum Binti Jamlus', 'N00-10', '', '', '', '', '', '', 0, 458, '0', '0', '', '', '', '', '', 6, 0, 0, '314', '2015-04-01', 1, '', 0, 0, '2015-05-23 19:06:15', 0, '0000-00-00 00:00:00', 0, ''),
(33, 2, 'Lim Beng Lee', 'L00-03', '', '', '', '', '', '', 0, 458, '0', '0', '', '', '', '', '', 6, 0, 0, '315', '2015-04-01', 1, '', 0, 0, '2015-05-25 04:11:48', 0, '0000-00-00 00:00:00', 0, ''),
(34, 2, 'Nur Adnin Binti Shaharudin', 'N00-11', '', '', '', '', '', '', 0, 458, '0', '0', '', '', '', '', '', 6, 0, 0, '316', '2015-04-01', 1, '', 0, 0, '2015-05-25 04:21:59', 0, '0000-00-00 00:00:00', 0, ''),
(35, 2, 'Nor Asean Binti Iskandar', 'N00-12', '', '', '', '', '', '', 0, 458, '0', '0', '', '', '', '', '', 6, 0, 0, '317', '2015-04-01', 1, '', 0, 0, '2015-05-25 04:31:20', 0, '0000-00-00 00:00:00', 0, ''),
(36, 2, 'Lee Ru Yi', 'L00-04', '', '', '', '', '', '', 0, 458, '0', '0', '', '', '', '', '', 6, 0, 0, '318', '2015-04-01', 1, '', 0, 0, '2015-05-25 04:40:50', 0, '0000-00-00 00:00:00', 0, ''),
(37, 2, 'Siti Aishah Binti Abdul Karim', 'S00-05', '', '', '', '', '', '', 0, 458, '0', '0', '', '', '', '', '', 6, 0, 0, '319', '2015-04-01', 1, '', 0, 0, '2015-05-25 05:20:17', 0, '0000-00-00 00:00:00', 0, ''),
(38, 2, 'Lim Pie Ing', 'L00-05', '', '', '', '', '', '', 0, 458, '0', '0', '', '', '', '', '', 6, 0, 0, '320', '2015-04-01', 1, '', 0, 0, '2015-05-25 05:30:21', 0, '0000-00-00 00:00:00', 0, ''),
(39, 2, 'Normala Binti Ahmad', 'N00-13', '', '', '', '', '', '', 0, 458, '0', '0', '', '', '', '', '', 6, 0, 0, '321', '2015-04-01', 1, '', 0, 0, '2015-05-25 05:39:50', 0, '0000-00-00 00:00:00', 0, ''),
(40, 2, 'Rabiatul Adawiah Mohd Rashid', 'R00-02', '', '', '', '', '', '', 0, 458, '0', '0', '', '', '', '', '', 6, 0, 0, '322', '2015-04-01', 1, '', 0, 0, '2015-05-25 08:13:58', 0, '0000-00-00 00:00:00', 0, ''),
(41, 2, 'Ruhaizam Bin Sahari', 'R00-03', '', '', '', '', '', '', 0, 458, '0', '0', '', '', '', '', '', 6, 0, 0, '323', '2015-04-01', 1, '', 0, 0, '2015-05-25 08:27:42', 0, '0000-00-00 00:00:00', 0, ''),
(42, 2, 'Lim Kok Sang', 'L00-06', '', '', '', '', '', '', 0, 458, '0', '0', '', '', '', '', '', 6, 0, 0, '324', '2015-04-27', 1, '', 0, 0, '2015-05-25 08:39:27', 0, '0000-00-00 00:00:00', 0, ''),
(43, 2, 'Low Chee Meng', 'L00-07', '', '', '', '', '', '', 0, 458, '0', '0', '', '', '', '', '', 6, 0, 0, '325', '2015-04-01', 1, '', 0, 0, '2015-05-25 08:47:55', 0, '0000-00-00 00:00:00', 0, ''),
(44, 2, 'Norehan Binti Ismail', 'N00-14', '', '', '', '', '', '', 0, 458, '0', '0', '', '', '', '', '', 6, 0, 0, '326', '2015-04-01', 1, '', 0, 0, '2015-05-25 17:29:17', 0, '0000-00-00 00:00:00', 0, ''),
(45, 2, 'Muhammad Nazrin Mohd Hashim', 'M00-05', '', '', '', '', '', '', 0, 458, '0', '0', '', '', '', '', '', 6, 0, 0, '327', '2015-04-01', 1, '', 0, 0, '2015-05-25 17:43:53', 0, '0000-00-00 00:00:00', 0, ''),
(46, 2, 'Lee Woan Shya', 'L00-08', '', '', '', '', '', '', 0, 458, '0', '0', '', '', '', '', '', 6, 0, 0, '328', '2015-04-01', 1, '', 0, 0, '2015-05-25 18:11:05', 0, '0000-00-00 00:00:00', 0, ''),
(47, 2, 'Sivasakti A/P Kannan', 'S00-06', '', '', '', '', '', '', 0, 458, '0', '0', '', '', '', '', '', 6, 0, 0, '329', '2015-04-01', 1, '', 0, 0, '2015-05-25 18:23:29', 0, '0000-00-00 00:00:00', 0, ''),
(48, 2, 'Norhayati Binti Shamsudin', 'N00-15', '', '', '', '', '', '', 0, 458, '0', '0', '', '', '', '', '', 6, 0, 0, '330', '2015-04-01', 1, '', 0, 0, '2015-05-25 18:37:25', 0, '0000-00-00 00:00:00', 0, ''),
(49, 2, 'Nuramalina Bt Md Pouad', 'N00-16', '', '', '', '', '', '', 0, 458, '0', '0', '', '', '', '', '', 6, 0, 0, '331', '2015-04-01', 1, '', 0, 0, '2015-05-25 19:11:23', 0, '0000-00-00 00:00:00', 0, ''),
(50, 2, 'Nurul Syahada Binti Yusuf', 'N00-17', '', '', '', '', '', '', 0, 458, '0', '0', '', '', '', '', '', 6, 0, 0, '332', '2015-04-01', 1, '', 0, 0, '2015-05-25 19:23:23', 0, '0000-00-00 00:00:00', 0, ''),
(51, 2, 'Chai Fei Leng', 'C00-03', '', '', '', '', '', '', 0, 458, '0', '0', '', '', '', '', '', 6, 0, 0, '333', '2015-04-01', 1, '', 0, 0, '2015-05-25 19:35:55', 0, '0000-00-00 00:00:00', 0, ''),
(52, 2, 'Mohd Arash Bin Yaacob', 'M00-06', '', '', '', '', '', '', 0, 458, '0', '0', '', '', '', '', '', 6, 0, 0, '334', '2015-04-01', 1, '', 0, 0, '2015-05-25 20:37:19', 0, '0000-00-00 00:00:00', 0, ''),
(53, 2, 'Arizza Binti Jainal Abidin', 'A00-04', '', '', '', '', '', '', 0, 458, '0', '0', '', '', '', '', '', 6, 0, 0, '335', '2015-04-01', 1, '', 0, 0, '2015-05-25 20:46:42', 0, '0000-00-00 00:00:00', 0, ''),
(54, 2, 'Fahimah Binti Abdul Hamid', 'F00-02', '', '', '', '', '', '', 0, 458, '0', '0', '', '', '', '', '', 6, 0, 0, '336', '2015-04-01', 1, '', 0, 0, '2015-05-25 20:56:38', 0, '0000-00-00 00:00:00', 0, ''),
(55, 2, 'Santalaxme a/p Vijendren', 'S00-07', '', '', '', '', '', '', 0, 458, '0', '0', '', '', '', '', '', 6, 0, 0, '337', '2015-04-01', 1, '', 0, 0, '2015-05-25 21:05:40', 0, '0000-00-00 00:00:00', 0, ''),
(56, 2, 'Shirley Hee Mun Sin', 'S00-08', '', '', '', '', '', '', 0, 458, '0', '0', '', '', '', '', '', 6, 0, 0, '338', '2015-04-01', 1, '', 0, 0, '2015-05-25 21:14:27', 0, '0000-00-00 00:00:00', 0, ''),
(57, 2, 'Nur Hazreen Hani Binti Noordin', 'N00-18', '', '', '', '', '', '', 0, 458, '0', '0', '', '', '', '', '', 6, 0, 0, '339', '2015-04-01', 1, '', 0, 0, '2015-05-26 01:08:11', 0, '0000-00-00 00:00:00', 0, ''),
(58, 2, 'Faridah Binti Abdul Rahman', 'F00-03', '', '', '', '', '', '', 0, 458, '0', '0', '', '', '', '', '', 6, 0, 0, '340', '2015-04-01', 1, '', 0, 0, '2015-05-26 01:20:08', 0, '0000-00-00 00:00:00', 0, ''),
(59, 2, 'Nurainina Rahimi Abdul Rahim', 'N00-19', '', '', '', '', '', '', 0, 458, '0', '0', '', '', '', '', '', 6, 0, 0, '341', '2015-04-01', 1, '', 0, 0, '2015-05-26 01:32:27', 0, '0000-00-00 00:00:00', 0, ''),
(60, 2, 'Khairil Helmi Bin Abd Aziz', 'K00-01', '', '', '', '', '', '', 0, 458, '0', '0', '', '', '', '', '', 6, 0, 0, '342', '2015-04-01', 1, '', 0, 0, '2015-05-26 01:47:05', 0, '0000-00-00 00:00:00', 0, ''),
(61, 2, 'Nor Maizan Binti Mohamed', 'N00-20', '', '', '', '', '', '', 0, 458, '0', '0', '', '', '', '', '', 6, 0, 0, '343', '2015-04-01', 1, '', 0, 0, '2015-05-26 02:12:51', 0, '0000-00-00 00:00:00', 0, ''),
(62, 2, 'Norhayati Binti Ahayat', 'N00-21', '', '', '', '', '', '', 0, 458, '0', '0', '', '', '', '', '', 6, 0, 0, '344', '2015-04-01', 1, '', 0, 0, '2015-05-26 02:24:29', 0, '0000-00-00 00:00:00', 0, ''),
(63, 2, 'Tan Phay Ling', 'T00-02', '', '', '', '', '', '', 0, 458, '0', '0', '', '', '', '', '', 6, 0, 0, '345', '2015-04-23', 1, '', 0, 0, '2015-05-26 02:39:19', 0, '0000-00-00 00:00:00', 0, ''),
(64, 2, 'Mohd Faiza Bin Zakaria', 'M00-07', '', '', '', '', '', '', 0, 458, '0', '0', '', '', '', '', '', 6, 0, 0, '346', '2015-04-01', 1, '', 0, 0, '2015-05-26 02:51:07', 0, '0000-00-00 00:00:00', 0, ''),
(65, 2, 'Nurulsyazwani Binti Jusoh', 'N00-22', '', '', '', '', '', '', 0, 458, '0', '0', '', '', '', '', '', 6, 0, 0, '347', '2015-04-01', 1, '', 0, 0, '2015-05-26 03:04:22', 0, '0000-00-00 00:00:00', 0, ''),
(66, 2, 'Lim Choo Leong', 'L00-09', '', '', '', '', '', '', 0, 458, '0', '0', '', '', '', '', '', 6, 0, 0, '348', '2015-04-01', 1, '', 0, 0, '2015-05-26 03:17:03', 0, '0000-00-00 00:00:00', 0, ''),
(67, 2, 'Abdul Hameed Bin Habib Mohamed', 'A00-05', '', '', '', '', '', '', 0, 458, '0', '0', '', '', '', '', '', 6, 0, 0, '349', '2015-04-01', 1, '', 0, 0, '2015-05-26 07:06:08', 0, '0000-00-00 00:00:00', 0, ''),
(68, 2, 'Aberamy A/P Dayalam', 'A00-06', '', '', '', '', '', '', 0, 458, '0', '0', '', '', '', '', '', 6, 0, 0, '350', '2015-04-01', 1, '', 0, 0, '2015-05-26 07:17:02', 0, '0000-00-00 00:00:00', 0, ''),
(69, 2, 'Nik Roile Bin Isa', 'N00-23', '', '', '', '', '', '', 0, 458, '0', '0', '', '', '', '', '', 6, 0, 0, '351', '2015-04-01', 1, '', 0, 0, '2015-05-26 07:27:17', 0, '0000-00-00 00:00:00', 0, ''),
(70, 2, 'Guganeswari A/P Chandrasekharan', 'G00-01', '', '', '', '', '', '', 0, 458, '0', '0', '', '', '', '', '', 6, 0, 0, '352', '2015-04-01', 1, '', 0, 0, '2015-05-26 07:38:04', 0, '0000-00-00 00:00:00', 0, ''),
(71, 2, 'Muhamad Hamidi Bin Muhamad', 'M00-08', '', '', '', '', '', '', 0, 458, '0', '0', '', '', '', '', '', 6, 0, 0, '353', '2015-04-01', 1, '', 0, 0, '2015-05-26 08:28:13', 0, '0000-00-00 00:00:00', 0, ''),
(72, 2, 'Norsufira Azurin Abdul Talib', 'N00-24', '', '', '', '', '', '', 0, 458, '0', '0', '', '', '', '', '', 6, 0, 0, '354', '2015-04-17', 1, '', 0, 0, '2015-05-26 08:52:38', 0, '0000-00-00 00:00:00', 0, ''),
(73, 2, 'New Chia Wern', 'N00-25', '', '', '', '', '', '', 0, 458, '0', '0', '', '', '', '', '', 6, 0, 0, '355', '2015-04-01', 1, '', 0, 0, '2015-05-26 15:56:11', 0, '0000-00-00 00:00:00', 0, ''),
(74, 2, 'Masri Bin Mohd Amin', 'M00-09', '', '', '', '', '', '', 0, 458, '0', '0', '', '', '', '', '', 6, 0, 0, '356', '2015-04-01', 1, '', 0, 0, '2015-05-26 16:28:35', 0, '0000-00-00 00:00:00', 0, ''),
(75, 2, 'Tan Yong Chein', 'T00-03', '', '', '', '', '', '', 0, 458, '0', '0', '', '', '', '', '', 6, 0, 0, '357', '2015-04-01', 1, '', 0, 0, '2015-05-26 16:40:12', 0, '0000-00-00 00:00:00', 0, ''),
(76, 2, 'Puspa a/p Daniel', 'P00-01', '', '', '', '', '', '', 0, 458, '0', '0', '', '', '', '', '', 6, 0, 0, '358', '2015-04-01', 1, '', 0, 0, '2015-05-26 16:55:54', 0, '0000-00-00 00:00:00', 0, ''),
(77, 2, 'Norazlinda Binti Tukimin', 'N00-26', '', '', '', '', '', '', 0, 458, '0', '0', '', '', '', '', '', 6, 0, 0, '359', '2015-04-01', 1, '', 0, 0, '2015-05-26 17:14:04', 0, '0000-00-00 00:00:00', 0, ''),
(78, 2, 'Nur Laila Binti Saarani', 'N00-27', '', '', '', '', '', '', 0, 458, '0', '0', '', '', '', '', '', 6, 0, 0, '360', '2015-04-01', 1, '', 0, 0, '2015-05-26 17:57:45', 0, '0000-00-00 00:00:00', 0, ''),
(79, 2, 'Puspalatha a/p Gopi', 'P00-03', '', '', '', '', '', '', 0, 458, '0', '0', '', '', '', '', '', 6, 0, 0, '361', '2015-04-01', 1, '', 0, 0, '2015-05-26 18:15:01', 0, '0000-00-00 00:00:00', 0, ''),
(80, 2, 'Mohd Norhazriq Bin Ishak', 'M00-10', '', '', '', '', '', '', 0, 458, '0', '0', '', '', '', '', '', 6, 0, 0, '362', '2015-04-01', 1, '', 0, 0, '2015-05-26 18:55:27', 0, '0000-00-00 00:00:00', 0, ''),
(81, 2, 'Maizura Binti Muslim', 'M00-11', '', '', '', '', '', '', 0, 458, '0', '0', '', '', '', '', '', 6, 0, 0, '363', '2015-04-01', 1, '', 0, 0, '2015-05-26 19:10:41', 0, '0000-00-00 00:00:00', 0, ''),
(82, 2, 'Norhayati Binti Haron', 'N00-28', '', '', '', '', '', '', 0, 458, '0', '0', '', '', '', '', '', 6, 0, 0, '364', '2015-04-01', 1, '', 0, 0, '2015-05-26 19:24:22', 0, '0000-00-00 00:00:00', 0, ''),
(83, 2, 'Nor Aisyah Binti Abd Muthalib', 'N00-29', '', '', '', '', '', '', 0, 458, '0', '0', '', '', '', '', '', 6, 0, 0, '365', '2015-04-15', 1, '', 0, 0, '2015-05-26 19:36:47', 0, '0000-00-00 00:00:00', 0, ''),
(84, 2, 'Siti Norashikin Ahmad Maulana', 'S00-09', '', '', '', '', '', '', 0, 458, '0', '0', '', '', '', '', '', 6, 0, 0, '366', '2015-04-01', 1, '', 0, 0, '2015-05-26 20:02:25', 0, '0000-00-00 00:00:00', 0, ''),
(85, 2, 'Mohd Hadziri Bin Ishak', 'M00-12', '', '', '', '', '', '', 0, 458, '0', '0', '', '', '', '', '', 6, 0, 0, '367', '2015-04-01', 1, '', 0, 0, '2015-05-26 20:16:44', 0, '0000-00-00 00:00:00', 0, ''),
(86, 2, 'Amirul Ashraf Bin Alaudin', 'A00-07', '', '', '', '', '', '', 0, 458, '0', '0', '', '', '', '', '', 6, 0, 0, '368', '2015-04-01', 1, '', 0, 0, '2015-05-26 20:30:14', 0, '0000-00-00 00:00:00', 0, '');

-- --------------------------------------------------------

--
-- Table structure for table `customer_address`
--

CREATE TABLE IF NOT EXISTS `customer_address` (
`ID` int(11) NOT NULL,
  `companyID` int(11) NOT NULL,
  `customerID` int(11) NOT NULL,
  `addressCode` varchar(50) NOT NULL,
  `addressName` varchar(128) NOT NULL,
  `line1` varchar(128) NOT NULL,
  `line2` varchar(128) NOT NULL,
  `line3` varchar(128) NOT NULL,
  `city` varchar(128) NOT NULL,
  `postCode` varchar(8) NOT NULL,
  `stateID` int(11) NOT NULL,
  `countryID` int(11) NOT NULL,
  `createdBy` int(11) NOT NULL,
  `createdTS` timestamp NOT NULL DEFAULT CURRENT_TIMESTAMP,
  `updatedBy` int(11) NOT NULL,
  `updatedTS` timestamp NOT NULL DEFAULT '0000-00-00 00:00:00' ON UPDATE CURRENT_TIMESTAMP,
  `is_delete` tinyint(1) NOT NULL
) ENGINE=InnoDB DEFAULT CHARSET=latin1 AUTO_INCREMENT=1 ;

-- --------------------------------------------------------

--
-- Table structure for table `customer_contact`
--

CREATE TABLE IF NOT EXISTS `customer_contact` (
`ID` int(11) NOT NULL,
  `customerID` int(11) NOT NULL,
  `customer_contact_name` varchar(128) NOT NULL,
  `position` varchar(32) NOT NULL,
  `telOffice` varchar(32) NOT NULL,
  `telHp` varchar(32) NOT NULL,
  `email` varchar(64) NOT NULL,
  `remaks` text NOT NULL,
  `createdID` int(11) NOT NULL,
  `createdTS` timestamp NOT NULL DEFAULT CURRENT_TIMESTAMP,
  `updatedBy` int(11) NOT NULL,
  `updatedTS` timestamp NOT NULL DEFAULT '0000-00-00 00:00:00' ON UPDATE CURRENT_TIMESTAMP
) ENGINE=InnoDB DEFAULT CHARSET=latin1 AUTO_INCREMENT=1 ;

-- --------------------------------------------------------

--
-- Table structure for table `gl_setup`
--

CREATE TABLE IF NOT EXISTS `gl_setup` (
  `ID` int(11) NOT NULL,
  `companyID` int(11) NOT NULL,
  `accountTypeID` int(11) NOT NULL,
  `accountNoID` int(11) NOT NULL
) ENGINE=InnoDB DEFAULT CHARSET=latin1;

-- --------------------------------------------------------

--
-- Table structure for table `item`
--

CREATE TABLE IF NOT EXISTS `item` (
`ID` int(11) NOT NULL,
  `companyID` int(11) NOT NULL,
  `itemCode` varchar(32) NOT NULL,
  `name` varchar(64) NOT NULL,
  `description` text NOT NULL,
  `itemCategoryID` int(11) NOT NULL,
  `itemTypeID` int(11) NOT NULL,
  `quantity` int(11) NOT NULL,
  `unitOfMeasureID` int(11) NOT NULL,
  `editDescription` tinyint(1) NOT NULL,
  `imageFile` varchar(64) NOT NULL,
  `itemStatusID` tinyint(4) NOT NULL DEFAULT '1' COMMENT 'default to active=1',
  `reorderLevel` int(11) NOT NULL,
  `incomeID` int(11) NOT NULL,
  `cogsID` int(11) NOT NULL,
  `inventoriesID` int(11) NOT NULL,
  `inputTaxID` int(11) NOT NULL,
  `outputTaxID` int(11) NOT NULL,
  `supplierID` int(11) NOT NULL,
  `memo` text NOT NULL,
  `locationID` int(11) NOT NULL,
  `is_delete` smallint(6) NOT NULL,
  `updateable` smallint(6) NOT NULL,
  `totalAmount` double NOT NULL,
  `totalPayable` double NOT NULL,
  `createdBy` int(11) NOT NULL,
  `createdTS` timestamp NOT NULL DEFAULT CURRENT_TIMESTAMP,
  `updatedBy` int(11) NOT NULL,
  `updatedTS` timestamp NOT NULL DEFAULT '0000-00-00 00:00:00' ON UPDATE CURRENT_TIMESTAMP,
  `supplierPrice` double NOT NULL,
  `salesPrice` double NOT NULL,
  `currencyID` int(11) NOT NULL
) ENGINE=InnoDB  DEFAULT CHARSET=latin1 AUTO_INCREMENT=175 ;

--
-- Dumping data for table `item`
--

INSERT INTO `item` (`ID`, `companyID`, `itemCode`, `name`, `description`, `itemCategoryID`, `itemTypeID`, `quantity`, `unitOfMeasureID`, `editDescription`, `imageFile`, `itemStatusID`, `reorderLevel`, `incomeID`, `cogsID`, `inventoriesID`, `inputTaxID`, `outputTaxID`, `supplierID`, `memo`, `locationID`, `is_delete`, `updateable`, `totalAmount`, `totalPayable`, `createdBy`, `createdTS`, `updatedBy`, `updatedTS`, `supplierPrice`, `salesPrice`, `currencyID`) VALUES
(1, 1, 'AXIA', 'PERODUA AXIA', 'PM2B200S003057161', 1, 22, 0, 15, 0, '', 1, 0, 204, 221, 166, 50, 37, 0, '', 0, 0, 0, 0, 0, 0, '2015-05-10 08:22:16', 0, '2015-05-11 07:04:47', 0, 0, 0),
(2, 2, '3768', 'PERODUA ALZA', 'PM2M502G002233768', 2, 22, 0, 16, 0, '', 1, 0, 59, 76, 21, 15, 2, 0, '', 0, 0, 0, 0, 0, 0, '2015-05-10 10:02:15', 0, '2015-05-16 05:57:15', 0, 0, 0),
(3, 2, '4478', 'PERODUA ALZA', 'PM2M502G002244478', 2, 22, 0, 16, 0, '', 1, 0, 59, 76, 21, 15, 2, 0, '', 0, 0, 0, 0, 0, 0, '2015-05-10 16:46:14', 0, '2015-05-16 05:59:28', 0, 0, 0),
(4, 2, '4504', 'PERODUA MYVI', 'PM2M603S002124504', 4, 22, 0, 16, 0, '', 1, 0, 59, 76, 21, 15, 2, 0, '', 0, 0, 0, 0, 0, 0, '2015-05-10 16:48:59', 0, '2015-05-16 06:11:56', 0, 0, 0),
(5, 2, '4221', 'PERODUA ALZA', 'PM2M502G002244221', 2, 22, 0, 16, 0, '', 1, 0, 59, 76, 21, 15, 2, 0, '', 0, 0, 0, 0, 0, 0, '2015-05-10 16:55:17', 0, '2015-05-16 06:05:15', 0, 0, 0),
(6, 2, '8544', 'PERODUA MYVI', 'PM2M602S002228544', 4, 22, 0, 16, 0, '', 1, 0, 59, 76, 21, 15, 2, 0, '', 0, 0, 0, 0, 0, 0, '2015-05-10 16:57:39', 0, '2015-05-16 06:12:30', 0, 0, 0),
(7, 2, '8777', 'PERODUA ALZA', 'PM2M502G002238777', 2, 22, 0, 16, 0, '', 1, 0, 59, 76, 21, 15, 2, 0, '', 0, 0, 0, 0, 0, 0, '2015-05-10 17:03:31', 0, '2015-05-16 06:06:08', 0, 0, 0),
(8, 2, '7972', 'PERODUA MYVI', 'PM2M602S002227972', 4, 22, 0, 16, 0, '', 1, 0, 59, 76, 21, 15, 2, 0, '', 0, 0, 0, 0, 0, 0, '2015-05-10 17:05:47', 0, '2015-05-16 06:12:58', 0, 0, 0),
(9, 2, '2680', 'PERODUA MYVI', 'PM2M602S002222680', 4, 22, 0, 16, 0, '', 1, 0, 59, 76, 21, 15, 2, 0, '', 0, 0, 0, 0, 0, 0, '2015-05-10 17:10:08', 0, '2015-05-16 06:13:33', 0, 0, 0),
(10, 2, '4661', 'PERODUA AXIA', 'PM2B200S003064661', 3, 22, 0, 16, 0, '', 1, 0, 59, 76, 21, 15, 2, 0, '', 0, 0, 0, 0, 0, 0, '2015-05-10 17:12:19', 0, '2015-05-16 06:24:22', 0, 0, 0),
(11, 2, '5820', 'PERODUA AXIA', 'PM2B2002003065820', 3, 22, 0, 16, 0, '', 1, 0, 59, 76, 21, 15, 2, 0, '', 0, 0, 0, 0, 0, 0, '2015-05-10 17:15:55', 0, '2015-05-16 06:24:48', 0, 0, 0),
(12, 2, '3949', 'PERODUA MYVI', 'PM2M603S002123949', 4, 22, 0, 16, 0, '', 1, 0, 59, 76, 21, 15, 2, 0, '', 0, 0, 0, 0, 0, 0, '2015-05-10 17:20:16', 0, '2015-05-16 06:14:00', 0, 0, 0),
(13, 2, '6948', 'PERODUA AXIA', 'PM2B200S003066948', 3, 22, 0, 16, 0, '', 1, 0, 59, 76, 21, 15, 2, 0, '', 0, 0, 0, 0, 0, 0, '2015-05-10 17:22:11', 0, '2015-05-16 06:25:09', 0, 0, 0),
(14, 2, '1793', 'PERODUA MYVI', 'PM2M602S002221793', 4, 22, 0, 16, 0, '', 1, 0, 59, 76, 21, 15, 2, 0, '', 0, 0, 0, 0, 0, 0, '2015-05-10 17:24:53', 0, '2015-05-16 06:14:30', 0, 0, 0),
(15, 2, '4913', 'PERODUA MYVI', 'PM2M602S002224913', 4, 22, 0, 16, 0, '', 1, 0, 59, 76, 21, 15, 2, 0, '', 0, 0, 0, 0, 0, 0, '2015-05-10 17:26:14', 0, '2015-05-16 06:14:55', 0, 0, 0),
(16, 2, '7434', 'PERODUA MYVI', 'PM2M602S002227434', 4, 22, 0, 16, 0, '', 1, 0, 59, 76, 21, 15, 2, 0, '', 0, 0, 0, 0, 0, 0, '2015-05-10 17:29:04', 0, '2015-05-16 06:15:19', 0, 0, 0),
(17, 2, '3365', 'PERODUA ALZA', 'PM2M502G002233365', 2, 22, 0, 16, 0, '', 1, 0, 59, 76, 21, 15, 2, 0, '', 0, 0, 0, 0, 0, 0, '2015-05-10 17:36:32', 0, '2015-05-16 06:07:33', 0, 0, 0),
(18, 2, '0733', 'PERODUA ALZA', 'PM2M502G002240733', 2, 22, 0, 16, 0, '', 1, 0, 59, 76, 21, 15, 2, 0, '', 0, 0, 0, 0, 0, 0, '2015-05-10 17:38:40', 0, '2015-05-16 06:08:00', 0, 0, 0),
(19, 2, '6176', 'PERODUA MYVI', 'PM2M602S002226176', 4, 22, 0, 16, 0, '', 1, 0, 59, 76, 21, 15, 2, 0, '', 0, 0, 0, 0, 0, 0, '2015-05-10 17:40:23', 0, '2015-05-16 06:15:43', 0, 0, 0),
(20, 2, '1468', 'PERODUA AXIA', 'PM2B200S003061468', 3, 22, 0, 16, 0, '', 1, 0, 59, 76, 21, 15, 2, 0, '', 0, 0, 0, 0, 0, 0, '2015-05-10 17:41:51', 0, '2015-05-16 06:25:37', 0, 0, 0),
(21, 2, '5470', 'PERODUA MYVI', 'PM2M603S002125470', 4, 22, 0, 16, 0, '', 1, 0, 59, 76, 21, 15, 2, 0, '', 0, 0, 0, 0, 0, 0, '2015-05-10 17:43:10', 0, '2015-05-16 06:16:05', 0, 0, 0),
(22, 2, '4263', 'PERODUA AXIA', 'PM2B200S003064263', 3, 22, 0, 16, 0, '', 1, 0, 59, 76, 21, 15, 2, 0, '', 0, 0, 0, 0, 0, 0, '2015-05-10 17:45:12', 0, '2015-05-16 06:25:57', 0, 0, 0),
(23, 2, '4741', 'PERODUA MYVI', 'PM2M602S002224741', 4, 22, 0, 16, 0, '', 1, 0, 59, 76, 21, 15, 2, 0, '', 0, 0, 0, 0, 0, 0, '2015-05-10 17:48:44', 0, '2015-05-16 06:16:29', 0, 0, 0),
(24, 2, '8902', 'PERODUA MYVI', 'PM2M603S002118902', 4, 22, 0, 16, 0, '', 1, 0, 59, 76, 21, 15, 2, 0, '', 0, 0, 0, 0, 0, 0, '2015-05-10 17:50:01', 0, '2015-05-16 06:16:56', 0, 0, 0),
(25, 2, '3290', 'PERODUA AXIA', 'PM2B200S003063290', 3, 22, 0, 16, 0, '', 1, 0, 59, 76, 21, 15, 2, 0, '', 0, 0, 0, 0, 0, 0, '2015-05-10 18:18:14', 0, '2015-05-16 06:26:21', 0, 0, 0),
(26, 2, '3013', 'PERODUA AXIA', 'PM2B200S003063013', 3, 22, 0, 16, 0, '', 1, 0, 59, 76, 21, 15, 2, 0, '', 0, 0, 0, 0, 0, 0, '2015-05-10 18:20:27', 0, '2015-05-16 06:33:32', 0, 0, 0),
(27, 2, '4300', 'PERODUA AXIA', 'PM2B200S003064300', 3, 22, 0, 16, 0, '', 1, 0, 59, 76, 21, 15, 2, 0, '', 0, 0, 0, 0, 0, 0, '2015-05-10 18:21:36', 0, '2015-05-16 06:33:56', 0, 0, 0),
(28, 2, '7262', 'PERODUA MYVI', 'PM2M602S002227262', 4, 22, 0, 16, 0, '', 1, 0, 59, 76, 21, 15, 2, 0, '', 0, 0, 0, 0, 0, 0, '2015-05-10 18:23:01', 0, '2015-05-16 06:17:19', 0, 0, 0),
(29, 2, '0118', 'PERODUA ALZA', 'PM2M502G002240118', 2, 22, 0, 16, 0, '', 1, 0, 59, 76, 21, 15, 2, 0, '', 0, 0, 0, 0, 0, 0, '2015-05-10 18:25:26', 0, '2015-05-16 06:08:27', 0, 0, 0),
(30, 2, '0116', 'PERODUA MYVI', 'PM2M602S002220116', 4, 22, 0, 16, 0, '', 1, 0, 59, 76, 21, 15, 2, 0, '', 0, 0, 0, 0, 0, 0, '2015-05-10 18:26:38', 0, '2015-05-16 06:17:42', 0, 0, 0),
(31, 2, '9756', 'PERODUA ALZA', 'PM2M502G002239756', 2, 22, 0, 16, 0, '', 1, 0, 59, 76, 21, 15, 2, 0, '', 0, 0, 0, 0, 0, 0, '2015-05-10 18:28:23', 0, '2015-05-16 06:08:52', 0, 0, 0),
(32, 2, '3548', 'PERODUA ALZA', 'PM2M502G002243548', 2, 22, 0, 16, 0, '', 1, 0, 59, 76, 21, 15, 2, 0, '', 0, 0, 0, 0, 0, 0, '2015-05-10 18:30:17', 0, '2015-05-16 06:09:19', 0, 0, 0),
(33, 2, '7903', 'PERODUA ALZA', 'PM2M502G002237903', 2, 22, 0, 16, 0, '', 1, 0, 59, 76, 21, 15, 2, 0, '', 0, 0, 0, 0, 0, 0, '2015-05-10 18:34:23', 0, '2015-05-16 06:09:44', 0, 0, 0),
(34, 2, '0816', 'PERODUA AXIA', 'PM2B200S003060816', 3, 22, 0, 16, 0, '', 1, 0, 59, 76, 21, 15, 2, 0, '', 0, 0, 0, 0, 0, 0, '2015-05-10 18:35:46', 0, '2015-05-16 06:34:21', 0, 0, 0),
(35, 2, '3747', 'PERODUA AXIA', 'PM2B200S003063747', 3, 22, 0, 16, 0, '', 1, 0, 59, 76, 21, 15, 2, 0, '', 0, 0, 0, 0, 0, 0, '2015-05-10 18:37:34', 0, '2015-05-16 06:34:44', 0, 0, 0),
(36, 2, '3376', 'PERODUA AXIA', 'PM2B200S003063376', 3, 22, 0, 16, 0, '', 1, 0, 59, 76, 21, 15, 2, 0, '', 0, 0, 0, 0, 0, 0, '2015-05-10 18:38:49', 0, '2015-05-16 06:35:07', 0, 0, 0),
(37, 2, '2682', 'PERODUA AXIA', 'PM2B200S003062682', 3, 22, 0, 16, 0, '', 1, 0, 59, 76, 21, 15, 2, 0, '', 0, 0, 0, 0, 0, 0, '2015-05-10 18:40:37', 0, '2015-05-16 06:35:30', 0, 0, 0),
(38, 2, '1884', 'PERODUA AXIA', 'PM2B200S003061884', 3, 22, 0, 16, 0, '', 1, 0, 59, 76, 21, 15, 2, 0, '', 0, 0, 0, 0, 0, 0, '2015-05-10 18:42:19', 0, '2015-05-16 06:35:52', 0, 0, 0),
(39, 2, '3434', 'PERODUA MYVI', 'PM2M602S002223434', 4, 22, 0, 16, 0, '', 1, 0, 59, 76, 21, 15, 2, 0, '', 0, 0, 0, 0, 0, 0, '2015-05-10 18:44:58', 0, '2015-05-16 06:18:05', 0, 0, 0),
(40, 2, '4029', 'PERODUA MYVI', 'PM2M603S002124029', 4, 22, 0, 16, 0, '', 1, 0, 59, 76, 21, 15, 2, 0, '', 0, 0, 0, 0, 0, 0, '2015-05-10 18:46:13', 0, '2015-05-16 06:18:28', 0, 0, 0),
(41, 2, '1388', 'PERODUA ALZA', 'PM2M502G002241388', 2, 22, 0, 16, 0, '', 1, 0, 59, 76, 21, 15, 2, 0, '', 0, 0, 0, 0, 0, 0, '2015-05-10 18:47:39', 0, '2015-05-16 06:10:36', 0, 0, 0),
(42, 2, '0984', 'PERODUA MYVI', 'PM2M602S002220984', 4, 22, 0, 16, 0, '', 1, 0, 59, 76, 21, 15, 2, 0, '', 0, 0, 0, 0, 0, 0, '2015-05-10 18:49:14', 0, '2015-05-16 06:18:50', 0, 0, 0),
(43, 2, '4836', 'PERODUA MYVI', 'PM2M603S002124836', 4, 22, 0, 16, 0, '', 1, 0, 59, 76, 21, 15, 2, 0, '', 0, 0, 0, 0, 0, 0, '2015-05-10 18:50:25', 0, '2015-05-16 06:19:12', 0, 0, 0),
(44, 2, '3932', 'PERODUA MYVI', 'PM2M602S002223932', 4, 22, 0, 16, 0, '', 1, 0, 59, 76, 21, 15, 2, 0, '', 0, 0, 0, 0, 0, 0, '2015-05-10 18:51:46', 0, '2015-05-16 06:19:36', 0, 0, 0),
(45, 2, '2003', 'PERODUA AXIA', 'PM2B200S003062003', 3, 22, 0, 16, 0, '', 1, 0, 59, 76, 21, 15, 2, 0, '', 0, 0, 0, 0, 0, 0, '2015-05-10 18:52:56', 0, '2015-05-16 06:36:14', 0, 0, 0),
(46, 2, '1283', 'PERODUA MYVI', 'PM2M602S002221283', 4, 22, 0, 16, 0, '', 1, 0, 59, 76, 21, 15, 2, 0, '', 0, 0, 0, 0, 0, 0, '2015-05-10 18:55:08', 0, '2015-05-16 06:20:00', 0, 0, 0),
(47, 2, '3701', 'PERODUA MYVI', 'PM2M603S002123701', 4, 22, 0, 16, 0, '', 1, 0, 59, 76, 21, 15, 2, 0, '', 0, 0, 0, 0, 0, 0, '2015-05-10 18:56:36', 0, '2015-05-16 06:20:23', 0, 0, 0),
(48, 2, '4352', 'PERODUA MYVI', 'PM2M602S002224352', 4, 22, 0, 16, 0, '', 1, 0, 59, 76, 21, 15, 2, 0, '', 0, 0, 0, 0, 0, 0, '2015-05-10 18:58:57', 0, '2015-05-16 06:20:48', 0, 0, 0),
(49, 2, '9105', 'PERODUA AXIA', 'PM2B200S003059105', 3, 22, 0, 16, 0, '', 1, 0, 59, 76, 21, 15, 2, 0, '', 0, 0, 0, 0, 0, 0, '2015-05-10 19:00:17', 0, '2015-05-16 06:36:38', 0, 0, 0),
(50, 2, '0254', 'PERODUA AXIA', 'PM2B200S003060254', 3, 22, 0, 16, 0, '', 1, 0, 59, 76, 21, 15, 2, 0, '', 0, 0, 0, 0, 0, 0, '2015-05-10 19:01:31', 0, '2015-05-16 06:37:00', 0, 0, 0),
(51, 2, '4437', 'PERODUA MYVI', 'PM2M602S002224437', 4, 22, 0, 16, 0, '', 1, 0, 59, 76, 21, 15, 2, 0, '', 0, 0, 0, 0, 0, 0, '2015-05-10 19:03:03', 0, '2015-05-16 06:21:08', 0, 0, 0),
(52, 2, '0508', 'PERODUA AXIA', 'PM2B200S003060508', 3, 22, 0, 16, 0, '', 1, 0, 59, 76, 21, 15, 2, 0, '', 0, 0, 0, 0, 0, 0, '2015-05-10 19:04:15', 0, '2015-05-16 06:37:22', 0, 0, 0),
(53, 2, '7837', 'PERODUA AXIA', 'PM2B200S003057837', 3, 22, 0, 16, 0, '', 1, 0, 59, 76, 21, 15, 2, 0, '', 0, 0, 0, 0, 0, 0, '2015-05-10 19:05:52', 0, '2015-05-16 06:37:46', 0, 0, 0),
(54, 2, '0778', 'PERODUA AXIA', 'PM2B200S003060778', 3, 22, 0, 16, 0, '', 1, 0, 59, 76, 21, 15, 2, 0, '', 0, 0, 0, 0, 0, 0, '2015-05-10 19:07:13', 0, '2015-05-16 06:38:07', 0, 0, 0),
(55, 2, '5215', 'PERODUA MYVI', 'PM2M602S002225215', 4, 22, 0, 16, 0, '', 1, 0, 59, 76, 21, 15, 2, 0, '', 0, 0, 0, 0, 0, 0, '2015-05-10 19:17:48', 0, '2015-05-16 06:21:32', 0, 0, 0),
(56, 2, '8199', 'PERODUA AXIA', 'PM2B200S003058199', 3, 22, 0, 16, 0, '', 1, 0, 59, 76, 21, 15, 2, 0, '', 0, 0, 0, 0, 0, 0, '2015-05-10 19:19:32', 0, '2015-05-16 06:38:28', 0, 0, 0),
(57, 2, '8391', 'PERODUA MYVI', 'PM2M603S002118391', 4, 22, 0, 16, 0, '', 1, 0, 59, 76, 21, 15, 2, 0, '', 0, 0, 0, 0, 0, 0, '2015-05-10 19:20:55', 0, '2015-05-16 06:21:56', 0, 0, 0),
(58, 2, '3161', 'PERODUA ALZA', 'PM2M502G002243161', 2, 22, 0, 16, 0, '', 1, 0, 59, 76, 21, 15, 2, 0, '', 0, 0, 0, 0, 0, 0, '2015-05-10 19:22:22', 0, '2015-05-16 06:11:13', 0, 0, 0),
(59, 2, '1734', 'PERODUA AXIA', 'PM2B200S003061734', 3, 22, 0, 16, 0, '', 1, 0, 59, 76, 21, 15, 2, 0, '', 0, 0, 0, 0, 0, 0, '2015-05-10 19:23:28', 0, '2015-05-16 06:38:49', 0, 0, 0),
(60, 2, '7295', 'PERODUA AXIA', 'PM2B200S003057295', 3, 22, 0, 16, 0, '', 1, 0, 59, 76, 21, 15, 2, 0, '', 0, 0, 0, 0, 0, 0, '2015-05-10 19:25:21', 0, '2015-05-16 06:39:10', 0, 0, 0),
(61, 2, '3965', 'PERODUA MYVI', 'PM2M603S002123965', 4, 22, 0, 16, 0, '', 1, 0, 59, 76, 21, 15, 2, 0, '', 0, 0, 0, 0, 0, 0, '2015-05-10 19:26:30', 0, '2015-05-16 06:22:24', 0, 0, 0),
(62, 2, '3889', 'PERODUA MYVI', 'PM2M603S002123889', 4, 22, 0, 16, 0, '', 1, 0, 59, 76, 21, 15, 2, 0, '', 0, 0, 0, 0, 0, 0, '2015-05-10 19:27:59', 0, '2015-05-16 06:22:46', 0, 0, 0),
(63, 2, '7161', 'PERODUA AXIA', 'PM2B200S003057161', 3, 22, 0, 16, 0, '', 1, 0, 59, 76, 21, 15, 2, 0, '', 0, 0, 0, 0, 0, 0, '2015-05-10 19:30:23', 0, '2015-05-16 06:39:31', 0, 0, 0),
(64, 2, '9399', 'PERODUA AXIA', 'PM2B200S003059399', 3, 22, 0, 16, 0, '', 1, 0, 59, 76, 21, 15, 2, 0, '', 0, 0, 0, 0, 0, 0, '2015-05-10 19:31:58', 0, '2015-05-16 06:39:55', 0, 0, 0),
(65, 2, '9861', 'PERODUA AXIA', 'PM2B200S003059861', 3, 22, 0, 16, 0, '', 1, 0, 59, 76, 21, 15, 2, 0, '', 0, 0, 0, 0, 0, 0, '2015-05-10 19:33:37', 0, '2015-05-16 06:40:16', 0, 0, 0),
(66, 2, '2601', 'PERODUA MYVI', 'PM2M603S002122601', 4, 22, 0, 16, 0, '', 1, 0, 59, 76, 21, 15, 2, 0, '', 0, 0, 0, 0, 0, 0, '2015-05-10 19:34:39', 0, '2015-05-16 06:23:08', 0, 0, 0),
(67, 2, '6000', 'PERODUA MYVI', 'PM2M603S002116000', 4, 22, 0, 16, 0, '', 1, 0, 59, 76, 21, 15, 2, 0, '', 0, 0, 0, 0, 0, 0, '2015-05-10 19:36:08', 0, '2015-05-16 06:23:34', 0, 0, 0),
(68, 2, '2944', 'PERODUA MYVI', 'PM2M603S002122944', 4, 22, 0, 16, 0, '', 1, 0, 59, 76, 21, 15, 2, 0, '', 0, 0, 0, 0, 0, 0, '2015-05-10 19:37:10', 0, '2015-05-16 06:23:58', 0, 0, 0),
(69, 2, '3046', 'PERODUA MYVI', 'PM2M602S002223046', 4, 22, 0, 16, 0, '', 1, 0, 59, 76, 21, 15, 2, 0, '', 0, 0, 0, 0, 0, 0, '2015-05-16 06:56:20', 0, '0000-00-00 00:00:00', 0, 0, 0),
(70, 2, '4073', 'PERODUA MYVI', 'PM2M602S002224073', 4, 22, 0, 16, 0, '', 1, 0, 59, 76, 21, 15, 2, 0, '', 0, 0, 0, 0, 0, 0, '2015-05-16 07:08:45', 0, '0000-00-00 00:00:00', 0, 0, 0),
(71, 2, '4263', 'PERODUA MYVI', 'PM2M602S002224263', 4, 22, 0, 16, 0, '', 1, 0, 59, 76, 21, 15, 2, 0, '', 0, 0, 0, 0, 0, 0, '2015-05-16 12:13:33', 0, '0000-00-00 00:00:00', 0, 0, 0),
(72, 2, '9207', 'PERODUA AXIA', 'PM2B200S003059207', 3, 22, 0, 16, 0, '', 1, 0, 59, 76, 21, 15, 2, 0, '', 0, 0, 0, 0, 0, 0, '2015-05-16 14:55:03', 0, '0000-00-00 00:00:00', 0, 0, 0),
(73, 2, '4501', 'PERODUA MYVI', 'PM2M602S002224501', 4, 22, 0, 16, 0, '', 1, 0, 59, 76, 21, 15, 2, 0, '', 0, 0, 0, 0, 0, 0, '2015-05-16 15:04:07', 0, '0000-00-00 00:00:00', 0, 0, 0),
(74, 2, '6854', 'PERODUA ALZA', 'PM2M502G002226854', 2, 22, 0, 16, 0, '', 1, 0, 59, 76, 21, 15, 2, 0, '', 0, 0, 0, 0, 0, 0, '2015-05-16 15:20:04', 0, '0000-00-00 00:00:00', 0, 0, 0),
(75, 2, '0581', 'PERODUA ALZA', 'PM2M502G002230581', 2, 22, 0, 16, 0, '', 1, 0, 59, 76, 21, 15, 2, 0, '', 0, 0, 0, 0, 0, 0, '2015-05-16 15:41:43', 0, '0000-00-00 00:00:00', 0, 0, 0),
(76, 2, '2526', 'PERODUA ALZA', 'PM2M502G002232526', 2, 22, 0, 16, 0, '', 1, 0, 59, 76, 21, 15, 2, 0, '', 0, 0, 0, 0, 0, 0, '2015-05-16 15:48:28', 0, '0000-00-00 00:00:00', 0, 0, 0),
(77, 2, '3053', 'PERODUA ALZA', 'PM2M502G002233053', 2, 22, 0, 16, 0, '', 1, 0, 59, 76, 21, 15, 2, 0, '', 0, 0, 0, 0, 0, 0, '2015-05-16 15:55:55', 0, '0000-00-00 00:00:00', 0, 0, 0),
(78, 2, '4339', 'PERODUA ALZA', 'PM2M502G002234339', 2, 22, 0, 16, 0, '', 1, 0, 59, 76, 21, 15, 2, 0, '', 0, 0, 0, 0, 0, 0, '2015-05-16 16:18:38', 0, '0000-00-00 00:00:00', 0, 0, 0),
(79, 2, '5606', 'PERODUA ALZA', 'PM2M502G002235606', 2, 22, 0, 16, 0, '', 1, 0, 59, 76, 21, 15, 2, 0, '', 0, 0, 0, 0, 0, 0, '2015-05-16 16:39:05', 0, '0000-00-00 00:00:00', 0, 0, 0),
(80, 2, '7288', 'PERODUA ALZA', 'PM2M502G002237288', 2, 22, 0, 16, 0, '', 1, 0, 59, 76, 21, 15, 2, 0, '', 0, 0, 0, 0, 0, 0, '2015-05-16 16:45:19', 0, '0000-00-00 00:00:00', 0, 0, 0),
(81, 2, '5576', 'PERODUA MYVI', 'PM2M603S002115576', 4, 22, 0, 16, 0, '', 1, 0, 59, 76, 21, 15, 2, 0, '', 0, 0, 0, 0, 0, 0, '2015-05-16 16:50:56', 0, '0000-00-00 00:00:00', 0, 0, 0),
(82, 2, '6907', 'PERODUA MYVI', 'PM2M603S002116907', 4, 22, 0, 16, 0, '', 1, 0, 59, 76, 21, 15, 2, 0, '', 0, 0, 0, 0, 0, 0, '2015-05-16 17:02:26', 0, '0000-00-00 00:00:00', 0, 0, 0),
(83, 2, '8671', 'PERODUA MYVI', 'PM2M603S002118671', 4, 22, 0, 16, 0, '', 1, 0, 59, 76, 21, 15, 2, 0, '', 0, 0, 0, 0, 0, 0, '2015-05-16 17:07:58', 0, '0000-00-00 00:00:00', 0, 0, 0),
(84, 2, '9479', 'PERODUA MYVI', 'PM2M603S002119479', 4, 22, 0, 16, 0, '', 1, 0, 59, 76, 21, 15, 2, 0, '', 0, 0, 0, 0, 0, 0, '2015-05-17 00:48:36', 0, '0000-00-00 00:00:00', 0, 0, 0),
(85, 2, '3759', 'PERODUA MYVI', 'PM2M603S002113759', 4, 22, 0, 16, 0, '', 1, 0, 59, 76, 21, 15, 2, 0, '', 0, 0, 0, 0, 0, 0, '2015-05-17 00:55:52', 0, '0000-00-00 00:00:00', 0, 0, 0),
(86, 2, '6330', 'PERODUA MYVI', 'PM2M603S002116330', 4, 22, 0, 16, 0, '', 1, 0, 59, 76, 21, 15, 2, 0, '', 0, 0, 0, 0, 0, 0, '2015-05-17 01:15:49', 0, '0000-00-00 00:00:00', 0, 0, 0),
(87, 2, '9123', 'PERODUA MYVI', 'PM2M603S002119123', 4, 22, 0, 16, 0, '', 1, 0, 59, 76, 21, 15, 2, 0, '', 0, 0, 0, 0, 0, 0, '2015-05-17 01:22:27', 0, '0000-00-00 00:00:00', 0, 0, 0),
(88, 2, '9054', 'PERODUA ALZA', 'PM2M502G002239054', 2, 22, 0, 16, 0, '', 1, 0, 59, 76, 21, 15, 2, 0, '', 0, 0, 0, 0, 0, 0, '2015-05-17 01:29:13', 0, '0000-00-00 00:00:00', 0, 0, 0),
(89, 2, '4192', 'PERODUA MYVI', 'PM2M602S002224192', 4, 22, 0, 16, 0, '', 1, 0, 59, 76, 21, 15, 2, 0, '', 0, 0, 0, 0, 0, 0, '2015-05-17 01:36:11', 0, '0000-00-00 00:00:00', 0, 0, 0),
(90, 2, '2164', 'PERODUA MYVI', 'PM2M602S002222164', 4, 22, 0, 16, 0, '', 1, 0, 59, 76, 21, 15, 2, 0, '', 0, 0, 0, 0, 0, 0, '2015-05-17 01:42:12', 0, '0000-00-00 00:00:00', 0, 0, 0),
(91, 2, '6413', 'PERODUA ALZA', 'PM2M502G002226413', 2, 22, 0, 16, 0, '', 1, 0, 59, 76, 21, 15, 2, 0, '', 0, 0, 0, 0, 0, 0, '2015-05-17 01:48:46', 0, '0000-00-00 00:00:00', 0, 0, 0),
(92, 2, '6166', 'PERODUA ALZA', 'PM2M502G002236166', 2, 22, 0, 16, 0, '', 1, 0, 59, 76, 21, 15, 2, 0, '', 0, 0, 0, 0, 0, 0, '2015-05-17 01:54:27', 0, '0000-00-00 00:00:00', 0, 0, 0),
(93, 2, '8643', 'PERODUA ALZA', 'PM2M502G002238643', 2, 22, 0, 16, 0, '', 1, 0, 59, 76, 21, 15, 2, 0, '', 0, 0, 0, 0, 0, 0, '2015-05-17 02:01:36', 0, '0000-00-00 00:00:00', 0, 0, 0),
(94, 2, '0930', 'PERODUA ALZA', 'PM2M502G002240930', 2, 22, 0, 16, 0, '', 1, 0, 59, 76, 21, 15, 2, 0, '', 0, 0, 0, 0, 0, 0, '2015-05-17 02:12:05', 0, '0000-00-00 00:00:00', 0, 0, 0),
(95, 2, '4707', 'PERODUA MYVI', 'PM2M603S002114707', 4, 22, 0, 16, 0, '', 1, 0, 59, 76, 21, 15, 2, 0, '', 0, 0, 0, 0, 0, 0, '2015-05-17 02:20:12', 0, '0000-00-00 00:00:00', 0, 0, 0),
(96, 2, '7455', 'PERODUA MYVI', 'PM2M603S002117455', 4, 22, 0, 16, 0, '', 1, 0, 59, 76, 21, 15, 2, 0, '', 0, 0, 0, 0, 0, 0, '2015-05-17 02:26:37', 0, '0000-00-00 00:00:00', 0, 0, 0),
(97, 2, '9734', 'PERODUA MYVI', 'PM2M603S002119734', 4, 22, 0, 16, 0, '', 1, 0, 59, 76, 21, 15, 2, 0, '', 0, 0, 0, 0, 0, 0, '2015-05-17 02:33:06', 0, '0000-00-00 00:00:00', 0, 0, 0),
(98, 2, '9976', 'PERODUA MYVI', 'PM2M603S002119976', 4, 22, 0, 16, 0, '', 1, 0, 59, 76, 21, 15, 2, 0, '', 0, 0, 0, 0, 0, 0, '2015-05-17 02:38:59', 0, '0000-00-00 00:00:00', 0, 0, 0),
(99, 2, '0594', 'PERODUA MYVI', 'PM2M603S002120594', 4, 22, 0, 16, 0, '', 1, 0, 59, 76, 21, 15, 2, 0, '', 0, 0, 0, 0, 0, 0, '2015-05-17 02:44:43', 0, '0000-00-00 00:00:00', 0, 0, 0),
(100, 2, '1595', 'PERODUA MYVI', 'PM2M603S002121595', 4, 22, 0, 16, 0, '', 1, 0, 59, 76, 21, 15, 2, 0, '', 0, 0, 0, 0, 0, 0, '2015-05-17 02:51:24', 0, '0000-00-00 00:00:00', 0, 0, 0),
(101, 2, '2092', 'PERODUA MYVI', 'PM2M603S002122092', 4, 22, 0, 16, 0, '', 1, 0, 59, 76, 21, 15, 2, 0, '', 0, 0, 0, 0, 0, 0, '2015-05-17 04:57:49', 0, '0000-00-00 00:00:00', 0, 0, 0),
(102, 2, '2324', 'PERODUA MYVI', 'PM2M603S002122324', 4, 22, 0, 16, 0, '', 1, 0, 59, 76, 21, 15, 2, 0, '', 0, 0, 0, 0, 0, 0, '2015-05-17 05:03:22', 0, '0000-00-00 00:00:00', 0, 0, 0),
(103, 2, '2485', 'PERODUA MYVI', 'PM2M603S002122485', 4, 22, 0, 16, 0, '', 1, 0, 59, 76, 21, 15, 2, 0, '', 0, 0, 0, 0, 0, 0, '2015-05-17 05:10:55', 0, '0000-00-00 00:00:00', 0, 0, 0),
(104, 2, '1022', 'PERODUA MYVI', 'PM2M603S002121022', 4, 22, 0, 16, 0, '', 1, 0, 59, 76, 21, 15, 2, 0, '', 0, 0, 0, 0, 0, 0, '2015-05-17 05:17:54', 0, '0000-00-00 00:00:00', 0, 0, 0),
(105, 2, '2531', 'PERODUA ALZA', 'PM2M502G002232531', 2, 22, 0, 16, 0, '', 1, 0, 59, 76, 21, 15, 2, 0, '', 0, 0, 0, 0, 0, 0, '2015-05-17 05:24:28', 0, '0000-00-00 00:00:00', 0, 0, 0),
(106, 2, '9259', 'PERODUA ALZA', 'PM2M502G002239259', 2, 22, 0, 16, 0, '', 1, 0, 59, 76, 21, 15, 2, 0, '', 0, 0, 0, 0, 0, 0, '2015-05-17 05:32:17', 0, '0000-00-00 00:00:00', 0, 0, 0),
(107, 2, '0218', 'PERODUA ALZA', 'PM2M502G002240218', 2, 22, 0, 16, 0, '', 1, 0, 59, 76, 21, 15, 2, 0, '', 0, 0, 0, 0, 0, 0, '2015-05-17 05:37:55', 0, '0000-00-00 00:00:00', 0, 0, 0),
(108, 2, '1617', 'PERODUA MYVI', 'PM2M602S002211617', 4, 22, 0, 16, 0, '', 1, 0, 59, 76, 21, 15, 2, 0, '', 0, 0, 0, 0, 0, 0, '2015-05-17 05:44:06', 0, '0000-00-00 00:00:00', 0, 0, 0),
(109, 2, '2335', 'PERODUA MYVI', 'PM2M602S002222335', 4, 22, 0, 16, 0, '', 1, 0, 59, 76, 21, 15, 2, 0, '', 0, 0, 0, 0, 0, 0, '2015-05-17 05:48:32', 0, '0000-00-00 00:00:00', 0, 0, 0),
(110, 2, '7543', 'PERODUA AXIA', 'PM2B200S003057543', 3, 22, 0, 16, 0, '', 1, 0, 59, 76, 21, 15, 2, 0, '', 0, 0, 0, 0, 0, 0, '2015-05-17 07:04:51', 0, '0000-00-00 00:00:00', 0, 0, 0),
(111, 2, '3990', 'PERODUA MYVI', 'PM2M603S002123990', 4, 22, 0, 16, 0, '', 1, 0, 59, 76, 21, 15, 2, 0, '', 0, 0, 0, 0, 0, 0, '2015-05-17 07:13:32', 0, '0000-00-00 00:00:00', 0, 0, 0),
(112, 2, '2156', 'PERODUA ALZA', 'PM2M502G002242156', 2, 22, 0, 16, 0, '', 1, 0, 59, 76, 21, 15, 2, 0, '', 0, 0, 0, 0, 0, 0, '2015-05-17 07:24:19', 0, '0000-00-00 00:00:00', 0, 0, 0),
(113, 2, '5004', 'PERODUA MYVI', 'PM2M602S002225004', 4, 22, 0, 16, 0, '', 1, 0, 59, 76, 21, 15, 2, 0, '', 0, 0, 0, 0, 0, 0, '2015-05-17 07:31:14', 0, '0000-00-00 00:00:00', 0, 0, 0),
(114, 2, '5146', 'PERODUA MYVI', 'PM2M602S002225146', 4, 22, 0, 16, 0, '', 1, 0, 59, 76, 21, 15, 2, 0, '', 0, 0, 0, 0, 0, 0, '2015-05-17 07:37:54', 0, '0000-00-00 00:00:00', 0, 0, 0),
(115, 2, '4145', 'PERODUA MYVI', 'PM2M603S002124145', 4, 22, 0, 16, 0, '', 1, 0, 59, 76, 21, 15, 2, 0, '', 0, 0, 0, 0, 0, 0, '2015-05-17 07:43:39', 0, '0000-00-00 00:00:00', 0, 0, 0),
(116, 2, '6703', 'PERODUA ALZA', 'PM2M502G002236703', 2, 22, 0, 16, 0, '', 1, 0, 59, 76, 21, 15, 2, 0, '', 0, 0, 0, 0, 0, 0, '2015-05-17 08:19:17', 0, '0000-00-00 00:00:00', 0, 0, 0),
(117, 2, '2572', 'PERODUA MYVI', 'PM2M603S002122572', 4, 22, 0, 16, 0, '', 1, 0, 59, 76, 21, 15, 2, 0, '', 0, 0, 0, 0, 0, 0, '2015-05-17 08:27:01', 0, '0000-00-00 00:00:00', 0, 0, 0),
(118, 2, '6870', 'PERODUA ALZA', 'PM2M502G002236870', 2, 22, 0, 16, 0, '', 1, 0, 59, 76, 21, 15, 2, 0, '', 0, 0, 0, 0, 0, 0, '2015-05-17 08:33:24', 0, '0000-00-00 00:00:00', 0, 0, 0),
(119, 2, '1927', 'PERODUA ALZA', 'PM2M502G002241927', 2, 22, 0, 16, 0, '', 1, 0, 59, 76, 21, 15, 2, 0, '', 0, 0, 0, 0, 0, 0, '2015-05-17 08:40:32', 0, '0000-00-00 00:00:00', 0, 0, 0),
(120, 2, '2052', 'PERODUA ALZA', 'PM2M502G002242052', 2, 22, 0, 16, 0, '', 1, 0, 59, 76, 21, 15, 2, 0, '', 0, 0, 0, 0, 0, 0, '2015-05-17 08:46:37', 0, '0000-00-00 00:00:00', 0, 0, 0),
(121, 2, '2181', 'PERODUA ALZA', 'PM2M502G002242181', 2, 22, 0, 16, 0, '', 1, 0, 59, 76, 21, 15, 2, 0, '', 0, 0, 0, 0, 0, 0, '2015-05-17 08:52:15', 0, '0000-00-00 00:00:00', 0, 0, 0),
(122, 2, '1465', 'PERODUA AXIA', 'PM2B200S003061465', 3, 22, 0, 16, 0, '', 1, 0, 59, 76, 21, 15, 2, 0, '', 0, 0, 0, 0, 0, 0, '2015-05-17 09:09:17', 0, '0000-00-00 00:00:00', 0, 0, 0),
(123, 2, '6188', 'PERODUA MYVI', 'PM2M602S002226188', 4, 22, 0, 16, 0, '', 1, 0, 59, 76, 21, 15, 2, 0, '', 0, 0, 0, 0, 0, 0, '2015-05-17 09:37:34', 0, '0000-00-00 00:00:00', 0, 0, 0),
(124, 2, '5360', 'PERODUA MYVI', 'PM2M603S002125360', 4, 22, 0, 16, 0, '', 1, 0, 59, 76, 21, 15, 2, 0, '', 0, 0, 0, 0, 0, 0, '2015-05-17 09:47:47', 0, '0000-00-00 00:00:00', 0, 0, 0),
(125, 2, '6238', 'PERODUA MYVI', 'PM2M602S002226238', 4, 22, 0, 16, 0, '', 1, 0, 59, 76, 21, 15, 2, 0, '', 0, 0, 0, 0, 0, 0, '2015-05-17 10:00:59', 0, '0000-00-00 00:00:00', 0, 0, 0),
(126, 2, '6704', 'PERODUA MYVI', 'PM2M602S002226704', 4, 22, 0, 16, 0, '', 1, 0, 59, 76, 21, 15, 2, 0, '', 0, 0, 0, 0, 0, 0, '2015-05-17 10:07:36', 0, '0000-00-00 00:00:00', 0, 0, 0),
(127, 2, '2362', 'PERODUA ALZA', 'PM2M502G002242362', 2, 22, 0, 16, 0, '', 1, 0, 59, 76, 21, 15, 2, 0, '', 0, 0, 0, 0, 0, 0, '2015-05-17 10:23:12', 0, '0000-00-00 00:00:00', 0, 0, 0),
(128, 2, '3190', 'PERODUA AXIA', 'PM2B200S003063190', 3, 22, 0, 16, 0, '', 1, 0, 59, 76, 21, 15, 2, 0, '', 0, 0, 0, 0, 0, 0, '2015-05-17 10:31:09', 0, '0000-00-00 00:00:00', 0, 0, 0),
(129, 2, '4366', 'PERODUA ALZA', 'PM2M502G002244366', 2, 22, 0, 16, 0, '', 1, 0, 59, 76, 21, 15, 2, 0, '', 0, 0, 0, 0, 0, 0, '2015-05-17 10:38:50', 0, '0000-00-00 00:00:00', 0, 0, 0),
(130, 2, '4432', 'PERODUA ALZA', 'PM2M502G002244432', 2, 22, 0, 16, 0, '', 1, 0, 59, 76, 21, 15, 2, 0, '', 0, 0, 0, 0, 0, 0, '2015-05-17 11:39:16', 0, '0000-00-00 00:00:00', 0, 0, 0),
(131, 2, '6892', 'PERODUA MYVI', 'PM2M602S002226892', 4, 22, 0, 16, 0, '', 1, 0, 59, 76, 21, 15, 2, 0, '', 0, 0, 0, 0, 0, 0, '2015-05-17 11:45:50', 0, '0000-00-00 00:00:00', 0, 0, 0),
(132, 2, '5713', 'PERODUA MYVI', 'PM2M603S002125713', 4, 22, 0, 16, 0, '', 1, 0, 59, 76, 21, 15, 2, 0, '', 0, 0, 0, 0, 0, 0, '2015-05-17 16:17:33', 0, '0000-00-00 00:00:00', 0, 0, 0),
(133, 2, '2980', 'PERODUA AXIA', 'PM2B200S003062980', 3, 22, 0, 16, 0, '', 1, 0, 59, 76, 21, 15, 2, 0, '', 0, 0, 0, 0, 0, 0, '2015-05-17 16:26:37', 0, '0000-00-00 00:00:00', 0, 0, 0),
(134, 2, '3471', 'PERODUA AXIA', 'PM2B200S003063471', 3, 22, 0, 16, 0, '', 1, 0, 59, 76, 21, 15, 2, 0, '', 0, 0, 0, 0, 0, 0, '2015-05-17 16:34:29', 0, '0000-00-00 00:00:00', 0, 0, 0),
(135, 2, '3565', 'PERODUA AXIA', 'PM2B200S003063565', 3, 22, 0, 16, 0, '', 1, 0, 59, 76, 21, 15, 2, 0, '', 0, 0, 0, 0, 0, 0, '2015-05-17 16:41:05', 0, '0000-00-00 00:00:00', 0, 0, 0),
(136, 2, '5812', 'PERODUA MYVI', 'PM2M603S002125812', 4, 22, 0, 16, 0, '', 1, 0, 59, 76, 21, 15, 2, 0, '', 0, 0, 0, 0, 0, 0, '2015-05-17 16:53:59', 0, '0000-00-00 00:00:00', 0, 0, 0),
(137, 2, '3853', 'PERODUA MYVI', 'PM2M602S002223853', 4, 22, 0, 16, 0, '', 1, 0, 59, 76, 21, 15, 2, 0, '', 0, 0, 0, 0, 0, 0, '2015-05-17 17:00:20', 0, '0000-00-00 00:00:00', 0, 0, 0),
(138, 2, '6405', 'PERODUA MYVI', 'PM2M602S002226405', 4, 22, 0, 16, 0, '', 1, 0, 59, 76, 21, 15, 2, 0, '', 0, 0, 0, 0, 0, 0, '2015-05-18 07:06:18', 0, '0000-00-00 00:00:00', 0, 0, 0),
(139, 2, '7023', 'PERODUA MYVI', 'PM2M602S002227023', 4, 22, 0, 16, 0, '', 1, 0, 59, 76, 21, 15, 2, 0, '', 0, 0, 0, 0, 0, 0, '2015-05-18 07:12:44', 0, '0000-00-00 00:00:00', 0, 0, 0),
(140, 2, '7253', 'PERODUA MYVI', 'PM2M602S002227253', 4, 22, 0, 16, 0, '', 1, 0, 59, 76, 21, 15, 2, 0, '', 0, 0, 0, 0, 0, 0, '2015-05-18 07:18:54', 0, '0000-00-00 00:00:00', 0, 0, 0),
(141, 2, '7517', 'PERODUA MYVI', 'PM2M602S002227517', 4, 22, 0, 16, 0, '', 1, 0, 59, 76, 21, 15, 2, 0, '', 0, 0, 0, 0, 0, 0, '2015-05-18 07:23:50', 0, '0000-00-00 00:00:00', 0, 0, 0),
(142, 2, '6011', 'PERODUA MYVI', 'PM2M603S002126011', 4, 22, 0, 16, 0, '', 1, 0, 59, 76, 21, 15, 2, 0, '', 0, 0, 0, 0, 0, 0, '2015-05-18 07:28:18', 0, '0000-00-00 00:00:00', 0, 0, 0),
(143, 2, '4188', 'PERODUA ALZA', 'PM2M502G002244188', 2, 22, 0, 16, 0, '', 1, 0, 59, 76, 21, 15, 2, 0, '', 0, 0, 0, 0, 0, 0, '2015-05-18 07:33:28', 0, '0000-00-00 00:00:00', 0, 0, 0),
(144, 2, '4522', 'PERODUA ALZA', 'PM2M502G002244522', 2, 22, 0, 16, 0, '', 1, 0, 59, 76, 21, 15, 2, 0, '', 0, 0, 0, 0, 0, 0, '2015-05-18 08:11:21', 0, '0000-00-00 00:00:00', 0, 0, 0),
(145, 2, '7661', 'PERODUA MYVI', 'PM2M602S002227661', 4, 22, 0, 16, 0, '', 1, 0, 59, 76, 21, 15, 2, 0, '', 0, 0, 0, 0, 0, 0, '2015-05-18 08:17:29', 0, '0000-00-00 00:00:00', 0, 0, 0),
(146, 2, '5387', 'PERODUA AXIA', 'PM2B200S003065387', 3, 22, 0, 16, 0, '', 1, 0, 59, 76, 21, 15, 2, 0, '', 0, 0, 0, 0, 0, 0, '2015-05-18 08:22:45', 0, '0000-00-00 00:00:00', 0, 0, 0),
(147, 2, '5427', 'PERODUA AXIA', 'PM2B200S003065427', 3, 22, 0, 16, 0, '', 1, 0, 59, 76, 21, 15, 2, 0, '', 0, 0, 0, 0, 0, 0, '2015-05-18 08:28:03', 0, '0000-00-00 00:00:00', 0, 0, 0),
(148, 2, '5112', 'PERODUA ALZA', 'PM2M502G002245112', 2, 22, 0, 16, 0, '', 1, 0, 59, 76, 21, 15, 2, 0, '', 0, 0, 0, 0, 0, 0, '2015-05-18 08:59:38', 0, '0000-00-00 00:00:00', 0, 0, 0),
(149, 2, '6126', 'PERODUA MYVI', 'PM2M603S002126126', 4, 22, 0, 16, 0, '', 1, 0, 59, 76, 21, 15, 2, 0, '', 0, 0, 0, 0, 0, 0, '2015-05-18 09:05:57', 0, '0000-00-00 00:00:00', 0, 0, 0),
(150, 2, '6278', 'PERODUA AXIA', 'PM2B200S003066278', 3, 22, 0, 16, 0, '', 1, 0, 59, 76, 21, 15, 2, 0, '', 0, 0, 0, 0, 0, 0, '2015-05-18 09:44:50', 0, '0000-00-00 00:00:00', 0, 0, 0),
(151, 2, '6505', 'PERODUA AXIA', 'PM2B200S003066505', 3, 22, 0, 16, 0, '', 1, 0, 59, 76, 21, 15, 2, 0, '', 0, 0, 0, 0, 0, 0, '2015-05-18 09:53:03', 0, '0000-00-00 00:00:00', 0, 0, 0),
(152, 2, '7033', 'PERODUA MYVI', 'PM2M602S002227033', 4, 22, 0, 16, 0, '', 1, 0, 59, 76, 21, 15, 2, 0, '', 0, 0, 0, 0, 0, 0, '2015-05-18 10:04:59', 0, '0000-00-00 00:00:00', 0, 0, 0),
(153, 1, '0001', 'PERODUA MYVI', 'PM2M502G002230001', 1, 22, 0, 15, 0, '', 1, 0, 204, 221, 166, 50, 37, 0, '', 0, 0, 0, 0, 0, 0, '2015-05-18 10:50:46', 0, '0000-00-00 00:00:00', 0, 0, 0),
(154, 1, '0002', 'PERODUA AXIA', 'PM2B200S0030570002', 1, 22, 0, 15, 0, '', 1, 0, 204, 221, 166, 50, 37, 0, '', 0, 0, 0, 0, 0, 0, '2015-05-18 11:34:34', 0, '0000-00-00 00:00:00', 0, 0, 0),
(155, 2, '3500', 'PERODUA AXIA', 'PM2B200S003073500', 3, 22, 0, 16, 0, '', 1, 0, 59, 76, 21, 15, 2, 0, '', 0, 0, 0, 0, 0, 0, '2015-06-13 19:08:40', 0, '0000-00-00 00:00:00', 0, 0, 0),
(156, 2, '0123', 'PERODUA MYVI', 'PM2M602S002230123', 4, 22, 0, 16, 0, '', 1, 0, 59, 76, 21, 15, 2, 0, '', 0, 0, 0, 0, 0, 0, '2015-06-13 19:30:43', 0, '0000-00-00 00:00:00', 0, 0, 0),
(157, 2, '5277', 'PERODUA MYVI', 'PM2M602S002215277', 4, 22, 0, 16, 0, '', 1, 0, 59, 76, 21, 15, 2, 0, '', 0, 0, 0, 0, 0, 0, '2015-06-13 19:42:31', 0, '0000-00-00 00:00:00', 0, 0, 0),
(158, 2, '6292', 'PERODUA MYVI', 'PM2M602S002216292', 4, 22, 0, 16, 0, '', 1, 0, 59, 76, 21, 15, 2, 0, '', 0, 0, 0, 0, 0, 0, '2015-06-13 19:58:20', 0, '0000-00-00 00:00:00', 0, 0, 0),
(159, 2, '8927', 'PERODUA MYVI', 'PM2M602S002218927', 4, 22, 0, 16, 0, '', 1, 0, 59, 76, 21, 15, 2, 0, '', 0, 0, 0, 0, 0, 0, '2015-06-13 20:06:42', 0, '0000-00-00 00:00:00', 0, 0, 0),
(160, 2, '7384', 'PERODUA MYVI', 'PM2M602S002227384', 4, 22, 0, 16, 0, '', 1, 0, 59, 76, 21, 15, 2, 0, '', 0, 0, 0, 0, 0, 0, '2015-06-13 20:12:16', 0, '0000-00-00 00:00:00', 0, 0, 0),
(161, 2, '6683', 'PERODUA MYVI', 'PM2M602S002226683', 4, 22, 0, 16, 0, '', 1, 0, 59, 76, 21, 15, 2, 0, '', 0, 0, 0, 0, 0, 0, '2015-06-13 20:18:08', 0, '0000-00-00 00:00:00', 0, 0, 0),
(162, 2, '2428', 'PERODUA MYVI', 'PM2M602S002222428', 4, 22, 0, 16, 0, '', 1, 0, 59, 76, 21, 15, 2, 0, '', 0, 0, 0, 0, 0, 0, '2015-06-15 18:54:14', 0, '0000-00-00 00:00:00', 0, 0, 0),
(163, 2, '5537', 'PERODUA ALZA', 'PM2M502G002245537', 2, 22, 0, 16, 0, '', 1, 0, 59, 76, 21, 15, 2, 0, '', 0, 0, 0, 0, 0, 0, '2015-06-15 19:04:34', 0, '0000-00-00 00:00:00', 0, 0, 0),
(164, 2, '8532', 'PERODUA MYVI', 'PM2M602S002228532', 4, 22, 0, 16, 0, '', 1, 0, 59, 76, 21, 15, 2, 0, '', 0, 0, 0, 0, 0, 0, '2015-06-15 19:13:22', 0, '0000-00-00 00:00:00', 0, 0, 0),
(165, 2, '6733', 'PERODUA MYVI', 'PM2M603S002126733', 4, 22, 0, 16, 0, '', 1, 0, 59, 76, 21, 15, 2, 0, '', 0, 0, 0, 0, 0, 0, '2015-06-15 19:22:09', 0, '0000-00-00 00:00:00', 0, 0, 0),
(166, 2, '9324', 'PERODUA MYVI', 'PM2M602S002229324', 4, 22, 0, 16, 0, '', 1, 0, 59, 76, 21, 15, 2, 0, '', 0, 0, 0, 0, 0, 0, '2015-06-15 19:33:08', 0, '0000-00-00 00:00:00', 0, 0, 0),
(167, 2, '9102', 'PERODUA AXIA', 'PM2B200S003069102', 3, 22, 0, 16, 0, '', 1, 0, 59, 76, 21, 15, 2, 0, '', 0, 0, 0, 0, 0, 0, '2015-06-15 19:39:36', 0, '0000-00-00 00:00:00', 0, 0, 0),
(168, 2, '4184', 'PERODUA ALZA', 'PM2M502G002244184', 2, 22, 0, 16, 0, '', 1, 0, 59, 76, 21, 15, 2, 0, '', 0, 0, 0, 0, 0, 0, '2015-06-15 19:55:53', 0, '0000-00-00 00:00:00', 0, 0, 0),
(169, 2, '6239', 'PERODUA ALZA', 'PM2M502G002246239', 2, 22, 0, 16, 0, '', 1, 0, 59, 76, 21, 15, 2, 0, '', 0, 0, 0, 0, 0, 0, '2015-06-15 20:20:41', 0, '0000-00-00 00:00:00', 0, 0, 0),
(170, 2, '9787', 'PERODUA MYVI', 'PM2M602S002229787', 4, 22, 0, 16, 0, '', 1, 0, 59, 76, 21, 15, 2, 0, '', 0, 0, 0, 0, 0, 0, '2015-06-15 20:31:07', 0, '0000-00-00 00:00:00', 0, 0, 0),
(171, 2, '9703', 'PERODUA AXIA', 'PM2B200S003069703', 3, 22, 0, 16, 0, '', 1, 0, 59, 76, 21, 15, 2, 0, '', 0, 0, 0, 0, 0, 0, '2015-06-15 20:43:56', 0, '0000-00-00 00:00:00', 0, 0, 0),
(172, 2, '9950', 'PERODUA AXIA', 'PM2B200S003069950', 3, 22, 0, 16, 0, '', 1, 0, 59, 76, 21, 15, 2, 0, '', 0, 0, 0, 0, 0, 0, '2015-06-15 21:07:07', 0, '0000-00-00 00:00:00', 0, 0, 0),
(173, 2, '0123', 'PERODUA AXIA', 'PM2B200S003070123', 3, 22, 0, 16, 0, '', 1, 0, 59, 76, 21, 15, 2, 0, '', 0, 0, 0, 0, 0, 0, '2015-06-15 21:13:29', 0, '0000-00-00 00:00:00', 0, 0, 0),
(174, 2, '0331', 'PERODUA AXIA', 'PM2B200S003070331', 3, 22, 0, 16, 0, '', 1, 0, 59, 76, 21, 15, 2, 0, '', 0, 0, 0, 0, 0, 0, '2015-06-15 21:19:33', 0, '0000-00-00 00:00:00', 0, 0, 0);

--
-- Triggers `item`
--
DELIMITER //
CREATE TRIGGER `trigger_before_insert_item` BEFORE INSERT ON `item`
 FOR EACH ROW begin
if new.incomeID = 0 or new.incomeID is null then 
set new.incomeID = (select accountID from comp_control_acct_setup where ID > 0 and companyID = new.companyID and accountCode='saleacct'); 
end if;
if new.cogsID = 0 or new.cogsID is null then 
set new.cogsID = (select accountID from comp_control_acct_setup where id>0 and companyID = new.companyID and accountCode = 'saleacct');
end if;

end
//
DELIMITER ;

-- --------------------------------------------------------

--
-- Table structure for table `item_adjustment`
--

CREATE TABLE IF NOT EXISTS `item_adjustment` (
`ID` int(11) NOT NULL,
  `companyID` int(11) NOT NULL,
  `locationID` int(11) NOT NULL,
  `formNo` varchar(32) NOT NULL,
  `updateAble` smallint(11) NOT NULL DEFAULT '1',
  `adjustmentDate` date NOT NULL,
  `createdBy` varchar(50) NOT NULL,
  `createdTS` timestamp NOT NULL DEFAULT CURRENT_TIMESTAMP,
  `updatedBy` int(11) NOT NULL,
  `updatedTS` timestamp NOT NULL DEFAULT '0000-00-00 00:00:00' ON UPDATE CURRENT_TIMESTAMP
) ENGINE=InnoDB  DEFAULT CHARSET=latin1 AUTO_INCREMENT=5 ;

--
-- Dumping data for table `item_adjustment`
--

INSERT INTO `item_adjustment` (`ID`, `companyID`, `locationID`, `formNo`, `updateAble`, `adjustmentDate`, `createdBy`, `createdTS`, `updatedBy`, `updatedTS`) VALUES
(1, 1, 1, 'IA20150511', 0, '2015-05-11', '1', '2015-05-11 07:18:01', 0, '2015-05-11 07:18:15'),
(2, 1, 1, 'IA20150511', 0, '2015-05-11', '1', '2015-05-11 07:24:35', 0, '2015-05-11 07:24:51'),
(3, 2, 2, 'IA20150512', 0, '2015-05-12', '2', '2015-05-12 07:18:48', 0, '2015-05-12 07:19:11'),
(4, 1, 1, 'IA20150518', 0, '2015-05-18', '1', '2015-05-18 11:10:31', 0, '2015-05-18 11:11:19');

-- --------------------------------------------------------

--
-- Table structure for table `item_adjustment_detail`
--

CREATE TABLE IF NOT EXISTS `item_adjustment_detail` (
`ID` int(11) NOT NULL,
  `adjustmentID` int(11) NOT NULL,
  `itemID` int(11) NOT NULL,
  `lineNo` int(11) NOT NULL,
  `unitOfMeasureID` int(11) NOT NULL,
  `umID` int(11) NOT NULL,
  `qtyOnHand` double NOT NULL COMMENT 'The number of items on the time of Adjustment',
  `counted` double NOT NULL COMMENT 'The actual number of items on the time of adjustment',
  `onDatePrice` double NOT NULL,
  `updateAble` smallint(11) NOT NULL DEFAULT '1',
  `adjustmentDate` date NOT NULL,
  `createdBy` varchar(50) NOT NULL,
  `createdTS` timestamp NOT NULL DEFAULT CURRENT_TIMESTAMP,
  `updatedBy` int(11) NOT NULL,
  `updatedTS` timestamp NOT NULL DEFAULT '0000-00-00 00:00:00' ON UPDATE CURRENT_TIMESTAMP
) ENGINE=InnoDB  DEFAULT CHARSET=latin1 AUTO_INCREMENT=5 ;

--
-- Dumping data for table `item_adjustment_detail`
--

INSERT INTO `item_adjustment_detail` (`ID`, `adjustmentID`, `itemID`, `lineNo`, `unitOfMeasureID`, `umID`, `qtyOnHand`, `counted`, `onDatePrice`, `updateAble`, `adjustmentDate`, `createdBy`, `createdTS`, `updatedBy`, `updatedTS`) VALUES
(1, 1, 1, 1, 15, 0, 3, 2, 0, 1, '2015-05-11', '', '2015-05-11 07:18:01', 0, '0000-00-00 00:00:00'),
(2, 2, 1, 1, 15, 0, 1, 0, 0, 1, '2015-05-11', '', '2015-05-11 07:24:35', 0, '0000-00-00 00:00:00'),
(3, 3, 2, 1, 16, 0, 1, 0, 0, 1, '2015-05-12', '', '2015-05-12 07:18:48', 0, '0000-00-00 00:00:00'),
(4, 4, 153, 1, 15, 0, 1, 0, 0, 1, '2015-05-18', '', '2015-05-18 11:10:31', 0, '0000-00-00 00:00:00');

-- --------------------------------------------------------

--
-- Table structure for table `item_details`
--

CREATE TABLE IF NOT EXISTS `item_details` (
`ID` int(11) NOT NULL,
  `companyID` int(11) DEFAULT NULL,
  `itemID` int(11) DEFAULT NULL,
  `locationID` int(11) DEFAULT NULL,
  `onHandQty` double DEFAULT NULL,
  `umID` int(11) DEFAULT NULL,
  `acctID` int(11) DEFAULT NULL,
  `createdBy` int(11) DEFAULT NULL,
  `createdTS` timestamp NULL DEFAULT CURRENT_TIMESTAMP,
  `updatedBy` int(11) DEFAULT NULL,
  `updatedTS` timestamp NULL DEFAULT CURRENT_TIMESTAMP,
  `is_delete` smallint(6) DEFAULT NULL
) ENGINE=InnoDB  DEFAULT CHARSET=latin1 ROW_FORMAT=COMPACT AUTO_INCREMENT=171 ;

--
-- Dumping data for table `item_details`
--

INSERT INTO `item_details` (`ID`, `companyID`, `itemID`, `locationID`, `onHandQty`, `umID`, `acctID`, `createdBy`, `createdTS`, `updatedBy`, `updatedTS`, `is_delete`) VALUES
(1, 1, 1, 1, 2, 0, NULL, NULL, '2015-05-10 09:24:56', NULL, '2015-05-10 09:24:56', NULL),
(2, 2, 2, 2, 0, 0, NULL, NULL, '2015-05-10 10:39:15', NULL, '2015-05-10 10:39:15', NULL),
(3, 2, 3, 2, 0, 0, NULL, NULL, '2015-05-12 07:47:27', NULL, '2015-05-12 07:47:27', NULL),
(4, 2, 4, 2, 0, 0, NULL, NULL, '2015-05-12 07:54:50', NULL, '2015-05-12 07:54:50', NULL),
(5, 2, 5, 2, 0, 0, NULL, NULL, '2015-05-12 08:28:59', NULL, '2015-05-12 08:28:59', NULL),
(6, 2, 7, 2, 0, 0, NULL, NULL, '2015-05-12 08:40:58', NULL, '2015-05-12 08:40:58', NULL),
(7, 2, 8, 2, 0, 0, NULL, NULL, '2015-05-12 08:48:00', NULL, '2015-05-12 08:48:00', NULL),
(8, 2, 9, 2, 0, 0, NULL, NULL, '2015-05-12 08:59:02', NULL, '2015-05-12 08:59:02', NULL),
(9, 2, 10, 2, 0, 0, NULL, NULL, '2015-05-12 09:07:28', NULL, '2015-05-12 09:07:28', NULL),
(10, 2, 11, 2, -1, 0, NULL, NULL, '2015-05-12 09:14:26', NULL, '2015-05-12 09:14:26', NULL),
(11, 2, 12, 2, 0, 0, NULL, NULL, '2015-05-12 09:58:21', NULL, '2015-05-12 09:58:21', NULL),
(12, 2, 14, 2, 0, 0, NULL, NULL, '2015-05-12 10:06:20', NULL, '2015-05-12 10:06:20', NULL),
(13, 2, 15, 2, 0, 0, NULL, NULL, '2015-05-12 10:10:51', NULL, '2015-05-12 10:10:51', NULL),
(14, 2, 16, 2, 0, 0, NULL, NULL, '2015-05-12 10:20:22', NULL, '2015-05-12 10:20:22', NULL),
(15, 2, 17, 2, 0, 0, NULL, NULL, '2015-05-12 12:15:43', NULL, '2015-05-12 12:15:43', NULL),
(16, 2, 18, 2, 0, 0, NULL, NULL, '2015-05-12 12:24:41', NULL, '2015-05-12 12:24:41', NULL),
(17, 2, 19, 2, 0, 0, NULL, NULL, '2015-05-12 12:34:31', NULL, '2015-05-12 12:34:31', NULL),
(18, 2, 20, 2, 0, 0, NULL, NULL, '2015-05-12 12:41:22', NULL, '2015-05-12 12:41:22', NULL),
(19, 2, 21, 2, 0, 0, NULL, NULL, '2015-05-12 12:46:42', NULL, '2015-05-12 12:46:42', NULL),
(20, 2, 22, 2, 0, 0, NULL, NULL, '2015-05-12 12:52:24', NULL, '2015-05-12 12:52:24', NULL),
(21, 2, 23, 2, 0, 0, NULL, NULL, '2015-05-12 16:47:21', NULL, '2015-05-12 16:47:21', NULL),
(22, 2, 24, 2, 0, 0, NULL, NULL, '2015-05-12 16:52:54', NULL, '2015-05-12 16:52:54', NULL),
(23, 2, 25, 2, 0, 0, NULL, NULL, '2015-05-12 16:58:46', NULL, '2015-05-12 16:58:46', NULL),
(24, 2, 26, 2, 0, 0, NULL, NULL, '2015-05-12 17:03:49', NULL, '2015-05-12 17:03:49', NULL),
(25, 2, 27, 2, 0, 0, NULL, NULL, '2015-05-12 17:08:51', NULL, '2015-05-12 17:08:51', NULL),
(26, 2, 28, 2, 0, 0, NULL, NULL, '2015-05-12 17:14:48', NULL, '2015-05-12 17:14:48', NULL),
(27, 2, 29, 2, 0, 0, NULL, NULL, '2015-05-12 23:06:50', NULL, '2015-05-12 23:06:50', NULL),
(28, 2, 30, 2, 0, 0, NULL, NULL, '2015-05-13 06:50:07', NULL, '2015-05-13 06:50:07', NULL),
(29, 2, 31, 2, 0, 0, NULL, NULL, '2015-05-13 06:58:13', NULL, '2015-05-13 06:58:13', NULL),
(30, 2, 32, 2, 0, 0, NULL, NULL, '2015-05-13 07:09:24', NULL, '2015-05-13 07:09:24', NULL),
(31, 2, 33, 2, 0, 0, NULL, NULL, '2015-05-13 07:14:56', NULL, '2015-05-13 07:14:56', NULL),
(32, 2, 34, 2, 0, 0, NULL, NULL, '2015-05-13 07:21:32', NULL, '2015-05-13 07:21:32', NULL),
(33, 2, 35, 2, 0, 0, NULL, NULL, '2015-05-13 07:42:17', NULL, '2015-05-13 07:42:17', NULL),
(34, 2, 36, 2, 0, 0, NULL, NULL, '2015-05-13 07:48:03', NULL, '2015-05-13 07:48:03', NULL),
(35, 2, 37, 2, 0, 0, NULL, NULL, '2015-05-13 07:57:11', NULL, '2015-05-13 07:57:11', NULL),
(36, 2, 38, 2, 0, 0, NULL, NULL, '2015-05-13 08:02:43', NULL, '2015-05-13 08:02:43', NULL),
(37, 2, 39, 2, 0, 0, NULL, NULL, '2015-05-13 08:21:36', NULL, '2015-05-13 08:21:36', NULL),
(38, 2, 40, 2, 0, 0, NULL, NULL, '2015-05-13 08:26:28', NULL, '2015-05-13 08:26:28', NULL),
(39, 2, 41, 2, 0, 0, NULL, NULL, '2015-05-13 08:31:34', NULL, '2015-05-13 08:31:34', NULL),
(40, 2, 42, 2, 0, 0, NULL, NULL, '2015-05-13 08:39:04', NULL, '2015-05-13 08:39:04', NULL),
(41, 2, 43, 2, 0, 0, NULL, NULL, '2015-05-13 08:44:42', NULL, '2015-05-13 08:44:42', NULL),
(42, 2, 44, 2, 0, 0, NULL, NULL, '2015-05-13 08:49:23', NULL, '2015-05-13 08:49:23', NULL),
(43, 2, 45, 2, 0, 0, NULL, NULL, '2015-05-13 08:55:22', NULL, '2015-05-13 08:55:22', NULL),
(44, 2, 46, 2, 0, 0, NULL, NULL, '2015-05-14 02:11:05', NULL, '2015-05-14 02:11:05', NULL),
(45, 2, 47, 2, 0, 0, NULL, NULL, '2015-05-14 02:16:10', NULL, '2015-05-14 02:16:10', NULL),
(46, 2, 48, 2, 0, 0, NULL, NULL, '2015-05-14 02:30:00', NULL, '2015-05-14 02:30:00', NULL),
(47, 2, 49, 2, 0, 0, NULL, NULL, '2015-05-14 02:35:20', NULL, '2015-05-14 02:35:20', NULL),
(48, 2, 50, 2, 0, 0, NULL, NULL, '2015-05-14 02:41:58', NULL, '2015-05-14 02:41:58', NULL),
(49, 2, 51, 2, 0, 0, NULL, NULL, '2015-05-14 02:46:54', NULL, '2015-05-14 02:46:54', NULL),
(50, 2, 52, 2, 0, 0, NULL, NULL, '2015-05-14 02:52:54', NULL, '2015-05-14 02:52:54', NULL),
(51, 2, 53, 2, 0, 0, NULL, NULL, '2015-05-14 02:59:12', NULL, '2015-05-14 02:59:12', NULL),
(52, 2, 54, 2, 0, 0, NULL, NULL, '2015-05-14 03:03:27', NULL, '2015-05-14 03:03:27', NULL),
(53, 2, 55, 2, 0, 0, NULL, NULL, '2015-05-14 03:08:21', NULL, '2015-05-14 03:08:21', NULL),
(54, 2, 56, 2, 0, 0, NULL, NULL, '2015-05-14 03:22:38', NULL, '2015-05-14 03:22:38', NULL),
(55, 2, 57, 2, 0, 0, NULL, NULL, '2015-05-14 03:28:17', NULL, '2015-05-14 03:28:17', NULL),
(56, 2, 58, 2, 0, 0, NULL, NULL, '2015-05-14 03:36:32', NULL, '2015-05-14 03:36:32', NULL),
(57, 2, 59, 2, 0, 0, NULL, NULL, '2015-05-14 03:40:56', NULL, '2015-05-14 03:40:56', NULL),
(58, 2, 60, 2, 0, 0, NULL, NULL, '2015-05-14 03:45:51', NULL, '2015-05-14 03:45:51', NULL),
(59, 2, 61, 2, 0, 0, NULL, NULL, '2015-05-14 03:50:34', NULL, '2015-05-14 03:50:34', NULL),
(60, 2, 62, 2, 0, 0, NULL, NULL, '2015-05-14 05:25:55', NULL, '2015-05-14 05:25:55', NULL),
(61, 2, 63, 2, 0, 0, NULL, NULL, '2015-05-14 05:30:30', NULL, '2015-05-14 05:30:30', NULL),
(62, 2, 64, 2, 0, 0, NULL, NULL, '2015-05-14 05:35:15', NULL, '2015-05-14 05:35:15', NULL),
(63, 2, 65, 2, 0, 0, NULL, NULL, '2015-05-14 05:42:59', NULL, '2015-05-14 05:42:59', NULL),
(64, 2, 66, 2, 0, 0, NULL, NULL, '2015-05-14 05:47:42', NULL, '2015-05-14 05:47:42', NULL),
(65, 2, 67, 2, 0, 0, NULL, NULL, '2015-05-14 05:52:51', NULL, '2015-05-14 05:52:51', NULL),
(66, 2, 68, 2, 0, 0, NULL, NULL, '2015-05-14 05:57:01', NULL, '2015-05-14 05:57:01', NULL),
(67, 2, 70, 2, 1, 0, NULL, NULL, '2015-05-16 07:20:10', NULL, '2015-05-16 07:20:10', NULL),
(68, 2, 71, 2, 0, 0, NULL, NULL, '2015-05-16 12:23:13', NULL, '2015-05-16 12:23:13', NULL),
(69, 2, 72, 2, 0, 0, NULL, NULL, '2015-05-16 15:00:43', NULL, '2015-05-16 15:00:43', NULL),
(70, 2, 73, 2, 0, 0, NULL, NULL, '2015-05-16 15:12:14', NULL, '2015-05-16 15:12:14', NULL),
(71, 2, 74, 2, 1, 0, NULL, NULL, '2015-05-16 15:38:50', NULL, '2015-05-16 15:38:50', NULL),
(72, 2, 76, 2, 1, 0, NULL, NULL, '2015-05-16 15:52:49', NULL, '2015-05-16 15:52:49', NULL),
(73, 2, 78, 2, 1, 0, NULL, NULL, '2015-05-16 16:22:08', NULL, '2015-05-16 16:22:08', NULL),
(74, 2, 79, 2, 1, 0, NULL, NULL, '2015-05-16 16:42:34', NULL, '2015-05-16 16:42:34', NULL),
(75, 2, 80, 2, 1, 0, NULL, NULL, '2015-05-16 16:48:29', NULL, '2015-05-16 16:48:29', NULL),
(76, 2, 81, 2, 0, 0, NULL, NULL, '2015-05-16 16:54:18', NULL, '2015-05-16 16:54:18', NULL),
(77, 2, 82, 2, 0, 0, NULL, NULL, '2015-05-16 17:05:31', NULL, '2015-05-16 17:05:31', NULL),
(78, 2, 84, 2, 1, 0, NULL, NULL, '2015-05-17 00:52:35', NULL, '2015-05-17 00:52:35', NULL),
(79, 2, 85, 2, 1, 0, NULL, NULL, '2015-05-17 01:12:06', NULL, '2015-05-17 01:12:06', NULL),
(80, 2, 86, 2, 1, 0, NULL, NULL, '2015-05-17 01:19:39', NULL, '2015-05-17 01:19:39', NULL),
(81, 2, 87, 2, 1, 0, NULL, NULL, '2015-05-17 01:27:00', NULL, '2015-05-17 01:27:00', NULL),
(82, 2, 88, 2, 1, 0, NULL, NULL, '2015-05-17 01:32:33', NULL, '2015-05-17 01:32:33', NULL),
(83, 2, 89, 2, 0, 0, NULL, NULL, '2015-05-17 01:39:36', NULL, '2015-05-17 01:39:36', NULL),
(84, 2, 90, 2, 0, 0, NULL, NULL, '2015-05-17 01:45:49', NULL, '2015-05-17 01:45:49', NULL),
(85, 2, 91, 2, 1, 0, NULL, NULL, '2015-05-17 01:51:58', NULL, '2015-05-17 01:51:58', NULL),
(86, 2, 92, 2, 1, 0, NULL, NULL, '2015-05-17 01:57:30', NULL, '2015-05-17 01:57:30', NULL),
(87, 2, 93, 2, 1, 0, NULL, NULL, '2015-05-17 02:05:12', NULL, '2015-05-17 02:05:12', NULL),
(88, 2, 94, 2, 1, 0, NULL, NULL, '2015-05-17 02:17:18', NULL, '2015-05-17 02:17:18', NULL),
(89, 2, 95, 2, 1, 0, NULL, NULL, '2015-05-17 02:23:40', NULL, '2015-05-17 02:23:40', NULL),
(90, 2, 96, 2, 1, 0, NULL, NULL, '2015-05-17 02:30:09', NULL, '2015-05-17 02:30:09', NULL),
(91, 2, 97, 2, 1, 0, NULL, NULL, '2015-05-17 02:36:32', NULL, '2015-05-17 02:36:32', NULL),
(92, 2, 98, 2, 0, 0, NULL, NULL, '2015-05-17 02:42:15', NULL, '2015-05-17 02:42:15', NULL),
(93, 2, 99, 2, 1, 0, NULL, NULL, '2015-05-17 02:47:56', NULL, '2015-05-17 02:47:56', NULL),
(94, 2, 100, 2, 1, 0, NULL, NULL, '2015-05-17 02:54:47', NULL, '2015-05-17 02:54:47', NULL),
(95, 2, 101, 2, 1, 0, NULL, NULL, '2015-05-17 05:01:00', NULL, '2015-05-17 05:01:00', NULL),
(96, 2, 102, 2, 1, 0, NULL, NULL, '2015-05-17 05:06:14', NULL, '2015-05-17 05:06:14', NULL),
(97, 2, 103, 2, 0, 0, NULL, NULL, '2015-05-17 05:15:42', NULL, '2015-05-17 05:15:42', NULL),
(98, 2, 104, 2, 1, 0, NULL, NULL, '2015-05-17 05:20:59', NULL, '2015-05-17 05:20:59', NULL),
(99, 2, 107, 2, 1, 0, NULL, NULL, '2015-05-17 05:41:11', NULL, '2015-05-17 05:41:11', NULL),
(100, 2, 111, 2, 1, 0, NULL, NULL, '2015-05-17 07:17:15', NULL, '2015-05-17 07:17:15', NULL),
(101, 2, 113, 2, 0, 0, NULL, NULL, '2015-05-17 07:34:50', NULL, '2015-05-17 07:34:50', NULL),
(102, 2, 114, 2, 1, 0, NULL, NULL, '2015-05-17 07:41:12', NULL, '2015-05-17 07:41:12', NULL),
(103, 2, 115, 2, 0, 0, NULL, NULL, '2015-05-17 07:46:49', NULL, '2015-05-17 07:46:49', NULL),
(104, 2, 116, 2, 1, 0, NULL, NULL, '2015-05-17 08:23:49', NULL, '2015-05-17 08:23:49', NULL),
(105, 2, 117, 2, 1, 0, NULL, NULL, '2015-05-17 08:30:13', NULL, '2015-05-17 08:30:13', NULL),
(106, 2, 119, 2, 1, 0, NULL, NULL, '2015-05-17 08:43:56', NULL, '2015-05-17 08:43:56', NULL),
(107, 2, 120, 2, 1, 0, NULL, NULL, '2015-05-17 08:48:44', NULL, '2015-05-17 08:48:44', NULL),
(108, 2, 121, 2, 1, 0, NULL, NULL, '2015-05-17 08:55:09', NULL, '2015-05-17 08:55:09', NULL),
(109, 2, 122, 2, 0, 0, NULL, NULL, '2015-05-17 09:12:33', NULL, '2015-05-17 09:12:33', NULL),
(110, 2, 123, 2, 1, 0, NULL, NULL, '2015-05-17 09:44:28', NULL, '2015-05-17 09:44:28', NULL),
(111, 2, 124, 2, 1, 0, NULL, NULL, '2015-05-17 09:51:59', NULL, '2015-05-17 09:51:59', NULL),
(112, 2, 125, 2, 0, 0, NULL, NULL, '2015-05-17 10:04:40', NULL, '2015-05-17 10:04:40', NULL),
(113, 2, 126, 2, 0, 0, NULL, NULL, '2015-05-17 10:10:47', NULL, '2015-05-17 10:10:47', NULL),
(114, 2, 127, 2, 1, 0, NULL, NULL, '2015-05-17 10:26:54', NULL, '2015-05-17 10:26:54', NULL),
(115, 2, 128, 2, 0, 0, NULL, NULL, '2015-05-17 10:35:16', NULL, '2015-05-17 10:35:16', NULL),
(116, 2, 129, 2, 1, 0, NULL, NULL, '2015-05-17 10:41:52', NULL, '2015-05-17 10:41:52', NULL),
(117, 2, 130, 2, 1, 0, NULL, NULL, '2015-05-17 11:42:55', NULL, '2015-05-17 11:42:55', NULL),
(118, 2, 132, 2, 0, 0, NULL, NULL, '2015-05-17 16:21:57', NULL, '2015-05-17 16:21:57', NULL),
(119, 2, 133, 2, 0, 0, NULL, NULL, '2015-05-17 16:31:01', NULL, '2015-05-17 16:31:01', NULL),
(120, 2, 134, 2, 0, 0, NULL, NULL, '2015-05-17 16:38:10', NULL, '2015-05-17 16:38:10', NULL),
(121, 2, 135, 2, 0, 0, NULL, NULL, '2015-05-17 16:45:06', NULL, '2015-05-17 16:45:06', NULL),
(122, 2, 136, 2, 1, 0, NULL, NULL, '2015-05-17 16:57:41', NULL, '2015-05-17 16:57:41', NULL),
(123, 2, 137, 2, 1, 0, NULL, NULL, '2015-05-17 17:03:33', NULL, '2015-05-17 17:03:33', NULL),
(124, 2, 138, 2, 1, 0, NULL, NULL, '2015-05-18 07:10:13', NULL, '2015-05-18 07:10:13', NULL),
(125, 2, 139, 2, 1, 0, NULL, NULL, '2015-05-18 07:16:20', NULL, '2015-05-18 07:16:20', NULL),
(126, 2, 142, 2, 1, 0, NULL, NULL, '2015-05-18 07:31:16', NULL, '2015-05-18 07:31:16', NULL),
(127, 2, 143, 2, 1, 0, NULL, NULL, '2015-05-18 07:36:29', NULL, '2015-05-18 07:36:29', NULL),
(128, 2, 144, 2, 1, 0, NULL, NULL, '2015-05-18 08:14:53', NULL, '2015-05-18 08:14:53', NULL),
(129, 2, 145, 2, 0, 0, NULL, NULL, '2015-05-18 08:20:27', NULL, '2015-05-18 08:20:27', NULL),
(130, 2, 146, 2, 1, 0, NULL, NULL, '2015-05-18 08:25:47', NULL, '2015-05-18 08:25:47', NULL),
(131, 2, 147, 2, 0, 0, NULL, NULL, '2015-05-18 08:31:07', NULL, '2015-05-18 08:31:07', NULL),
(132, 2, 148, 2, 1, 0, NULL, NULL, '2015-05-18 09:02:42', NULL, '2015-05-18 09:02:42', NULL),
(133, 2, 149, 2, 0, 0, NULL, NULL, '2015-05-18 09:10:09', NULL, '2015-05-18 09:10:09', NULL),
(134, 2, 150, 2, 1, 0, NULL, NULL, '2015-05-18 09:50:11', NULL, '2015-05-18 09:50:11', NULL),
(135, 2, 151, 2, 1, 0, NULL, NULL, '2015-05-18 09:58:01', NULL, '2015-05-18 09:58:01', NULL),
(136, 2, 152, 2, 1, 0, NULL, NULL, '2015-05-18 10:08:20', NULL, '2015-05-18 10:08:20', NULL),
(137, 1, 153, 1, 1, NULL, NULL, NULL, '2015-05-18 11:04:14', NULL, '2015-05-18 11:04:14', NULL),
(138, 1, 154, 1, 1, 0, NULL, NULL, '2015-05-18 11:45:48', NULL, '2015-05-18 11:45:48', NULL),
(139, 2, 106, 2, 0, 0, NULL, NULL, '2015-05-19 03:45:03', NULL, '2015-05-19 03:45:03', NULL),
(140, 2, 112, 2, 0, 0, NULL, NULL, '2015-05-19 04:07:36', NULL, '2015-05-19 04:07:36', NULL),
(141, 2, 131, 2, 0, 0, NULL, NULL, '2015-05-19 04:16:48', NULL, '2015-05-19 04:16:48', NULL),
(142, 2, 83, 2, 0, 0, NULL, NULL, '2015-05-19 04:25:08', NULL, '2015-05-19 04:25:08', NULL),
(143, 2, 140, 2, 0, 0, NULL, NULL, '2015-05-19 04:33:08', NULL, '2015-05-19 04:33:08', NULL),
(144, 2, 75, 2, 0, 0, NULL, NULL, '2015-05-19 04:38:08', NULL, '2015-05-19 04:38:08', NULL),
(145, 2, 118, 2, 0, 0, NULL, NULL, '2015-05-19 04:43:52', NULL, '2015-05-19 04:43:52', NULL),
(146, 2, 6, 2, 0, 0, NULL, NULL, '2015-05-23 00:25:34', NULL, '2015-05-23 00:25:34', NULL),
(147, 2, 13, 2, 0, 0, NULL, NULL, '2015-05-23 00:33:54', NULL, '2015-05-23 00:33:54', NULL),
(148, 2, 77, 2, 0, 0, NULL, NULL, '2015-06-11 08:59:37', NULL, '2015-06-11 08:59:37', NULL),
(149, 2, 141, 2, 0, 0, NULL, NULL, '2015-06-11 09:13:19', NULL, '2015-06-11 09:13:19', NULL),
(150, 2, 109, 2, 0, 0, NULL, NULL, '2015-06-13 17:46:16', NULL, '2015-06-13 17:46:16', NULL),
(151, 2, 108, 2, 0, 0, NULL, NULL, '2015-06-13 17:57:28', NULL, '2015-06-13 17:57:28', NULL),
(152, 2, 105, 2, 0, 0, NULL, NULL, '2015-06-13 18:06:57', NULL, '2015-06-13 18:06:57', NULL),
(153, 2, 69, 2, 0, 0, NULL, NULL, '2015-06-13 18:12:05', NULL, '2015-06-13 18:12:05', NULL),
(154, 2, 110, 2, 0, 0, NULL, NULL, '2015-06-13 18:18:56', NULL, '2015-06-13 18:18:56', NULL),
(155, 2, 155, 2, 0, 0, NULL, NULL, '2015-06-13 19:14:35', NULL, '2015-06-13 19:14:35', NULL),
(156, 2, 156, 2, 0, 0, NULL, NULL, '2015-06-13 19:34:53', NULL, '2015-06-13 19:34:53', NULL),
(157, 2, 157, 2, 0, 0, NULL, NULL, '2015-06-13 19:48:27', NULL, '2015-06-13 19:48:27', NULL),
(158, 2, 162, 2, 1, 0, NULL, NULL, '2015-06-15 18:57:59', NULL, '2015-06-15 18:57:59', NULL),
(159, 2, 163, 2, 1, 0, NULL, NULL, '2015-06-15 19:07:45', NULL, '2015-06-15 19:07:45', NULL),
(160, 2, 164, 2, 1, 0, NULL, NULL, '2015-06-15 19:17:41', NULL, '2015-06-15 19:17:41', NULL),
(161, 2, 165, 2, 1, 0, NULL, NULL, '2015-06-15 19:25:25', NULL, '2015-06-15 19:25:25', NULL),
(162, 2, 166, 2, 1, 0, NULL, NULL, '2015-06-15 19:36:28', NULL, '2015-06-15 19:36:28', NULL),
(163, 2, 167, 2, 1, 0, NULL, NULL, '2015-06-15 19:42:37', NULL, '2015-06-15 19:42:37', NULL),
(164, 2, 168, 2, 1, 0, NULL, NULL, '2015-06-15 19:59:20', NULL, '2015-06-15 19:59:20', NULL),
(165, 2, 169, 2, 1, 0, NULL, NULL, '2015-06-15 20:25:58', NULL, '2015-06-15 20:25:58', NULL),
(166, 2, 170, 2, 1, 0, NULL, NULL, '2015-06-15 20:35:18', NULL, '2015-06-15 20:35:18', NULL),
(167, 2, 171, 2, 1, 0, NULL, NULL, '2015-06-15 20:48:14', NULL, '2015-06-15 20:48:14', NULL),
(168, 2, 172, 2, 1, 0, NULL, NULL, '2015-06-15 21:10:08', NULL, '2015-06-15 21:10:08', NULL),
(169, 2, 173, 2, 1, 0, NULL, NULL, '2015-06-15 21:16:51', NULL, '2015-06-15 21:16:51', NULL),
(170, 2, 174, 2, 1, 0, NULL, NULL, '2015-06-15 21:22:36', NULL, '2015-06-15 21:22:36', NULL);

-- --------------------------------------------------------

--
-- Table structure for table `master`
--

CREATE TABLE IF NOT EXISTS `master` (
`ID` int(11) NOT NULL,
  `name` varchar(64) NOT NULL,
  `description` varchar(128) NOT NULL,
  `updatedby` int(11) NOT NULL,
  `updatedTS` timestamp NOT NULL DEFAULT CURRENT_TIMESTAMP ON UPDATE CURRENT_TIMESTAMP,
  `usedBySystem` tinyint(4) NOT NULL DEFAULT '0'
) ENGINE=InnoDB  DEFAULT CHARSET=latin1 AUTO_INCREMENT=23 ;

--
-- Dumping data for table `master`
--

INSERT INTO `master` (`ID`, `name`, `description`, `updatedby`, `updatedTS`, `usedBySystem`) VALUES
(1, 'Status', 'status active or inactive', 0, '2014-07-18 00:41:14', 1),
(2, 'Shipping Method', '', 0, '2014-04-24 05:01:05', 0),
(3, 'State', 'State', 0, '2014-07-18 00:41:09', 1),
(4, 'Module', 'Application module', 1, '2014-07-18 00:40:55', 1),
(5, 'Gender', 'Gender Male or Female', 1, '2014-07-18 00:41:01', 1),
(6, 'Bank', 'List of bank', 0, '2014-07-18 01:09:23', 1),
(7, 'Payment Method', 'List of payment method', 0, '2014-04-22 02:24:46', 0),
(8, 'Item Category', 'List of item category', 0, '2014-07-25 07:51:05', 1),
(9, 'Item Type', 'List of item type - product or service', 0, '2014-07-25 07:47:36', 1),
(10, 'Language', 'Language selection English or Bahasa Malasyia', 1, '2014-07-18 00:41:25', 1),
(11, 'Accounting Method', 'Accounting Closing/Opening method monthly or yearly', 0, '2014-08-14 08:53:25', 1),
(12, 'Unit of Measure', 'Unit of measurement such as kg, feet, meter, cubic', 1, '2014-07-18 00:41:31', 1),
(13, 'Account Type', 'Account type for chart of accounts', 0, '2014-08-14 08:53:53', 1),
(14, 'Business Type', 'Business type based on industry selected', 0, '2014-07-18 01:09:15', 1),
(15, 'Industry', 'List of industry classification - retail, manufacturing, service, others', 0, '2014-07-18 00:41:53', 1),
(16, 'Invoice Purchase Code', '', 1, '2014-07-18 01:07:51', 1),
(17, 'Invoice Sales Code', '', 1, '2014-07-18 01:07:38', 1),
(18, 'System Form', '', 1, '2014-07-18 00:53:35', 1),
(19, 'Address', 'List of address type', 0, '2014-08-14 08:54:44', 1),
(20, 'Movement Type', 'List of inventory movement type', 1, '2014-05-28 01:40:05', 0),
(21, 'General Setup', 'General Setup Parameters', 1, '2014-07-18 00:42:24', 1),
(22, 'Waqif', 'Waqif', 0, '2014-07-18 01:38:46', 0);

-- --------------------------------------------------------

--
-- Table structure for table `master_code`
--

CREATE TABLE IF NOT EXISTS `master_code` (
`ID` int(11) NOT NULL,
  `masterID` int(11) NOT NULL,
  `parentFilterID` int(11) DEFAULT NULL,
  `code` varchar(4) NOT NULL,
  `name` varchar(64) NOT NULL,
  `shortName` varchar(8) NOT NULL,
  `description` varchar(128) NOT NULL,
  `orderNo` int(11) NOT NULL,
  `createdBy` int(11) NOT NULL,
  `createdTS` timestamp NOT NULL DEFAULT CURRENT_TIMESTAMP,
  `updateBy` int(11) NOT NULL,
  `updateTS` timestamp NOT NULL DEFAULT '0000-00-00 00:00:00' ON UPDATE CURRENT_TIMESTAMP,
  `is_delete` smallint(6) NOT NULL
) ENGINE=InnoDB  DEFAULT CHARSET=latin1 AUTO_INCREMENT=164 ;

--
-- Dumping data for table `master_code`
--

INSERT INTO `master_code` (`ID`, `masterID`, `parentFilterID`, `code`, `name`, `shortName`, `description`, `orderNo`, `createdBy`, `createdTS`, `updateBy`, `updateTS`, `is_delete`) VALUES
(1, 1, NULL, '0', 'Active', 'Active', '', 1, 0, '2014-05-07 10:01:04', 0, '2014-05-15 10:17:57', 0),
(2, 1, NULL, '1', 'Inactive', 'Inactive', '', 2, 0, '2014-05-07 10:01:04', 0, '0000-00-00 00:00:00', 0),
(3, 2, NULL, 'FR', 'Freight', 'Freight', '', 1, 0, '2014-05-07 10:01:04', 0, '2014-04-24 05:05:19', 0),
(4, 2, 4, 'FE', 'FedEx', 'FE', 'farhana', 2, 0, '2014-05-07 10:01:04', 0, '2014-05-15 03:25:38', 0),
(5, 2, NULL, 'UPS', 'UPS', 'UPS', '', 3, 0, '2014-05-07 10:01:04', 0, '2014-08-21 03:08:39', 1),
(6, 2, NULL, 'CLNK', 'CityLink', 'CLNK', '', 2, 0, '2014-05-07 10:01:04', 0, '2014-04-24 05:05:19', 0),
(8, 2, NULL, 'DHL', 'DHL', 'DHL', '', 4, 0, '2014-05-07 10:01:04', 0, '2014-04-24 05:05:19', 0),
(9, 5, NULL, 'M', 'Male', 'Male', '', 1, 0, '2014-05-07 10:01:04', 0, '0000-00-00 00:00:00', 0),
(10, 5, NULL, 'F', 'Female', '', '', 2, 0, '2014-05-07 10:01:04', 0, '0000-00-00 00:00:00', 0),
(11, 15, NULL, 'MFC', 'Manufacturing', 'MFC', '', 1, 0, '2014-05-07 10:01:04', 0, '0000-00-00 00:00:00', 0),
(12, 15, NULL, 'RT', 'Retail', 'RT', '', 2, 0, '2014-05-07 10:01:04', 0, '0000-00-00 00:00:00', 0),
(13, 15, NULL, 'SERV', 'Service', 'SERV', '', 3, 0, '2014-05-07 10:01:04', 0, '0000-00-00 00:00:00', 0),
(14, 15, NULL, 'OTH', 'Others', 'OTH', '', 4, 0, '2014-05-07 10:01:04', 0, '0000-00-00 00:00:00', 0),
(15, 10, NULL, 'ENG', 'English', 'ENG', '', 1, 0, '2014-05-07 10:01:04', 0, '0000-00-00 00:00:00', 0),
(16, 10, NULL, 'BM', 'Bahasa Malaysia', 'BM', '', 2, 0, '2014-05-07 10:01:04', 0, '0000-00-00 00:00:00', 0),
(17, 11, NULL, 'MTH', 'Monthly', 'MTH', '', 0, 0, '2014-05-07 10:01:04', 0, '0000-00-00 00:00:00', 0),
(18, 11, NULL, 'YR', 'Yearly', 'YR', '', 0, 0, '2014-05-07 10:01:04', 0, '2014-04-22 03:18:53', 0),
(19, 8, NULL, 'E', 'Electrical Appliance', 'EA', '', 5, 0, '2014-05-07 10:01:04', 0, '0000-00-00 00:00:00', 0),
(20, 8, NULL, 'S', 'Stationary', 'ST', '', 10, 0, '2014-05-07 10:01:04', 0, '0000-00-00 00:00:00', 0),
(21, 8, NULL, 'I', 'IT', 'IT', '', 15, 0, '2014-05-07 10:01:04', 0, '0000-00-00 00:00:00', 0),
(22, 9, NULL, 'P', 'Product', 'Product', 'Physical product range', 1, 0, '2014-05-07 10:01:04', 0, '2014-05-26 00:33:45', 0),
(23, 9, NULL, 'S', 'Services', 'Services', 'Services product range', 5, 0, '2014-05-07 10:01:04', 0, '2015-06-04 01:50:24', 1),
(30, 8, NULL, 'F', 'Furniture', 'FR', '', 1, 0, '2014-05-07 10:01:04', 0, '0000-00-00 00:00:00', 0),
(31, 16, NULL, '1', 'Purchase Invoice', '', '', 10, 0, '2014-05-07 10:01:04', 1, '0000-00-00 00:00:00', 0),
(32, 16, NULL, '2', 'Direct Purchase Invcoice', '', '', 20, 0, '2014-05-07 10:01:04', 1, '0000-00-00 00:00:00', 0),
(33, 16, NULL, '3', 'Debit Note', '', 'Purchase Invoice Debit Note (Adjustment)', 30, 0, '2014-05-07 10:01:04', 1, '0000-00-00 00:00:00', 0),
(34, 16, NULL, '4', 'Credit Note', '', 'Purchase Invoice Credit Note (Adjustment)', 40, 0, '2014-05-07 10:01:04', 1, '0000-00-00 00:00:00', 0),
(35, 17, NULL, '1', 'Sales Invoice', '', '', 10, 0, '2014-05-07 10:01:04', 0, '2014-05-07 02:23:53', 0),
(36, 17, NULL, '2', 'Direct Sales Invcoice', '', '', 20, 0, '2014-05-07 10:01:04', 0, '2014-05-07 02:23:58', 0),
(37, 17, NULL, '3', 'Debit Note', '', 'Sales Invoice Debit Note (Adjustment)', 30, 0, '2014-05-07 10:01:04', 0, '2014-05-07 02:24:02', 0),
(38, 17, NULL, '4', 'Credit Note', '', 'Sales Invoice Credit Note (Adjustment)', 40, 0, '2014-05-07 10:01:04', 0, '2014-05-07 02:24:07', 0),
(39, 18, NULL, 'PR', 'Purchase Request', 'PR', 'Purchase Request Form', 90, 1, '2014-05-07 10:01:25', 0, '0000-00-00 00:00:00', 0),
(40, 18, NULL, 'PO', 'Purchase Order', 'PO', 'Purchase Order Form', 100, 1, '2014-05-07 10:01:25', 0, '0000-00-00 00:00:00', 0),
(41, 18, NULL, 'PI', 'Purchase Invoice', 'PURINV', 'Form Purchase Invoice', 110, 1, '2014-05-07 10:01:25', 0, '0000-00-00 00:00:00', 0),
(42, 18, NULL, 'PDN', 'Purchase Debit Note', 'PDN', 'Purchase Debit Note Form', 120, 1, '2014-05-07 10:01:25', 0, '0000-00-00 00:00:00', 0),
(43, 18, NULL, 'PCN', 'Purchase Credit Note', 'PCN', 'Purchase Credit Note Form', 140, 1, '2014-05-07 10:01:25', 0, '0000-00-00 00:00:00', 0),
(44, 18, NULL, 'PP', 'Purchase Payment', 'PP', 'Purchase Payment Form', 150, 1, '2014-05-07 10:01:25', 0, '0000-00-00 00:00:00', 0),
(45, 18, NULL, 'GRN', 'Good Received Note', 'PP', 'Godd Received Note Form', 160, 1, '2014-05-07 10:01:25', 0, '0000-00-00 00:00:00', 0),
(46, 18, NULL, 'LT', 'Inventory Movement', 'LT', 'Inventory Movement Form', 170, 1, '2014-05-07 10:01:25', 0, '0000-00-00 00:00:00', 0),
(47, 18, NULL, 'SQN', 'Sales Quotation', 'SQN', 'Sales Quotation Form', 180, 1, '2014-05-07 10:01:25', 0, '0000-00-00 00:00:00', 0),
(48, 18, NULL, 'SON', 'Sales Order', 'SON', 'Sales Order Form', 190, 1, '2014-05-07 10:01:25', 0, '0000-00-00 00:00:00', 0),
(49, 18, NULL, 'SDN', 'Delivery Order', 'DO', 'Delivery Order Form', 200, 1, '2014-05-07 10:01:25', 0, '2014-08-14 04:15:15', 0),
(50, 18, NULL, 'INV', 'Invoice', 'INV', 'Invoice Form', 210, 1, '2014-05-07 10:01:25', 0, '0000-00-00 00:00:00', 0),
(51, 18, NULL, 'SDN', 'Sales Debit Note', 'PDN', 'Sales Debit Note Form', 230, 1, '2014-05-07 10:01:25', 0, '0000-00-00 00:00:00', 0),
(52, 18, NULL, 'SCN', 'Sales Credit Note', 'PCN', 'Sales Credit Note Form', 240, 1, '2014-05-07 10:01:25', 0, '0000-00-00 00:00:00', 0),
(53, 18, NULL, 'RP', 'Receive Payment', 'RP', 'Receive Payment Form', 250, 1, '2014-05-07 10:01:25', 0, '0000-00-00 00:00:00', 0),
(54, 18, NULL, 'GRN', 'General Transaction', 'PP', 'General Transaction Form', 260, 1, '2014-05-07 10:01:25', 0, '0000-00-00 00:00:00', 0),
(55, 18, NULL, 'OPN', 'Others Payment', 'OPN', 'Others Payment Form', 270, 1, '2014-05-07 10:01:25', 0, '0000-00-00 00:00:00', 0),
(56, 18, NULL, 'ORI', 'Others Receive', 'ORI', 'Others Receive Form', 280, 1, '2014-05-07 10:01:25', 0, '0000-00-00 00:00:00', 0),
(57, 18, NULL, 'SLR', 'Sales Return', 'SLR', 'Sales Return Form', 290, 1, '2014-05-07 10:01:25', 0, '0000-00-00 00:00:00', 0),
(58, 18, NULL, 'IA', 'Item Adjustment', 'IA', 'Item Adjustment Form', 300, 1, '2014-05-07 10:01:25', 0, '0000-00-00 00:00:00', 0),
(59, 12, NULL, 'KG', 'Kilogram', '', '', 10, 1, '2014-05-09 11:30:04', 0, '0000-00-00 00:00:00', 0),
(60, 12, NULL, 'G', 'gram', '', '', 20, 1, '2014-05-09 11:30:04', 0, '0000-00-00 00:00:00', 0),
(61, 12, NULL, 'l', 'liter', '', '', 30, 1, '2014-05-09 11:30:04', 0, '0000-00-00 00:00:00', 0),
(62, 12, NULL, 'Tonn', 'tonne', '', '', 40, 1, '2014-05-09 11:30:04', 0, '0000-00-00 00:00:00', 0),
(63, 12, NULL, 'Unit', 'unit', '', '', 50, 1, '2014-05-09 11:30:04', 0, '0000-00-00 00:00:00', 0),
(64, 12, NULL, 'ml', 'mili liter', '', '', 60, 1, '2014-05-09 11:30:04', 0, '0000-00-00 00:00:00', 0),
(65, 12, NULL, 'm', 'meter', '', '', 70, 1, '2014-05-09 11:30:04', 0, '0000-00-00 00:00:00', 0),
(66, 12, NULL, 'cm', 'centimeter', '', '', 80, 1, '2014-05-09 11:30:04', 0, '0000-00-00 00:00:00', 0),
(67, 12, NULL, 'cc', 'cubic cm', '', '', 90, 1, '2014-05-09 11:30:04', 0, '0000-00-00 00:00:00', 0),
(68, 7, NULL, '', 'Cash', '', '', 10, 0, '2014-05-14 08:59:32', 0, '2014-07-18 01:19:34', 0),
(69, 7, NULL, '', 'Cheque', '', '', 20, 0, '2014-05-14 08:59:32', 0, '2014-07-18 01:19:38', 0),
(70, 0, NULL, '3333', 'fad', 'fad', 'fad', 0, 0, '2014-05-14 09:12:00', 0, '0000-00-00 00:00:00', 0),
(71, 10, NULL, 'ARB', 'Arabic', 'AR', 'Bahasa Ar', 3, 0, '2014-05-15 01:46:45', 0, '2014-05-16 02:52:26', 0),
(72, 18, 0, 'ZK', 'ZAKAT', 'sy', 'desc', 7, 0, '2014-05-15 01:59:07', 0, '2014-06-05 03:51:49', 0),
(73, 2, 4, 'FE', 'FedEx', 'FE', 'fad', 2, 0, '2014-05-15 03:03:42', 0, '0000-00-00 00:00:00', 0),
(74, 2, 0, 'FE', 'FedEx', 'FE', 'akmal', 2, 0, '2014-05-15 03:17:14', 0, '2014-05-26 01:27:52', 0),
(75, 19, 0, '1', 'Billing Address', '', '', 10, 0, '2014-05-16 04:48:35', 0, '2014-05-16 10:51:41', 0),
(76, 19, 0, '2', 'HQ', '', 'Main Addr', 10, 0, '2014-05-16 04:52:07', 0, '0000-00-00 00:00:00', 0),
(77, 19, 0, '3', 'Ship to', '', 'Ship to', 30, 0, '2014-05-16 04:53:25', 0, '0000-00-00 00:00:00', 0),
(78, 20, NULL, 'B', 'Bulk', 'Bulk', '', 10, 0, '2014-05-28 01:32:05', 0, '0000-00-00 00:00:00', 0),
(79, 20, NULL, 'S', 'Small', 'Small', '', 20, 0, '2014-05-28 01:32:05', 0, '0000-00-00 00:00:00', 0),
(80, 21, 1, '', 'retainedEarnings', '', 'Retained Earnings', 1, 1, '2014-06-03 09:33:20', 0, '2014-08-01 09:04:34', 0),
(81, 21, 1, '', 'profitlostYear', '', 'Profit/Loss Year', 10, 1, '2014-06-03 09:33:20', 0, '2014-08-01 09:04:38', 0),
(82, 21, 1, '', 'exchangeVariances', '', 'Exchange Variances Account', 20, 1, '2014-06-03 09:33:20', 0, '2014-08-01 09:04:42', 0),
(83, 21, 1, '', 'bankchargesAccount', '', 'Bank Charges Account', 30, 1, '2014-06-03 09:33:20', 0, '2014-08-01 09:04:47', 0),
(84, 21, 2, '', 'rcvacct', '', 'Receivable Account', 40, 1, '2014-06-03 09:33:20', 0, '2014-08-01 09:05:01', 0),
(85, 21, 2, '', 'saleacct', '', 'Sales Account', 50, 1, '2014-06-03 09:33:20', 0, '2014-08-01 09:05:07', 0),
(86, 21, 2, '', 'saledisacct', '', 'Sales Discount Account', 60, 1, '2014-06-03 09:33:20', 0, '2014-08-01 09:05:11', 0),
(87, 21, 2, '', 'promptpaydisacct', '', 'Prompt Payment Discount Account', 70, 1, '2014-06-03 09:33:20', 0, '2014-08-01 09:05:18', 0),
(88, 21, 2, '', 'commissionexp', '', 'Commission Expense', 80, 1, '2014-06-03 09:33:20', 0, '2014-08-01 09:05:24', 0),
(89, 21, 2, '', 'commisionpay', '', 'Commission Payable', 90, 1, '2014-06-03 09:33:20', 0, '2014-08-01 09:05:31', 0),
(90, 21, 2, '', 'freightcharges', '', 'Freight Charges', 100, 1, '2014-06-03 09:33:20', 0, '2014-08-01 09:05:36', 0),
(91, 21, 2, '', 'exchangediff', '', 'Exchange Difference', 110, 1, '2014-06-03 09:33:20', 0, '2014-08-01 09:05:41', 0),
(92, 21, 3, '', 'payAcct', '', 'Payable Account', 120, 1, '2014-06-03 09:33:20', 0, '2014-08-01 09:05:46', 0),
(93, 21, 3, '', 'payDisc', '', 'Payable Discount', 130, 1, '2014-06-03 09:33:20', 0, '2014-08-01 09:05:49', 0),
(94, 21, NULL, '', 'invAcct', '', 'Inventory Account', 140, 1, '2014-06-03 09:33:20', 0, '2014-06-25 04:33:21', 0),
(95, 21, NULL, '', 'cogs', '', 'C.O.G.S Account', 150, 1, '2014-06-03 09:33:20', 0, '2014-06-25 04:33:21', 0),
(96, 21, NULL, '', 'invAdjAcct', '', 'Inventory Adjustment Account', 160, 1, '2014-06-03 09:33:20', 0, '2014-06-25 04:33:21', 0),
(97, 21, NULL, '', 'gstInputTax', '', 'GST-Input Tax', 170, 1, '2014-06-03 09:33:20', 0, '2014-06-25 04:33:21', 0),
(98, 21, NULL, '', 'gstOutTax', '', 'GST-Output Tax', 180, 1, '2014-06-03 09:33:20', 0, '2014-06-25 04:33:21', 0),
(99, 21, NULL, '', 'susgstInTax', '', 'Suspense-GST Input Tax', 190, 1, '2014-06-03 09:33:20', 0, '2014-06-25 04:33:21', 0),
(100, 21, NULL, '', 'susgstOuTax', '', 'Suspense-GST Output Tax', 200, 1, '2014-06-03 09:33:20', 0, '2014-06-25 04:33:21', 0),
(101, 21, NULL, '', 'gstnoclaim', '', 'GST Not Claimable', 210, 1, '2014-06-03 09:33:20', 0, '2014-06-25 04:33:21', 0),
(102, 21, NULL, '', 'imdutypay', '', 'Import Duty Payable', 220, 1, '2014-06-03 09:33:20', 0, '2014-06-25 04:33:21', 0),
(103, 21, NULL, '', 'saletaxpay', '', 'Sale Tax Payable', 230, 1, '2014-06-03 09:33:20', 0, '2014-06-25 04:33:21', 0),
(104, 21, NULL, '', 'servtaxpay', '', 'Service Tax Payable', 240, 1, '2014-06-03 09:33:20', 0, '2014-06-25 04:33:21', 0),
(105, 21, NULL, '', 'zakat', '', 'Zakat Expenses', 250, 1, '2014-06-03 09:33:20', 0, '2014-06-25 04:33:21', 0),
(106, 21, NULL, '', 'uninvoiceAP', '', 'Un-invoice AP', 165, 1, '2014-06-06 03:28:56', 0, '2014-07-03 03:48:46', 0),
(107, 21, 1, '', 'bank', '', 'Banking Account', 35, 0, '2014-06-25 03:25:00', 0, '2014-08-01 09:07:23', 0),
(108, 22, NULL, '', 'Founder(s)', '', '', 10, 1, '2014-07-18 01:43:04', 0, '2014-07-18 01:43:32', 0),
(109, 22, NULL, '', 'Owner(s)/Shareholder(s)', '', '', 20, 1, '2014-07-18 01:43:04', 0, '2014-07-18 01:43:36', 0),
(110, 22, NULL, '', 'Director(s)', '', '', 30, 0, '2014-07-18 01:44:57', 0, '0000-00-00 00:00:00', 0),
(111, 22, NULL, '', 'Other(s)', '', '', 40, 0, '2014-07-18 01:44:57', 0, '0000-00-00 00:00:00', 0),
(112, 21, NULL, '', 'wakafAcrual', '', 'Wakaf Accrual', 280, 1, '2014-08-01 09:20:26', 0, '2014-08-05 01:22:20', 0),
(114, 21, NULL, '', 'zakatPayable', '', 'zakap payable', 260, 0, '2014-08-04 07:30:14', 0, '2014-08-05 01:21:58', 0),
(115, 21, NULL, '', 'wakafExpense', '', 'wakaf Expenses', 270, 0, '2014-08-04 07:30:14', 0, '2014-08-05 01:22:11', 0),
(116, 22, 0, 'waki', 'new waqif', 'new', 'new', 5, 0, '2014-08-10 21:18:10', 0, '0000-00-00 00:00:00', 0),
(117, 7, 0, '001', 'Director Fund', 'DF', '', 0, 0, '2014-08-20 20:57:18', 0, '2014-08-21 02:59:13', 1),
(118, 7, 0, '', 'Online', 'Online', 'Online', 0, 0, '2015-05-27 11:21:09', 0, '0000-00-00 00:00:00', 0),
(160, 18, NULL, 'BD', 'Bad Debt Relief', 'BD', 'Bad Debt Relief Form', 311, 1, '2014-05-06 18:01:25', 0, '0000-00-00 00:00:00', 0),
(161, 18, NULL, 'BDR', 'Bad Debt Recover', 'DR', 'Bad Debt Recover Form', 312, 1, '2014-05-06 18:01:25', 0, '2015-06-05 01:16:55', 0),
(162, 18, NULL, 'SDR', 'Supplier Bad Debt Recover', 'SDR', 'Supplier Bad Debt Recover Form', 313, 1, '2014-05-06 18:01:25', 0, '2015-06-05 01:16:55', 0),
(163, 18, NULL, 'SBD', 'Supplier Bad Debt Relief', 'SBD', 'Supplier Bad Debt Relief Form', 314, 1, '2014-05-06 18:01:25', 0, '0000-00-00 00:00:00', 0);

-- --------------------------------------------------------

--
-- Table structure for table `module`
--

CREATE TABLE IF NOT EXISTS `module` (
`ID` int(11) NOT NULL,
  `parentModuleID` int(11) NOT NULL,
  `moduleName` varchar(64) NOT NULL,
  `description` varchar(254) NOT NULL,
  `orderNo` int(11) NOT NULL,
  `createdBy` int(11) NOT NULL,
  `createdTS` timestamp NOT NULL DEFAULT CURRENT_TIMESTAMP,
  `updatedBy` int(11) NOT NULL,
  `updatedTS` timestamp NOT NULL DEFAULT '0000-00-00 00:00:00' ON UPDATE CURRENT_TIMESTAMP
) ENGINE=InnoDB  DEFAULT CHARSET=latin1 AUTO_INCREMENT=11 ;

--
-- Dumping data for table `module`
--

INSERT INTO `module` (`ID`, `parentModuleID`, `moduleName`, `description`, `orderNo`, `createdBy`, `createdTS`, `updatedBy`, `updatedTS`) VALUES
(1, 0, 'GL', 'General Ledger', 10, 0, '2014-05-02 00:36:58', 0, '2014-10-13 03:03:33'),
(2, 0, 'AR', 'Account Receivables', 20, 0, '2014-05-02 00:36:58', 0, '2014-10-13 03:03:39'),
(3, 0, 'AP', 'Account Payables', 30, 0, '2014-05-02 00:36:58', 0, '2014-10-13 03:03:54'),
(4, 0, 'IC', 'Inventory Control', 60, 0, '2014-05-02 00:36:58', 0, '2014-10-13 03:04:24'),
(5, 0, 'SO', 'Sales Order', 40, 0, '2014-05-02 00:36:58', 0, '2014-10-13 03:04:04'),
(6, 0, 'GST', 'Goods & Services Tax', 70, 0, '2014-05-02 00:36:58', 0, '2014-10-13 03:04:40'),
(7, 0, 'ZKT', 'Zakat & Wakaf', 80, 0, '2014-05-02 00:36:58', 0, '2014-10-13 03:05:26'),
(8, 0, 'PUR', 'Purchasing', 50, 0, '2014-05-02 00:36:58', 0, '2014-10-13 03:04:08'),
(9, 0, 'ADM', 'Admin', 99, 0, '2014-05-02 00:36:58', 0, '2014-10-13 03:05:36'),
(10, 0, 'STP', 'Setup', 90, 0, '2014-05-02 00:36:58', 0, '2014-10-13 03:05:39');

-- --------------------------------------------------------

--
-- Table structure for table `person`
--

CREATE TABLE IF NOT EXISTS `person` (
`ID` int(11) NOT NULL,
  `name` int(11) NOT NULL,
  `position` varchar(64) NOT NULL,
  `employeeCode` varchar(16) NOT NULL,
  `genderID` int(11) NOT NULL,
  `dateOfBirth` date NOT NULL,
  `dateOfJoint` date NOT NULL,
  `remaks` text NOT NULL,
  `createdBy` int(11) NOT NULL,
  `createdTS` timestamp NOT NULL DEFAULT CURRENT_TIMESTAMP,
  `updatedBy` int(11) NOT NULL,
  `updatedTS` timestamp NOT NULL DEFAULT '0000-00-00 00:00:00' ON UPDATE CURRENT_TIMESTAMP
) ENGINE=InnoDB DEFAULT CHARSET=latin1 AUTO_INCREMENT=1 ;

-- --------------------------------------------------------

--
-- Table structure for table `person_contact`
--

CREATE TABLE IF NOT EXISTS `person_contact` (
`ID` int(11) NOT NULL,
  `personID` int(11) NOT NULL,
  `companyID` int(11) NOT NULL,
  `contactType` varchar(32) NOT NULL,
  `contact` tinytext NOT NULL,
  `updatedBy` int(11) NOT NULL,
  `updatedTS` timestamp NOT NULL DEFAULT CURRENT_TIMESTAMP ON UPDATE CURRENT_TIMESTAMP
) ENGINE=InnoDB DEFAULT CHARSET=latin1 AUTO_INCREMENT=1 ;

-- --------------------------------------------------------

--
-- Table structure for table `poke`
--

CREATE TABLE IF NOT EXISTS `poke` (
`ID` int(11) NOT NULL,
  `who` int(11) NOT NULL,
  `whom` int(11) NOT NULL,
  `status` tinyint(1) NOT NULL DEFAULT '1',
  `createdTS` timestamp NOT NULL DEFAULT CURRENT_TIMESTAMP
) ENGINE=InnoDB DEFAULT CHARSET=latin1 AUTO_INCREMENT=1 ;

-- --------------------------------------------------------

--
-- Table structure for table `prospect`
--

CREATE TABLE IF NOT EXISTS `prospect` (
`ID` int(11) NOT NULL,
  `name` varchar(64) NOT NULL,
  `email` varchar(64) NOT NULL,
  `login` varchar(32) NOT NULL,
  `paswd` varchar(32) NOT NULL,
  `tel` varchar(16) NOT NULL,
  `createdTS` timestamp NOT NULL DEFAULT CURRENT_TIMESTAMP,
  `ip` varchar(32) NOT NULL
) ENGINE=InnoDB DEFAULT CHARSET=latin1 AUTO_INCREMENT=1 ;

-- --------------------------------------------------------

--
-- Table structure for table `supplier`
--

CREATE TABLE IF NOT EXISTS `supplier` (
`ID` int(11) NOT NULL,
  `companyID` int(11) NOT NULL,
  `supplierName` varchar(128) NOT NULL,
  `supplierCode` varchar(8) NOT NULL,
  `supplierCompanyNo` varchar(32) NOT NULL,
  `line1` varchar(128) NOT NULL,
  `line2` varchar(128) NOT NULL,
  `line3` varchar(128) NOT NULL,
  `city` varchar(128) NOT NULL,
  `supplierPostCode` varchar(8) NOT NULL,
  `supplierStateID` int(11) NOT NULL,
  `supplierCountryID` int(11) NOT NULL,
  `attention` varchar(100) NOT NULL,
  `website` varchar(32) NOT NULL,
  `phoneNumber1` varchar(50) NOT NULL,
  `phoneNumber2` varchar(50) NOT NULL,
  `fax` varchar(50) NOT NULL,
  `generalNote` varchar(255) NOT NULL,
  `gstRegNo` varchar(16) NOT NULL,
  `termsID` int(11) NOT NULL,
  `creditLimit` double NOT NULL,
  `creditLimitAlert` tinyint(1) NOT NULL,
  `linkedAPAccountID` int(11) NOT NULL,
  `createdDate` date NOT NULL,
  `currencyID` int(11) NOT NULL,
  `email` varchar(64) NOT NULL,
  `termstatus` int(11) NOT NULL,
  `createdBy` int(11) NOT NULL,
  `createdTS` timestamp NOT NULL DEFAULT CURRENT_TIMESTAMP,
  `updatedBy` int(11) NOT NULL,
  `updatedTS` timestamp NOT NULL DEFAULT '0000-00-00 00:00:00' ON UPDATE CURRENT_TIMESTAMP,
  `is_delete` smallint(16) NOT NULL,
  `approvalNo` varchar(32) NOT NULL
) ENGINE=InnoDB  DEFAULT CHARSET=latin1 AUTO_INCREMENT=4 ;

--
-- Dumping data for table `supplier`
--

INSERT INTO `supplier` (`ID`, `companyID`, `supplierName`, `supplierCode`, `supplierCompanyNo`, `line1`, `line2`, `line3`, `city`, `supplierPostCode`, `supplierStateID`, `supplierCountryID`, `attention`, `website`, `phoneNumber1`, `phoneNumber2`, `fax`, `generalNote`, `gstRegNo`, `termsID`, `creditLimit`, `creditLimitAlert`, `linkedAPAccountID`, `createdDate`, `currencyID`, `email`, `termstatus`, `createdBy`, `createdTS`, `updatedBy`, `updatedTS`, `is_delete`, `approvalNo`) VALUES
(1, 2, 'PERODUA SALES SDN BHD', 'PERODUA', '066332U', 'SUNGAI CHOH, ', 'LOCKED BAG 226,', '', 'RAWANG', '48009', 1931, 458, '', '', '+603-6092 8888', '', '+603-6092 0950', '', '001821638656', 0, 0, 0, 37, '2015-04-01', 1, '', 0, 0, '2015-05-07 07:40:33', 0, '2015-05-07 08:54:52', 1, ''),
(2, 2, 'PERODUA SALES SDN BHD', 'PERODUA', '066332U', 'SUNGAI CHOH, ', 'LOCKED BAG 226,', '', 'RAWANG', '48009', 1931, 458, '', '', '+603-6092 8888', '', '+603-6092 0950', '', '001821638656', 6, 0, 0, 138, '2015-04-01', 1, '', 0, 0, '2015-05-08 08:28:45', 0, '2015-05-10 10:16:21', 0, ''),
(3, 1, 'PSSB', 'PSSB', 'PSSBS', '', '', '', '', '', 0, 458, '', '', '', '', '', '', '123456789012', 0, 0, 0, 182, '2015-04-01', 1, '', 0, 0, '2015-05-10 08:25:29', 0, '0000-00-00 00:00:00', 0, '');

--
-- Triggers `supplier`
--
DELIMITER //
CREATE TRIGGER `trigger_default_created_date` BEFORE INSERT ON `supplier`
 FOR EACH ROW if ( isnull(new.createddate) ) then
 set new.createddate=curdate();
end if
//
DELIMITER ;

-- --------------------------------------------------------

--
-- Table structure for table `supplier_address`
--

CREATE TABLE IF NOT EXISTS `supplier_address` (
`ID` int(11) NOT NULL,
  `companyID` int(11) NOT NULL,
  `supplierID` int(11) NOT NULL,
  `addressCode` varchar(50) DEFAULT NULL,
  `addressName` varchar(128) DEFAULT NULL,
  `line1` varchar(128) DEFAULT NULL,
  `line2` varchar(128) DEFAULT NULL,
  `line3` varchar(128) DEFAULT NULL,
  `city` varchar(128) DEFAULT NULL,
  `postCode` varchar(8) DEFAULT NULL,
  `stateID` int(11) DEFAULT NULL,
  `countryID` int(11) DEFAULT NULL,
  `createdBy` int(11) DEFAULT NULL,
  `createdTS` timestamp NULL DEFAULT CURRENT_TIMESTAMP,
  `updatedBy` int(11) DEFAULT NULL,
  `updatedTS` timestamp NULL DEFAULT CURRENT_TIMESTAMP,
  `is_delete` smallint(16) DEFAULT '0'
) ENGINE=InnoDB DEFAULT CHARSET=latin1 AUTO_INCREMENT=1 ;

-- --------------------------------------------------------

--
-- Table structure for table `supplier_contact`
--

CREATE TABLE IF NOT EXISTS `supplier_contact` (
  `ID` int(11) NOT NULL DEFAULT '0',
  `supplierID` int(11) NOT NULL,
  `personID` int(11) NOT NULL,
  `position` varchar(32) NOT NULL,
  `is_delete` smallint(16) NOT NULL
) ENGINE=InnoDB DEFAULT CHARSET=latin1;

-- --------------------------------------------------------

--
-- Table structure for table `tax_class`
--

CREATE TABLE IF NOT EXISTS `tax_class` (
`ID` int(11) NOT NULL,
  `code` varchar(10) DEFAULT NULL,
  `shortName` varchar(10) DEFAULT NULL,
  `description` varchar(128) DEFAULT NULL,
  `taxAccount` int(11) DEFAULT NULL,
  `createdBy` int(11) DEFAULT NULL,
  `createdTS` timestamp NULL DEFAULT CURRENT_TIMESTAMP,
  `updatedBy` int(11) DEFAULT NULL,
  `updatedTS` timestamp NULL DEFAULT CURRENT_TIMESTAMP ON UPDATE CURRENT_TIMESTAMP
) ENGINE=InnoDB  DEFAULT CHARSET=latin1 AUTO_INCREMENT=3 ;

--
-- Dumping data for table `tax_class`
--

INSERT INTO `tax_class` (`ID`, `code`, `shortName`, `description`, `taxAccount`, `createdBy`, `createdTS`, `updatedBy`, `updatedTS`) VALUES
(1, 'GST', 'GST', 'Goods And Services Tax', NULL, NULL, '2014-05-09 11:04:42', NULL, '2014-05-11 01:24:32'),
(2, 'OTH', 'OTHER TAX', 'Other Tax', NULL, NULL, '2014-05-09 11:05:22', NULL, '2014-05-09 11:05:55');

-- --------------------------------------------------------

--
-- Table structure for table `tax_group`
--

CREATE TABLE IF NOT EXISTS `tax_group` (
`ID` int(11) NOT NULL,
  `code` varchar(10) DEFAULT NULL,
  `description` varchar(128) DEFAULT NULL,
  `taxAccount` int(11) DEFAULT NULL,
  `createdBy` int(11) DEFAULT NULL,
  `createdTS` timestamp NULL DEFAULT CURRENT_TIMESTAMP,
  `updatedBy` int(11) DEFAULT NULL,
  `updatedTS` timestamp NULL DEFAULT CURRENT_TIMESTAMP ON UPDATE CURRENT_TIMESTAMP
) ENGINE=InnoDB  DEFAULT CHARSET=latin1 ROW_FORMAT=COMPACT AUTO_INCREMENT=3 ;

--
-- Dumping data for table `tax_group`
--

INSERT INTO `tax_group` (`ID`, `code`, `description`, `taxAccount`, `createdBy`, `createdTS`, `updatedBy`, `updatedTS`) VALUES
(1, 'PI', 'PURCHASE/INPUT', NULL, NULL, '2014-05-09 11:06:33', NULL, '2014-05-21 08:38:43'),
(2, 'SO', 'SALES/OUTPUT', NULL, NULL, '2014-05-09 11:06:50', NULL, '2014-05-09 11:06:50');

-- --------------------------------------------------------

--
-- Table structure for table `tax_master`
--

CREATE TABLE IF NOT EXISTS `tax_master` (
`ID` int(11) NOT NULL,
  `companyID` int(11) NOT NULL DEFAULT '0',
  `code` varchar(10) DEFAULT NULL,
  `name` varchar(128) DEFAULT NULL,
  `taxType` int(11) DEFAULT NULL,
  `taxPercentage` double DEFAULT NULL,
  `taxClass` int(11) DEFAULT NULL,
  `taxGroup` int(11) DEFAULT NULL,
  `description` varchar(128) DEFAULT NULL,
  `taxAccount` int(11) DEFAULT NULL,
  `status` tinyint(1) DEFAULT '0',
  `createdBy` int(11) DEFAULT '0',
  `createdTS` timestamp NULL DEFAULT CURRENT_TIMESTAMP,
  `updatedBy` int(11) DEFAULT NULL,
  `updatedTS` timestamp NULL DEFAULT CURRENT_TIMESTAMP ON UPDATE CURRENT_TIMESTAMP
) ENGINE=InnoDB  DEFAULT CHARSET=latin1 AUTO_INCREMENT=71 ;

--
-- Dumping data for table `tax_master`
--

INSERT INTO `tax_master` (`ID`, `companyID`, `code`, `name`, `taxType`, `taxPercentage`, `taxClass`, `taxGroup`, `description`, `taxAccount`, `status`, `createdBy`, `createdTS`, `updatedBy`, `updatedTS`) VALUES
(1, 2, 'TX-CG', 'CAPITAL GOODS ACQUIRED', 11, 6, 1, 1, 'CAPITAL GOODS ACQUIRED', 34, 0, 0, '2015-05-07 07:17:53', NULL, '2015-05-07 07:17:53'),
(2, 2, 'SR', 'STANDARD RATED SUPPLIES WITH GST CHARGED', 1, 6, 1, 2, 'STANDARD RATED SUPPLIES WITH GST CHARGED', 41, 0, 0, '2015-05-07 07:17:53', NULL, '2015-05-07 07:17:53'),
(3, 2, 'DS', 'DEEMED SUPPLIES', 1, 6, 1, 2, 'DEEMED SUPPLIES', 41, 0, 0, '2015-05-07 07:17:53', NULL, '2015-05-07 07:17:53'),
(4, 2, 'ZRL', 'ZERO RATED SUPPLIES-LOCAL', 2, 0, 1, 2, 'ZERO RATED SUPPLIES-LOCAL', NULL, 0, 0, '2015-05-07 07:17:53', NULL, '2015-05-07 07:17:53'),
(5, 2, 'ZRE', 'EXPORTED GOOD SUPPLIES', 3, 0, 1, 2, 'EXPORTED GOOD SUPPLIES', NULL, 0, 0, '2015-05-07 07:17:53', NULL, '2015-05-07 07:17:53'),
(6, 2, 'ES43', 'INCIDENTAL EXEMPT SUPPLIES', 4, 0, 1, 2, 'INCIDENTAL EXEMPT SUPPLIES', NULL, 0, 0, '2015-05-07 07:17:53', NULL, '2015-05-07 07:17:53'),
(7, 2, 'ES', 'EXEMPT SUPPLIES UNDER GST', 4, 0, 1, 2, 'EXEMPT SUPPLIES UNDER GST', NULL, 0, 0, '2015-05-07 07:17:53', NULL, '2015-05-07 07:17:53'),
(8, 2, 'OS', 'OUT-OF-SCOPE SUPPLIES', 5, 0, 1, 2, 'OUT-OF-SCOPE SUPPLIES', NULL, 0, 0, '2015-05-07 07:17:53', NULL, '2015-05-07 07:17:53'),
(9, 2, 'RS', 'RELIEF SUPPLIES UNDER GST', 6, 0, 1, 2, 'RELIEF SUPPLIES UNDER GST', NULL, 0, 0, '2015-05-07 07:17:53', NULL, '2015-05-07 07:17:53'),
(10, 2, 'GS', 'DISREGARDED SUPPLIES', 7, 0, 1, 2, 'DISREGARDED SUPPLIES', NULL, 0, 0, '2015-05-07 07:17:53', NULL, '2015-05-07 07:17:53'),
(11, 2, 'AJS', 'ANY ADJUSTMENT MADE TO OUTPUT TAX', 8, 6, 1, 2, 'ANY ADJUSTMENT MADE TO OUTPUT TAX', 41, 0, 0, '2015-05-07 07:17:53', NULL, '2015-05-07 07:17:53'),
(12, 2, 'ST-MF', 'SALES TAX FOR GOODS MANUFACTURING ', 9, 10, 2, 2, 'SALES TAX FOR GOODS MANUFACTURING ', 44, 0, 0, '2015-05-07 07:17:53', NULL, '2015-05-07 07:17:53'),
(13, 2, 'ST', 'SALES TAX FOR GENERAL', 9, 5, 2, 2, 'SALES TAX FOR GENERAL', 44, 0, 0, '2015-05-07 07:17:53', NULL, '2015-05-07 07:17:53'),
(14, 2, 'SERT', 'SERVICE TAX FOR GENERAL', 10, 6, 2, 2, 'SERVICE TAX FOR GENERAL', 45, 0, 0, '2015-05-07 07:17:53', NULL, '2015-05-07 07:17:53'),
(15, 2, 'TX', 'PURCHASE WITH GST INCURRED AT 6% AND DIRECTLY ATTRIBUTABLE TO TAXABLE SUPPLIES', 11, 6, 1, 1, 'PURCHASE WITH GST INCURRED AT 6% AND DIRECTLY ATTRIBUTABLE TO TAXABLE SUPPLIES', 34, 0, 0, '2015-05-07 07:17:53', 2, '2015-05-10 10:35:38'),
(16, 2, 'IM', 'GST INCURRED FOR IMPORT OF GOODS', 11, 6, 1, 1, 'GST INCURRED FOR IMPORT OF GOODS', 34, 0, 0, '2015-05-07 07:17:53', NULL, '2015-05-07 07:17:53'),
(17, 2, 'IMS', 'GST INCURRED FOR IMPORT OF SERVICES (REVERSED MECHANISM)', 11, 6, 1, 1, 'GST INCURRED FOR IMPORT OF SERVICES (REVERSED MECHANISM)', 34, 0, 0, '2015-05-07 07:17:53', NULL, '2015-05-07 07:17:53'),
(18, 2, 'IS', 'IMPORTED UNDER SPECIAL SCHEME WITH NO GST INCURRED', 12, 0, 1, 1, 'IMPORTED UNDER SPECIAL SCHEME WITH NO GST INCURRED', NULL, 0, 0, '2015-05-07 07:17:53', NULL, '2015-05-07 07:17:53'),
(19, 2, 'BL', 'PURCHASE WITH GST INCURRED BUT NOT CLAIMBLE', 13, 6, 1, 1, 'PURCHASE WITH GST INCURRED BUT NOT CLAIMBLE', 106, 0, 0, '2015-05-07 07:17:53', NULL, '2015-06-16 07:31:24'),
(20, 2, 'NR', 'PURCHASE FROM NON GST-REGISTERED SUPPLIER WITH NO GST INCURRED', 14, 0, 1, 1, 'PURCHASE FROM NON GST-REGISTERED SUPPLIER WITH NO GST INCURRED', NULL, 0, 0, '2015-05-07 07:17:53', NULL, '2015-05-07 07:17:53'),
(21, 2, 'ZP', 'PURCHASE FROM GST-REGISTERED SUPPLIER WITH NO GST INCURRED', 15, 0, 1, 1, 'PURCHASE FROM GST-REGISTERED SUPPLIER WITH NO GST INCURRED', NULL, 0, 0, '2015-05-07 07:17:53', NULL, '2015-05-07 07:17:53'),
(22, 2, 'EP', 'PURCHASE EXEMPTED FROM GST', 16, 0, 1, 1, 'PURCHASE EXEMPTED FROM GST', NULL, 0, 0, '2015-05-07 07:17:53', NULL, '2015-05-07 07:17:53'),
(23, 2, 'OP', 'PURCHASE TRANSACTIONS WHICH IS OUT OF THE SCOPE OF GST LEGISLATION', 5, 0, 1, 1, 'PURCHASE TRANSACTIONS WHICH IS OUT OF THE SCOPE', NULL, 0, 0, '2015-05-07 07:17:53', NULL, '2015-05-07 07:17:53'),
(24, 2, 'TX-E43', 'GST INCURRED DIRECTLY ATTRIBUTABLE TO INCIDENTAL EXEMPT SUPPLIES', 11, 6, 1, 1, 'GST INCURRED DIRECTLY ATTRIBUTABLE TO INCIDENTAL EXEMPT SUPPLIES', 34, 0, 0, '2015-05-07 07:17:53', NULL, '2015-05-07 07:17:53'),
(25, 2, 'TX-N43', 'GST  INCURRED DIRECTLY ATTRIBUTABLE TO NON-INCIDENTAL EXEMPT SUPPLIES', 11, 6, 1, 1, 'GST  INCURRED DIRECTLY ATTRIBUTABLE TO NON-INCIDENTAL EXEMPT SUPPLIES', 34, 0, 0, '2015-05-07 07:17:53', NULL, '2015-05-07 07:17:53'),
(26, 2, 'TX-RE', 'GST INCURRED THAT IS NOT DIRECTLY ATTRIBUTABLE TO TAXABLE OR EXEMPT SUPPLIES', 11, 6, 1, 1, 'GST INCURRED THAT IS NOT DIRECTLY ATTRIBUTABLE TO TAXABLE OR EXEMPT SUPPLIES', 34, 0, 0, '2015-05-07 07:17:53', NULL, '2015-05-07 07:17:53'),
(27, 2, 'GP', 'PURCHASE TRANSACTION WHICH LEGISLATION', 19, 0, 1, 1, 'PURCHASE TRANSACTION WHICH LEGISLATION', NULL, 0, 0, '2015-05-07 07:17:53', NULL, '2015-05-07 07:17:53'),
(28, 2, 'AJP', 'ANY ADJUSTMENT MADE TO INPUT TAX', 20, 6, 1, 1, 'ANY ADJUSTMENT MADE TO INPUT TAX', 34, 0, 0, '2015-05-07 07:17:53', NULL, '2015-05-07 07:17:53'),
(29, 2, 'ST-1', 'SALES TAX FOR GOODS MANUFACTURING ', 9, 10, 2, 1, 'SALES TAX FOR GOODS MANUFACTURING ', NULL, 0, 0, '2015-05-07 07:17:53', NULL, '2015-05-07 07:17:53'),
(30, 2, 'ST-2', 'SALES TAX FOR GENERAL', 9, 10, 2, 1, 'SALES TAX FOR GENERAL', NULL, 0, 0, '2015-05-07 07:17:53', NULL, '2015-05-07 07:17:53'),
(31, 2, 'SERT-1', 'SERVICE TAX FOR GENERAL', 10, 6, 2, 1, 'SERVICE TAX FOR GENERAL', 45, 0, 0, '2015-05-07 07:17:53', NULL, '2015-05-07 07:17:53'),
(32, 2, 'IMPD-1', 'IMPORT DUTY FOR CUSTOMS IMPORTED GOODS', 17, 0, 2, 1, 'IMPORT DUTY FOR CUSTOMS IMPORTED GOODS', NULL, 0, 0, '2015-05-07 07:17:53', NULL, '2015-05-07 07:17:53'),
(33, 2, 'IMPD-2', 'IMPORT DUTY FOR CUSTOMS OPEN AP', 17, 0, 2, 1, 'IMPORT DUTY FOR CUSTOMS OPEN AP', NULL, 0, 0, '2015-05-07 07:17:53', NULL, '2015-05-07 07:17:53'),
(34, 2, 'IMPD-3', 'IMPORT DUTY FOR CUTOMS FRANCHAISE AP', 17, 0, 2, 1, 'IMPORT DUTY FOR CUTOMS FRANCHAISE AP', NULL, 0, 0, '2015-05-07 07:17:53', NULL, '2015-05-07 07:17:53'),
(35, 2, 'EXD', 'EXCISE DUTY CUSTOMS', 18, 0, 2, 1, 'EXCISE DUTY CUSTOMS', NULL, 0, 0, '2015-05-07 07:17:53', NULL, '2015-05-07 07:17:53'),
(36, 1, 'TX-CG', 'CAPITAL GOODS ACQUIRED', 11, 6, 1, 1, 'CAPITAL GOODS ACQUIRED', 179, 0, 0, '2015-05-10 08:17:57', NULL, '2015-05-10 08:17:57'),
(37, 1, 'SR', 'STANDARD RATED SUPPLIES WITH GST CHARGED', 1, 6, 1, 2, 'STANDARD RATED SUPPLIES WITH GST CHARGED', 186, 0, 0, '2015-05-10 08:17:57', NULL, '2015-05-10 08:17:57'),
(38, 1, 'DS', 'DEEMED SUPPLIES', 1, 6, 1, 2, 'DEEMED SUPPLIES', 186, 0, 0, '2015-05-10 08:17:57', NULL, '2015-05-10 08:17:57'),
(39, 1, 'ZRL', 'ZERO RATED SUPPLIES-LOCAL', 2, 0, 1, 2, 'ZERO RATED SUPPLIES-LOCAL', NULL, 0, 0, '2015-05-10 08:17:57', NULL, '2015-05-10 08:17:57'),
(40, 1, 'ZRE', 'EXPORTED GOOD SUPPLIES', 3, 0, 1, 2, 'EXPORTED GOOD SUPPLIES', NULL, 0, 0, '2015-05-10 08:17:57', NULL, '2015-05-10 08:17:57'),
(41, 1, 'ES43', 'INCIDENTAL EXEMPT SUPPLIES', 4, 0, 1, 2, 'INCIDENTAL EXEMPT SUPPLIES', NULL, 0, 0, '2015-05-10 08:17:57', NULL, '2015-05-10 08:17:57'),
(42, 1, 'ES', 'EXEMPT SUPPLIES UNDER GST', 4, 0, 1, 2, 'EXEMPT SUPPLIES UNDER GST', NULL, 0, 0, '2015-05-10 08:17:57', NULL, '2015-05-10 08:17:57'),
(43, 1, 'OS', 'OUT-OF-SCOPE SUPPLIES', 5, 0, 1, 2, 'OUT-OF-SCOPE SUPPLIES', NULL, 0, 0, '2015-05-10 08:17:57', NULL, '2015-05-10 08:17:57'),
(44, 1, 'RS', 'RELIEF SUPPLIES UNDER GST', 6, 0, 1, 2, 'RELIEF SUPPLIES UNDER GST', NULL, 0, 0, '2015-05-10 08:17:57', NULL, '2015-05-10 08:17:57'),
(45, 1, 'GS', 'DISREGARDED SUPPLIES', 7, 0, 1, 2, 'DISREGARDED SUPPLIES', NULL, 0, 0, '2015-05-10 08:17:57', NULL, '2015-05-10 08:17:57'),
(46, 1, 'AJS', 'ANY ADJUSTMENT MADE TO OUTPUT TAX', 8, 6, 1, 2, 'ANY ADJUSTMENT MADE TO OUTPUT TAX', 186, 0, 0, '2015-05-10 08:17:57', NULL, '2015-05-10 08:17:57'),
(47, 1, 'ST-MF', 'SALES TAX FOR GOODS MANUFACTURING ', 9, 10, 2, 2, 'SALES TAX FOR GOODS MANUFACTURING ', 189, 0, 0, '2015-05-10 08:17:57', NULL, '2015-05-10 08:17:57'),
(48, 1, 'ST', 'SALES TAX FOR GENERAL', 9, 5, 2, 2, 'SALES TAX FOR GENERAL', 189, 0, 0, '2015-05-10 08:17:57', NULL, '2015-05-10 08:17:57'),
(49, 1, 'SERT', 'SERVICE TAX FOR GENERAL', 10, 6, 2, 2, 'SERVICE TAX FOR GENERAL', 190, 0, 0, '2015-05-10 08:17:57', NULL, '2015-05-10 08:17:57'),
(50, 1, 'TX', 'PURCHASE WITH GST INCURRED AT 6% AND DIRECTLY ATTRIBUTABLE TO TAXABLE SUPPLIES', 11, 6, 1, 1, 'PURCHASE WITH GST INCURRED AT 6% AND DIRECTLY ATTRIBUTABLE TO TAXABLE SUPPLIES', 179, 0, 0, '2015-05-10 08:17:57', 1, '2015-05-11 07:13:15'),
(51, 1, 'IM', 'GST INCURRED FOR IMPORT OF GOODS', 11, 6, 1, 1, 'GST INCURRED FOR IMPORT OF GOODS', 179, 0, 0, '2015-05-10 08:17:57', NULL, '2015-05-10 08:17:57'),
(52, 1, 'IMS', 'GST INCURRED FOR IMPORT OF SERVICES (REVERSED MECHANISM)', 11, 6, 1, 1, 'GST INCURRED FOR IMPORT OF SERVICES (REVERSED MECHANISM)', 179, 0, 0, '2015-05-10 08:17:57', NULL, '2015-05-10 08:17:57'),
(53, 1, 'IS', 'IMPORTED UNDER SPECIAL SCHEME WITH NO GST INCURRED', 12, 0, 1, 1, 'IMPORTED UNDER SPECIAL SCHEME WITH NO GST INCURRED', NULL, 0, 0, '2015-05-10 08:17:57', NULL, '2015-05-10 08:17:57'),
(54, 1, 'BL', 'PURCHASE WITH GST INCURRED BUT NOT CLAIMBLE', 13, 6, 1, 1, 'PURCHASE WITH GST INCURRED BUT NOT CLAIMBLE', 251, 0, 0, '2015-05-10 08:17:57', NULL, '2015-06-16 07:31:24'),
(55, 1, 'NR', 'PURCHASE FROM NON GST-REGISTERED SUPPLIER WITH NO GST INCURRED', 14, 0, 1, 1, 'PURCHASE FROM NON GST-REGISTERED SUPPLIER WITH NO GST INCURRED', NULL, 0, 0, '2015-05-10 08:17:57', NULL, '2015-05-10 08:17:57'),
(56, 1, 'ZP', 'PURCHASE FROM GST-REGISTERED SUPPLIER WITH NO GST INCURRED', 15, 0, 1, 1, 'PURCHASE FROM GST-REGISTERED SUPPLIER WITH NO GST INCURRED', NULL, 0, 0, '2015-05-10 08:17:57', NULL, '2015-05-10 08:17:57'),
(57, 1, 'EP', 'PURCHASE EXEMPTED FROM GST', 16, 0, 1, 1, 'PURCHASE EXEMPTED FROM GST', NULL, 0, 0, '2015-05-10 08:17:57', NULL, '2015-05-10 08:17:57'),
(58, 1, 'OP', 'PURCHASE TRANSACTIONS WHICH IS OUT OF THE SCOPE OF GST LEGISLATION', 5, 0, 1, 1, 'PURCHASE TRANSACTIONS WHICH IS OUT OF THE SCOPE', NULL, 0, 0, '2015-05-10 08:17:57', NULL, '2015-05-10 08:17:57'),
(59, 1, 'TX-E43', 'GST INCURRED DIRECTLY ATTRIBUTABLE TO INCIDENTAL EXEMPT SUPPLIES', 11, 6, 1, 1, 'GST INCURRED DIRECTLY ATTRIBUTABLE TO INCIDENTAL EXEMPT SUPPLIES', 179, 0, 0, '2015-05-10 08:17:57', NULL, '2015-05-10 08:17:57'),
(60, 1, 'TX-N43', 'GST  INCURRED DIRECTLY ATTRIBUTABLE TO NON-INCIDENTAL EXEMPT SUPPLIES', 11, 6, 1, 1, 'GST  INCURRED DIRECTLY ATTRIBUTABLE TO NON-INCIDENTAL EXEMPT SUPPLIES', 179, 0, 0, '2015-05-10 08:17:57', NULL, '2015-05-10 08:17:57'),
(61, 1, 'TX-RE', 'GST INCURRED THAT IS NOT DIRECTLY ATTRIBUTABLE TO TAXABLE OR EXEMPT SUPPLIES', 11, 6, 1, 1, 'GST INCURRED THAT IS NOT DIRECTLY ATTRIBUTABLE TO TAXABLE OR EXEMPT SUPPLIES', 179, 0, 0, '2015-05-10 08:17:57', NULL, '2015-05-10 08:17:57'),
(62, 1, 'GP', 'PURCHASE TRANSACTION WHICH LEGISLATION', 19, 0, 1, 1, 'PURCHASE TRANSACTION WHICH LEGISLATION', NULL, 0, 0, '2015-05-10 08:17:57', NULL, '2015-05-10 08:17:57'),
(63, 1, 'AJP', 'ANY ADJUSTMENT MADE TO INPUT TAX', 20, 6, 1, 1, 'ANY ADJUSTMENT MADE TO INPUT TAX', 179, 0, 0, '2015-05-10 08:17:57', NULL, '2015-05-10 08:17:57'),
(64, 1, 'ST-1', 'SALES TAX FOR GOODS MANUFACTURING ', 9, 10, 2, 1, 'SALES TAX FOR GOODS MANUFACTURING ', NULL, 0, 0, '2015-05-10 08:17:57', NULL, '2015-05-10 08:17:57'),
(65, 1, 'ST-2', 'SALES TAX FOR GENERAL', 9, 10, 2, 1, 'SALES TAX FOR GENERAL', NULL, 0, 0, '2015-05-10 08:17:57', NULL, '2015-05-10 08:17:57'),
(66, 1, 'SERT-1', 'SERVICE TAX FOR GENERAL', 10, 6, 2, 1, 'SERVICE TAX FOR GENERAL', 190, 0, 0, '2015-05-10 08:17:57', NULL, '2015-05-10 08:17:57'),
(67, 1, 'IMPD-1', 'IMPORT DUTY FOR CUSTOMS IMPORTED GOODS', 17, 0, 2, 1, 'IMPORT DUTY FOR CUSTOMS IMPORTED GOODS', NULL, 0, 0, '2015-05-10 08:17:57', NULL, '2015-05-10 08:17:57'),
(68, 1, 'IMPD-2', 'IMPORT DUTY FOR CUSTOMS OPEN AP', 17, 0, 2, 1, 'IMPORT DUTY FOR CUSTOMS OPEN AP', NULL, 0, 0, '2015-05-10 08:17:57', NULL, '2015-05-10 08:17:57'),
(69, 1, 'IMPD-3', 'IMPORT DUTY FOR CUTOMS FRANCHAISE AP', 17, 0, 2, 1, 'IMPORT DUTY FOR CUTOMS FRANCHAISE AP', NULL, 0, 0, '2015-05-10 08:17:57', NULL, '2015-05-10 08:17:57'),
(70, 1, 'EXD', 'EXCISE DUTY CUSTOMS', 18, 0, 2, 1, 'EXCISE DUTY CUSTOMS', NULL, 0, 0, '2015-05-10 08:17:57', NULL, '2015-05-10 08:17:57');

-- --------------------------------------------------------

--
-- Table structure for table `tax_type`
--

CREATE TABLE IF NOT EXISTS `tax_type` (
`ID` int(11) NOT NULL,
  `code` varchar(10) DEFAULT NULL,
  `taxGroupID` int(11) DEFAULT NULL,
  `description` varchar(128) DEFAULT NULL,
  `taxClass` int(11) NOT NULL,
  `taxAccount` int(11) DEFAULT NULL,
  `createdBy` int(11) DEFAULT NULL,
  `createdTS` timestamp NULL DEFAULT CURRENT_TIMESTAMP,
  `updatedBy` int(11) DEFAULT NULL,
  `updatedTS` timestamp NULL DEFAULT CURRENT_TIMESTAMP ON UPDATE CURRENT_TIMESTAMP
) ENGINE=InnoDB  DEFAULT CHARSET=latin1 ROW_FORMAT=COMPACT AUTO_INCREMENT=21 ;

--
-- Dumping data for table `tax_type`
--

INSERT INTO `tax_type` (`ID`, `code`, `taxGroupID`, `description`, `taxClass`, `taxAccount`, `createdBy`, `createdTS`, `updatedBy`, `updatedTS`) VALUES
(1, 'STD', 2, 'STANDARD RATED SUPPLIES', 1, NULL, NULL, '2014-05-09 11:04:42', NULL, '2014-08-19 08:18:43'),
(2, 'ZRS', 2, 'ZERO RATED SUPPLIES', 1, NULL, NULL, '2014-05-09 11:05:22', NULL, '2014-08-19 08:18:43'),
(3, 'EGS', 2, 'EXPORTED GOOD SUPPLIES', 1, NULL, NULL, '2014-05-09 11:10:04', NULL, '2014-08-19 08:18:43'),
(4, 'ESS', 2, 'EXEMPT SUPPLIES', 1, NULL, NULL, '2014-05-09 11:10:18', NULL, '2014-08-19 08:18:43'),
(5, 'OOS', 2, 'OUT OF SCOPE', 1, NULL, NULL, '2014-05-09 11:10:52', NULL, '2014-08-19 08:18:43'),
(6, 'RES', 2, 'RELIEF SUPPLIES', 1, NULL, NULL, '2014-05-09 11:11:12', NULL, '2014-08-19 08:18:43'),
(7, 'DRS', 2, 'DISREGARDED SUPPLIES', 1, NULL, NULL, '2014-05-09 11:11:47', NULL, '2014-08-19 08:18:43'),
(8, 'OTD', 2, 'OUTPUT TAX ADJUSTMENT', 1, NULL, NULL, '2014-05-09 11:11:58', NULL, '2014-08-19 08:18:43'),
(9, 'SLT', 2, 'SALES TAX', 2, NULL, NULL, '2014-05-09 11:12:53', NULL, '2014-08-19 08:32:02'),
(10, 'SVT', 2, 'SERVICE TAX', 2, NULL, NULL, '2014-05-09 11:13:11', NULL, '2014-08-19 08:34:09'),
(11, 'SRA', 1, 'STANDARD RATED ACQUISITION', 1, NULL, NULL, '2014-05-09 11:13:33', NULL, '2014-08-19 08:18:43'),
(12, 'SPS', 1, 'SPECIAL SCHEME', 1, NULL, NULL, '2014-05-09 11:13:51', NULL, '2014-08-19 08:18:43'),
(13, 'BIT', 1, 'BLOCK INPUT TAX', 1, NULL, NULL, '2014-05-09 11:14:09', NULL, '2014-08-19 08:18:43'),
(14, 'NGR', 1, 'NON GST REGISTERED', 1, NULL, NULL, '2014-05-09 11:14:24', NULL, '2014-08-19 08:18:43'),
(15, 'ZRA', 1, 'ZERO RATED ACQUISITION', 1, NULL, NULL, '2014-05-09 11:14:49', NULL, '2014-08-19 08:18:43'),
(16, 'EXA', 1, 'EXEMPT ACQUISITION', 1, NULL, NULL, '2014-05-09 11:15:06', NULL, '2014-08-19 08:18:43'),
(17, 'IMD', 1, 'IMPORT DUTY', 2, NULL, NULL, '2014-05-09 11:15:42', NULL, '2014-08-19 08:27:38'),
(18, 'EXD', 1, 'EXCISE DUTY', 2, NULL, NULL, '2014-05-09 11:15:58', NULL, '2014-08-19 08:27:31'),
(19, 'DP', 1, 'DISREGARDED PURCHASE', 1, NULL, NULL, '2014-08-19 04:34:01', NULL, '2014-08-19 08:18:43'),
(20, 'ITA', 1, 'INPUT TAX ADJUSTMENT', 1, NULL, NULL, '2014-08-19 04:42:35', NULL, '2014-08-19 08:18:43');

-- --------------------------------------------------------

--
-- Table structure for table `tax_work_footer`
--

CREATE TABLE IF NOT EXISTS `tax_work_footer` (
`ID` int(11) NOT NULL,
  `recordID` varchar(1) DEFAULT NULL COMMENT 'Must be a single character corresponding to record type. Must be ‘F’',
  `purchaseCount` int(11) DEFAULT NULL COMMENT 'Number of P records',
  `purchaseAmount` double DEFAULT NULL COMMENT 'Debit Amount',
  `purchaseAmountGST` double DEFAULT NULL COMMENT 'Purchase GST Amount GST',
  `supplyCount` int(11) DEFAULT NULL COMMENT 'Supply Count',
  `supplyAmountSum` double DEFAULT NULL COMMENT 'Sum of all supplies',
  `supplyAmountSumGst` double DEFAULT NULL COMMENT 'Sum of GST on all supplies',
  `ledgerCount` int(11) DEFAULT NULL COMMENT 'Number of L records',
  `debitSum` double DEFAULT NULL COMMENT 'Debit Sum',
  `creditSum` double DEFAULT NULL COMMENT 'Credit Sum',
  `balanceSum` double DEFAULT NULL COMMENT 'Balance Sum',
  `status` smallint(1) DEFAULT NULL,
  `createdBy` int(11) DEFAULT NULL,
  `createdTS` timestamp NULL DEFAULT CURRENT_TIMESTAMP,
  `updatedBy` int(11) DEFAULT NULL,
  `updatedTS` timestamp NULL DEFAULT CURRENT_TIMESTAMP ON UPDATE CURRENT_TIMESTAMP
) ENGINE=InnoDB DEFAULT CHARSET=latin1 ROW_FORMAT=COMPACT AUTO_INCREMENT=1 ;

-- --------------------------------------------------------

--
-- Table structure for table `tax_work_gl`
--

CREATE TABLE IF NOT EXISTS `tax_work_gl` (
`ID` int(11) NOT NULL,
  `recordID` varchar(1) DEFAULT NULL COMMENT 'Must be a single character corresponding to record type.Must be ‘L’',
  `transactionDate` date DEFAULT NULL COMMENT 'Format: dd/MM/yyyy',
  `Account ID` int(11) DEFAULT NULL COMMENT 'General Ledger Code for individual account',
  `Account Name` varchar(3) DEFAULT NULL COMMENT 'Name of individual General Ledger account',
  `description` varchar(128) DEFAULT NULL COMMENT 'Transaction Description',
  `name` varchar(128) DEFAULT NULL COMMENT 'Name of entity involved (if applicable)',
  `journalID` varchar(128) DEFAULT NULL COMMENT 'A unique number that can group related double entries',
  `documentID` varchar(128) DEFAULT NULL COMMENT 'Source document number to which line relates (For example, cheque number, invoice number, credit note number, trust receipt number) ',
  `type` varchar(128) DEFAULT NULL COMMENT 'Refers to type of transaction such as AR. Refers to the type of transaction such as AR, AP, Inventory, Sales, Purchases, Cash Disbursement, Cash Receipt, General Journal etc.',
  `amount_dr` double DEFAULT NULL COMMENT 'Debit Amount',
  `amount_cr` double DEFAULT NULL COMMENT 'Credit amount',
  `Balance` double DEFAULT NULL COMMENT 'Balance Amount',
  `status` smallint(1) DEFAULT NULL,
  `gafID` int(11) DEFAULT NULL,
  `createdBy` int(11) DEFAULT NULL,
  `createdTS` timestamp NULL DEFAULT CURRENT_TIMESTAMP,
  `updatedBy` int(11) DEFAULT NULL,
  `updatedTS` timestamp NULL DEFAULT CURRENT_TIMESTAMP ON UPDATE CURRENT_TIMESTAMP
) ENGINE=InnoDB DEFAULT CHARSET=latin1 ROW_FORMAT=COMPACT AUTO_INCREMENT=1 ;

-- --------------------------------------------------------

--
-- Table structure for table `tax_work_header`
--

CREATE TABLE IF NOT EXISTS `tax_work_header` (
`ID` int(11) NOT NULL,
  `recordID` varchar(1) DEFAULT NULL COMMENT 'Must be a single character corresponding to record type. Must be ‘C’',
  `name` varchar(128) DEFAULT NULL COMMENT 'The name of the company for which this file is reporting on.',
  `BRN` varchar(128) DEFAULT NULL COMMENT 'Business registration number for company',
  `gstNo` varchar(128) DEFAULT NULL COMMENT 'Company GST number',
  `periodStart` date DEFAULT NULL COMMENT 'Filing Period Start Date Must be in format dd/MM/yyyy example: 01/12/2014’',
  `periodEnd` date DEFAULT NULL COMMENT 'Filing Period End Date Must be in format dd/MM/yyyy example: 31/12/2014’',
  `version` varchar(128) DEFAULT NULL COMMENT 'Accounting software name and version Example: XYB Accountsoft v.2.0',
  `GAFversion` varchar(128) DEFAULT NULL COMMENT 'GST Audit File (GAF) version number',
  `status` smallint(1) DEFAULT NULL,
  `gafID` smallint(1) DEFAULT NULL,
  `createdBy` int(11) DEFAULT NULL,
  `createdTS` timestamp NULL DEFAULT CURRENT_TIMESTAMP,
  `updatedBy` int(11) DEFAULT NULL,
  `updatedTS` timestamp NULL DEFAULT CURRENT_TIMESTAMP ON UPDATE CURRENT_TIMESTAMP
) ENGINE=InnoDB DEFAULT CHARSET=latin1 ROW_FORMAT=COMPACT AUTO_INCREMENT=1 ;

-- --------------------------------------------------------

--
-- Table structure for table `tax_work_purchase`
--

CREATE TABLE IF NOT EXISTS `tax_work_purchase` (
`ID` int(11) NOT NULL,
  `recordID` varchar(1) DEFAULT NULL COMMENT 'Must be a single character corresponding to record type. Must be ‘P’',
  `name` varchar(128) DEFAULT NULL COMMENT 'AN Name for supplier.',
  `BRN` varchar(128) DEFAULT NULL COMMENT 'BRN for company from which purchase was made.',
  `invoiceDate` date DEFAULT NULL COMMENT 'Invoice Date Format dd/MM/yyyy',
  `invoiceNo` varchar(128) DEFAULT NULL COMMENT 'Invoice Number',
  `importDeclare` varchar(128) DEFAULT NULL COMMENT 'Import Declaration Number. (e.g. Customs Form No. 1 reference',
  `invoiceLine` varchar(3) DEFAULT NULL COMMENT 'Number of Invoice Line',
  `description` varchar(128) DEFAULT NULL COMMENT 'Description for what was purchased',
  `amount` double DEFAULT NULL COMMENT 'Value of purchase excluding GST in Malaysia Ringgit.',
  `taxAmount` double DEFAULT NULL COMMENT 'Value of GST in Malaysia Ringgit.',
  `taxID` int(11) DEFAULT NULL,
  `taxCode` varchar(128) DEFAULT NULL COMMENT 'Tax code for lookup in tables. Please refer to Appendix',
  `currencyID` int(11) DEFAULT NULL,
  `currencyCode` varchar(128) DEFAULT NULL COMMENT 'ISO’s currency codes (3-letter alphabetical code) of foreign Currency. Example: USD',
  `currencyAmount` double DEFAULT NULL COMMENT 'Value of purchase excluding GST in Foreign Currency (If applicable).',
  `taxCurrencyAmount` double DEFAULT NULL COMMENT 'Value of GST in Foreign Currency (If applicable)',
  `status` smallint(2) DEFAULT NULL,
  `gafID` int(11) DEFAULT NULL,
  `createdBy` int(11) DEFAULT NULL,
  `createdTS` timestamp NULL DEFAULT CURRENT_TIMESTAMP,
  `updatedBy` int(11) DEFAULT NULL,
  `updatedTS` timestamp NULL DEFAULT CURRENT_TIMESTAMP ON UPDATE CURRENT_TIMESTAMP
) ENGINE=InnoDB DEFAULT CHARSET=latin1 ROW_FORMAT=COMPACT AUTO_INCREMENT=1 ;

-- --------------------------------------------------------

--
-- Table structure for table `tax_work_sales`
--

CREATE TABLE IF NOT EXISTS `tax_work_sales` (
`ID` int(11) NOT NULL,
  `recordID` varchar(1) DEFAULT NULL COMMENT 'Must be a single character corresponding to record type. Must be ‘S’',
  `name` varchar(128) DEFAULT NULL COMMENT 'Name of customer.',
  `BRN` varchar(128) DEFAULT NULL COMMENT 'BRN for supplier.',
  `invoiceDate` date DEFAULT NULL COMMENT 'Invoice Date Format dd/MM/yyyy',
  `invoiceNo` varchar(128) DEFAULT NULL COMMENT 'Invoice Number',
  `invoiceLine` varchar(3) DEFAULT NULL COMMENT 'Number of Invoice Line',
  `description` varchar(128) DEFAULT NULL COMMENT 'Description for what was sold',
  `amount` double DEFAULT NULL COMMENT 'Value of supply excluding GST in Malaysia Ringgit',
  `taxAmount` double DEFAULT NULL COMMENT 'Value of GST in Malaysia Ringgit',
  `taxID` int(11) DEFAULT NULL,
  `taxCode` varchar(128) DEFAULT NULL COMMENT 'Tax code for lookup in tables. Please refer to Appendix 2Example: SR',
  `countryID` int(11) DEFAULT NULL COMMENT 'Destination of goods being exported. Example: KOREA',
  `currencyID` int(11) DEFAULT NULL,
  `currencyCode` varchar(128) DEFAULT NULL COMMENT 'ISO’s currency codes (3-letter alphabetical code) of foreign Currency. Example: USD',
  `currencyAmount` double DEFAULT NULL COMMENT 'Value of purchase excluding GST in Foreign Currency (If applicable).',
  `taxCurrencyAmount` double DEFAULT NULL COMMENT 'Value of GST in Foreign Currency (If applicable)',
  `status` smallint(1) DEFAULT NULL,
  `gafID` int(11) DEFAULT NULL,
  `createdBy` int(11) DEFAULT NULL,
  `createdTS` timestamp NULL DEFAULT CURRENT_TIMESTAMP,
  `updatedBy` int(11) DEFAULT NULL,
  `updatedTS` timestamp NULL DEFAULT CURRENT_TIMESTAMP ON UPDATE CURRENT_TIMESTAMP
) ENGINE=InnoDB DEFAULT CHARSET=latin1 ROW_FORMAT=COMPACT AUTO_INCREMENT=1 ;

-- --------------------------------------------------------

--
-- Table structure for table `tbl_department`
--

CREATE TABLE IF NOT EXISTS `tbl_department` (
`fldid` int(11) NOT NULL,
  `companyID` int(11) NOT NULL,
  `code` varchar(18) DEFAULT NULL,
  `description` varchar(100) DEFAULT NULL,
  `dept_head` varchar(50) DEFAULT NULL
) ENGINE=InnoDB  DEFAULT CHARSET=utf8 ROW_FORMAT=COMPACT AUTO_INCREMENT=6 ;

--
-- Dumping data for table `tbl_department`
--

INSERT INTO `tbl_department` (`fldid`, `companyID`, `code`, `description`, `dept_head`) VALUES
(1, 1, 'IS', 'Information System', 'yahaya'),
(2, 1, 'FIN', 'Finance', NULL),
(3, 1, 'HR', 'Human Resources', NULL),
(5, 1, 'PUR', 'Purchasing Department', 'yahaya');

-- --------------------------------------------------------

--
-- Table structure for table `tbl_location`
--

CREATE TABLE IF NOT EXISTS `tbl_location` (
`fldid` int(11) NOT NULL,
  `companyID` int(11) NOT NULL,
  `code` varchar(20) DEFAULT NULL,
  `desc` varchar(100) DEFAULT NULL,
  `address` varchar(200) DEFAULT NULL,
  `line2` varchar(128) NOT NULL,
  `line3` varchar(128) NOT NULL,
  `postcode` varchar(10) DEFAULT NULL,
  `city` varchar(50) DEFAULT NULL,
  `state` int(10) DEFAULT NULL,
  `country` int(10) DEFAULT NULL,
  `phone_no` varchar(25) DEFAULT NULL,
  `fax_no` varchar(25) DEFAULT NULL,
  `create_by` varchar(50) DEFAULT NULL,
  `create_date` date DEFAULT NULL
) ENGINE=InnoDB  DEFAULT CHARSET=utf8 AUTO_INCREMENT=3 ;

--
-- Dumping data for table `tbl_location`
--

INSERT INTO `tbl_location` (`fldid`, `companyID`, `code`, `desc`, `address`, `line2`, `line3`, `postcode`, `city`, `state`, `country`, `phone_no`, `fax_no`, `create_by`, `create_date`) VALUES
(1, 1, 'YAUMAN', 'YAUMAN', '', '', '', '', '', 0, 458, '', '', 'demo', '2015-05-10'),
(2, 2, 'DS', 'YAUMAN AUTO SDN BHD', 'NO 1-0-7', 'JALAN 1/50', 'OFF JALAN GOMBAK', '53000', 'WILAYAH PERSEKUTUAN', 1933, 458, '+603-4025 3392', '+603-4025 3179', 'yaumanauto', '2015-05-10');

-- --------------------------------------------------------

--
-- Table structure for table `tbl_section`
--

CREATE TABLE IF NOT EXISTS `tbl_section` (
`fldid` int(11) NOT NULL,
  `companyID` int(11) NOT NULL,
  `code` varchar(18) DEFAULT NULL,
  `department` varchar(18) DEFAULT NULL,
  `description` varchar(100) DEFAULT NULL,
  `section_head` varchar(50) DEFAULT NULL
) ENGINE=InnoDB  DEFAULT CHARSET=utf8 ROW_FORMAT=COMPACT AUTO_INCREMENT=4 ;

--
-- Dumping data for table `tbl_section`
--

INSERT INTO `tbl_section` (`fldid`, `companyID`, `code`, `department`, `description`, `section_head`) VALUES
(3, 1, 'DC', 'IS', 'Data Center', 'yahaya');

-- --------------------------------------------------------

--
-- Table structure for table `tbl_usermaster`
--

CREATE TABLE IF NOT EXISTS `tbl_usermaster` (
`fldid` int(11) NOT NULL,
  `userid` varchar(50) NOT NULL DEFAULT '0',
  `password` varchar(32) DEFAULT '0',
  `username` varchar(150) DEFAULT NULL,
  `position` varchar(50) DEFAULT NULL,
  `email` varchar(100) DEFAULT NULL,
  `homepage` varchar(100) DEFAULT NULL,
  `phone_off` varchar(30) DEFAULT NULL,
  `phone_ext` varchar(10) DEFAULT NULL,
  `phone_mobile` varchar(100) DEFAULT NULL,
  `department` varchar(18) DEFAULT NULL,
  `section` varchar(18) DEFAULT NULL,
  `role` varchar(150) DEFAULT NULL,
  `status` smallint(1) DEFAULT NULL,
  `birthday` date DEFAULT NULL,
  `online` int(5) NOT NULL,
  `last_seen` datetime NOT NULL,
  `access_comp` varchar(255) NOT NULL,
  `last_seen_ip` varchar(30) NOT NULL,
  `create_dt` timestamp NULL DEFAULT CURRENT_TIMESTAMP,
  `create_user` varchar(150) DEFAULT NULL,
  `modified_dt` date DEFAULT NULL,
  `modified_user` varchar(150) DEFAULT NULL,
  `is_delete` smallint(6) DEFAULT '0',
  `language` varchar(10) NOT NULL
) ENGINE=InnoDB  DEFAULT CHARSET=utf8 ROW_FORMAT=COMPACT AUTO_INCREMENT=4 ;

--
-- Dumping data for table `tbl_usermaster`
--

INSERT INTO `tbl_usermaster` (`fldid`, `userid`, `password`, `username`, `position`, `email`, `homepage`, `phone_off`, `phone_ext`, `phone_mobile`, `department`, `section`, `role`, `status`, `birthday`, `online`, `last_seen`, `access_comp`, `last_seen_ip`, `create_dt`, `create_user`, `modified_dt`, `modified_user`, `is_delete`, `language`) VALUES
(1, 'demo', 'fe01ce2a7fbac8fafaed7c982a04e229', 'Demo for Demo', 'IS Manager', 'info@salihin.com.my', NULL, '23 (143) 423-5345 x33333', NULL, '0174426998', 'IS', 'DC', 'ADMIN', NULL, NULL, 0, '2015-05-19 10:00:08', 'Demo Demo Sdn Bhd', '::1', '2014-01-24 15:55:05', 'yahaya', '2014-07-16', 'yahaya', 0, 'en'),
(2, 'yaumanauto', '827ccb0eea8a706c4c34a16891f84e7b', 'Irwan', '', '', NULL, '', NULL, '', '0', '0', NULL, NULL, NULL, 1, '2015-06-16 09:48:31', 'YAUMAN AUTO SDN BHD', '::1', '2015-04-28 01:20:28', 'demo', '2015-05-07', 'yaumanauto', 0, 'en'),
(3, 'yaumanauto2', '827ccb0eea8a706c4c34a16891f84e7b', 'yaumanauto', '', '', NULL, '', NULL, '', '0', '0', NULL, NULL, NULL, 0, '0000-00-00 00:00:00', '', '', '2015-06-03 19:56:19', 'yaumanauto', NULL, NULL, 0, 'en');

-- --------------------------------------------------------

--
-- Table structure for table `terms`
--

CREATE TABLE IF NOT EXISTS `terms` (
`ID` int(11) NOT NULL,
  `companyID` int(11) NOT NULL,
  `termName` varchar(64) NOT NULL,
  `termDescription` varchar(255) NOT NULL,
  `dueDays` int(11) NOT NULL,
  `termStatusID` int(11) NOT NULL,
  `createdBy` int(11) NOT NULL,
  `createdTS` timestamp NOT NULL DEFAULT CURRENT_TIMESTAMP,
  `updatedBy` int(11) NOT NULL,
  `updatedTS` timestamp NOT NULL DEFAULT '0000-00-00 00:00:00' ON UPDATE CURRENT_TIMESTAMP,
  `is_delete` smallint(16) NOT NULL
) ENGINE=InnoDB  DEFAULT CHARSET=latin1 AUTO_INCREMENT=7 ;

--
-- Dumping data for table `terms`
--

INSERT INTO `terms` (`ID`, `companyID`, `termName`, `termDescription`, `dueDays`, `termStatusID`, `createdBy`, `createdTS`, `updatedBy`, `updatedTS`, `is_delete`) VALUES
(1, 1, '15 Days', 'Payment due in 15 days.', 15, 1, 1, '2014-07-20 18:16:08', 0, '2014-09-03 03:19:54', 0),
(2, 1, '30 Days', 'Payment due in 30 days.', 30, 1, 1, '2014-05-08 19:02:51', 0, '2014-05-16 01:50:36', 0),
(3, 1, '60 Days', 'Payment due in 60 days.', 60, 1, 1, '2014-05-08 19:02:51', 0, '2014-08-14 01:11:15', 0),
(4, 1, '90 Days', 'Payment due in 90 days', 90, 1, 1, '2014-08-06 20:25:42', 0, '0000-00-00 00:00:00', 0),
(5, 1, '120 Days', 'Payment due in 120 days', 60, 1, 1, '2014-08-06 20:25:54', 0, '2014-08-25 07:07:26', 1),
(6, 2, '60 DAYS', 'PAYMENT DUE IN 60 DAYS', 60, 0, 0, '2015-05-10 10:15:29', 0, '0000-00-00 00:00:00', 0);

-- --------------------------------------------------------

--
-- Table structure for table `ug_content`
--

CREATE TABLE IF NOT EXISTS `ug_content` (
`ID` int(11) NOT NULL,
  `ugID` int(11) NOT NULL,
  `language` varchar(8) NOT NULL,
  `title` varchar(100) NOT NULL,
  `content` text NOT NULL
) ENGINE=InnoDB  DEFAULT CHARSET=latin1 AUTO_INCREMENT=168 ;

--
-- Dumping data for table `ug_content`
--

INSERT INTO `ug_content` (`ID`, `ugID`, `language`, `title`, `content`) VALUES
(2, 6, 'en', 'Create New User', 'To create a new user, please follow the step below:-<br><!--[if gte mso 9]><xml>\n <o:OfficeDocumentSettings>\n  <o:AllowPNG/>\n </o:OfficeDocumentSettings>\n</xml><![endif]-->\n\n<ol><li><span style="font-family:Wingdings;mso-fareast-font-family:Wingdings;mso-bidi-font-family:\nWingdings"><span style="mso-list:Ignore"><span style="font:7.0pt &quot;Times New Roman&quot;"></span></span></span><span style="mso-bidi-font-family:&quot;Times New Roman&quot;">Go\nto <b style="mso-bidi-font-weight:normal">Admin </b></span><span style="font-family:Wingdings;mso-ascii-font-family:Calibri;mso-ascii-theme-font:\nminor-latin;mso-hansi-font-family:Calibri;mso-hansi-theme-font:minor-latin;\nmso-char-type:symbol;mso-symbol-font-family:Wingdings"><span style="mso-char-type:\nsymbol;mso-symbol-font-family:Wingdings"><b>&gt; </b></span></span><b style="mso-bidi-font-weight:\nnormal"><span style="mso-bidi-font-family:&quot;Times New Roman&quot;">User Master</span></b><span style="mso-bidi-font-family:&quot;Times New Roman&quot;">. The User Master List window\nappears.</span></li><li><span style="font-family:Wingdings;mso-fareast-font-family:Wingdings;mso-bidi-font-family:\nWingdings"><span style="mso-list:Ignore"><span style="font:7.0pt &quot;Times New Roman&quot;"></span></span></span><span style="mso-bidi-font-family:&quot;Times New Roman&quot;">In\nthis section, Admin has the privileged to control the user registration and\naccess right.</span></li><li><span style="font-family:Wingdings;mso-fareast-font-family:Wingdings;mso-bidi-font-family:\nWingdings"><span style="mso-list:Ignore"><span style="font:7.0pt &quot;Times New Roman&quot;"></span></span></span><span style="mso-bidi-font-family:&quot;Times New Roman&quot;">In\nthis section also, you can view all the <b style="mso-bidi-font-weight:normal">User\nMaster List</b></span></li><li><span style="font-family:Wingdings;mso-fareast-font-family:Wingdings;mso-bidi-font-family:\nWingdings"><span style="mso-list:Ignore"><span style="font:7.0pt &quot;Times New Roman&quot;"></span></span></span><span style="mso-bidi-font-family:&quot;Times New Roman&quot;">To\nadd new user, click <b style="mso-bidi-font-weight:normal">+ button</b> on the\ntop right-side of the page.</span></li><li><span style="font-family:Wingdings;mso-fareast-font-family:Wingdings;mso-bidi-font-family:\nWingdings"><span style="mso-list:Ignore"><span style="font:7.0pt &quot;Times New Roman&quot;"></span></span></span><span style="mso-bidi-font-family:&quot;Times New Roman&quot;">You\nwill be directed to the page where you have to insert all the following\nrequired information.</span></li></ol>\n\n<p class="MsoListParagraphCxSpMiddle" style="margin-top:5.0pt;margin-right:0in;\nmargin-bottom:10.0pt;margin-left:106.8pt;mso-add-space:auto;text-align:justify;\ntext-justify:inter-ideograph;text-indent:-.5in;line-height:115%;mso-list:l2 level1 lfo4"><span style="mso-fareast-font-family:Calibri;mso-fareast-theme-font:minor-latin;\nmso-bidi-font-family:Calibri;mso-bidi-theme-font:minor-latin"><span style="mso-list:Ignore">i)<span style="font:7.0pt &quot;Times New Roman&quot;">&nbsp;&nbsp;&nbsp;&nbsp;&nbsp;&nbsp;&nbsp;&nbsp;&nbsp;&nbsp;&nbsp;&nbsp;&nbsp;&nbsp;&nbsp;&nbsp;&nbsp;&nbsp;&nbsp;\n</span></span></span><span style="mso-bidi-font-family:&quot;Times New Roman&quot;">User\nID, Password and Confirm Password </span></p>\n\n<p class="MsoListParagraphCxSpMiddle" style="margin-top:5.0pt;margin-right:0in;\nmargin-bottom:10.0pt;margin-left:106.8pt;mso-add-space:auto;text-align:justify;\ntext-justify:inter-ideograph;text-indent:-.5in;line-height:115%;mso-list:l2 level1 lfo4"><span style="mso-fareast-font-family:Calibri;mso-fareast-theme-font:minor-latin;\nmso-bidi-font-family:Calibri;mso-bidi-theme-font:minor-latin"><span style="mso-list:Ignore">ii)<span style="font:7.0pt &quot;Times New Roman&quot;">&nbsp;&nbsp;&nbsp;&nbsp;&nbsp;&nbsp;&nbsp;&nbsp;&nbsp;&nbsp;&nbsp;&nbsp;&nbsp;&nbsp;&nbsp;&nbsp;&nbsp;&nbsp;\n</span></span></span><span style="mso-bidi-font-family:&quot;Times New Roman&quot;">Full\nName and Position<br></span></p>\n\n<p class="MsoListParagraphCxSpMiddle" style="margin-top:5.0pt;margin-right:0in;\nmargin-bottom:10.0pt;margin-left:106.8pt;mso-add-space:auto;text-align:justify;\ntext-justify:inter-ideograph;text-indent:-.5in;line-height:115%;mso-list:l2 level1 lfo4"><span style="mso-fareast-font-family:Calibri;mso-fareast-theme-font:minor-latin;\nmso-bidi-font-family:Calibri;mso-bidi-theme-font:minor-latin"><span style="mso-list:Ignore">iii)<span style="font:7.0pt &quot;Times New Roman&quot;">&nbsp;&nbsp;&nbsp;&nbsp;&nbsp;&nbsp;&nbsp;&nbsp;&nbsp;&nbsp;&nbsp;&nbsp;&nbsp;&nbsp;&nbsp;&nbsp;\n</span></span></span><span style="mso-bidi-font-family:&quot;Times New Roman&quot;">Contact\ninformation such as Phone No. Mobile No. and Email address</span></p>\n\n<p class="MsoListParagraphCxSpMiddle" style="margin-top:5.0pt;margin-right:0in;\nmargin-bottom:10.0pt;margin-left:.5in;mso-add-space:auto;text-align:justify;\ntext-justify:inter-ideograph;text-indent:-.25in;line-height:115%;mso-list:l1 level1 lfo1"><span style="font-family:Wingdings;mso-fareast-font-family:Wingdings;mso-bidi-font-family:\nWingdings"><span style="mso-list:Ignore"><span style="font:7.0pt &quot;Times New Roman&quot;"></span></span></span><span style="mso-bidi-font-family:&quot;Times New Roman&quot;">6. Select\nyour preferred language. If you did not choose your preferred language, the\nsystem set English as the default language.</span></p>\n\n<p class="MsoListParagraphCxSpMiddle" style="margin-top:5.0pt;margin-right:0in;\nmargin-bottom:10.0pt;margin-left:.5in;mso-add-space:auto;text-align:justify;\ntext-justify:inter-ideograph;text-indent:-.25in;line-height:115%;mso-list:l0 level1 lfo2"><span style="font-family:Wingdings;mso-fareast-font-family:Wingdings;mso-bidi-font-family:\nWingdings"><span style="mso-list:Ignore">7.<span style="font:7.0pt &quot;Times New Roman&quot;"> </span></span></span><span style="mso-bidi-font-family:&quot;Times New Roman&quot;">To\nupload User Picture or image, click the <b style="mso-bidi-font-weight:normal">Browse</b>\nbutton, upload the required image (image can be bitmap (*.BMP), JPEG or GIF files and should measure 120 x 120 (e.g).<span style="background:yellow;mso-highlight:yellow"></span> </span></p>\n\n<p class="MsoListParagraphCxSpMiddle" style="margin-top:5.0pt;margin-right:0in;\nmargin-bottom:10.0pt;margin-left:.5in;mso-add-space:auto;text-align:justify;\ntext-justify:inter-ideograph;text-indent:-.25in;line-height:115%;mso-list:l0 level1 lfo2"><span style="font-family:Wingdings;mso-fareast-font-family:Wingdings;mso-bidi-font-family:\nWingdings"><span style="mso-list:Ignore">8.<span style="font:7.0pt &quot;Times New Roman&quot;"> </span></span></span><span style="mso-bidi-font-family:&quot;Times New Roman&quot;">Once\nthe picture or image appears, click <b style="mso-bidi-font-weight:normal">Submit</b>\nbutton to save. </span></p>\n\n<br>\n\n<p class="MsoNormal"><b style="mso-bidi-font-weight:normal"><u><span style="mso-bidi-font-family:&quot;Times New Roman&quot;">Grant the Permission on Access\nRight</span></u></b></p>\n\n<ol><li><span style="font-family:Wingdings;mso-fareast-font-family:Wingdings;mso-bidi-font-family:\nWingdings"><span style="mso-list:Ignore"><span style="font:7.0pt &quot;Times New Roman&quot;"></span></span></span><span style="mso-bidi-font-family:&quot;Times New Roman&quot;">First,\nchoose the existing user master from the list.</span></li><li><span style="font-family:Wingdings;mso-fareast-font-family:Wingdings;mso-bidi-font-family:\nWingdings"><span style="mso-list:Ignore"><span style="font:7.0pt &quot;Times New Roman&quot;"></span></span></span><span style="mso-bidi-font-family:&quot;Times New Roman&quot;">Click\nthe identified User ID in the <b style="mso-bidi-font-weight:normal">User ID</b>\nfield.</span></li><li><span style="font-family:Wingdings;mso-fareast-font-family:Wingdings;mso-bidi-font-family:\nWingdings"><span style="mso-list:Ignore"><span style="font:7.0pt &quot;Times New Roman&quot;"></span></span></span><span style="mso-bidi-font-family:&quot;Times New Roman&quot;">You\nwill be directed to <b style="mso-bidi-font-weight:normal">User Access</b> for\nthe user you have selected.<span style="mso-spacerun:yes">&nbsp; </span>The Setting\nUser Access dialog box will appear. Click OK to continue. </span></li><li><span style="font-family:Wingdings;mso-fareast-font-family:Wingdings;mso-bidi-font-family:\nWingdings"><span style="mso-list:Ignore"><span style="font:7.0pt &quot;Times New Roman&quot;"></span></span></span><span style="mso-bidi-font-family:&quot;Times New Roman&quot;">The\nUser Access For the selected user appears and selects the <b style="mso-bidi-font-weight:\nnormal">Company</b> from the list.</span></li><li><span style="font-family:Wingdings;mso-fareast-font-family:Wingdings;mso-bidi-font-family:\nWingdings"><span style="mso-list:Ignore"><span style="font:7.0pt &quot;Times New Roman&quot;"></span></span></span><span style="mso-bidi-font-family:&quot;Times New Roman&quot;">Once\nselected, all the modules will be displayed.</span></li><li><span style="font-family:Wingdings;mso-fareast-font-family:Wingdings;mso-bidi-font-family:\nWingdings"><span style="mso-list:Ignore"><span style="font:7.0pt &quot;Times New Roman&quot;"></span></span></span><span style="mso-bidi-font-family:&quot;Times New Roman&quot;">In\nthis section, Admin has the full control to give permission to a user access to\nany particular module(s). </span></li><li><span style="font-family:Wingdings;mso-fareast-font-family:Wingdings;mso-bidi-font-family:\nWingdings"><span style="mso-list:Ignore"><span style="font:7.0pt &quot;Times New Roman&quot;"></span></span></span><span style="mso-bidi-font-family:&quot;Times New Roman&quot;">For\nexample, if you want the user to access only the General Ledger and can execute\ntransactions, you have to tick the box under Transaction menu.</span></li><li><span style="font-family:Wingdings;mso-fareast-font-family:Wingdings;mso-bidi-font-family:\nWingdings"><span style="mso-list:Ignore"><span style="font:7.0pt &quot;Times New Roman&quot;"></span></span></span><span style="mso-bidi-font-family:&quot;Times New Roman&quot;">Next,\nclick the drop down button. You can see all the menus under Transaction.</span></li><li><span style="font-family:Wingdings;mso-fareast-font-family:Wingdings;mso-bidi-font-family:\nWingdings"><span style="mso-list:Ignore"><span style="font:7.0pt &quot;Times New Roman&quot;"></span></span></span><span style="mso-bidi-font-family:&quot;Times New Roman&quot;">In\nthis section you can choose which menu to allow them to access.</span></li></ol>\n\n<!--[if gte mso 9]><xml>\n <w:WordDocument>\n  <w:View>Normal</w:View>\n  <w:Zoom>0</w:Zoom>\n  <w:TrackMoves/>\n  <w:TrackFormatting/>\n  <w:PunctuationKerning/>\n  <w:ValidateAgainstSchemas/>\n  <w:SaveIfXMLInvalid>false</w:SaveIfXMLInvalid>\n  <w:IgnoreMixedContent>false</w:IgnoreMixedContent>\n  <w:AlwaysShowPlaceholderText>false</w:AlwaysShowPlaceholderText>\n  <w:DoNotPromoteQF/>\n  <w:LidThemeOther>PT-BR</w:LidThemeOther>\n  <w:LidThemeAsian>ZH-CN</w:LidThemeAsian>\n  <w:LidThemeComplexScript>AR-SA</w:LidThemeComplexScript>\n  <w:Compatibility>\n   <w:BreakWrappedTables/>\n   <w:SnapToGridInCell/>\n   <w:WrapTextWithPunct/>\n   <w:UseAsianBreakRules/>\n   <w:DontGrowAutofit/>\n   <w:SplitPgBreakAndParaMark/>\n   <w:EnableOpenTypeKerning/>\n   <w:DontFlipMirrorIndents/>\n   <w:OverrideTableStyleHps/>\n   <w:UseFELayout/>\n  </w:Compatibility>\n  <m:mathPr>\n   <m:mathFont m:val="Cambria Math"/>\n   <m:brkBin m:val="before"/>\n   <m:brkBinSub m:val="&#45;-"/>\n   <m:smallFrac m:val="off"/>\n   <m:dispDef/>\n   <m:lMargin m:val="0"/>\n   <m:rMargin m:val="0"/>\n   <m:defJc m:val="centerGroup"/>\n   <m:wrapIndent m:val="1440"/>\n   <m:intLim m:val="subSup"/>\n   <m:naryLim m:val="undOvr"/>\n  </m:mathPr></w:WordDocument>\n</xml><![endif]--><!--[if gte mso 9]><xml>\n <w:LatentStyles DefLockedState="false" DefUnhideWhenUsed="false"\n  DefSemiHidden="false" DefQFormat="false" DefPriority="99"\n  LatentStyleCount="371">\n  <w:LsdException Locked="false" Priority="0" QFormat="true" Name="Normal"/>\n  <w:LsdException Locked="false" Priority="9" QFormat="true" Name="heading 1"/>\n  <w:LsdException Locked="false" Priority="9" SemiHidden="true"\n   UnhideWhenUsed="true" QFormat="true" Name="heading 2"/>\n  <w:LsdException Locked="false" Priority="9" SemiHidden="true"\n   UnhideWhenUsed="true" QFormat="true" Name="heading 3"/>\n  <w:LsdException Locked="false" Priority="9" SemiHidden="true"\n   UnhideWhenUsed="true" QFormat="true" Name="heading 4"/>\n  <w:LsdException Locked="false" Priority="9" SemiHidden="true"\n   UnhideWhenUsed="true" QFormat="true" Name="heading 5"/>\n  <w:LsdException Locked="false" Priority="9" SemiHidden="true"\n   UnhideWhenUsed="true" QFormat="true" Name="heading 6"/>\n  <w:LsdException Locked="false" Priority="9" SemiHidden="true"\n   UnhideWhenUsed="true" QFormat="true" Name="heading 7"/>\n  <w:LsdException Locked="false" Priority="9" SemiHidden="true"\n   UnhideWhenUsed="true" QFormat="true" Name="heading 8"/>\n  <w:LsdException Locked="false" Priority="9" SemiHidden="true"\n   UnhideWhenUsed="true" QFormat="true" Name="heading 9"/>\n  <w:LsdException Locked="false" SemiHidden="true" UnhideWhenUsed="true"\n   Name="index 1"/>\n  <w:LsdException Locked="false" SemiHidden="true" UnhideWhenUsed="true"\n   Name="index 2"/>\n  <w:LsdException Locked="false" SemiHidden="true" UnhideWhenUsed="true"\n   Name="index 3"/>\n  <w:LsdException Locked="false" SemiHidden="true" UnhideWhenUsed="true"\n   Name="index 4"/>\n  <w:LsdException Locked="false" SemiHidden="true" UnhideWhenUsed="true"\n   Name="index 5"/>\n  <w:LsdException Locked="false" SemiHidden="true" UnhideWhenUsed="true"\n   Name="index 6"/>\n  <w:LsdException Locked="false" SemiHidden="true" UnhideWhenUsed="true"\n   Name="index 7"/>\n  <w:LsdException Locked="false" SemiHidden="true" UnhideWhenUsed="true"\n   Name="index 8"/>\n  <w:LsdException Locked="false" SemiHidden="true" UnhideWhenUsed="true"\n   Name="index 9"/>\n  <w:LsdException Locked="false" Priority="39" SemiHidden="true"\n   UnhideWhenUsed="true" Name="toc 1"/>\n  <w:LsdException Locked="false" Priority="39" SemiHidden="true"\n   UnhideWhenUsed="true" Name="toc 2"/>\n  <w:LsdException Locked="false" Priority="39" SemiHidden="true"\n   UnhideWhenUsed="true" Name="toc 3"/>\n  <w:LsdException Locked="false" Priority="39" SemiHidden="true"\n   UnhideWhenUsed="true" Name="toc 4"/>\n  <w:LsdException Locked="false" Priority="39" SemiHidden="true"\n   UnhideWhenUsed="true" Name="toc 5"/>\n  <w:LsdException Locked="false" Priority="39" SemiHidden="true"\n   UnhideWhenUsed="true" Name="toc 6"/>\n  <w:LsdException Locked="false" Priority="39" SemiHidden="true"\n   UnhideWhenUsed="true" Name="toc 7"/>\n  <w:LsdException Locked="false" Priority="39" SemiHidden="true"\n   UnhideWhenUsed="true" Name="toc 8"/>\n  <w:LsdException Locked="false" Priority="39" SemiHidden="true"\n   UnhideWhenUsed="true" Name="toc 9"/>\n  <w:LsdException Locked="false" SemiHidden="true" UnhideWhenUsed="true"\n   Name="Normal Indent"/>\n  <w:LsdException Locked="false" SemiHidden="true" UnhideWhenUsed="true"\n   Name="footnote text"/>\n  <w:LsdException Locked="false" SemiHidden="true" UnhideWhenUsed="true"\n   Name="annotation text"/>\n  <w:LsdException Locked="false" SemiHidden="true" UnhideWhenUsed="true"\n   Name="header"/>\n  <w:LsdException Locked="false" SemiHidden="true" UnhideWhenUsed="true"\n   Name="footer"/>\n  <w:LsdException Locked="false" SemiHidden="true" UnhideWhenUsed="true"\n   Name="index heading"/>\n  <w:LsdException Locked="false" Priority="35" SemiHidden="true"\n   UnhideWhenUsed="true" QFormat="true" Name="caption"/>\n  <w:LsdException Locked="false" SemiHidden="true" UnhideWhenUsed="true"\n   Name="table of figures"/>\n  <w:LsdException Locked="false" SemiHidden="true" UnhideWhenUsed="true"\n   Name="envelope address"/>\n  <w:LsdException Locked="false" SemiHidden="true" UnhideWhenUsed="true"\n   Name="envelope return"/>\n  <w:LsdException Locked="false" SemiHidden="true" UnhideWhenUsed="true"\n   Name="footnote reference"/>\n  <w:LsdException Locked="false" SemiHidden="true" UnhideWhenUsed="true"\n   Name="annotation reference"/>\n  <w:LsdException Locked="false" SemiHidden="true" UnhideWhenUsed="true"\n   Name="line number"/>\n  <w:LsdException Locked="false" SemiHidden="true" UnhideWhenUsed="true"\n   Name="page number"/>\n  <w:LsdException Locked="false" SemiHidden="true" UnhideWhenUsed="true"\n   Name="endnote reference"/>\n  <w:LsdException Locked="false" SemiHidden="true" UnhideWhenUsed="true"\n   Name="endnote text"/>\n  <w:LsdException Locked="false" SemiHidden="true" UnhideWhenUsed="true"\n   Name="table of authorities"/>\n  <w:LsdException Locked="false" SemiHidden="true" UnhideWhenUsed="true"\n   Name="macro"/>\n  <w:LsdException Locked="false" SemiHidden="true" UnhideWhenUsed="true"\n   Name="toa heading"/>\n  <w:LsdException Locked="false" SemiHidden="true" UnhideWhenUsed="true"\n   Name="List"/>\n  <w:LsdException Locked="false" SemiHidden="true" UnhideWhenUsed="true"\n   Name="List Bullet"/>\n  <w:LsdException Locked="false" SemiHidden="true" UnhideWhenUsed="true"\n   Name="List Number"/>\n  <w:LsdException Locked="false" SemiHidden="true" UnhideWhenUsed="true"\n   Name="List 2"/>\n  <w:LsdException Locked="false" SemiHidden="true" UnhideWhenUsed="true"\n   Name="List 3"/>\n  <w:LsdException Locked="false" SemiHidden="true" UnhideWhenUsed="true"\n   Name="List 4"/>\n  <w:LsdException Locked="false" SemiHidden="true" UnhideWhenUsed="true"\n   Name="List 5"/>\n  <w:LsdException Locked="false" SemiHidden="true" UnhideWhenUsed="true"\n   Name="List Bullet 2"/>\n  <w:LsdException Locked="false" SemiHidden="true" UnhideWhenUsed="true"\n   Name="List Bullet 3"/>\n  <w:LsdException Locked="false" SemiHidden="true" UnhideWhenUsed="true"\n   Name="List Bullet 4"/>\n  <w:LsdException Locked="false" SemiHidden="true" UnhideWhenUsed="true"\n   Name="List Bullet 5"/>\n  <w:LsdException Locked="false" SemiHidden="true" UnhideWhenUsed="true"\n   Name="List Number 2"/>\n  <w:LsdException Locked="false" SemiHidden="true" UnhideWhenUsed="true"\n   Name="List Number 3"/>\n  <w:LsdException Locked="false" SemiHidden="true" UnhideWhenUsed="true"\n   Name="List Number 4"/>\n  <w:LsdException Locked="false" SemiHidden="true" UnhideWhenUsed="true"\n   Name="List Number 5"/>\n  <w:LsdException Locked="false" Priority="10" QFormat="true" Name="Title"/>\n  <w:LsdException Locked="false" SemiHidden="true" UnhideWhenUsed="true"\n   Name="Closing"/>\n  <w:LsdException Locked="false" SemiHidden="true" UnhideWhenUsed="true"\n   Name="Signature"/>\n  <w:LsdException Locked="false" Priority="1" SemiHidden="true"\n   UnhideWhenUsed="true" Name="Default Paragraph Font"/>\n  <w:LsdException Locked="false" SemiHidden="true" UnhideWhenUsed="true"\n   Name="Body Text"/>\n  <w:LsdException Locked="false" SemiHidden="true" UnhideWhenUsed="true"\n   Name="Body Text Indent"/>\n  <w:LsdException Locked="false" SemiHidden="true" UnhideWhenUsed="true"\n   Name="List Continue"/>\n  <w:LsdException Locked="false" SemiHidden="true" UnhideWhenUsed="true"\n   Name="List Continue 2"/>\n  <w:LsdException Locked="false" SemiHidden="true" UnhideWhenUsed="true"\n   Name="List Continue 3"/>\n  <w:LsdException Locked="false" SemiHidden="true" UnhideWhenUsed="true"\n   Name="List Continue 4"/>\n  <w:LsdException Locked="false" SemiHidden="true" UnhideWhenUsed="true"\n   Name="List Continue 5"/>\n  <w:LsdException Locked="false" SemiHidden="true" UnhideWhenUsed="true"\n   Name="Message Header"/>\n  <w:LsdException Locked="false" Priority="11" QFormat="true" Name="Subtitle"/>\n  <w:LsdException Locked="false" SemiHidden="true" UnhideWhenUsed="true"\n   Name="Salutation"/>\n  <w:LsdException Locked="false" SemiHidden="true" UnhideWhenUsed="true"\n   Name="Date"/>\n  <w:LsdException Locked="false" SemiHidden="true" UnhideWhenUsed="true"\n   Name="Body Text First Indent"/>\n  <w:LsdException Locked="false" SemiHidden="true" UnhideWhenUsed="true"\n   Name="Body Text First Indent 2"/>\n  <w:LsdException Locked="false" SemiHidden="true" UnhideWhenUsed="true"\n   Name="Note Heading"/>\n  <w:LsdException Locked="false" SemiHidden="true" UnhideWhenUsed="true"\n   Name="Body Text 2"/>\n  <w:LsdException Locked="false" SemiHidden="true" UnhideWhenUsed="true"\n   Name="Body Text 3"/>\n  <w:LsdException Locked="false" SemiHidden="true" UnhideWhenUsed="true"\n   Name="Body Text Indent 2"/>\n  <w:LsdException Locked="false" SemiHidden="true" UnhideWhenUsed="true"\n   Name="Body Text Indent 3"/>\n  <w:LsdException Locked="false" SemiHidden="true" UnhideWhenUsed="true"\n   Name="Block Text"/>\n  <w:LsdException Locked="false" SemiHidden="true" UnhideWhenUsed="true"\n   Name="Hyperlink"/>\n  <w:LsdException Locked="false" SemiHidden="true" UnhideWhenUsed="true"\n   Name="FollowedHyperlink"/>\n  <w:LsdException Locked="false" Priority="22" QFormat="true" Name="Strong"/>\n  <w:LsdException Locked="false" Priority="20" QFormat="true" Name="Emphasis"/>\n  <w:LsdException Locked="false" SemiHidden="true" UnhideWhenUsed="true"\n   Name="Document Map"/>\n  <w:LsdException Locked="false" SemiHidden="true" UnhideWhenUsed="true"\n   Name="Plain Text"/>\n  <w:LsdException Locked="false" SemiHidden="true" UnhideWhenUsed="true"\n   Name="E-mail Signature"/>\n  <w:LsdException Locked="false" SemiHidden="true" UnhideWhenUsed="true"\n   Name="HTML Top of Form"/>\n  <w:LsdException Locked="false" SemiHidden="true" UnhideWhenUsed="true"\n   Name="HTML Bottom of Form"/>\n  <w:LsdException Locked="false" SemiHidden="true" UnhideWhenUsed="true"\n   Name="Normal (Web)"/>\n  <w:LsdException Locked="false" SemiHidden="true" UnhideWhenUsed="true"\n   Name="HTML Acronym"/>\n  <w:LsdException Locked="false" SemiHidden="true" UnhideWhenUsed="true"\n   Name="HTML Address"/>\n  <w:LsdException Locked="false" SemiHidden="true" UnhideWhenUsed="true"\n   Name="HTML Cite"/>\n  <w:LsdException Locked="false" SemiHidden="true" UnhideWhenUsed="true"\n   Name="HTML Code"/>\n  <w:LsdException Locked="false" SemiHidden="true" UnhideWhenUsed="true"\n   Name="HTML Definition"/>\n  <w:LsdException Locked="false" SemiHidden="true" UnhideWhenUsed="true"\n   Name="HTML Keyboard"/>\n  <w:LsdException Locked="false" SemiHidden="true" UnhideWhenUsed="true"\n   Name="HTML Preformatted"/>\n  <w:LsdException Locked="false" SemiHidden="true" UnhideWhenUsed="true"\n   Name="HTML Sample"/>\n  <w:LsdException Locked="false" SemiHidden="true" UnhideWhenUsed="true"\n   Name="HTML Typewriter"/>\n  <w:LsdException Locked="false" SemiHidden="true" UnhideWhenUsed="true"\n   Name="HTML Variable"/>\n  <w:LsdException Locked="false" SemiHidden="true" UnhideWhenUsed="true"\n   Name="Normal Table"/>\n  <w:LsdException Locked="false" SemiHidden="true" UnhideWhenUsed="true"\n   Name="annotation subject"/>\n  <w:LsdException Locked="false" SemiHidden="true" UnhideWhenUsed="true"\n   Name="No List"/>\n  <w:LsdException Locked="false" SemiHidden="true" UnhideWhenUsed="true"\n   Name="Outline List 1"/>\n  <w:LsdException Locked="false" SemiHidden="true" UnhideWhenUsed="true"\n   Name="Outline List 2"/>\n  <w:LsdException Locked="false" SemiHidden="true" UnhideWhenUsed="true"\n   Name="Outline List 3"/>\n  <w:LsdException Locked="false" SemiHidden="true" UnhideWhenUsed="true"\n   Name="Table Simple 1"/>\n  <w:LsdException Locked="false" SemiHidden="true" UnhideWhenUsed="true"\n   Name="Table Simple 2"/>\n  <w:LsdException Locked="false" SemiHidden="true" UnhideWhenUsed="true"\n   Name="Table Simple 3"/>\n  <w:LsdException Locked="false" SemiHidden="true" UnhideWhenUsed="true"\n   Name="Table Classic 1"/>\n  <w:LsdException Locked="false" SemiHidden="true" UnhideWhenUsed="true"\n   Name="Table Classic 2"/>\n  <w:LsdException Locked="false" SemiHidden="true" UnhideWhenUsed="true"\n   Name="Table Classic 3"/>\n  <w:LsdException Locked="false" SemiHidden="true" UnhideWhenUsed="true"\n   Name="Table Classic 4"/>\n  <w:LsdException Locked="false" SemiHidden="true" UnhideWhenUsed="true"\n   Name="Table Colorful 1"/>\n  <w:LsdException Locked="false" SemiHidden="true" UnhideWhenUsed="true"\n   Name="Table Colorful 2"/>\n  <w:LsdException Locked="false" SemiHidden="true" UnhideWhenUsed="true"\n   Name="Table Colorful 3"/>\n  <w:LsdException Locked="false" SemiHidden="true" UnhideWhenUsed="true"\n   Name="Table Columns 1"/>\n  <w:LsdException Locked="false" SemiHidden="true" UnhideWhenUsed="true"\n   Name="Table Columns 2"/>\n  <w:LsdException Locked="false" SemiHidden="true" UnhideWhenUsed="true"\n   Name="Table Columns 3"/>\n  <w:LsdException Locked="false" SemiHidden="true" UnhideWhenUsed="true"\n   Name="Table Columns 4"/>\n  <w:LsdException Locked="false" SemiHidden="true" UnhideWhenUsed="true"\n   Name="Table Columns 5"/>\n  <w:LsdException Locked="false" SemiHidden="true" UnhideWhenUsed="true"\n   Name="Table Grid 1"/>\n  <w:LsdException Locked="false" SemiHidden="true" UnhideWhenUsed="true"\n   Name="Table Grid 2"/>\n  <w:LsdException Locked="false" SemiHidden="true" UnhideWhenUsed="true"\n   Name="Table Grid 3"/>\n  <w:LsdException Locked="false" SemiHidden="true" UnhideWhenUsed="true"\n   Name="Table Grid 4"/>\n  <w:LsdException Locked="false" SemiHidden="true" UnhideWhenUsed="true"\n   Name="Table Grid 5"/>\n  <w:LsdException Locked="false" SemiHidden="true" UnhideWhenUsed="true"\n   Name="Table Grid 6"/>\n  <w:LsdException Locked="false" SemiHidden="true" UnhideWhenUsed="true"\n   Name="Table Grid 7"/>\n  <w:LsdException Locked="false" SemiHidden="true" UnhideWhenUsed="true"\n   Name="Table Grid 8"/>\n  <w:LsdException Locked="false" SemiHidden="true" UnhideWhenUsed="true"\n   Name="Table List 1"/>\n  <w:LsdException Locked="false" SemiHidden="true" UnhideWhenUsed="true"\n   Name="Table List 2"/>\n  <w:LsdException Locked="false" SemiHidden="true" UnhideWhenUsed="true"\n   Name="Table List 3"/>\n  <w:LsdException Locked="false" SemiHidden="true" UnhideWhenUsed="true"\n   Name="Table List 4"/>\n  <w:LsdException Locked="false" SemiHidden="true" UnhideWhenUsed="true"\n   Name="Table List 5"/>\n  <w:LsdException Locked="false" SemiHidden="true" UnhideWhenUsed="true"\n   Name="Table List 6"/>\n  <w:LsdException Locked="false" SemiHidden="true" UnhideWhenUsed="true"\n   Name="Table List 7"/>\n  <w:LsdException Locked="false" SemiHidden="true" UnhideWhenUsed="true"\n   Name="Table List 8"/>\n  <w:LsdException Locked="false" SemiHidden="true" UnhideWhenUsed="true"\n   Name="Table 3D effects 1"/>\n  <w:LsdException Locked="false" SemiHidden="true" UnhideWhenUsed="true"\n   Name="Table 3D effects 2"/>\n  <w:LsdException Locked="false" SemiHidden="true" UnhideWhenUsed="true"\n   Name="Table 3D effects 3"/>\n  <w:LsdException Locked="false" SemiHidden="true" UnhideWhenUsed="true"\n   Name="Table Contemporary"/>\n  <w:LsdException Locked="false" SemiHidden="true" UnhideWhenUsed="true"\n   Name="Table Elegant"/>\n  <w:LsdException Locked="false" SemiHidden="true" UnhideWhenUsed="true"\n   Name="Table Professional"/>\n  <w:LsdException Locked="false" SemiHidden="true" UnhideWhenUsed="true"\n   Name="Table Subtle 1"/>\n  <w:LsdException Locked="false" SemiHidden="true" UnhideWhenUsed="true"\n   Name="Table Subtle 2"/>\n  <w:LsdException Locked="false" SemiHidden="true" UnhideWhenUsed="true"\n   Name="Table Web 1"/>\n  <w:LsdException Locked="false" SemiHidden="true" UnhideWhenUsed="true"\n   Name="Table Web 2"/>\n  <w:LsdException Locked="false" SemiHidden="true" UnhideWhenUsed="true"\n   Name="Table Web 3"/>\n  <w:LsdException Locked="false" SemiHidden="true" UnhideWhenUsed="true"\n   Name="Balloon Text"/>\n  <w:LsdException Locked="false" Priority="39" Name="Table Grid"/>\n  <w:LsdException Locked="false" SemiHidden="true" UnhideWhenUsed="true"\n   Name="Table Theme"/>\n  <w:LsdException Locked="false" SemiHidden="true" Name="Placeholder Text"/>\n  <w:LsdException Locked="false" Priority="1" QFormat="true" Name="No Spacing"/>\n  <w:LsdException Locked="false" Priority="60" Name="Light Shading"/>\n  <w:LsdException Locked="false" Priority="61" Name="Light List"/>\n  <w:LsdException Locked="false" Priority="62" Name="Light Grid"/>\n  <w:LsdException Locked="false" Priority="63" Name="Medium Shading 1"/>\n  <w:LsdException Locked="false" Priority="64" Name="Medium Shading 2"/>\n  <w:LsdException Locked="false" Priority="65" Name="Medium List 1"/>\n  <w:LsdException Locked="false" Priority="66" Name="Medium List 2"/>\n  <w:LsdException Locked="false" Priority="67" Name="Medium Grid 1"/>\n  <w:LsdException Locked="false" Priority="68" Name="Medium Grid 2"/>\n  <w:LsdException Locked="false" Priority="69" Name="Medium Grid 3"/>\n  <w:LsdException Locked="false" Priority="70" Name="Dark List"/>\n  <w:LsdException Locked="false" Priority="71" Name="Colorful Shading"/>\n  <w:LsdException Locked="false" Priority="72" Name="Colorful List"/>\n  <w:LsdException Locked="false" Priority="73" Name="Colorful Grid"/>\n  <w:LsdException Locked="false" Priority="60" Name="Light Shading Accent 1"/>\n  <w:LsdException Locked="false" Priority="61" Name="Light List Accent 1"/>\n  <w:LsdException Locked="false" Priority="62" Name="Light Grid Accent 1"/>\n  <w:LsdException Locked="false" Priority="63" Name="Medium Shading 1 Accent 1"/>\n  <w:LsdException Locked="false" Priority="64" Name="Medium Shading 2 Accent 1"/>\n  <w:LsdException Locked="false" Priority="65" Name="Medium List 1 Accent 1"/>\n  <w:LsdException Locked="false" SemiHidden="true" Name="Revision"/>\n  <w:LsdException Locked="false" Priority="34" QFormat="true"\n   Name="List Paragraph"/>\n  <w:LsdException Locked="false" Priority="29" QFormat="true" Name="Quote"/>\n  <w:LsdException Locked="false" Priority="30" QFormat="true"\n   Name="Intense Quote"/>\n  <w:LsdException Locked="false" Priority="66" Name="Medium List 2 Accent 1"/>\n  <w:LsdException Locked="false" Priority="67" Name="Medium Grid 1 Accent 1"/>\n  <w:LsdException Locked="false" Priority="68" Name="Medium Grid 2 Accent 1"/>\n  <w:LsdException Locked="false" Priority="69" Name="Medium Grid 3 Accent 1"/>\n  <w:LsdException Locked="false" Priority="70" Name="Dark List Accent 1"/>\n  <w:LsdException Locked="false" Priority="71" Name="Colorful Shading Accent 1"/>\n  <w:LsdException Locked="false" Priority="72" Name="Colorful List Accent 1"/>\n  <w:LsdException Locked="false" Priority="73" Name="Colorful Grid Accent 1"/>\n  <w:LsdException Locked="false" Priority="60" Name="Light Shading Accent 2"/>\n  <w:LsdException Locked="false" Priority="61" Name="Light List Accent 2"/>\n  <w:LsdException Locked="false" Priority="62" Name="Light Grid Accent 2"/>\n  <w:LsdException Locked="false" Priority="63" Name="Medium Shading 1 Accent 2"/>\n  <w:LsdException Locked="false" Priority="64" Name="Medium Shading 2 Accent 2"/>\n  <w:LsdException Locked="false" Priority="65" Name="Medium List 1 Accent 2"/>\n  <w:LsdException Locked="false" Priority="66" Name="Medium List 2 Accent 2"/>\n  <w:LsdException Locked="false" Priority="67" Name="Medium Grid 1 Accent 2"/>\n  <w:LsdException Locked="false" Priority="68" Name="Medium Grid 2 Accent 2"/>\n  <w:LsdException Locked="false" Priority="69" Name="Medium Grid 3 Accent 2"/>\n  <w:LsdException Locked="false" Priority="70" Name="Dark List Accent 2"/>\n  <w:LsdException Locked="false" Priority="71" Name="Colorful Shading Accent 2"/>\n  <w:LsdException Locked="false" Priority="72" Name="Colorful List Accent 2"/>\n  <w:LsdException Locked="false" Priority="73" Name="Colorful Grid Accent 2"/>\n  <w:LsdException Locked="false" Priority="60" Name="Light Shading Accent 3"/>\n  <w:LsdException Locked="false" Priority="61" Name="Light List Accent 3"/>\n  <w:LsdException Locked="false" Priority="62" Name="Light Grid Accent 3"/>\n  <w:LsdException Locked="false" Priority="63" Name="Medium Shading 1 Accent 3"/>\n  <w:LsdException Locked="false" Priority="64" Name="Medium Shading 2 Accent 3"/>\n  <w:LsdException Locked="false" Priority="65" Name="Medium List 1 Accent 3"/>\n  <w:LsdException Locked="false" Priority="66" Name="Medium List 2 Accent 3"/>\n  <w:LsdException Locked="false" Priority="67" Name="Medium Grid 1 Accent 3"/>\n  <w:LsdException Locked="false" Priority="68" Name="Medium Grid 2 Accent 3"/>\n  <w:LsdException Locked="false" Priority="69" Name="Medium Grid 3 Accent 3"/>\n  <w:LsdException Locked="false" Priority="70" Name="Dark List Accent 3"/>\n  <w:LsdException Locked="false" Priority="71" Name="Colorful Shading Accent 3"/>\n  <w:LsdException Locked="false" Priority="72" Name="Colorful List Accent 3"/>\n  <w:LsdException Locked="false" Priority="73" Name="Colorful Grid Accent 3"/>\n  <w:LsdException Locked="false" Priority="60" Name="Light Shading Accent 4"/>\n  <w:LsdException Locked="false" Priority="61" Name="Light List Accent 4"/>\n  <w:LsdException Locked="false" Priority="62" Name="Light Grid Accent 4"/>\n  <w:LsdException Locked="false" Priority="63" Name="Medium Shading 1 Accent 4"/>\n  <w:LsdException Locked="false" Priority="64" Name="Medium Shading 2 Accent 4"/>\n  <w:LsdException Locked="false" Priority="65" Name="Medium List 1 Accent 4"/>\n  <w:LsdException Locked="false" Priority="66" Name="Medium List 2 Accent 4"/>\n  <w:LsdException Locked="false" Priority="67" Name="Medium Grid 1 Accent 4"/>\n  <w:LsdException Locked="false" Priority="68" Name="Medium Grid 2 Accent 4"/>\n  <w:LsdException Locked="false" Priority="69" Name="Medium Grid 3 Accent 4"/>\n  <w:LsdException Locked="false" Priority="70" Name="Dark List Accent 4"/>\n  <w:LsdException Locked="false" Priority="71" Name="Colorful Shading Accent 4"/>\n  <w:LsdException Locked="false" Priority="72" Name="Colorful List Accent 4"/>\n  <w:LsdException Locked="false" Priority="73" Name="Colorful Grid Accent 4"/>\n  <w:LsdException Locked="false" Priority="60" Name="Light Shading Accent 5"/>\n  <w:LsdException Locked="false" Priority="61" Name="Light List Accent 5"/>\n  <w:LsdException Locked="false" Priority="62" Name="Light Grid Accent 5"/>\n  <w:LsdException Locked="false" Priority="63" Name="Medium Shading 1 Accent 5"/>\n  <w:LsdException Locked="false" Priority="64" Name="Medium Shading 2 Accent 5"/>\n  <w:LsdException Locked="false" Priority="65" Name="Medium List 1 Accent 5"/>\n  <w:LsdException Locked="false" Priority="66" Name="Medium List 2 Accent 5"/>\n  <w:LsdException Locked="false" Priority="67" Name="Medium Grid 1 Accent 5"/>\n  <w:LsdException Locked="false" Priority="68" Name="Medium Grid 2 Accent 5"/>\n  <w:LsdException Locked="false" Priority="69" Name="Medium Grid 3 Accent 5"/>\n  <w:LsdException Locked="false" Priority="70" Name="Dark List Accent 5"/>\n  <w:LsdException Locked="false" Priority="71" Name="Colorful Shading Accent 5"/>\n  <w:LsdException Locked="false" Priority="72" Name="Colorful List Accent 5"/>\n  <w:LsdException Locked="false" Priority="73" Name="Colorful Grid Accent 5"/>\n  <w:LsdException Locked="false" Priority="60" Name="Light Shading Accent 6"/>\n  <w:LsdException Locked="false" Priority="61" Name="Light List Accent 6"/>\n  <w:LsdException Locked="false" Priority="62" Name="Light Grid Accent 6"/>\n  <w:LsdException Locked="false" Priority="63" Name="Medium Shading 1 Accent 6"/>\n  <w:LsdException Locked="false" Priority="64" Name="Medium Shading 2 Accent 6"/>\n  <w:LsdException Locked="false" Priority="65" Name="Medium List 1 Accent 6"/>\n  <w:LsdException Locked="false" Priority="66" Name="Medium List 2 Accent 6"/>\n  <w:LsdException Locked="false" Priority="67" Name="Medium Grid 1 Accent 6"/>\n  <w:LsdException Locked="false" Priority="68" Name="Medium Grid 2 Accent 6"/>\n  <w:LsdException Locked="false" Priority="69" Name="Medium Grid 3 Accent 6"/>\n  <w:LsdException Locked="false" Priority="70" Name="Dark List Accent 6"/>\n  <w:LsdException Locked="false" Priority="71" Name="Colorful Shading Accent 6"/>\n  <w:LsdException Locked="false" Priority="72" Name="Colorful List Accent 6"/>\n  <w:LsdException Locked="false" Priority="73" Name="Colorful Grid Accent 6"/>\n  <w:LsdException Locked="false" Priority="19" QFormat="true"\n   Name="Subtle Emphasis"/>\n  <w:LsdException Locked="false" Priority="21" QFormat="true"\n   Name="Intense Emphasis"/>\n  <w:LsdException Locked="false" Priority="31" QFormat="true"\n   Name="Subtle Reference"/>\n  <w:LsdException Locked="false" Priority="32" QFormat="true"\n   Name="Intense Reference"/>\n  <w:LsdException Locked="false" Priority="33" QFormat="true" Name="Book Title"/>\n  <w:LsdException Locked="false" Priority="37" SemiHidden="true"\n   UnhideWhenUsed="true" Name="Bibliography"/>\n  <w:LsdException Locked="false" Priority="39" SemiHidden="true"\n   UnhideWhenUsed="true" QFormat="true" Name="TOC Heading"/>\n  <w:LsdException Locked="false" Priority="41" Name="Plain Table 1"/>\n  <w:LsdException Locked="false" Priority="42" Name="Plain Table 2"/>\n  <w:LsdException Locked="false" Priority="43" Name="Plain Table 3"/>\n  <w:LsdException Locked="false" Priority="44" Name="Plain Table 4"/>\n  <w:LsdException Locked="false" Priority="45" Name="Plain Table 5"/>\n  <w:LsdException Locked="false" Priority="40" Name="Grid Table Light"/>\n  <w:LsdException Locked="false" Priority="46" Name="Grid Table 1 Light"/>\n  <w:LsdException Locked="false" Priority="47" Name="Grid Table 2"/>\n  <w:LsdException Locked="false" Priority="48" Name="Grid Table 3"/>\n  <w:LsdException Locked="false" Priority="49" Name="Grid Table 4"/>\n  <w:LsdException Locked="false" Priority="50" Name="Grid Table 5 Dark"/>\n  <w:LsdException Locked="false" Priority="51" Name="Grid Table 6 Colorful"/>\n  <w:LsdException Locked="false" Priority="52" Name="Grid Table 7 Colorful"/>\n  <w:LsdException Locked="false" Priority="46"\n   Name="Grid Table 1 Light Accent 1"/>\n  <w:LsdException Locked="false" Priority="47" Name="Grid Table 2 Accent 1"/>\n  <w:LsdException Locked="false" Priority="48" Name="Grid Table 3 Accent 1"/>\n  <w:LsdException Locked="false" Priority="49" Name="Grid Table 4 Accent 1"/>\n  <w:LsdException Locked="false" Priority="50" Name="Grid Table 5 Dark Accent 1"/>\n  <w:LsdException Locked="false" Priority="51"\n   Name="Grid Table 6 Colorful Accent 1"/>\n  <w:LsdException Locked="false" Priority="52"\n   Name="Grid Table 7 Colorful Accent 1"/>\n  <w:LsdException Locked="false" Priority="46"\n   Name="Grid Table 1 Light Accent 2"/>\n  <w:LsdException Locked="false" Priority="47" Name="Grid Table 2 Accent 2"/>\n  <w:LsdException Locked="false" Priority="48" Name="Grid Table 3 Accent 2"/>\n  <w:LsdException Locked="false" Priority="49" Name="Grid Table 4 Accent 2"/>\n  <w:LsdException Locked="false" Priority="50" Name="Grid Table 5 Dark Accent 2"/>\n  <w:LsdException Locked="false" Priority="51"\n   Name="Grid Table 6 Colorful Accent 2"/>\n  <w:LsdException Locked="false" Priority="52"\n   Name="Grid Table 7 Colorful Accent 2"/>\n  <w:LsdException Locked="false" Priority="46"\n   Name="Grid Table 1 Light Accent 3"/>\n  <w:LsdException Locked="false" Priority="47" Name="Grid Table 2 Accent 3"/>\n  <w:LsdException Locked="false" Priority="48" Name="Grid Table 3 Accent 3"/>\n  <w:LsdException Locked="false" Priority="49" Name="Grid Table 4 Accent 3"/>\n  <w:LsdException Locked="false" Priority="50" Name="Grid Table 5 Dark Accent 3"/>\n  <w:LsdException Locked="false" Priority="51"\n   Name="Grid Table 6 Colorful Accent 3"/>\n  <w:LsdException Locked="false" Priority="52"\n   Name="Grid Table 7 Colorful Accent 3"/>\n  <w:LsdException Locked="false" Priority="46"\n   Name="Grid Table 1 Light Accent 4"/>\n  <w:LsdException Locked="false" Priority="47" Name="Grid Table 2 Accent 4"/>\n  <w:LsdException Locked="false" Priority="48" Name="Grid Table 3 Accent 4"/>\n  <w:LsdException Locked="false" Priority="49" Name="Grid Table 4 Accent 4"/>\n  <w:LsdException Locked="false" Priority="50" Name="Grid Table 5 Dark Accent 4"/>\n  <w:LsdException Locked="false" Priority="51"\n   Name="Grid Table 6 Colorful Accent 4"/>\n  <w:LsdException Locked="false" Priority="52"\n   Name="Grid Table 7 Colorful Accent 4"/>\n  <w:LsdException Locked="false" Priority="46"\n   Name="Grid Table 1 Light Accent 5"/>\n  <w:LsdException Locked="false" Priority="47" Name="Grid Table 2 Accent 5"/>\n  <w:LsdException Locked="false" Priority="48" Name="Grid Table 3 Accent 5"/>\n  <w:LsdException Locked="false" Priority="49" Name="Grid Table 4 Accent 5"/>\n  <w:LsdException Locked="false" Priority="50" Name="Grid Table 5 Dark Accent 5"/>\n  <w:LsdException Locked="false" Priority="51"\n   Name="Grid Table 6 Colorful Accent 5"/>\n  <w:LsdException Locked="false" Priority="52"\n   Name="Grid Table 7 Colorful Accent 5"/>\n  <w:LsdException Locked="false" Priority="46"\n   Name="Grid Table 1 Light Accent 6"/>\n  <w:LsdException Locked="false" Priority="47" Name="Grid Table 2 Accent 6"/>\n  <w:LsdException Locked="false" Priority="48" Name="Grid Table 3 Accent 6"/>\n  <w:LsdException Locked="false" Priority="49" Name="Grid Table 4 Accent 6"/>\n  <w:LsdException Locked="false" Priority="50" Name="Grid Table 5 Dark Accent 6"/>\n  <w:LsdException Locked="false" Priority="51"\n   Name="Grid Table 6 Colorful Accent 6"/>\n  <w:LsdException Locked="false" Priority="52"\n   Name="Grid Table 7 Colorful Accent 6"/>\n  <w:LsdException Locked="false" Priority="46" Name="List Table 1 Light"/>\n  <w:LsdException Locked="false" Priority="47" Name="List Table 2"/>\n  <w:LsdException Locked="false" Priority="48" Name="List Table 3"/>\n  <w:LsdException Locked="false" Priority="49" Name="List Table 4"/>\n  <w:LsdException Locked="false" Priority="50" Name="List Table 5 Dark"/>\n  <w:LsdException Locked="false" Priority="51" Name="List Table 6 Colorful"/>\n  <w:LsdException Locked="false" Priority="52" Name="List Table 7 Colorful"/>\n  <w:LsdException Locked="false" Priority="46"\n   Name="List Table 1 Light Accent 1"/>\n  <w:LsdException Locked="false" Priority="47" Name="List Table 2 Accent 1"/>\n  <w:LsdException Locked="false" Priority="48" Name="List Table 3 Accent 1"/>\n  <w:LsdException Locked="false" Priority="49" Name="List Table 4 Accent 1"/>\n  <w:LsdException Locked="false" Priority="50" Name="List Table 5 Dark Accent 1"/>\n  <w:LsdException Locked="false" Priority="51"\n   Name="List Table 6 Colorful Accent 1"/>\n  <w:LsdException Locked="false" Priority="52"\n   Name="List Table 7 Colorful Accent 1"/>\n  <w:LsdException Locked="false" Priority="46"\n   Name="List Table 1 Light Accent 2"/>\n  <w:LsdException Locked="false" Priority="47" Name="List Table 2 Accent 2"/>\n  <w:LsdException Locked="false" Priority="48" Name="List Table 3 Accent 2"/>\n  <w:LsdException Locked="false" Priority="49" Name="List Table 4 Accent 2"/>\n  <w:LsdException Locked="false" Priority="50" Name="List Table 5 Dark Accent 2"/>\n  <w:LsdException Locked="false" Priority="51"\n   Name="List Table 6 Colorful Accent 2"/>\n  <w:LsdException Locked="false" Priority="52"\n   Name="List Table 7 Colorful Accent 2"/>\n  <w:LsdException Locked="false" Priority="46"\n   Name="List Table 1 Light Accent 3"/>\n  <w:LsdException Locked="false" Priority="47" Name="List Table 2 Accent 3"/>\n  <w:LsdException Locked="false" Priority="48" Name="List Table 3 Accent 3"/>\n  <w:LsdException Locked="false" Priority="49" Name="List Table 4 Accent 3"/>\n  <w:LsdException Locked="false" Priority="50" Name="List Table 5 Dark Accent 3"/>\n  <w:LsdException Locked="false" Priority="51"\n   Name="List Table 6 Colorful Accent 3"/>\n  <w:LsdException Locked="false" Priority="52"\n   Name="List Table 7 Colorful Accent 3"/>\n  <w:LsdException Locked="false" Priority="46"\n   Name="List Table 1 Light Accent 4"/>\n  <w:LsdException Locked="false" Priority="47" Name="List Table 2 Accent 4"/>\n  <w:LsdException Locked="false" Priority="48" Name="List Table 3 Accent 4"/>\n  <w:LsdException Locked="false" Priority="49" Name="List Table 4 Accent 4"/>\n  <w:LsdException Locked="false" Priority="50" Name="List Table 5 Dark Accent 4"/>\n  <w:LsdException Locked="false" Priority="51"\n   Name="List Table 6 Colorful Accent 4"/>\n  <w:LsdException Locked="false" Priority="52"\n   Name="List Table 7 Colorful Accent 4"/>\n  <w:LsdException Locked="false" Priority="46"\n   Name="List Table 1 Light Accent 5"/>\n  <w:LsdException Locked="false" Priority="47" Name="List Table 2 Accent 5"/>\n  <w:LsdException Locked="false" Priority="48" Name="List Table 3 Accent 5"/>\n  <w:LsdException Locked="false" Priority="49" Name="List Table 4 Accent 5"/>\n  <w:LsdException Locked="false" Priority="50" Name="List Table 5 Dark Accent 5"/>\n  <w:LsdException Locked="false" Priority="51"\n   Name="List Table 6 Colorful Accent 5"/>\n  <w:LsdException Locked="false" Priority="52"\n   Name="List Table 7 Colorful Accent 5"/>\n  <w:LsdException Locked="false" Priority="46"\n   Name="List Table 1 Light Accent 6"/>\n  <w:LsdException Locked="false" Priority="47" Name="List Table 2 Accent 6"/>\n  <w:LsdException Locked="false" Priority="48" Name="List Table 3 Accent 6"/>\n  <w:LsdException Locked="false" Priority="49" Name="List Table 4 Accent 6"/>\n  <w:LsdException Locked="false" Priority="50" Name="List Table 5 Dark Accent 6"/>\n  <w:LsdException Locked="false" Priority="51"\n   Name="List Table 6 Colorful Accent 6"/>\n  <w:LsdException Locked="false" Priority="52"\n   Name="List Table 7 Colorful Accent 6"/>\n </w:LatentStyles>\n</xml><![endif]--><!--[if gte mso 10]>\n<style>\n /* Style Definitions */\n table.MsoNormalTable\n	{mso-style-name:"Table Normal";\n	mso-tstyle-rowband-size:0;\n	mso-tstyle-colband-size:0;\n	mso-style-noshow:yes;\n	mso-style-priority:99;\n	mso-style-parent:"";\n	mso-padding-alt:0in 5.4pt 0in 5.4pt;\n	mso-para-margin-top:0in;\n	mso-para-margin-right:0in;\n	mso-para-margin-bottom:8.0pt;\n	mso-para-margin-left:0in;\n	line-height:107%;\n	mso-pagination:widow-orphan;\n	font-size:11.0pt;\n	font-family:"Calibri","sans-serif";\n	mso-ascii-font-family:Calibri;\n	mso-ascii-theme-font:minor-latin;\n	mso-hansi-font-family:Calibri;\n	mso-hansi-theme-font:minor-latin;\n	mso-fareast-language:JA;}\n</style>\n<![endif]--><br><br><br>'),
(3, 5, 'en', 'Title', 'Content'),
(4, 12, 'en', 'Admin Panel', 'Admin panel description'),
(5, 50, 'en', 'Purchasing list', 'Content'),
(6, 203, 'en', 'Purchase Pricing Setup', 'This section explains how to enter information about your purchases. You record a purchase by entering the supplier details, status of the purchase (quoted or ordered) and details of the purchased items (products) or services. This section also explains how to pay your suppliers and deal with a supplier who owes you money (settling a supplier debit) and how to monitor your entire purchasing activity with a variety of reports. <br><br><ul><li>Go to <b>Purchasing </b>&gt; <b>Setup</b> &gt; <b>Purchase Pricing</b>. The Purchase Pricing window appears. </li><li>Click the<b> + butto</b>n on the top right of the page to add new Price.</li><li>Select Item from the drop down list.</li><li>Select Supplier from the drop down list.</li><li>Enter current price. It depends on your goods market value.</li><li>Select Start Effective Date and End Effective Date.</li><li>Click Save button to save.</li></ul><u><b><br>Edit &amp; Delete Purchase Pricing</b></u><br><ul><li>To edit, click the link of selected Item Code that you want to edit. The Edit dialog box will appear, click Continue to edit. You will be directed to the page where you can edit the information.</li><li>Once completed, click Update button.</li><li>To delete, identify the Item Code that you want to delete and click Delete button (image) in the Action column at the same row of the selected list. The Delete dialog box will appear, click Delete button</li></ul><br>'),
(7, 142, 'en', 'Purchase Credit Note', 'In this section, the purchase credit note is issued as an adjustment to the invoice received from supplier to increase the value of the goods. <br><ul><li>Go to Account Payable &gt; Transaction &gt; New Purchase Credit Note</li><li>Select the Supplier from the dropdown list. If the supplier is not setup yet, click the dropdown button and click Add New Supplier.</li><li>Project from the dropdown list. If the project is not in the list, you may setup by click the dropdown button and click Add New Project.</li><li>Select the Invoice No from the dropdown list.</li></ul><u><b>SECTION: ITEMS</b></u><br><ul><li>Click the Add New Details button.</li><li>Select the item from the dropdown list.</li><li>Enter the Item Description</li><li>Enter the Unit Price</li><li>Enter the Quantity</li><li>Select the Tax (%) from the Tax Master list.</li><li>To save, click the (image) button. </li></ul><u><b>SECTION: CHARGE</b></u><br><ul><li>Click the Add New Charge button.</li><li>Select Account Type from the dropdown list.</li><li>Enter the Description</li><li>Enter the Amount</li><li>Select Tax % from the dropdown list</li><li>Enter Tax Amount</li><li>To save, click the (image) button. </li></ul>After Items and Charge completed, do the following:-<br><ul><li>Enter memo</li><li>Click Calculate Total button to get Total Amount, Tax Amount and Total Payable.</li></ul><br>'),
(8, 95, 'en', 'jhf ajdahaj d', 'jnndsf ajfkanfk<br>'),
(9, 45, 'en', 'The General Ledger Welcome Page', '<h2>this is my general ledger</h2>\n<img src="http://i.imgur.com/nKIbN5Q.jpg" width="656">'),
(10, 304, 'en', 'Log Report', '<ol><li>Go to Admin &gt; Log Report. The Log Report windows will appear.</li><li>Select the User from the list.</li><li>Select the Date From and Date To.</li><li>You are enable to use any keyword to run searching.</li><li>Select the type of query. You can select from the list either insert or update.</li><li>Then, click Search button.<br></li></ol>');
INSERT INTO `ug_content` (`ID`, `ugID`, `language`, `title`, `content`) VALUES
(11, 2, 'en', 'Add, Edit and Remove Company', '<!--[if gte mso 9]><xml>\n <o:OfficeDocumentSettings>\n  <o:AllowPNG/>\n </o:OfficeDocumentSettings>\n</xml><![endif]-->\n\n<p class="MsoNormal" style="text-align:justify;text-justify:inter-ideograph;\nline-height:115%"><span style="mso-bidi-font-family:&quot;Times New Roman&quot;">System\nsetup allows you to maintain general setting of the software according to your company’s requirements. It is highly recommended to set all the\nrequirements before you start off with the system</span><span style="font-size:\n12.0pt;line-height:115%;mso-bidi-font-family:&quot;Times New Roman&quot;">. <br></span></p>\n\n<p class="MsoNormal"><b style="mso-bidi-font-weight:normal"><u>Add Company</u></b><span style="mso-bidi-font-family:&quot;Times New Roman&quot;"><br></span></p><ol><li><span style="mso-bidi-font-family:&quot;Times New Roman&quot;">Go\nto <b style="mso-bidi-font-weight:normal">General Setup</b> </span><span style="font-family:Wingdings;mso-ascii-font-family:Calibri;mso-ascii-theme-font:\nminor-latin;mso-hansi-font-family:Calibri;mso-hansi-theme-font:minor-latin;\nmso-char-type:symbol;mso-symbol-font-family:Wingdings"><span style="mso-char-type:\nsymbol;mso-symbol-font-family:Wingdings">&gt;</span></span><span style="mso-bidi-font-family:\n&quot;Times New Roman&quot;"> <b style="mso-bidi-font-weight:normal">Company Setup &gt; List</b>. The\nCompany Master List window appears.</span></li><li>Click\non <b style="mso-bidi-font-weight:normal"><i style="mso-bidi-font-style:normal">+\n</i>button</b> on the top right of the page to add <b>New Company</b>.</li><li><span style="mso-bidi-font-family:&quot;Times New Roman&quot;">You\nwill be directed to the page where you can enter all the required information.</span></li><li><span style="mso-bidi-font-family:&quot;Times New Roman&quot;">After\ndata entry, click <b style="mso-bidi-font-weight:normal">Submit </b>button to\nsave.</span></li></ol><div><span style="line-height: 20px;">Note: Mandatory fields are marked with an asterisk (*).</span></div><p><u><b>Edit Company</b></u><br></p><ol><li><span style="mso-bidi-font-family:&quot;Times New Roman&quot;">Go to <b>Company Setup </b>&gt; <b>List</b>. The Company Master List window appears.</span></li><li><span style="mso-bidi-font-family:&quot;Times New Roman&quot;">&nbsp;</span>In the <b>Company Name</b> column, identify and select the particular company. The Edit dialog box will appear.</li><li>Click <b>Continue</b>, the page of the selected company''s details (Company Master) appears. Edit the relevant information.</li><li>Once completed, click <b>Submit</b> button to save.</li></ol><p><u><b>Remove Company</b></u><br></p><ol><li><span style="mso-bidi-font-family:&quot;Times New Roman&quot;">Go to <b>Company Setup </b>&gt; <b>List</b>. The Company Master List window appears.</span></li><li>In the <b>Company Name</b> column, identify the company''s name from the list.</li><li>Click <b>Delete (image bin)</b> button in the <b>Action </b>column.</li><li>When prompted, click&nbsp;<b>Delete</b> button.</li></ol><p><!--[if gte mso 9]><xml>\n <o:OfficeDocumentSettings>\n  <o:RelyOnVML/>\n  <o:AllowPNG/>\n </o:OfficeDocumentSettings>\n</xml><![endif]--></p><p class="MsoNormal" style="text-align:justify;line-height:150%"><!--[if gte mso 9]><xml>\n <o:OfficeDocumentSettings>\n  <o:RelyOnVML/>\n  <o:AllowPNG/>\n </o:OfficeDocumentSettings>\n</xml><![endif]--></p><p></p><p class="MsoNormal" style="text-align:justify;line-height:150%"><!--[if gte mso 9]><xml>\n <w:WordDocument>\n  <w:View>Normal</w:View>\n  <w:Zoom>0</w:Zoom>\n  <w:TrackMoves/>\n  <w:TrackFormatting/>\n  <w:PunctuationKerning/>\n  <w:ValidateAgainstSchemas/>\n  <w:SaveIfXMLInvalid>false</w:SaveIfXMLInvalid>\n  <w:IgnoreMixedContent>false</w:IgnoreMixedContent>\n  <w:AlwaysShowPlaceholderText>false</w:AlwaysShowPlaceholderText>\n  <w:DoNotPromoteQF/>\n  <w:LidThemeOther>EN-US</w:LidThemeOther>\n  <w:LidThemeAsian>X-NONE</w:LidThemeAsian>\n  <w:LidThemeComplexScript>X-NONE</w:LidThemeComplexScript>\n  <w:Compatibility>\n   <w:BreakWrappedTables/>\n   <w:SnapToGridInCell/>\n   <w:WrapTextWithPunct/>\n   <w:UseAsianBreakRules/>\n   <w:DontGrowAutofit/>\n   <w:SplitPgBreakAndParaMark/>\n   <w:EnableOpenTypeKerning/>\n   <w:DontFlipMirrorIndents/>\n   <w:OverrideTableStyleHps/>\n  </w:Compatibility>\n  <m:mathPr>\n   <m:mathFont m:val="Cambria Math"/>\n   <m:brkBin m:val="before"/>\n   <m:brkBinSub m:val="&#45;-"/>\n   <m:smallFrac m:val="off"/>\n   <m:dispDef/>\n   <m:lMargin m:val="0"/>\n   <m:rMargin m:val="0"/>\n   <m:defJc m:val="centerGroup"/>\n   <m:wrapIndent m:val="1440"/>\n   <m:intLim m:val="subSup"/>\n   <m:naryLim m:val="undOvr"/>\n  </m:mathPr></w:WordDocument>\n</xml><![endif]--><!--[if gte mso 9]><xml>\n <w:LatentStyles DefLockedState="false" DefUnhideWhenUsed="true"\n  DefSemiHidden="true" DefQFormat="false" DefPriority="99"\n  LatentStyleCount="267">\n  <w:LsdException Locked="false" Priority="0" SemiHidden="false"\n   UnhideWhenUsed="false" QFormat="true" Name="Normal"/>\n  <w:LsdException Locked="false" Priority="9" SemiHidden="false"\n   UnhideWhenUsed="false" QFormat="true" Name="heading 1"/>\n  <w:LsdException Locked="false" Priority="9" QFormat="true" Name="heading 2"/>\n  <w:LsdException Locked="false" Priority="9" QFormat="true" Name="heading 3"/>\n  <w:LsdException Locked="false" Priority="9" QFormat="true" Name="heading 4"/>\n  <w:LsdException Locked="false" Priority="9" QFormat="true" Name="heading 5"/>\n  <w:LsdException Locked="false" Priority="9" QFormat="true" Name="heading 6"/>\n  <w:LsdException Locked="false" Priority="9" QFormat="true" Name="heading 7"/>\n  <w:LsdException Locked="false" Priority="9" QFormat="true" Name="heading 8"/>\n  <w:LsdException Locked="false" Priority="9" QFormat="true" Name="heading 9"/>\n  <w:LsdException Locked="false" Priority="39" Name="toc 1"/>\n  <w:LsdException Locked="false" Priority="39" Name="toc 2"/>\n  <w:LsdException Locked="false" Priority="39" Name="toc 3"/>\n  <w:LsdException Locked="false" Priority="39" Name="toc 4"/>\n  <w:LsdException Locked="false" Priority="39" Name="toc 5"/>\n  <w:LsdException Locked="false" Priority="39" Name="toc 6"/>\n  <w:LsdException Locked="false" Priority="39" Name="toc 7"/>\n  <w:LsdException Locked="false" Priority="39" Name="toc 8"/>\n  <w:LsdException Locked="false" Priority="39" Name="toc 9"/>\n  <w:LsdException Locked="false" Priority="35" QFormat="true" Name="caption"/>\n  <w:LsdException Locked="false" Priority="10" SemiHidden="false"\n   UnhideWhenUsed="false" QFormat="true" Name="Title"/>\n  <w:LsdException Locked="false" Priority="1" Name="Default Paragraph Font"/>\n  <w:LsdException Locked="false" Priority="11" SemiHidden="false"\n   UnhideWhenUsed="false" QFormat="true" Name="Subtitle"/>\n  <w:LsdException Locked="false" Priority="22" SemiHidden="false"\n   UnhideWhenUsed="false" QFormat="true" Name="Strong"/>\n  <w:LsdException Locked="false" Priority="20" SemiHidden="false"\n   UnhideWhenUsed="false" QFormat="true" Name="Emphasis"/>\n  <w:LsdException Locked="false" Priority="59" SemiHidden="false"\n   UnhideWhenUsed="false" Name="Table Grid"/>\n  <w:LsdException Locked="false" UnhideWhenUsed="false" Name="Placeholder Text"/>\n  <w:LsdException Locked="false" Priority="1" SemiHidden="false"\n   UnhideWhenUsed="false" QFormat="true" Name="No Spacing"/>\n  <w:LsdException Locked="false" Priority="60" SemiHidden="false"\n   UnhideWhenUsed="false" Name="Light Shading"/>\n  <w:LsdException Locked="false" Priority="61" SemiHidden="false"\n   UnhideWhenUsed="false" Name="Light List"/>\n  <w:LsdException Locked="false" Priority="62" SemiHidden="false"\n   UnhideWhenUsed="false" Name="Light Grid"/>\n  <w:LsdException Locked="false" Priority="63" SemiHidden="false"\n   UnhideWhenUsed="false" Name="Medium Shading 1"/>\n  <w:LsdException Locked="false" Priority="64" SemiHidden="false"\n   UnhideWhenUsed="false" Name="Medium Shading 2"/>\n  <w:LsdException Locked="false" Priority="65" SemiHidden="false"\n   UnhideWhenUsed="false" Name="Medium List 1"/>\n  <w:LsdException Locked="false" Priority="66" SemiHidden="false"\n   UnhideWhenUsed="false" Name="Medium List 2"/>\n  <w:LsdException Locked="false" Priority="67" SemiHidden="false"\n   UnhideWhenUsed="false" Name="Medium Grid 1"/>\n  <w:LsdException Locked="false" Priority="68" SemiHidden="false"\n   UnhideWhenUsed="false" Name="Medium Grid 2"/>\n  <w:LsdException Locked="false" Priority="69" SemiHidden="false"\n   UnhideWhenUsed="false" Name="Medium Grid 3"/>\n  <w:LsdException Locked="false" Priority="70" SemiHidden="false"\n   UnhideWhenUsed="false" Name="Dark List"/>\n  <w:LsdException Locked="false" Priority="71" SemiHidden="false"\n   UnhideWhenUsed="false" Name="Colorful Shading"/>\n  <w:LsdException Locked="false" Priority="72" SemiHidden="false"\n   UnhideWhenUsed="false" Name="Colorful List"/>\n  <w:LsdException Locked="false" Priority="73" SemiHidden="false"\n   UnhideWhenUsed="false" Name="Colorful Grid"/>\n  <w:LsdException Locked="false" Priority="60" SemiHidden="false"\n   UnhideWhenUsed="false" Name="Light Shading Accent 1"/>\n  <w:LsdException Locked="false" Priority="61" SemiHidden="false"\n   UnhideWhenUsed="false" Name="Light List Accent 1"/>\n  <w:LsdException Locked="false" Priority="62" SemiHidden="false"\n   UnhideWhenUsed="false" Name="Light Grid Accent 1"/>\n  <w:LsdException Locked="false" Priority="63" SemiHidden="false"\n   UnhideWhenUsed="false" Name="Medium Shading 1 Accent 1"/>\n  <w:LsdException Locked="false" Priority="64" SemiHidden="false"\n   UnhideWhenUsed="false" Name="Medium Shading 2 Accent 1"/>\n  <w:LsdException Locked="false" Priority="65" SemiHidden="false"\n   UnhideWhenUsed="false" Name="Medium List 1 Accent 1"/>\n  <w:LsdException Locked="false" UnhideWhenUsed="false" Name="Revision"/>\n  <w:LsdException Locked="false" Priority="34" SemiHidden="false"\n   UnhideWhenUsed="false" QFormat="true" Name="List Paragraph"/>\n  <w:LsdException Locked="false" Priority="29" SemiHidden="false"\n   UnhideWhenUsed="false" QFormat="true" Name="Quote"/>\n  <w:LsdException Locked="false" Priority="30" SemiHidden="false"\n   UnhideWhenUsed="false" QFormat="true" Name="Intense Quote"/>\n  <w:LsdException Locked="false" Priority="66" SemiHidden="false"\n   UnhideWhenUsed="false" Name="Medium List 2 Accent 1"/>\n  <w:LsdException Locked="false" Priority="67" SemiHidden="false"\n   UnhideWhenUsed="false" Name="Medium Grid 1 Accent 1"/>\n  <w:LsdException Locked="false" Priority="68" SemiHidden="false"\n   UnhideWhenUsed="false" Name="Medium Grid 2 Accent 1"/>\n  <w:LsdException Locked="false" Priority="69" SemiHidden="false"\n   UnhideWhenUsed="false" Name="Medium Grid 3 Accent 1"/>\n  <w:LsdException Locked="false" Priority="70" SemiHidden="false"\n   UnhideWhenUsed="false" Name="Dark List Accent 1"/>\n  <w:LsdException Locked="false" Priority="71" SemiHidden="false"\n   UnhideWhenUsed="false" Name="Colorful Shading Accent 1"/>\n  <w:LsdException Locked="false" Priority="72" SemiHidden="false"\n   UnhideWhenUsed="false" Name="Colorful List Accent 1"/>\n  <w:LsdException Locked="false" Priority="73" SemiHidden="false"\n   UnhideWhenUsed="false" Name="Colorful Grid Accent 1"/>\n  <w:LsdException Locked="false" Priority="60" SemiHidden="false"\n   UnhideWhenUsed="false" Name="Light Shading Accent 2"/>\n  <w:LsdException Locked="false" Priority="61" SemiHidden="false"\n   UnhideWhenUsed="false" Name="Light List Accent 2"/>\n  <w:LsdException Locked="false" Priority="62" SemiHidden="false"\n   UnhideWhenUsed="false" Name="Light Grid Accent 2"/>\n  <w:LsdException Locked="false" Priority="63" SemiHidden="false"\n   UnhideWhenUsed="false" Name="Medium Shading 1 Accent 2"/>\n  <w:LsdException Locked="false" Priority="64" SemiHidden="false"\n   UnhideWhenUsed="false" Name="Medium Shading 2 Accent 2"/>\n  <w:LsdException Locked="false" Priority="65" SemiHidden="false"\n   UnhideWhenUsed="false" Name="Medium List 1 Accent 2"/>\n  <w:LsdException Locked="false" Priority="66" SemiHidden="false"\n   UnhideWhenUsed="false" Name="Medium List 2 Accent 2"/>\n  <w:LsdException Locked="false" Priority="67" SemiHidden="false"\n   UnhideWhenUsed="false" Name="Medium Grid 1 Accent 2"/>\n  <w:LsdException Locked="false" Priority="68" SemiHidden="false"\n   UnhideWhenUsed="false" Name="Medium Grid 2 Accent 2"/>\n  <w:LsdException Locked="false" Priority="69" SemiHidden="false"\n   UnhideWhenUsed="false" Name="Medium Grid 3 Accent 2"/>\n  <w:LsdException Locked="false" Priority="70" SemiHidden="false"\n   UnhideWhenUsed="false" Name="Dark List Accent 2"/>\n  <w:LsdException Locked="false" Priority="71" SemiHidden="false"\n   UnhideWhenUsed="false" Name="Colorful Shading Accent 2"/>\n  <w:LsdException Locked="false" Priority="72" SemiHidden="false"\n   UnhideWhenUsed="false" Name="Colorful List Accent 2"/>\n  <w:LsdException Locked="false" Priority="73" SemiHidden="false"\n   UnhideWhenUsed="false" Name="Colorful Grid Accent 2"/>\n  <w:LsdException Locked="false" Priority="60" SemiHidden="false"\n   UnhideWhenUsed="false" Name="Light Shading Accent 3"/>\n  <w:LsdException Locked="false" Priority="61" SemiHidden="false"\n   UnhideWhenUsed="false" Name="Light List Accent 3"/>\n  <w:LsdException Locked="false" Priority="62" SemiHidden="false"\n   UnhideWhenUsed="false" Name="Light Grid Accent 3"/>\n  <w:LsdException Locked="false" Priority="63" SemiHidden="false"\n   UnhideWhenUsed="false" Name="Medium Shading 1 Accent 3"/>\n  <w:LsdException Locked="false" Priority="64" SemiHidden="false"\n   UnhideWhenUsed="false" Name="Medium Shading 2 Accent 3"/>\n  <w:LsdException Locked="false" Priority="65" SemiHidden="false"\n   UnhideWhenUsed="false" Name="Medium List 1 Accent 3"/>\n  <w:LsdException Locked="false" Priority="66" SemiHidden="false"\n   UnhideWhenUsed="false" Name="Medium List 2 Accent 3"/>\n  <w:LsdException Locked="false" Priority="67" SemiHidden="false"\n   UnhideWhenUsed="false" Name="Medium Grid 1 Accent 3"/>\n  <w:LsdException Locked="false" Priority="68" SemiHidden="false"\n   UnhideWhenUsed="false" Name="Medium Grid 2 Accent 3"/>\n  <w:LsdException Locked="false" Priority="69" SemiHidden="false"\n   UnhideWhenUsed="false" Name="Medium Grid 3 Accent 3"/>\n  <w:LsdException Locked="false" Priority="70" SemiHidden="false"\n   UnhideWhenUsed="false" Name="Dark List Accent 3"/>\n  <w:LsdException Locked="false" Priority="71" SemiHidden="false"\n   UnhideWhenUsed="false" Name="Colorful Shading Accent 3"/>\n  <w:LsdException Locked="false" Priority="72" SemiHidden="false"\n   UnhideWhenUsed="false" Name="Colorful List Accent 3"/>\n  <w:LsdException Locked="false" Priority="73" SemiHidden="false"\n   UnhideWhenUsed="false" Name="Colorful Grid Accent 3"/>\n  <w:LsdException Locked="false" Priority="60" SemiHidden="false"\n   UnhideWhenUsed="false" Name="Light Shading Accent 4"/>\n  <w:LsdException Locked="false" Priority="61" SemiHidden="false"\n   UnhideWhenUsed="false" Name="Light List Accent 4"/>\n  <w:LsdException Locked="false" Priority="62" SemiHidden="false"\n   UnhideWhenUsed="false" Name="Light Grid Accent 4"/>\n  <w:LsdException Locked="false" Priority="63" SemiHidden="false"\n   UnhideWhenUsed="false" Name="Medium Shading 1 Accent 4"/>\n  <w:LsdException Locked="false" Priority="64" SemiHidden="false"\n   UnhideWhenUsed="false" Name="Medium Shading 2 Accent 4"/>\n  <w:LsdException Locked="false" Priority="65" SemiHidden="false"\n   UnhideWhenUsed="false" Name="Medium List 1 Accent 4"/>\n  <w:LsdException Locked="false" Priority="66" SemiHidden="false"\n   UnhideWhenUsed="false" Name="Medium List 2 Accent 4"/>\n  <w:LsdException Locked="false" Priority="67" SemiHidden="false"\n   UnhideWhenUsed="false" Name="Medium Grid 1 Accent 4"/>\n  <w:LsdException Locked="false" Priority="68" SemiHidden="false"\n   UnhideWhenUsed="false" Name="Medium Grid 2 Accent 4"/>\n  <w:LsdException Locked="false" Priority="69" SemiHidden="false"\n   UnhideWhenUsed="false" Name="Medium Grid 3 Accent 4"/>\n  <w:LsdException Locked="false" Priority="70" SemiHidden="false"\n   UnhideWhenUsed="false" Name="Dark List Accent 4"/>\n  <w:LsdException Locked="false" Priority="71" SemiHidden="false"\n   UnhideWhenUsed="false" Name="Colorful Shading Accent 4"/>\n  <w:LsdException Locked="false" Priority="72" SemiHidden="false"\n   UnhideWhenUsed="false" Name="Colorful List Accent 4"/>\n  <w:LsdException Locked="false" Priority="73" SemiHidden="false"\n   UnhideWhenUsed="false" Name="Colorful Grid Accent 4"/>\n  <w:LsdException Locked="false" Priority="60" SemiHidden="false"\n   UnhideWhenUsed="false" Name="Light Shading Accent 5"/>\n  <w:LsdException Locked="false" Priority="61" SemiHidden="false"\n   UnhideWhenUsed="false" Name="Light List Accent 5"/>\n  <w:LsdException Locked="false" Priority="62" SemiHidden="false"\n   UnhideWhenUsed="false" Name="Light Grid Accent 5"/>\n  <w:LsdException Locked="false" Priority="63" SemiHidden="false"\n   UnhideWhenUsed="false" Name="Medium Shading 1 Accent 5"/>\n  <w:LsdException Locked="false" Priority="64" SemiHidden="false"\n   UnhideWhenUsed="false" Name="Medium Shading 2 Accent 5"/>\n  <w:LsdException Locked="false" Priority="65" SemiHidden="false"\n   UnhideWhenUsed="false" Name="Medium List 1 Accent 5"/>\n  <w:LsdException Locked="false" Priority="66" SemiHidden="false"\n   UnhideWhenUsed="false" Name="Medium List 2 Accent 5"/>\n  <w:LsdException Locked="false" Priority="67" SemiHidden="false"\n   UnhideWhenUsed="false" Name="Medium Grid 1 Accent 5"/>\n  <w:LsdException Locked="false" Priority="68" SemiHidden="false"\n   UnhideWhenUsed="false" Name="Medium Grid 2 Accent 5"/>\n  <w:LsdException Locked="false" Priority="69" SemiHidden="false"\n   UnhideWhenUsed="false" Name="Medium Grid 3 Accent 5"/>\n  <w:LsdException Locked="false" Priority="70" SemiHidden="false"\n   UnhideWhenUsed="false" Name="Dark List Accent 5"/>\n  <w:LsdException Locked="false" Priority="71" SemiHidden="false"\n   UnhideWhenUsed="false" Name="Colorful Shading Accent 5"/>\n  <w:LsdException Locked="false" Priority="72" SemiHidden="false"\n   UnhideWhenUsed="false" Name="Colorful List Accent 5"/>\n  <w:LsdException Locked="false" Priority="73" SemiHidden="false"\n   UnhideWhenUsed="false" Name="Colorful Grid Accent 5"/>\n  <w:LsdException Locked="false" Priority="60" SemiHidden="false"\n   UnhideWhenUsed="false" Name="Light Shading Accent 6"/>\n  <w:LsdException Locked="false" Priority="61" SemiHidden="false"\n   UnhideWhenUsed="false" Name="Light List Accent 6"/>\n  <w:LsdException Locked="false" Priority="62" SemiHidden="false"\n   UnhideWhenUsed="false" Name="Light Grid Accent 6"/>\n  <w:LsdException Locked="false" Priority="63" SemiHidden="false"\n   UnhideWhenUsed="false" Name="Medium Shading 1 Accent 6"/>\n  <w:LsdException Locked="false" Priority="64" SemiHidden="false"\n   UnhideWhenUsed="false" Name="Medium Shading 2 Accent 6"/>\n  <w:LsdException Locked="false" Priority="65" SemiHidden="false"\n   UnhideWhenUsed="false" Name="Medium List 1 Accent 6"/>\n  <w:LsdException Locked="false" Priority="66" SemiHidden="false"\n   UnhideWhenUsed="false" Name="Medium List 2 Accent 6"/>\n  <w:LsdException Locked="false" Priority="67" SemiHidden="false"\n   UnhideWhenUsed="false" Name="Medium Grid 1 Accent 6"/>\n  <w:LsdException Locked="false" Priority="68" SemiHidden="false"\n   UnhideWhenUsed="false" Name="Medium Grid 2 Accent 6"/>\n  <w:LsdException Locked="false" Priority="69" SemiHidden="false"\n   UnhideWhenUsed="false" Name="Medium Grid 3 Accent 6"/>\n  <w:LsdException Locked="false" Priority="70" SemiHidden="false"\n   UnhideWhenUsed="false" Name="Dark List Accent 6"/>\n  <w:LsdException Locked="false" Priority="71" SemiHidden="false"\n   UnhideWhenUsed="false" Name="Colorful Shading Accent 6"/>\n  <w:LsdException Locked="false" Priority="72" SemiHidden="false"\n   UnhideWhenUsed="false" Name="Colorful List Accent 6"/>\n  <w:LsdException Locked="false" Priority="73" SemiHidden="false"\n   UnhideWhenUsed="false" Name="Colorful Grid Accent 6"/>\n  <w:LsdException Locked="false" Priority="19" SemiHidden="false"\n   UnhideWhenUsed="false" QFormat="true" Name="Subtle Emphasis"/>\n  <w:LsdException Locked="false" Priority="21" SemiHidden="false"\n   UnhideWhenUsed="false" QFormat="true" Name="Intense Emphasis"/>\n  <w:LsdException Locked="false" Priority="31" SemiHidden="false"\n   UnhideWhenUsed="false" QFormat="true" Name="Subtle Reference"/>\n  <w:LsdException Locked="false" Priority="32" SemiHidden="false"\n   UnhideWhenUsed="false" QFormat="true" Name="Intense Reference"/>\n  <w:LsdException Locked="false" Priority="33" SemiHidden="false"\n   UnhideWhenUsed="false" QFormat="true" Name="Book Title"/>\n  <w:LsdException Locked="false" Priority="37" Name="Bibliography"/>\n  <w:LsdException Locked="false" Priority="39" QFormat="true" Name="TOC Heading"/>\n </w:LatentStyles>\n</xml><![endif]--><!--[if gte mso 10]>\n<style>\n /* Style Definitions */\n table.MsoNormalTable\n	{mso-style-name:"Table Normal";\n	mso-tstyle-rowband-size:0;\n	mso-tstyle-colband-size:0;\n	mso-style-noshow:yes;\n	mso-style-priority:99;\n	mso-style-parent:"";\n	mso-padding-alt:0cm 5.4pt 0cm 5.4pt;\n	mso-para-margin-top:0cm;\n	mso-para-margin-right:0cm;\n	mso-para-margin-bottom:8.0pt;\n	mso-para-margin-left:0cm;\n	line-height:107%;\n	mso-pagination:widow-orphan;\n	font-size:11.0pt;\n	font-family:"Calibri","sans-serif";\n	mso-ascii-font-family:Calibri;\n	mso-ascii-theme-font:minor-latin;\n	mso-hansi-font-family:Calibri;\n	mso-hansi-theme-font:minor-latin;\n	mso-ansi-language:EN-US;\n	mso-fareast-language:EN-US;}\n</style>\n<![endif]-->\n\n</p><u><span style="font-family:&quot;Times New Roman&quot;,&quot;serif&quot;" lang="EN-US"></span></u><p></p><p></p><p></p><p></p><div class="alert alert-error"><h6><b style="color: inherit; font-size: 9.35px;">Warning: Please be careful before remove the company. Charge may be implied for date recovery.&nbsp;</b><br></h6></div>'),
(12, 168, 'en', 'Set up Chart of Account', 'To add Chart of Account,kindly follow the steps below:-<br><ol><li>Go to General Setup &gt; Company Setup &gt; List. The Chart of Account List windows appears.</li><li>Select the Industry Classification</li><li>Select the Type of Business.<br></li></ol><!--[if gte mso 9]><xml>\n <o:OfficeDocumentSettings>\n  <o:AllowPNG/>\n </o:OfficeDocumentSettings>\n</xml><![endif]--><br><div><br></div>'),
(13, 110, 'en', 'View Company List', '<ol><li><span style="line-height: 30px;">To view Company List, go to General Setup &gt; Company Setup &gt; List.</span><br></li><li><span style="line-height: 30px;">You can view the company from the Company Master List screen.</span><br></li><br></ol><div></div>'),
(14, 179, 'en', 'Employee Setup - Add, Edit, Delete and Print', '\n<!--[if gte mso 9]><xml>\n <o:OfficeDocumentSettings>\n  <o:AllowPNG/>\n </o:OfficeDocumentSettings>\n</xml><![endif]--><p class="MsoNormal" style="text-align:justify;text-justify:inter-ideograph;\nline-height:150%"><b style="mso-bidi-font-weight:normal"><u><span style="mso-bidi-font-family:&quot;Times New Roman&quot;">Add New Employee<br></span></u></b></p>\n\n<ol><li><span style="font-family:Wingdings;mso-fareast-font-family:Wingdings;mso-bidi-font-family:\nWingdings"><span style="mso-list:Ignore"><span style="font:7.0pt &quot;Times New Roman&quot;"></span></span></span><span style="mso-bidi-font-family:&quot;Times New Roman&quot;">Go\nTo <b style="mso-bidi-font-weight:normal">General Setup</b> </span><span style="font-family:Wingdings;mso-ascii-font-family:Calibri;mso-ascii-theme-font:\nminor-latin;mso-hansi-font-family:Calibri;mso-hansi-theme-font:minor-latin;\nmso-char-type:symbol;mso-symbol-font-family:Wingdings"><span style="mso-char-type:\nsymbol;mso-symbol-font-family:Wingdings"></span></span><span style="mso-bidi-font-family:\n&quot;Times New Roman&quot;"><b style="mso-bidi-font-weight:normal">&gt; Employee Setup</b>. The Employee Master List window appears.</span></li><li><span style="mso-bidi-font-family:&quot;Times New Roman&quot;">Click on <b style="mso-bidi-font-weight:\nnormal">+<i style="mso-bidi-font-style:normal"> </i>button</b> on the top\nright-side of the page to add <b style="mso-bidi-font-weight:normal">New Employee.</b></span>\n\n</li><li><span style="font-family:\nWingdings;mso-fareast-font-family:Wingdings;mso-bidi-font-family:Wingdings"><span style="mso-list:Ignore"><span style="font:7.0pt &quot;Times New Roman&quot;"></span></span></span><span style="mso-bidi-font-family:&quot;Times New Roman&quot;">You will be directed to the page\nwhere you can enter all the required information. </span></li><li>\n\n<span style="mso-bidi-font-family:&quot;Times New Roman&quot;">After data entry, click <b style="mso-bidi-font-weight:normal">Submit </b>button to save.</span></li></ol><p class="MsoNormal" style="text-align:justify;text-justify:inter-ideograph;\nline-height:115%"><b style="mso-bidi-font-weight:normal"><u><span style="mso-bidi-font-family:&quot;Times New Roman&quot;">View Employee<br></span></u></b></p>\n\n<ol><li><span style="font-family:Wingdings;mso-fareast-font-family:Wingdings;mso-bidi-font-family:\nWingdings"><span style="mso-list:Ignore"><span style="font:7.0pt &quot;Times New Roman&quot;"></span></span></span><span style="mso-bidi-font-family:&quot;Times New Roman&quot;">Go\nTo <b style="mso-bidi-font-weight:normal">General Setup</b> </span><span style="font-family:Wingdings;mso-ascii-font-family:Calibri;mso-ascii-theme-font:\nminor-latin;mso-hansi-font-family:Calibri;mso-hansi-theme-font:minor-latin;\nmso-char-type:symbol;mso-symbol-font-family:Wingdings"><span style="mso-char-type:\nsymbol;mso-symbol-font-family:Wingdings"><b>&gt; </b></span></span><b style="mso-bidi-font-weight:\nnormal"><span style="mso-bidi-font-family:&quot;Times New Roman&quot;">Employee Setup</span></b><span style="mso-bidi-font-family:&quot;Times New Roman&quot;">.<b style="mso-bidi-font-weight:\nnormal"> </b>The Employee Master List window appears.</span></li><li><span style="font-family:Wingdings;mso-fareast-font-family:Wingdings;mso-bidi-font-family:\nWingdings"><span style="mso-list:Ignore"><span style="font:7.0pt &quot;Times New Roman&quot;"></span></span></span><span style="mso-bidi-font-family:&quot;Times New Roman&quot;">In\nthe Search field, search the employee’s name by entering his/her name.</span></li><li><span style="font-family:Wingdings;mso-fareast-font-family:Wingdings;mso-bidi-font-family:\nWingdings"><span style="mso-list:Ignore"><span style="font:7.0pt &quot;Times New Roman&quot;"></span></span></span><span style="mso-bidi-font-family:&quot;Times New Roman&quot;">You\ncan choose the number of entries of employee to be displayed. </span></li></ol>\n\n<p class="MsoNormal" style="text-align:justify;text-justify:inter-ideograph;\nline-height:150%"><b style="mso-bidi-font-weight:normal"><u><span style="mso-bidi-font-family:&quot;Times New Roman&quot;">Edit Employee<br></span></u></b></p>\n\n<ol><li><span style="font-family:Wingdings;mso-fareast-font-family:Wingdings;mso-bidi-font-family:\nWingdings"><span style="mso-list:Ignore"><span style="font:7.0pt &quot;Times New Roman&quot;"></span></span></span><span style="mso-bidi-font-family:&quot;Times New Roman&quot;">Go\nTo <b style="mso-bidi-font-weight:normal">General Setup</b> </span><span style="font-family:Wingdings;mso-ascii-font-family:Calibri;mso-ascii-theme-font:\nminor-latin;mso-hansi-font-family:Calibri;mso-hansi-theme-font:minor-latin;\nmso-char-type:symbol;mso-symbol-font-family:Wingdings"><span style="mso-char-type:\nsymbol;mso-symbol-font-family:Wingdings">&gt; </span></span><b style="mso-bidi-font-weight:\nnormal"><span style="mso-bidi-font-family:&quot;Times New Roman&quot;">Employee Setup</span></b><span style="mso-bidi-font-family:&quot;Times New Roman&quot;">.<b style="mso-bidi-font-weight:\nnormal"> </b>The Employee Master List window appears.</span></li><li><span style="font-family:Wingdings;mso-fareast-font-family:Wingdings;mso-bidi-font-family:\nWingdings"><span style="mso-list:Ignore"><span style="font:7.0pt &quot;Times New Roman&quot;"></span></span></span><span style="mso-bidi-font-family:&quot;Times New Roman&quot;">In\nthe <b style="mso-bidi-font-weight:normal">Employee Name </b>field, identify the employee and select the particular employee’s name. The Edit dialog box will appear.</span></li><li><span style="font-family:Wingdings;mso-fareast-font-family:Wingdings;mso-bidi-font-family:\nWingdings"><span style="mso-list:Ignore"><span style="font:7.0pt &quot;Times New Roman&quot;"></span></span></span><span style="mso-bidi-font-family:&quot;Times New Roman&quot;">Click\n<b style="mso-bidi-font-weight:normal">Continue</b>, the Employee Master window\nappears. Edit the relevant information. </span></li><li><span style="font-family:Wingdings;mso-fareast-font-family:Wingdings;mso-bidi-font-family:\nWingdings"><span style="mso-list:Ignore"><span style="font:7.0pt &quot;Times New Roman&quot;"></span></span></span><span style="mso-bidi-font-family:&quot;Times New Roman&quot;">Once\ncompleted, click <b style="mso-bidi-font-weight:normal">Submit </b>button to\nsave.</span></li></ol>\n\n<p class="MsoNormal" style="text-align:justify;text-justify:inter-ideograph;\nline-height:150%"><b style="mso-bidi-font-weight:normal"><u><span style="mso-bidi-font-family:&quot;Times New Roman&quot;">Remove Employee<br></span></u></b></p>\n\n<ol><li><span style="font-family:Wingdings;mso-fareast-font-family:Wingdings;mso-bidi-font-family:\nWingdings"><span style="mso-list:Ignore"><span style="font:7.0pt &quot;Times New Roman&quot;"></span></span></span><span style="mso-bidi-font-family:&quot;Times New Roman&quot;">Go\nTo <b style="mso-bidi-font-weight:normal">General Setup</b> </span><span style="font-family:Wingdings;mso-ascii-font-family:Calibri;mso-ascii-theme-font:\nminor-latin;mso-hansi-font-family:Calibri;mso-hansi-theme-font:minor-latin;\nmso-char-type:symbol;mso-symbol-font-family:Wingdings"><span style="mso-char-type:\nsymbol;mso-symbol-font-family:Wingdings">&gt; </span></span><b style="mso-bidi-font-weight:\nnormal"><span style="mso-bidi-font-family:&quot;Times New Roman&quot;">Employee Setup</span></b><span style="mso-bidi-font-family:&quot;Times New Roman&quot;">.<b style="mso-bidi-font-weight:\nnormal"> </b>The Employee Master List window appears.</span></li><li><span style="font-family:Wingdings;mso-fareast-font-family:Wingdings;mso-bidi-font-family:\nWingdings"><span style="mso-list:Ignore"><span style="font:7.0pt &quot;Times New Roman&quot;"></span></span></span><span style="mso-bidi-font-family:&quot;Times New Roman&quot;">To\nremove employee from the list, identify the employee name row.</span></li><li><span style="font-family:Wingdings;mso-fareast-font-family:Wingdings;mso-bidi-font-family:\nWingdings"><span style="mso-list:Ignore"><span style="font:7.0pt &quot;Times New Roman&quot;"></span></span></span><span style="mso-bidi-font-family:&quot;Times New Roman&quot;">In\nthe Action field on the right-side of the row, click the <b style="mso-bidi-font-weight:\nnormal">Delete </b>button (image). </span></li><li><span style="font-family:Wingdings;mso-fareast-font-family:Wingdings;mso-bidi-font-family:\nWingdings"><span style="mso-list:Ignore"><span style="font:7.0pt &quot;Times New Roman&quot;"></span></span></span><span style="mso-bidi-font-family:&quot;Times New Roman&quot;">Dialog\nbox of deletion confirmation appears, then click the <b style="mso-bidi-font-weight:\nnormal">Delete</b> button.</span></li></ol>\n\n<p class="MsoNormal" style="text-align:justify;text-justify:inter-ideograph;\nline-height:150%"><b style="mso-bidi-font-weight:normal"><u><span style="mso-bidi-font-family:&quot;Times New Roman&quot;">Print Employee<br></span></u></b></p><ol><li><span style="font-family:Wingdings;mso-fareast-font-family:Wingdings;mso-bidi-font-family:\nWingdings"><span style="mso-list:Ignore"><span style="font:7.0pt &quot;Times New Roman&quot;"></span></span></span><span style="mso-bidi-font-family:&quot;Times New Roman&quot;">To\nprint, click the <b style="mso-bidi-font-weight:normal">Print</b> button on the\ntop right-side of the page.</span></li><li><span style="mso-bidi-font-family:&quot;Times New Roman&quot;">Employee list window appears.</span></li><li><span style="mso-bidi-font-family:&quot;Times New Roman&quot;">Click (print image) to print the data or (download image) to open/save the data in excel format (.xls)<br></span></li></ol>');
INSERT INTO `ug_content` (`ID`, `ugID`, `language`, `title`, `content`) VALUES
(15, 240, 'en', 'Agent Setup', '<!--[if gte mso 9]><xml>\n <o:OfficeDocumentSettings>\n  <o:AllowPNG/>\n </o:OfficeDocumentSettings>\n</xml><![endif]-->\n\n<p class="MsoNormal" style="text-align:justify;text-justify:inter-ideograph;\nline-height:150%"><span style="mso-bidi-font-weight:normal"><span style="mso-bidi-font-family:&quot;Times New Roman&quot;">This part allows you to add new agent.</span></span></p><p class="MsoNormal" style="text-align:justify;text-justify:inter-ideograph;\nline-height:150%"><span style="mso-bidi-font-weight:normal"><span style="mso-bidi-font-family:&quot;Times New Roman&quot;"><br></span></span></p><p class="MsoNormal" style="text-align:justify;text-justify:inter-ideograph;\nline-height:150%"><b style="mso-bidi-font-weight:normal"><u><span style="mso-bidi-font-family:&quot;Times New Roman&quot;">Add New Agent</span></u></b></p>\n\n<ol><li><span style="font-family:Wingdings;mso-fareast-font-family:Wingdings;mso-bidi-font-family:\nWingdings"><span style="mso-list:Ignore"><span style="font:7.0pt &quot;Times New Roman&quot;"></span></span></span><span style="mso-bidi-font-family:&quot;Times New Roman&quot;">Go\nTo <b style="mso-bidi-font-weight:normal">General Setup</b> </span><span style="font-family:Wingdings;mso-ascii-font-family:Calibri;mso-ascii-theme-font:\nminor-latin;mso-hansi-font-family:Calibri;mso-hansi-theme-font:minor-latin;\nmso-char-type:symbol;mso-symbol-font-family:Wingdings"><span style="mso-char-type:\nsymbol;mso-symbol-font-family:Wingdings"></span></span><span style="mso-bidi-font-family:\n&quot;Times New Roman&quot;"><b style="mso-bidi-font-weight:normal">&gt; Agent Setup</b>. The\nAgent Master List window appears.</span></li><li><span style="mso-bidi-font-family:&quot;Times New Roman&quot;">Click on <b style="mso-bidi-font-weight:\nnormal">+<i style="mso-bidi-font-style:normal"> </i>button</b> on the top\nright-side of the page to add <b style="mso-bidi-font-weight:normal">New Agent.</b></span>\n\n</li><li><span style="font-family:\nWingdings;mso-fareast-font-family:Wingdings;mso-bidi-font-family:Wingdings"><span style="mso-list:Ignore"><span style="font:7.0pt &quot;Times New Roman&quot;"></span></span></span><span style="mso-bidi-font-family:&quot;Times New Roman&quot;">You will be directed to the page\nwhere you can enter all the required information. </span></li><li>\n\n<span style="mso-bidi-font-family:&quot;Times New Roman&quot;">After data entry, click <b style="mso-bidi-font-weight:normal">Submit </b>button to save.</span></li></ol>\n\n<p class="MsoListParagraphCxSpLast" style="margin-top:5.0pt;margin-right:0in;\nmargin-bottom:0in;margin-left:.5in;margin-bottom:.0001pt;mso-add-space:auto;\ntext-align:justify;text-justify:inter-ideograph;line-height:normal"><b style="mso-bidi-font-weight:normal"><span style="mso-bidi-font-family:&quot;Times New Roman&quot;">&nbsp;</span></b></p>\n\n<p class="MsoNormal" style="text-align:justify;text-justify:inter-ideograph;\nline-height:115%"><b style="mso-bidi-font-weight:normal"><u><span style="mso-bidi-font-family:&quot;Times New Roman&quot;">View Agent</span></u></b></p>\n\n<ol><li><span style="font-family:Wingdings;mso-fareast-font-family:Wingdings;mso-bidi-font-family:\nWingdings"><span style="mso-list:Ignore"><span style="font:7.0pt &quot;Times New Roman&quot;"></span></span></span><span style="mso-bidi-font-family:&quot;Times New Roman&quot;">Go\nTo <b style="mso-bidi-font-weight:normal">General Setup</b> </span><span style="font-family:Wingdings;mso-ascii-font-family:Calibri;mso-ascii-theme-font:\nminor-latin;mso-hansi-font-family:Calibri;mso-hansi-theme-font:minor-latin;\nmso-char-type:symbol;mso-symbol-font-family:Wingdings"><span style="mso-char-type:\nsymbol;mso-symbol-font-family:Wingdings"><b>&gt; </b></span></span><b style="mso-bidi-font-weight:\nnormal"><span style="mso-bidi-font-family:&quot;Times New Roman&quot;">Agent Setup</span></b><span style="mso-bidi-font-family:&quot;Times New Roman&quot;">.<b style="mso-bidi-font-weight:\nnormal"> </b>The Agent Master List window appears.</span></li><li><span style="font-family:Wingdings;mso-fareast-font-family:Wingdings;mso-bidi-font-family:\nWingdings"><span style="mso-list:Ignore"><span style="font:7.0pt &quot;Times New Roman&quot;"></span></span></span><span style="mso-bidi-font-family:&quot;Times New Roman&quot;">In\nthe Search field, search the agent’s name by entering his/her name.</span></li><li><span style="font-family:Wingdings;mso-fareast-font-family:Wingdings;mso-bidi-font-family:\nWingdings"><span style="mso-list:Ignore"><span style="font:7.0pt &quot;Times New Roman&quot;"></span></span></span><span style="mso-bidi-font-family:&quot;Times New Roman&quot;">You\ncan choose the number of entries of agent to be displayed. </span></li></ol><p><br></p>\n\n<p class="MsoNormal" style="text-align:justify;text-justify:inter-ideograph;\nline-height:150%"><b style="mso-bidi-font-weight:normal"><u><span style="mso-bidi-font-family:&quot;Times New Roman&quot;">Edit Agent</span></u></b></p>\n\n<ol><li><span style="font-family:Wingdings;mso-fareast-font-family:Wingdings;mso-bidi-font-family:\nWingdings"><span style="mso-list:Ignore"><span style="font:7.0pt &quot;Times New Roman&quot;"></span></span></span><span style="mso-bidi-font-family:&quot;Times New Roman&quot;">Go\nTo <b style="mso-bidi-font-weight:normal">General Setup</b> </span><span style="font-family:Wingdings;mso-ascii-font-family:Calibri;mso-ascii-theme-font:\nminor-latin;mso-hansi-font-family:Calibri;mso-hansi-theme-font:minor-latin;\nmso-char-type:symbol;mso-symbol-font-family:Wingdings"><span style="mso-char-type:\nsymbol;mso-symbol-font-family:Wingdings">&gt; </span></span><b style="mso-bidi-font-weight:\nnormal"><span style="mso-bidi-font-family:&quot;Times New Roman&quot;">Agent Setup</span></b><span style="mso-bidi-font-family:&quot;Times New Roman&quot;">.<b style="mso-bidi-font-weight:\nnormal"> </b>The Agent Master List window appears.</span></li><li><span style="font-family:Wingdings;mso-fareast-font-family:Wingdings;mso-bidi-font-family:\nWingdings"><span style="mso-list:Ignore"><span style="font:7.0pt &quot;Times New Roman&quot;"></span></span></span><span style="mso-bidi-font-family:&quot;Times New Roman&quot;">In\nthe <b style="mso-bidi-font-weight:normal">Agent Name </b>field, identify the\nagent and select the particular agent’s name. The Edit dialog box will appear.</span></li><li><span style="font-family:Wingdings;mso-fareast-font-family:Wingdings;mso-bidi-font-family:\nWingdings"><span style="mso-list:Ignore"><span style="font:7.0pt &quot;Times New Roman&quot;"></span></span></span><span style="mso-bidi-font-family:&quot;Times New Roman&quot;">Click\n<b style="mso-bidi-font-weight:normal">Continue</b>, the Agent Master window\nappears. Edit the relevant information. </span></li><li><span style="font-family:Wingdings;mso-fareast-font-family:Wingdings;mso-bidi-font-family:\nWingdings"><span style="mso-list:Ignore"><span style="font:7.0pt &quot;Times New Roman&quot;"></span></span></span><span style="mso-bidi-font-family:&quot;Times New Roman&quot;">Once\ncompleted, click <b style="mso-bidi-font-weight:normal">Submit </b>button to\nsave.</span></li></ol><p><br></p>\n\n<p class="MsoNormal" style="text-align:justify;text-justify:inter-ideograph;\nline-height:150%"><b style="mso-bidi-font-weight:normal"><u><span style="mso-bidi-font-family:&quot;Times New Roman&quot;">Remove Agent</span></u></b></p>\n\n<ol><li><span style="font-family:Wingdings;mso-fareast-font-family:Wingdings;mso-bidi-font-family:\nWingdings"><span style="mso-list:Ignore"><span style="font:7.0pt &quot;Times New Roman&quot;"></span></span></span><span style="mso-bidi-font-family:&quot;Times New Roman&quot;">Go\nTo <b style="mso-bidi-font-weight:normal">General Setup</b> </span><span style="font-family:Wingdings;mso-ascii-font-family:Calibri;mso-ascii-theme-font:\nminor-latin;mso-hansi-font-family:Calibri;mso-hansi-theme-font:minor-latin;\nmso-char-type:symbol;mso-symbol-font-family:Wingdings"><span style="mso-char-type:\nsymbol;mso-symbol-font-family:Wingdings">&gt; </span></span><b style="mso-bidi-font-weight:\nnormal"><span style="mso-bidi-font-family:&quot;Times New Roman&quot;">Agent Setup</span></b><span style="mso-bidi-font-family:&quot;Times New Roman&quot;">.<b style="mso-bidi-font-weight:\nnormal"> </b>The Agent Master List window appears.</span></li><li><span style="font-family:Wingdings;mso-fareast-font-family:Wingdings;mso-bidi-font-family:\nWingdings"><span style="mso-list:Ignore"><span style="font:7.0pt &quot;Times New Roman&quot;"></span></span></span><span style="mso-bidi-font-family:&quot;Times New Roman&quot;">To\nremove agent from the list, identify the agent name row.</span></li><li><span style="font-family:Wingdings;mso-fareast-font-family:Wingdings;mso-bidi-font-family:\nWingdings"><span style="mso-list:Ignore"><span style="font:7.0pt &quot;Times New Roman&quot;"></span></span></span><span style="mso-bidi-font-family:&quot;Times New Roman&quot;">In\nthe Action field on the right-side of the row, click the <b style="mso-bidi-font-weight:\nnormal">Delete </b>button (image). </span></li><li><span style="font-family:Wingdings;mso-fareast-font-family:Wingdings;mso-bidi-font-family:\nWingdings"><span style="mso-list:Ignore"><span style="font:7.0pt &quot;Times New Roman&quot;"></span></span></span><span style="mso-bidi-font-family:&quot;Times New Roman&quot;">Dialog\nbox of deletion confirmation appears, then click the <b style="mso-bidi-font-weight:\nnormal">Delete</b> button.</span></li></ol><p><br></p>\n\n<p class="MsoNormal" style="text-align:justify;text-justify:inter-ideograph;\nline-height:150%"><b style="mso-bidi-font-weight:normal"><u><span style="mso-bidi-font-family:&quot;Times New Roman&quot;">Print Agent</span></u></b></p><ol><li><span style="mso-bidi-font-family:&quot;Times New Roman&quot;">To\nprint, click the <b style="mso-bidi-font-weight:normal">Print</b> button on the\ntop right-side of the page.</span></li><li><span style="mso-bidi-font-family:&quot;Times New Roman&quot;">Agent list window appears.</span></li><li><span style="mso-bidi-font-family:&quot;Times New Roman&quot;">Click (print image) to print the data or (download image) to open/save the data in excel format (.xls)</span></li></ol>\n\n\n\n<!--[if gte mso 9]><xml>\n <w:WordDocument>\n  <w:View>Normal</w:View>\n  <w:Zoom>0</w:Zoom>\n  <w:TrackMoves/>\n  <w:TrackFormatting/>\n  <w:PunctuationKerning/>\n  <w:ValidateAgainstSchemas/>\n  <w:SaveIfXMLInvalid>false</w:SaveIfXMLInvalid>\n  <w:IgnoreMixedContent>false</w:IgnoreMixedContent>\n  <w:AlwaysShowPlaceholderText>false</w:AlwaysShowPlaceholderText>\n  <w:DoNotPromoteQF/>\n  <w:LidThemeOther>PT-BR</w:LidThemeOther>\n  <w:LidThemeAsian>ZH-CN</w:LidThemeAsian>\n  <w:LidThemeComplexScript>AR-SA</w:LidThemeComplexScript>\n  <w:Compatibility>\n   <w:BreakWrappedTables/>\n   <w:SnapToGridInCell/>\n   <w:WrapTextWithPunct/>\n   <w:UseAsianBreakRules/>\n   <w:DontGrowAutofit/>\n   <w:SplitPgBreakAndParaMark/>\n   <w:EnableOpenTypeKerning/>\n   <w:DontFlipMirrorIndents/>\n   <w:OverrideTableStyleHps/>\n   <w:UseFELayout/>\n  </w:Compatibility>\n  <m:mathPr>\n   <m:mathFont m:val="Cambria Math"/>\n   <m:brkBin m:val="before"/>\n   <m:brkBinSub m:val="&#45;-"/>\n   <m:smallFrac m:val="off"/>\n   <m:dispDef/>\n   <m:lMargin m:val="0"/>\n   <m:rMargin m:val="0"/>\n   <m:defJc m:val="centerGroup"/>\n   <m:wrapIndent m:val="1440"/>\n   <m:intLim m:val="subSup"/>\n   <m:naryLim m:val="undOvr"/>\n  </m:mathPr></w:WordDocument>\n</xml><![endif]--><!--[if gte mso 9]><xml>\n <w:LatentStyles DefLockedState="false" DefUnhideWhenUsed="false"\n  DefSemiHidden="false" DefQFormat="false" DefPriority="99"\n  LatentStyleCount="371">\n  <w:LsdException Locked="false" Priority="0" QFormat="true" Name="Normal"/>\n  <w:LsdException Locked="false" Priority="9" QFormat="true" Name="heading 1"/>\n  <w:LsdException Locked="false" Priority="9" SemiHidden="true"\n   UnhideWhenUsed="true" QFormat="true" Name="heading 2"/>\n  <w:LsdException Locked="false" Priority="9" SemiHidden="true"\n   UnhideWhenUsed="true" QFormat="true" Name="heading 3"/>\n  <w:LsdException Locked="false" Priority="9" SemiHidden="true"\n   UnhideWhenUsed="true" QFormat="true" Name="heading 4"/>\n  <w:LsdException Locked="false" Priority="9" SemiHidden="true"\n   UnhideWhenUsed="true" QFormat="true" Name="heading 5"/>\n  <w:LsdException Locked="false" Priority="9" SemiHidden="true"\n   UnhideWhenUsed="true" QFormat="true" Name="heading 6"/>\n  <w:LsdException Locked="false" Priority="9" SemiHidden="true"\n   UnhideWhenUsed="true" QFormat="true" Name="heading 7"/>\n  <w:LsdException Locked="false" Priority="9" SemiHidden="true"\n   UnhideWhenUsed="true" QFormat="true" Name="heading 8"/>\n  <w:LsdException Locked="false" Priority="9" SemiHidden="true"\n   UnhideWhenUsed="true" QFormat="true" Name="heading 9"/>\n  <w:LsdException Locked="false" SemiHidden="true" UnhideWhenUsed="true"\n   Name="index 1"/>\n  <w:LsdException Locked="false" SemiHidden="true" UnhideWhenUsed="true"\n   Name="index 2"/>\n  <w:LsdException Locked="false" SemiHidden="true" UnhideWhenUsed="true"\n   Name="index 3"/>\n  <w:LsdException Locked="false" SemiHidden="true" UnhideWhenUsed="true"\n   Name="index 4"/>\n  <w:LsdException Locked="false" SemiHidden="true" UnhideWhenUsed="true"\n   Name="index 5"/>\n  <w:LsdException Locked="false" SemiHidden="true" UnhideWhenUsed="true"\n   Name="index 6"/>\n  <w:LsdException Locked="false" SemiHidden="true" UnhideWhenUsed="true"\n   Name="index 7"/>\n  <w:LsdException Locked="false" SemiHidden="true" UnhideWhenUsed="true"\n   Name="index 8"/>\n  <w:LsdException Locked="false" SemiHidden="true" UnhideWhenUsed="true"\n   Name="index 9"/>\n  <w:LsdException Locked="false" Priority="39" SemiHidden="true"\n   UnhideWhenUsed="true" Name="toc 1"/>\n  <w:LsdException Locked="false" Priority="39" SemiHidden="true"\n   UnhideWhenUsed="true" Name="toc 2"/>\n  <w:LsdException Locked="false" Priority="39" SemiHidden="true"\n   UnhideWhenUsed="true" Name="toc 3"/>\n  <w:LsdException Locked="false" Priority="39" SemiHidden="true"\n   UnhideWhenUsed="true" Name="toc 4"/>\n  <w:LsdException Locked="false" Priority="39" SemiHidden="true"\n   UnhideWhenUsed="true" Name="toc 5"/>\n  <w:LsdException Locked="false" Priority="39" SemiHidden="true"\n   UnhideWhenUsed="true" Name="toc 6"/>\n  <w:LsdException Locked="false" Priority="39" SemiHidden="true"\n   UnhideWhenUsed="true" Name="toc 7"/>\n  <w:LsdException Locked="false" Priority="39" SemiHidden="true"\n   UnhideWhenUsed="true" Name="toc 8"/>\n  <w:LsdException Locked="false" Priority="39" SemiHidden="true"\n   UnhideWhenUsed="true" Name="toc 9"/>\n  <w:LsdException Locked="false" SemiHidden="true" UnhideWhenUsed="true"\n   Name="Normal Indent"/>\n  <w:LsdException Locked="false" SemiHidden="true" UnhideWhenUsed="true"\n   Name="footnote text"/>\n  <w:LsdException Locked="false" SemiHidden="true" UnhideWhenUsed="true"\n   Name="annotation text"/>\n  <w:LsdException Locked="false" SemiHidden="true" UnhideWhenUsed="true"\n   Name="header"/>\n  <w:LsdException Locked="false" SemiHidden="true" UnhideWhenUsed="true"\n   Name="footer"/>\n  <w:LsdException Locked="false" SemiHidden="true" UnhideWhenUsed="true"\n   Name="index heading"/>\n  <w:LsdException Locked="false" Priority="35" SemiHidden="true"\n   UnhideWhenUsed="true" QFormat="true" Name="caption"/>\n  <w:LsdException Locked="false" SemiHidden="true" UnhideWhenUsed="true"\n   Name="table of figures"/>\n  <w:LsdException Locked="false" SemiHidden="true" UnhideWhenUsed="true"\n   Name="envelope address"/>\n  <w:LsdException Locked="false" SemiHidden="true" UnhideWhenUsed="true"\n   Name="envelope return"/>\n  <w:LsdException Locked="false" SemiHidden="true" UnhideWhenUsed="true"\n   Name="footnote reference"/>\n  <w:LsdException Locked="false" SemiHidden="true" UnhideWhenUsed="true"\n   Name="annotation reference"/>\n  <w:LsdException Locked="false" SemiHidden="true" UnhideWhenUsed="true"\n   Name="line number"/>\n  <w:LsdException Locked="false" SemiHidden="true" UnhideWhenUsed="true"\n   Name="page number"/>\n  <w:LsdException Locked="false" SemiHidden="true" UnhideWhenUsed="true"\n   Name="endnote reference"/>\n  <w:LsdException Locked="false" SemiHidden="true" UnhideWhenUsed="true"\n   Name="endnote text"/>\n  <w:LsdException Locked="false" SemiHidden="true" UnhideWhenUsed="true"\n   Name="table of authorities"/>\n  <w:LsdException Locked="false" SemiHidden="true" UnhideWhenUsed="true"\n   Name="macro"/>\n  <w:LsdException Locked="false" SemiHidden="true" UnhideWhenUsed="true"\n   Name="toa heading"/>\n  <w:LsdException Locked="false" SemiHidden="true" UnhideWhenUsed="true"\n   Name="List"/>\n  <w:LsdException Locked="false" SemiHidden="true" UnhideWhenUsed="true"\n   Name="List Bullet"/>\n  <w:LsdException Locked="false" SemiHidden="true" UnhideWhenUsed="true"\n   Name="List Number"/>\n  <w:LsdException Locked="false" SemiHidden="true" UnhideWhenUsed="true"\n   Name="List 2"/>\n  <w:LsdException Locked="false" SemiHidden="true" UnhideWhenUsed="true"\n   Name="List 3"/>\n  <w:LsdException Locked="false" SemiHidden="true" UnhideWhenUsed="true"\n   Name="List 4"/>\n  <w:LsdException Locked="false" SemiHidden="true" UnhideWhenUsed="true"\n   Name="List 5"/>\n  <w:LsdException Locked="false" SemiHidden="true" UnhideWhenUsed="true"\n   Name="List Bullet 2"/>\n  <w:LsdException Locked="false" SemiHidden="true" UnhideWhenUsed="true"\n   Name="List Bullet 3"/>\n  <w:LsdException Locked="false" SemiHidden="true" UnhideWhenUsed="true"\n   Name="List Bullet 4"/>\n  <w:LsdException Locked="false" SemiHidden="true" UnhideWhenUsed="true"\n   Name="List Bullet 5"/>\n  <w:LsdException Locked="false" SemiHidden="true" UnhideWhenUsed="true"\n   Name="List Number 2"/>\n  <w:LsdException Locked="false" SemiHidden="true" UnhideWhenUsed="true"\n   Name="List Number 3"/>\n  <w:LsdException Locked="false" SemiHidden="true" UnhideWhenUsed="true"\n   Name="List Number 4"/>\n  <w:LsdException Locked="false" SemiHidden="true" UnhideWhenUsed="true"\n   Name="List Number 5"/>\n  <w:LsdException Locked="false" Priority="10" QFormat="true" Name="Title"/>\n  <w:LsdException Locked="false" SemiHidden="true" UnhideWhenUsed="true"\n   Name="Closing"/>\n  <w:LsdException Locked="false" SemiHidden="true" UnhideWhenUsed="true"\n   Name="Signature"/>\n  <w:LsdException Locked="false" Priority="1" SemiHidden="true"\n   UnhideWhenUsed="true" Name="Default Paragraph Font"/>\n  <w:LsdException Locked="false" SemiHidden="true" UnhideWhenUsed="true"\n   Name="Body Text"/>\n  <w:LsdException Locked="false" SemiHidden="true" UnhideWhenUsed="true"\n   Name="Body Text Indent"/>\n  <w:LsdException Locked="false" SemiHidden="true" UnhideWhenUsed="true"\n   Name="List Continue"/>\n  <w:LsdException Locked="false" SemiHidden="true" UnhideWhenUsed="true"\n   Name="List Continue 2"/>\n  <w:LsdException Locked="false" SemiHidden="true" UnhideWhenUsed="true"\n   Name="List Continue 3"/>\n  <w:LsdException Locked="false" SemiHidden="true" UnhideWhenUsed="true"\n   Name="List Continue 4"/>\n  <w:LsdException Locked="false" SemiHidden="true" UnhideWhenUsed="true"\n   Name="List Continue 5"/>\n  <w:LsdException Locked="false" SemiHidden="true" UnhideWhenUsed="true"\n   Name="Message Header"/>\n  <w:LsdException Locked="false" Priority="11" QFormat="true" Name="Subtitle"/>\n  <w:LsdException Locked="false" SemiHidden="true" UnhideWhenUsed="true"\n   Name="Salutation"/>\n  <w:LsdException Locked="false" SemiHidden="true" UnhideWhenUsed="true"\n   Name="Date"/>\n  <w:LsdException Locked="false" SemiHidden="true" UnhideWhenUsed="true"\n   Name="Body Text First Indent"/>\n  <w:LsdException Locked="false" SemiHidden="true" UnhideWhenUsed="true"\n   Name="Body Text First Indent 2"/>\n  <w:LsdException Locked="false" SemiHidden="true" UnhideWhenUsed="true"\n   Name="Note Heading"/>\n  <w:LsdException Locked="false" SemiHidden="true" UnhideWhenUsed="true"\n   Name="Body Text 2"/>\n  <w:LsdException Locked="false" SemiHidden="true" UnhideWhenUsed="true"\n   Name="Body Text 3"/>\n  <w:LsdException Locked="false" SemiHidden="true" UnhideWhenUsed="true"\n   Name="Body Text Indent 2"/>\n  <w:LsdException Locked="false" SemiHidden="true" UnhideWhenUsed="true"\n   Name="Body Text Indent 3"/>\n  <w:LsdException Locked="false" SemiHidden="true" UnhideWhenUsed="true"\n   Name="Block Text"/>\n  <w:LsdException Locked="false" SemiHidden="true" UnhideWhenUsed="true"\n   Name="Hyperlink"/>\n  <w:LsdException Locked="false" SemiHidden="true" UnhideWhenUsed="true"\n   Name="FollowedHyperlink"/>\n  <w:LsdException Locked="false" Priority="22" QFormat="true" Name="Strong"/>\n  <w:LsdException Locked="false" Priority="20" QFormat="true" Name="Emphasis"/>\n  <w:LsdException Locked="false" SemiHidden="true" UnhideWhenUsed="true"\n   Name="Document Map"/>\n  <w:LsdException Locked="false" SemiHidden="true" UnhideWhenUsed="true"\n   Name="Plain Text"/>\n  <w:LsdException Locked="false" SemiHidden="true" UnhideWhenUsed="true"\n   Name="E-mail Signature"/>\n  <w:LsdException Locked="false" SemiHidden="true" UnhideWhenUsed="true"\n   Name="HTML Top of Form"/>\n  <w:LsdException Locked="false" SemiHidden="true" UnhideWhenUsed="true"\n   Name="HTML Bottom of Form"/>\n  <w:LsdException Locked="false" SemiHidden="true" UnhideWhenUsed="true"\n   Name="Normal (Web)"/>\n  <w:LsdException Locked="false" SemiHidden="true" UnhideWhenUsed="true"\n   Name="HTML Acronym"/>\n  <w:LsdException Locked="false" SemiHidden="true" UnhideWhenUsed="true"\n   Name="HTML Address"/>\n  <w:LsdException Locked="false" SemiHidden="true" UnhideWhenUsed="true"\n   Name="HTML Cite"/>\n  <w:LsdException Locked="false" SemiHidden="true" UnhideWhenUsed="true"\n   Name="HTML Code"/>\n  <w:LsdException Locked="false" SemiHidden="true" UnhideWhenUsed="true"\n   Name="HTML Definition"/>\n  <w:LsdException Locked="false" SemiHidden="true" UnhideWhenUsed="true"\n   Name="HTML Keyboard"/>\n  <w:LsdException Locked="false" SemiHidden="true" UnhideWhenUsed="true"\n   Name="HTML Preformatted"/>\n  <w:LsdException Locked="false" SemiHidden="true" UnhideWhenUsed="true"\n   Name="HTML Sample"/>\n  <w:LsdException Locked="false" SemiHidden="true" UnhideWhenUsed="true"\n   Name="HTML Typewriter"/>\n  <w:LsdException Locked="false" SemiHidden="true" UnhideWhenUsed="true"\n   Name="HTML Variable"/>\n  <w:LsdException Locked="false" SemiHidden="true" UnhideWhenUsed="true"\n   Name="Normal Table"/>\n  <w:LsdException Locked="false" SemiHidden="true" UnhideWhenUsed="true"\n   Name="annotation subject"/>\n  <w:LsdException Locked="false" SemiHidden="true" UnhideWhenUsed="true"\n   Name="No List"/>\n  <w:LsdException Locked="false" SemiHidden="true" UnhideWhenUsed="true"\n   Name="Outline List 1"/>\n  <w:LsdException Locked="false" SemiHidden="true" UnhideWhenUsed="true"\n   Name="Outline List 2"/>\n  <w:LsdException Locked="false" SemiHidden="true" UnhideWhenUsed="true"\n   Name="Outline List 3"/>\n  <w:LsdException Locked="false" SemiHidden="true" UnhideWhenUsed="true"\n   Name="Table Simple 1"/>\n  <w:LsdException Locked="false" SemiHidden="true" UnhideWhenUsed="true"\n   Name="Table Simple 2"/>\n  <w:LsdException Locked="false" SemiHidden="true" UnhideWhenUsed="true"\n   Name="Table Simple 3"/>\n  <w:LsdException Locked="false" SemiHidden="true" UnhideWhenUsed="true"\n   Name="Table Classic 1"/>\n  <w:LsdException Locked="false" SemiHidden="true" UnhideWhenUsed="true"\n   Name="Table Classic 2"/>\n  <w:LsdException Locked="false" SemiHidden="true" UnhideWhenUsed="true"\n   Name="Table Classic 3"/>\n  <w:LsdException Locked="false" SemiHidden="true" UnhideWhenUsed="true"\n   Name="Table Classic 4"/>\n  <w:LsdException Locked="false" SemiHidden="true" UnhideWhenUsed="true"\n   Name="Table Colorful 1"/>\n  <w:LsdException Locked="false" SemiHidden="true" UnhideWhenUsed="true"\n   Name="Table Colorful 2"/>\n  <w:LsdException Locked="false" SemiHidden="true" UnhideWhenUsed="true"\n   Name="Table Colorful 3"/>\n  <w:LsdException Locked="false" SemiHidden="true" UnhideWhenUsed="true"\n   Name="Table Columns 1"/>\n  <w:LsdException Locked="false" SemiHidden="true" UnhideWhenUsed="true"\n   Name="Table Columns 2"/>\n  <w:LsdException Locked="false" SemiHidden="true" UnhideWhenUsed="true"\n   Name="Table Columns 3"/>\n  <w:LsdException Locked="false" SemiHidden="true" UnhideWhenUsed="true"\n   Name="Table Columns 4"/>\n  <w:LsdException Locked="false" SemiHidden="true" UnhideWhenUsed="true"\n   Name="Table Columns 5"/>\n  <w:LsdException Locked="false" SemiHidden="true" UnhideWhenUsed="true"\n   Name="Table Grid 1"/>\n  <w:LsdException Locked="false" SemiHidden="true" UnhideWhenUsed="true"\n   Name="Table Grid 2"/>\n  <w:LsdException Locked="false" SemiHidden="true" UnhideWhenUsed="true"\n   Name="Table Grid 3"/>\n  <w:LsdException Locked="false" SemiHidden="true" UnhideWhenUsed="true"\n   Name="Table Grid 4"/>\n  <w:LsdException Locked="false" SemiHidden="true" UnhideWhenUsed="true"\n   Name="Table Grid 5"/>\n  <w:LsdException Locked="false" SemiHidden="true" UnhideWhenUsed="true"\n   Name="Table Grid 6"/>\n  <w:LsdException Locked="false" SemiHidden="true" UnhideWhenUsed="true"\n   Name="Table Grid 7"/>\n  <w:LsdException Locked="false" SemiHidden="true" UnhideWhenUsed="true"\n   Name="Table Grid 8"/>\n  <w:LsdException Locked="false" SemiHidden="true" UnhideWhenUsed="true"\n   Name="Table List 1"/>\n  <w:LsdException Locked="false" SemiHidden="true" UnhideWhenUsed="true"\n   Name="Table List 2"/>\n  <w:LsdException Locked="false" SemiHidden="true" UnhideWhenUsed="true"\n   Name="Table List 3"/>\n  <w:LsdException Locked="false" SemiHidden="true" UnhideWhenUsed="true"\n   Name="Table List 4"/>\n  <w:LsdException Locked="false" SemiHidden="true" UnhideWhenUsed="true"\n   Name="Table List 5"/>\n  <w:LsdException Locked="false" SemiHidden="true" UnhideWhenUsed="true"\n   Name="Table List 6"/>\n  <w:LsdException Locked="false" SemiHidden="true" UnhideWhenUsed="true"\n   Name="Table List 7"/>\n  <w:LsdException Locked="false" SemiHidden="true" UnhideWhenUsed="true"\n   Name="Table List 8"/>\n  <w:LsdException Locked="false" SemiHidden="true" UnhideWhenUsed="true"\n   Name="Table 3D effects 1"/>\n  <w:LsdException Locked="false" SemiHidden="true" UnhideWhenUsed="true"\n   Name="Table 3D effects 2"/>\n  <w:LsdException Locked="false" SemiHidden="true" UnhideWhenUsed="true"\n   Name="Table 3D effects 3"/>\n  <w:LsdException Locked="false" SemiHidden="true" UnhideWhenUsed="true"\n   Name="Table Contemporary"/>\n  <w:LsdException Locked="false" SemiHidden="true" UnhideWhenUsed="true"\n   Name="Table Elegant"/>\n  <w:LsdException Locked="false" SemiHidden="true" UnhideWhenUsed="true"\n   Name="Table Professional"/>\n  <w:LsdException Locked="false" SemiHidden="true" UnhideWhenUsed="true"\n   Name="Table Subtle 1"/>\n  <w:LsdException Locked="false" SemiHidden="true" UnhideWhenUsed="true"\n   Name="Table Subtle 2"/>\n  <w:LsdException Locked="false" SemiHidden="true" UnhideWhenUsed="true"\n   Name="Table Web 1"/>\n  <w:LsdException Locked="false" SemiHidden="true" UnhideWhenUsed="true"\n   Name="Table Web 2"/>\n  <w:LsdException Locked="false" SemiHidden="true" UnhideWhenUsed="true"\n   Name="Table Web 3"/>\n  <w:LsdException Locked="false" SemiHidden="true" UnhideWhenUsed="true"\n   Name="Balloon Text"/>\n  <w:LsdException Locked="false" Priority="39" Name="Table Grid"/>\n  <w:LsdException Locked="false" SemiHidden="true" UnhideWhenUsed="true"\n   Name="Table Theme"/>\n  <w:LsdException Locked="false" SemiHidden="true" Name="Placeholder Text"/>\n  <w:LsdException Locked="false" Priority="1" QFormat="true" Name="No Spacing"/>\n  <w:LsdException Locked="false" Priority="60" Name="Light Shading"/>\n  <w:LsdException Locked="false" Priority="61" Name="Light List"/>\n  <w:LsdException Locked="false" Priority="62" Name="Light Grid"/>\n  <w:LsdException Locked="false" Priority="63" Name="Medium Shading 1"/>\n  <w:LsdException Locked="false" Priority="64" Name="Medium Shading 2"/>\n  <w:LsdException Locked="false" Priority="65" Name="Medium List 1"/>\n  <w:LsdException Locked="false" Priority="66" Name="Medium List 2"/>\n  <w:LsdException Locked="false" Priority="67" Name="Medium Grid 1"/>\n  <w:LsdException Locked="false" Priority="68" Name="Medium Grid 2"/>\n  <w:LsdException Locked="false" Priority="69" Name="Medium Grid 3"/>\n  <w:LsdException Locked="false" Priority="70" Name="Dark List"/>\n  <w:LsdException Locked="false" Priority="71" Name="Colorful Shading"/>\n  <w:LsdException Locked="false" Priority="72" Name="Colorful List"/>\n  <w:LsdException Locked="false" Priority="73" Name="Colorful Grid"/>\n  <w:LsdException Locked="false" Priority="60" Name="Light Shading Accent 1"/>\n  <w:LsdException Locked="false" Priority="61" Name="Light List Accent 1"/>\n  <w:LsdException Locked="false" Priority="62" Name="Light Grid Accent 1"/>\n  <w:LsdException Locked="false" Priority="63" Name="Medium Shading 1 Accent 1"/>\n  <w:LsdException Locked="false" Priority="64" Name="Medium Shading 2 Accent 1"/>\n  <w:LsdException Locked="false" Priority="65" Name="Medium List 1 Accent 1"/>\n  <w:LsdException Locked="false" SemiHidden="true" Name="Revision"/>\n  <w:LsdException Locked="false" Priority="34" QFormat="true"\n   Name="List Paragraph"/>\n  <w:LsdException Locked="false" Priority="29" QFormat="true" Name="Quote"/>\n  <w:LsdException Locked="false" Priority="30" QFormat="true"\n   Name="Intense Quote"/>\n  <w:LsdException Locked="false" Priority="66" Name="Medium List 2 Accent 1"/>\n  <w:LsdException Locked="false" Priority="67" Name="Medium Grid 1 Accent 1"/>\n  <w:LsdException Locked="false" Priority="68" Name="Medium Grid 2 Accent 1"/>\n  <w:LsdException Locked="false" Priority="69" Name="Medium Grid 3 Accent 1"/>\n  <w:LsdException Locked="false" Priority="70" Name="Dark List Accent 1"/>\n  <w:LsdException Locked="false" Priority="71" Name="Colorful Shading Accent 1"/>\n  <w:LsdException Locked="false" Priority="72" Name="Colorful List Accent 1"/>\n  <w:LsdException Locked="false" Priority="73" Name="Colorful Grid Accent 1"/>\n  <w:LsdException Locked="false" Priority="60" Name="Light Shading Accent 2"/>\n  <w:LsdException Locked="false" Priority="61" Name="Light List Accent 2"/>\n  <w:LsdException Locked="false" Priority="62" Name="Light Grid Accent 2"/>\n  <w:LsdException Locked="false" Priority="63" Name="Medium Shading 1 Accent 2"/>\n  <w:LsdException Locked="false" Priority="64" Name="Medium Shading 2 Accent 2"/>\n  <w:LsdException Locked="false" Priority="65" Name="Medium List 1 Accent 2"/>\n  <w:LsdException Locked="false" Priority="66" Name="Medium List 2 Accent 2"/>\n  <w:LsdException Locked="false" Priority="67" Name="Medium Grid 1 Accent 2"/>\n  <w:LsdException Locked="false" Priority="68" Name="Medium Grid 2 Accent 2"/>\n  <w:LsdException Locked="false" Priority="69" Name="Medium Grid 3 Accent 2"/>\n  <w:LsdException Locked="false" Priority="70" Name="Dark List Accent 2"/>\n  <w:LsdException Locked="false" Priority="71" Name="Colorful Shading Accent 2"/>\n  <w:LsdException Locked="false" Priority="72" Name="Colorful List Accent 2"/>\n  <w:LsdException Locked="false" Priority="73" Name="Colorful Grid Accent 2"/>\n  <w:LsdException Locked="false" Priority="60" Name="Light Shading Accent 3"/>\n  <w:LsdException Locked="false" Priority="61" Name="Light List Accent 3"/>\n  <w:LsdException Locked="false" Priority="62" Name="Light Grid Accent 3"/>\n  <w:LsdException Locked="false" Priority="63" Name="Medium Shading 1 Accent 3"/>\n  <w:LsdException Locked="false" Priority="64" Name="Medium Shading 2 Accent 3"/>\n  <w:LsdException Locked="false" Priority="65" Name="Medium List 1 Accent 3"/>\n  <w:LsdException Locked="false" Priority="66" Name="Medium List 2 Accent 3"/>\n  <w:LsdException Locked="false" Priority="67" Name="Medium Grid 1 Accent 3"/>\n  <w:LsdException Locked="false" Priority="68" Name="Medium Grid 2 Accent 3"/>\n  <w:LsdException Locked="false" Priority="69" Name="Medium Grid 3 Accent 3"/>\n  <w:LsdException Locked="false" Priority="70" Name="Dark List Accent 3"/>\n  <w:LsdException Locked="false" Priority="71" Name="Colorful Shading Accent 3"/>\n  <w:LsdException Locked="false" Priority="72" Name="Colorful List Accent 3"/>\n  <w:LsdException Locked="false" Priority="73" Name="Colorful Grid Accent 3"/>\n  <w:LsdException Locked="false" Priority="60" Name="Light Shading Accent 4"/>\n  <w:LsdException Locked="false" Priority="61" Name="Light List Accent 4"/>\n  <w:LsdException Locked="false" Priority="62" Name="Light Grid Accent 4"/>\n  <w:LsdException Locked="false" Priority="63" Name="Medium Shading 1 Accent 4"/>\n  <w:LsdException Locked="false" Priority="64" Name="Medium Shading 2 Accent 4"/>\n  <w:LsdException Locked="false" Priority="65" Name="Medium List 1 Accent 4"/>\n  <w:LsdException Locked="false" Priority="66" Name="Medium List 2 Accent 4"/>\n  <w:LsdException Locked="false" Priority="67" Name="Medium Grid 1 Accent 4"/>\n  <w:LsdException Locked="false" Priority="68" Name="Medium Grid 2 Accent 4"/>\n  <w:LsdException Locked="false" Priority="69" Name="Medium Grid 3 Accent 4"/>\n  <w:LsdException Locked="false" Priority="70" Name="Dark List Accent 4"/>\n  <w:LsdException Locked="false" Priority="71" Name="Colorful Shading Accent 4"/>\n  <w:LsdException Locked="false" Priority="72" Name="Colorful List Accent 4"/>\n  <w:LsdException Locked="false" Priority="73" Name="Colorful Grid Accent 4"/>\n  <w:LsdException Locked="false" Priority="60" Name="Light Shading Accent 5"/>\n  <w:LsdException Locked="false" Priority="61" Name="Light List Accent 5"/>\n  <w:LsdException Locked="false" Priority="62" Name="Light Grid Accent 5"/>\n  <w:LsdException Locked="false" Priority="63" Name="Medium Shading 1 Accent 5"/>\n  <w:LsdException Locked="false" Priority="64" Name="Medium Shading 2 Accent 5"/>\n  <w:LsdException Locked="false" Priority="65" Name="Medium List 1 Accent 5"/>\n  <w:LsdException Locked="false" Priority="66" Name="Medium List 2 Accent 5"/>\n  <w:LsdException Locked="false" Priority="67" Name="Medium Grid 1 Accent 5"/>\n  <w:LsdException Locked="false" Priority="68" Name="Medium Grid 2 Accent 5"/>\n  <w:LsdException Locked="false" Priority="69" Name="Medium Grid 3 Accent 5"/>\n  <w:LsdException Locked="false" Priority="70" Name="Dark List Accent 5"/>\n  <w:LsdException Locked="false" Priority="71" Name="Colorful Shading Accent 5"/>\n  <w:LsdException Locked="false" Priority="72" Name="Colorful List Accent 5"/>\n  <w:LsdException Locked="false" Priority="73" Name="Colorful Grid Accent 5"/>\n  <w:LsdException Locked="false" Priority="60" Name="Light Shading Accent 6"/>\n  <w:LsdException Locked="false" Priority="61" Name="Light List Accent 6"/>\n  <w:LsdException Locked="false" Priority="62" Name="Light Grid Accent 6"/>\n  <w:LsdException Locked="false" Priority="63" Name="Medium Shading 1 Accent 6"/>\n  <w:LsdException Locked="false" Priority="64" Name="Medium Shading 2 Accent 6"/>\n  <w:LsdException Locked="false" Priority="65" Name="Medium List 1 Accent 6"/>\n  <w:LsdException Locked="false" Priority="66" Name="Medium List 2 Accent 6"/>\n  <w:LsdException Locked="false" Priority="67" Name="Medium Grid 1 Accent 6"/>\n  <w:LsdException Locked="false" Priority="68" Name="Medium Grid 2 Accent 6"/>\n  <w:LsdException Locked="false" Priority="69" Name="Medium Grid 3 Accent 6"/>\n  <w:LsdException Locked="false" Priority="70" Name="Dark List Accent 6"/>\n  <w:LsdException Locked="false" Priority="71" Name="Colorful Shading Accent 6"/>\n  <w:LsdException Locked="false" Priority="72" Name="Colorful List Accent 6"/>\n  <w:LsdException Locked="false" Priority="73" Name="Colorful Grid Accent 6"/>\n  <w:LsdException Locked="false" Priority="19" QFormat="true"\n   Name="Subtle Emphasis"/>\n  <w:LsdException Locked="false" Priority="21" QFormat="true"\n   Name="Intense Emphasis"/>\n  <w:LsdException Locked="false" Priority="31" QFormat="true"\n   Name="Subtle Reference"/>\n  <w:LsdException Locked="false" Priority="32" QFormat="true"\n   Name="Intense Reference"/>\n  <w:LsdException Locked="false" Priority="33" QFormat="true" Name="Book Title"/>\n  <w:LsdException Locked="false" Priority="37" SemiHidden="true"\n   UnhideWhenUsed="true" Name="Bibliography"/>\n  <w:LsdException Locked="false" Priority="39" SemiHidden="true"\n   UnhideWhenUsed="true" QFormat="true" Name="TOC Heading"/>\n  <w:LsdException Locked="false" Priority="41" Name="Plain Table 1"/>\n  <w:LsdException Locked="false" Priority="42" Name="Plain Table 2"/>\n  <w:LsdException Locked="false" Priority="43" Name="Plain Table 3"/>\n  <w:LsdException Locked="false" Priority="44" Name="Plain Table 4"/>\n  <w:LsdException Locked="false" Priority="45" Name="Plain Table 5"/>\n  <w:LsdException Locked="false" Priority="40" Name="Grid Table Light"/>\n  <w:LsdException Locked="false" Priority="46" Name="Grid Table 1 Light"/>\n  <w:LsdException Locked="false" Priority="47" Name="Grid Table 2"/>\n  <w:LsdException Locked="false" Priority="48" Name="Grid Table 3"/>\n  <w:LsdException Locked="false" Priority="49" Name="Grid Table 4"/>\n  <w:LsdException Locked="false" Priority="50" Name="Grid Table 5 Dark"/>\n  <w:LsdException Locked="false" Priority="51" Name="Grid Table 6 Colorful"/>\n  <w:LsdException Locked="false" Priority="52" Name="Grid Table 7 Colorful"/>\n  <w:LsdException Locked="false" Priority="46"\n   Name="Grid Table 1 Light Accent 1"/>\n  <w:LsdException Locked="false" Priority="47" Name="Grid Table 2 Accent 1"/>\n  <w:LsdException Locked="false" Priority="48" Name="Grid Table 3 Accent 1"/>\n  <w:LsdException Locked="false" Priority="49" Name="Grid Table 4 Accent 1"/>\n  <w:LsdException Locked="false" Priority="50" Name="Grid Table 5 Dark Accent 1"/>\n  <w:LsdException Locked="false" Priority="51"\n   Name="Grid Table 6 Colorful Accent 1"/>\n  <w:LsdException Locked="false" Priority="52"\n   Name="Grid Table 7 Colorful Accent 1"/>\n  <w:LsdException Locked="false" Priority="46"\n   Name="Grid Table 1 Light Accent 2"/>\n  <w:LsdException Locked="false" Priority="47" Name="Grid Table 2 Accent 2"/>\n  <w:LsdException Locked="false" Priority="48" Name="Grid Table 3 Accent 2"/>\n  <w:LsdException Locked="false" Priority="49" Name="Grid Table 4 Accent 2"/>\n  <w:LsdException Locked="false" Priority="50" Name="Grid Table 5 Dark Accent 2"/>\n  <w:LsdException Locked="false" Priority="51"\n   Name="Grid Table 6 Colorful Accent 2"/>\n  <w:LsdException Locked="false" Priority="52"\n   Name="Grid Table 7 Colorful Accent 2"/>\n  <w:LsdException Locked="false" Priority="46"\n   Name="Grid Table 1 Light Accent 3"/>\n  <w:LsdException Locked="false" Priority="47" Name="Grid Table 2 Accent 3"/>\n  <w:LsdException Locked="false" Priority="48" Name="Grid Table 3 Accent 3"/>\n  <w:LsdException Locked="false" Priority="49" Name="Grid Table 4 Accent 3"/>\n  <w:LsdException Locked="false" Priority="50" Name="Grid Table 5 Dark Accent 3"/>\n  <w:LsdException Locked="false" Priority="51"\n   Name="Grid Table 6 Colorful Accent 3"/>\n  <w:LsdException Locked="false" Priority="52"\n   Name="Grid Table 7 Colorful Accent 3"/>\n  <w:LsdException Locked="false" Priority="46"\n   Name="Grid Table 1 Light Accent 4"/>\n  <w:LsdException Locked="false" Priority="47" Name="Grid Table 2 Accent 4"/>\n  <w:LsdException Locked="false" Priority="48" Name="Grid Table 3 Accent 4"/>\n  <w:LsdException Locked="false" Priority="49" Name="Grid Table 4 Accent 4"/>\n  <w:LsdException Locked="false" Priority="50" Name="Grid Table 5 Dark Accent 4"/>\n  <w:LsdException Locked="false" Priority="51"\n   Name="Grid Table 6 Colorful Accent 4"/>\n  <w:LsdException Locked="false" Priority="52"\n   Name="Grid Table 7 Colorful Accent 4"/>\n  <w:LsdException Locked="false" Priority="46"\n   Name="Grid Table 1 Light Accent 5"/>\n  <w:LsdException Locked="false" Priority="47" Name="Grid Table 2 Accent 5"/>\n  <w:LsdException Locked="false" Priority="48" Name="Grid Table 3 Accent 5"/>\n  <w:LsdException Locked="false" Priority="49" Name="Grid Table 4 Accent 5"/>\n  <w:LsdException Locked="false" Priority="50" Name="Grid Table 5 Dark Accent 5"/>\n  <w:LsdException Locked="false" Priority="51"\n   Name="Grid Table 6 Colorful Accent 5"/>\n  <w:LsdException Locked="false" Priority="52"\n   Name="Grid Table 7 Colorful Accent 5"/>\n  <w:LsdException Locked="false" Priority="46"\n   Name="Grid Table 1 Light Accent 6"/>\n  <w:LsdException Locked="false" Priority="47" Name="Grid Table 2 Accent 6"/>\n  <w:LsdException Locked="false" Priority="48" Name="Grid Table 3 Accent 6"/>\n  <w:LsdException Locked="false" Priority="49" Name="Grid Table 4 Accent 6"/>\n  <w:LsdException Locked="false" Priority="50" Name="Grid Table 5 Dark Accent 6"/>\n  <w:LsdException Locked="false" Priority="51"\n   Name="Grid Table 6 Colorful Accent 6"/>\n  <w:LsdException Locked="false" Priority="52"\n   Name="Grid Table 7 Colorful Accent 6"/>\n  <w:LsdException Locked="false" Priority="46" Name="List Table 1 Light"/>\n  <w:LsdException Locked="false" Priority="47" Name="List Table 2"/>\n  <w:LsdException Locked="false" Priority="48" Name="List Table 3"/>\n  <w:LsdException Locked="false" Priority="49" Name="List Table 4"/>\n  <w:LsdException Locked="false" Priority="50" Name="List Table 5 Dark"/>\n  <w:LsdException Locked="false" Priority="51" Name="List Table 6 Colorful"/>\n  <w:LsdException Locked="false" Priority="52" Name="List Table 7 Colorful"/>\n  <w:LsdException Locked="false" Priority="46"\n   Name="List Table 1 Light Accent 1"/>\n  <w:LsdException Locked="false" Priority="47" Name="List Table 2 Accent 1"/>\n  <w:LsdException Locked="false" Priority="48" Name="List Table 3 Accent 1"/>\n  <w:LsdException Locked="false" Priority="49" Name="List Table 4 Accent 1"/>\n  <w:LsdException Locked="false" Priority="50" Name="List Table 5 Dark Accent 1"/>\n  <w:LsdException Locked="false" Priority="51"\n   Name="List Table 6 Colorful Accent 1"/>\n  <w:LsdException Locked="false" Priority="52"\n   Name="List Table 7 Colorful Accent 1"/>\n  <w:LsdException Locked="false" Priority="46"\n   Name="List Table 1 Light Accent 2"/>\n  <w:LsdException Locked="false" Priority="47" Name="List Table 2 Accent 2"/>\n  <w:LsdException Locked="false" Priority="48" Name="List Table 3 Accent 2"/>\n  <w:LsdException Locked="false" Priority="49" Name="List Table 4 Accent 2"/>\n  <w:LsdException Locked="false" Priority="50" Name="List Table 5 Dark Accent 2"/>\n  <w:LsdException Locked="false" Priority="51"\n   Name="List Table 6 Colorful Accent 2"/>\n  <w:LsdException Locked="false" Priority="52"\n   Name="List Table 7 Colorful Accent 2"/>\n  <w:LsdException Locked="false" Priority="46"\n   Name="List Table 1 Light Accent 3"/>\n  <w:LsdException Locked="false" Priority="47" Name="List Table 2 Accent 3"/>\n  <w:LsdException Locked="false" Priority="48" Name="List Table 3 Accent 3"/>\n  <w:LsdException Locked="false" Priority="49" Name="List Table 4 Accent 3"/>\n  <w:LsdException Locked="false" Priority="50" Name="List Table 5 Dark Accent 3"/>\n  <w:LsdException Locked="false" Priority="51"\n   Name="List Table 6 Colorful Accent 3"/>\n  <w:LsdException Locked="false" Priority="52"\n   Name="List Table 7 Colorful Accent 3"/>\n  <w:LsdException Locked="false" Priority="46"\n   Name="List Table 1 Light Accent 4"/>\n  <w:LsdException Locked="false" Priority="47" Name="List Table 2 Accent 4"/>\n  <w:LsdException Locked="false" Priority="48" Name="List Table 3 Accent 4"/>\n  <w:LsdException Locked="false" Priority="49" Name="List Table 4 Accent 4"/>\n  <w:LsdException Locked="false" Priority="50" Name="List Table 5 Dark Accent 4"/>\n  <w:LsdException Locked="false" Priority="51"\n   Name="List Table 6 Colorful Accent 4"/>\n  <w:LsdException Locked="false" Priority="52"\n   Name="List Table 7 Colorful Accent 4"/>\n  <w:LsdException Locked="false" Priority="46"\n   Name="List Table 1 Light Accent 5"/>\n  <w:LsdException Locked="false" Priority="47" Name="List Table 2 Accent 5"/>\n  <w:LsdException Locked="false" Priority="48" Name="List Table 3 Accent 5"/>\n  <w:LsdException Locked="false" Priority="49" Name="List Table 4 Accent 5"/>\n  <w:LsdException Locked="false" Priority="50" Name="List Table 5 Dark Accent 5"/>\n  <w:LsdException Locked="false" Priority="51"\n   Name="List Table 6 Colorful Accent 5"/>\n  <w:LsdException Locked="false" Priority="52"\n   Name="List Table 7 Colorful Accent 5"/>\n  <w:LsdException Locked="false" Priority="46"\n   Name="List Table 1 Light Accent 6"/>\n  <w:LsdException Locked="false" Priority="47" Name="List Table 2 Accent 6"/>\n  <w:LsdException Locked="false" Priority="48" Name="List Table 3 Accent 6"/>\n  <w:LsdException Locked="false" Priority="49" Name="List Table 4 Accent 6"/>\n  <w:LsdException Locked="false" Priority="50" Name="List Table 5 Dark Accent 6"/>\n  <w:LsdException Locked="false" Priority="51"\n   Name="List Table 6 Colorful Accent 6"/>\n  <w:LsdException Locked="false" Priority="52"\n   Name="List Table 7 Colorful Accent 6"/>\n </w:LatentStyles>\n</xml><![endif]--><!--[if gte mso 10]>\n<style>\n /* Style Definitions */\n table.MsoNormalTable\n	{mso-style-name:"Table Normal";\n	mso-tstyle-rowband-size:0;\n	mso-tstyle-colband-size:0;\n	mso-style-noshow:yes;\n	mso-style-priority:99;\n	mso-style-parent:"";\n	mso-padding-alt:0in 5.4pt 0in 5.4pt;\n	mso-para-margin-top:0in;\n	mso-para-margin-right:0in;\n	mso-para-margin-bottom:8.0pt;\n	mso-para-margin-left:0in;\n	line-height:107%;\n	mso-pagination:widow-orphan;\n	font-size:11.0pt;\n	font-family:"Calibri","sans-serif";\n	mso-ascii-font-family:Calibri;\n	mso-ascii-theme-font:minor-latin;\n	mso-hansi-font-family:Calibri;\n	mso-hansi-theme-font:minor-latin;\n	mso-fareast-language:JA;}\n</style>\n<![endif]-->');
INSERT INTO `ug_content` (`ID`, `ugID`, `language`, `title`, `content`) VALUES
(16, 156, 'en', 'Project Setup', '<!--[if gte mso 9]><xml>\n <o:OfficeDocumentSettings>\n  <o:AllowPNG/>\n </o:OfficeDocumentSettings>\n</xml><![endif]-->\n\n<p class="MsoNormal" style="text-align:justify;text-justify:inter-ideograph;\nline-height:150%">This part allows you to add New Project.<br><b style="mso-bidi-font-weight:normal"><u><span style="mso-bidi-font-family:&quot;Times New Roman&quot;"></span></u></b></p><p class="MsoNormal" style="text-align:justify;text-justify:inter-ideograph;\nline-height:150%"><b style="mso-bidi-font-weight:normal"><u><span style="mso-bidi-font-family:&quot;Times New Roman&quot;"><br></span></u></b></p><p class="MsoNormal" style="text-align:justify;text-justify:inter-ideograph;\nline-height:150%"><b style="mso-bidi-font-weight:normal"><u><span style="mso-bidi-font-family:&quot;Times New Roman&quot;">Add New Project</span></u></b></p>\n\n<ol><li><span style="font-family:Wingdings;mso-fareast-font-family:Wingdings;mso-bidi-font-family:\nWingdings"><span style="mso-list:Ignore"><span style="font:7.0pt &quot;Times New Roman&quot;"></span></span></span><span style="mso-bidi-font-family:&quot;Times New Roman&quot;">Go\nTo <b style="mso-bidi-font-weight:normal">General Setup</b> </span><span style="font-family:Wingdings;mso-ascii-font-family:Calibri;mso-ascii-theme-font:\nminor-latin;mso-hansi-font-family:Calibri;mso-hansi-theme-font:minor-latin;\nmso-char-type:symbol;mso-symbol-font-family:Wingdings"><span style="mso-char-type:\nsymbol;mso-symbol-font-family:Wingdings">&gt;</span></span><span style="mso-bidi-font-family:\n&quot;Times New Roman&quot;"> <b style="mso-bidi-font-weight:normal">Project Setup</b>.\nThe Project Master List window appears.</span></li><li><span style="font-family:Wingdings;mso-fareast-font-family:Wingdings;mso-bidi-font-family:\nWingdings"><span style="mso-list:Ignore"><span style="font:7.0pt &quot;Times New Roman&quot;"></span></span></span><span style="mso-bidi-font-family:&quot;Times New Roman&quot;">Click\non <b style="mso-bidi-font-weight:normal">+<i style="mso-bidi-font-style:normal">\n</i>button</b> on the top right-side of the page to add <b style="mso-bidi-font-weight:\nnormal">New Project.</b></span></li><li><span style="font-family:Wingdings;mso-fareast-font-family:Wingdings;mso-bidi-font-family:\nWingdings"><span style="mso-list:Ignore"><span style="font:7.0pt &quot;Times New Roman&quot;"></span></span></span><span style="mso-bidi-font-family:&quot;Times New Roman&quot;">You\nwill be directed to the page where you can enter all the required information.</span></li><li><span style="font-family:Wingdings;mso-fareast-font-family:Wingdings;mso-bidi-font-family:\nWingdings"><span style="mso-list:Ignore"><span style="font:7.0pt &quot;Times New Roman&quot;"></span></span></span><span style="mso-bidi-font-family:&quot;Times New Roman&quot;">After\ndata entry, click <b style="mso-bidi-font-weight:normal">Submit </b>button to\nsave.</span></li></ol><p><br></p>\n\n<p class="MsoNormal" style="text-align:justify;text-justify:inter-ideograph"><b style="mso-bidi-font-weight:normal"><u><span style="mso-bidi-font-family:&quot;Times New Roman&quot;">View\nProject</span></u></b></p>\n\n<ol><li><span style="font-family:Wingdings;mso-fareast-font-family:Wingdings;mso-bidi-font-family:\nWingdings"><span style="mso-list:Ignore"><span style="font:7.0pt &quot;Times New Roman&quot;"></span></span></span><span style="mso-bidi-font-family:&quot;Times New Roman&quot;">Go\nTo <b style="mso-bidi-font-weight:normal">General Setup</b> </span><span style="font-family:Wingdings;mso-ascii-font-family:Calibri;mso-ascii-theme-font:\nminor-latin;mso-hansi-font-family:Calibri;mso-hansi-theme-font:minor-latin;\nmso-char-type:symbol;mso-symbol-font-family:Wingdings"><span style="mso-char-type:\nsymbol;mso-symbol-font-family:Wingdings"><b>&gt; </b></span></span><b style="mso-bidi-font-weight:\nnormal"><span style="mso-bidi-font-family:&quot;Times New Roman&quot;">Project Setup. </span></b><span style="mso-bidi-font-family:&quot;Times New Roman&quot;">The Project Master List window\nappears.</span></li><li><span style="font-family:Wingdings;mso-fareast-font-family:Wingdings;mso-bidi-font-family:\nWingdings"><span style="mso-list:Ignore"><span style="font:7.0pt &quot;Times New Roman&quot;"></span></span></span><span style="mso-bidi-font-family:&quot;Times New Roman&quot;">In\nthe search field, you can search the project by entering the project’s name.</span></li><li><span style="font-family:Wingdings;mso-fareast-font-family:Wingdings;mso-bidi-font-family:\nWingdings"><span style="mso-list:Ignore"><span style="font:7.0pt &quot;Times New Roman&quot;"></span></span></span><span style="mso-bidi-font-family:&quot;Times New Roman&quot;">You\ncan choose the number of entries of agent to be displayed. </span></li></ol><p><br></p>\n\n<p class="MsoNormal" style="text-align:justify;text-justify:inter-ideograph;\nline-height:115%"><b style="mso-bidi-font-weight:normal"><u><span style="mso-bidi-font-family:&quot;Times New Roman&quot;">Edit Project</span></u></b></p>\n\n<ol><li><span style="font-family:Wingdings;mso-fareast-font-family:Wingdings;mso-bidi-font-family:\nWingdings"><span style="mso-list:Ignore"><span style="font:7.0pt &quot;Times New Roman&quot;"></span></span></span><span style="mso-bidi-font-family:&quot;Times New Roman&quot;">Go\nTo <b style="mso-bidi-font-weight:normal">General Setup</b> </span><span style="font-family:Wingdings;mso-ascii-font-family:Calibri;mso-ascii-theme-font:\nminor-latin;mso-hansi-font-family:Calibri;mso-hansi-theme-font:minor-latin;\nmso-char-type:symbol;mso-symbol-font-family:Wingdings"><span style="mso-char-type:\nsymbol;mso-symbol-font-family:Wingdings"><b>&gt; </b></span></span><b style="mso-bidi-font-weight:\nnormal"><span style="mso-bidi-font-family:&quot;Times New Roman&quot;">Project Setup. </span></b><span style="mso-bidi-font-family:&quot;Times New Roman&quot;">The Project Master List window\nappears.</span></li><li><span style="font-family:Wingdings;mso-fareast-font-family:Wingdings;mso-bidi-font-family:\nWingdings"><span style="mso-list:Ignore"><span style="font:7.0pt &quot;Times New Roman&quot;"></span></span></span><span style="mso-bidi-font-family:&quot;Times New Roman&quot;">In\nthe Project Name field, identify the project and select the particular project.\nEdit dialog box will appear.</span></li><li><span style="font-family:Wingdings;mso-fareast-font-family:Wingdings;mso-bidi-font-family:\nWingdings"><span style="mso-list:Ignore"><span style="font:7.0pt &quot;Times New Roman&quot;"></span></span></span><span style="mso-bidi-font-family:&quot;Times New Roman&quot;">Click\n<b style="mso-bidi-font-weight:normal">Continue</b>, the Employee Master window\nappears and you can edit the relevant information.</span></li><li><span style="font-family:Wingdings;mso-fareast-font-family:Wingdings;mso-bidi-font-family:\nWingdings"><span style="mso-list:Ignore"><span style="font:7.0pt &quot;Times New Roman&quot;"></span></span></span><span style="mso-bidi-font-family:&quot;Times New Roman&quot;">After\ncompleted, click <b style="mso-bidi-font-weight:normal">Submit </b>button to\nsave.</span></li></ol><p><br></p>\n\n<p class="MsoNormal" style="text-align:justify;text-justify:inter-ideograph"><b style="mso-bidi-font-weight:normal"><u><span style="mso-bidi-font-family:&quot;Times New Roman&quot;">Remove\nProject</span></u></b></p>\n\n<ol><li><span style="font-family:Wingdings;mso-fareast-font-family:Wingdings;mso-bidi-font-family:\nWingdings"><span style="mso-list:Ignore"><span style="font:7.0pt &quot;Times New Roman&quot;"></span></span></span><span style="mso-bidi-font-family:&quot;Times New Roman&quot;">Go\nTo <b style="mso-bidi-font-weight:normal">General Setup</b> </span><span style="font-family:Wingdings;mso-ascii-font-family:Calibri;mso-ascii-theme-font:\nminor-latin;mso-hansi-font-family:Calibri;mso-hansi-theme-font:minor-latin;\nmso-char-type:symbol;mso-symbol-font-family:Wingdings"><span style="mso-char-type:\nsymbol;mso-symbol-font-family:Wingdings">&gt; </span></span><b style="mso-bidi-font-weight:\nnormal"><span style="mso-bidi-font-family:&quot;Times New Roman&quot;">Project Setup. </span></b><span style="mso-bidi-font-family:&quot;Times New Roman&quot;">The Project Master List window\nappears.</span></li><li><span style="font-family:Wingdings;mso-fareast-font-family:Wingdings;mso-bidi-font-family:\nWingdings"><span style="mso-list:Ignore"><span style="font:7.0pt &quot;Times New Roman&quot;"></span></span></span><span style="mso-bidi-font-family:&quot;Times New Roman&quot;">To\nremove project from the list, identify the project name row.</span></li><li><span style="font-family:Wingdings;mso-fareast-font-family:Wingdings;mso-bidi-font-family:\nWingdings"><span style="mso-list:Ignore"><span style="font:7.0pt &quot;Times New Roman&quot;"></span></span></span><span style="mso-bidi-font-family:&quot;Times New Roman&quot;">In\nthe Action field on the right-side of the row, click the <b style="mso-bidi-font-weight:\nnormal">Delete </b>button (image). </span></li><li><span style="font-family:Wingdings;mso-fareast-font-family:Wingdings;mso-bidi-font-family:\nWingdings"><span style="mso-list:Ignore"><span style="font:7.0pt &quot;Times New Roman&quot;"></span></span></span><span style="mso-bidi-font-family:&quot;Times New Roman&quot;">Dialog\nbox of deletion confirmation appears, then click the <b style="mso-bidi-font-weight:\nnormal">Delete</b> button.</span></li></ol><p class="MsoNormal" style="text-align:justify;text-justify:inter-ideograph;\nline-height:150%"><b style="mso-bidi-font-weight:normal"><u><span style="mso-bidi-font-family:&quot;Times New Roman&quot;"><br></span></u></b></p><p class="MsoNormal" style="text-align:justify;text-justify:inter-ideograph;\nline-height:150%"><b style="mso-bidi-font-weight:normal"><u><span style="mso-bidi-font-family:&quot;Times New Roman&quot;"><br></span></u></b></p><p class="MsoNormal" style="text-align:justify;text-justify:inter-ideograph;\nline-height:150%"><b style="mso-bidi-font-weight:normal"><u><span style="mso-bidi-font-family:&quot;Times New Roman&quot;">Print Project<br></span></u></b></p><ol><li><span style="mso-bidi-font-family:&quot;Times New Roman&quot;">To\nprint, click the <b style="mso-bidi-font-weight:normal">Print</b> button on the\ntop right-side of the page.</span></li><li><span style="mso-bidi-font-family:&quot;Times New Roman&quot;">Project Master List window appears.</span></li><li><span style="mso-bidi-font-family:&quot;Times New Roman&quot;">Click (print image) to print the data or (download image) to open/save the data in excel format (.xls)</span></li></ol>\n\n<!--[if gte mso 9]><xml>\n <w:WordDocument>\n  <w:View>Normal</w:View>\n  <w:Zoom>0</w:Zoom>\n  <w:TrackMoves/>\n  <w:TrackFormatting/>\n  <w:PunctuationKerning/>\n  <w:ValidateAgainstSchemas/>\n  <w:SaveIfXMLInvalid>false</w:SaveIfXMLInvalid>\n  <w:IgnoreMixedContent>false</w:IgnoreMixedContent>\n  <w:AlwaysShowPlaceholderText>false</w:AlwaysShowPlaceholderText>\n  <w:DoNotPromoteQF/>\n  <w:LidThemeOther>PT-BR</w:LidThemeOther>\n  <w:LidThemeAsian>ZH-CN</w:LidThemeAsian>\n  <w:LidThemeComplexScript>AR-SA</w:LidThemeComplexScript>\n  <w:Compatibility>\n   <w:BreakWrappedTables/>\n   <w:SnapToGridInCell/>\n   <w:WrapTextWithPunct/>\n   <w:UseAsianBreakRules/>\n   <w:DontGrowAutofit/>\n   <w:SplitPgBreakAndParaMark/>\n   <w:EnableOpenTypeKerning/>\n   <w:DontFlipMirrorIndents/>\n   <w:OverrideTableStyleHps/>\n   <w:UseFELayout/>\n  </w:Compatibility>\n  <m:mathPr>\n   <m:mathFont m:val="Cambria Math"/>\n   <m:brkBin m:val="before"/>\n   <m:brkBinSub m:val="&#45;-"/>\n   <m:smallFrac m:val="off"/>\n   <m:dispDef/>\n   <m:lMargin m:val="0"/>\n   <m:rMargin m:val="0"/>\n   <m:defJc m:val="centerGroup"/>\n   <m:wrapIndent m:val="1440"/>\n   <m:intLim m:val="subSup"/>\n   <m:naryLim m:val="undOvr"/>\n  </m:mathPr></w:WordDocument>\n</xml><![endif]--><!--[if gte mso 9]><xml>\n <w:LatentStyles DefLockedState="false" DefUnhideWhenUsed="false"\n  DefSemiHidden="false" DefQFormat="false" DefPriority="99"\n  LatentStyleCount="371">\n  <w:LsdException Locked="false" Priority="0" QFormat="true" Name="Normal"/>\n  <w:LsdException Locked="false" Priority="9" QFormat="true" Name="heading 1"/>\n  <w:LsdException Locked="false" Priority="9" SemiHidden="true"\n   UnhideWhenUsed="true" QFormat="true" Name="heading 2"/>\n  <w:LsdException Locked="false" Priority="9" SemiHidden="true"\n   UnhideWhenUsed="true" QFormat="true" Name="heading 3"/>\n  <w:LsdException Locked="false" Priority="9" SemiHidden="true"\n   UnhideWhenUsed="true" QFormat="true" Name="heading 4"/>\n  <w:LsdException Locked="false" Priority="9" SemiHidden="true"\n   UnhideWhenUsed="true" QFormat="true" Name="heading 5"/>\n  <w:LsdException Locked="false" Priority="9" SemiHidden="true"\n   UnhideWhenUsed="true" QFormat="true" Name="heading 6"/>\n  <w:LsdException Locked="false" Priority="9" SemiHidden="true"\n   UnhideWhenUsed="true" QFormat="true" Name="heading 7"/>\n  <w:LsdException Locked="false" Priority="9" SemiHidden="true"\n   UnhideWhenUsed="true" QFormat="true" Name="heading 8"/>\n  <w:LsdException Locked="false" Priority="9" SemiHidden="true"\n   UnhideWhenUsed="true" QFormat="true" Name="heading 9"/>\n  <w:LsdException Locked="false" SemiHidden="true" UnhideWhenUsed="true"\n   Name="index 1"/>\n  <w:LsdException Locked="false" SemiHidden="true" UnhideWhenUsed="true"\n   Name="index 2"/>\n  <w:LsdException Locked="false" SemiHidden="true" UnhideWhenUsed="true"\n   Name="index 3"/>\n  <w:LsdException Locked="false" SemiHidden="true" UnhideWhenUsed="true"\n   Name="index 4"/>\n  <w:LsdException Locked="false" SemiHidden="true" UnhideWhenUsed="true"\n   Name="index 5"/>\n  <w:LsdException Locked="false" SemiHidden="true" UnhideWhenUsed="true"\n   Name="index 6"/>\n  <w:LsdException Locked="false" SemiHidden="true" UnhideWhenUsed="true"\n   Name="index 7"/>\n  <w:LsdException Locked="false" SemiHidden="true" UnhideWhenUsed="true"\n   Name="index 8"/>\n  <w:LsdException Locked="false" SemiHidden="true" UnhideWhenUsed="true"\n   Name="index 9"/>\n  <w:LsdException Locked="false" Priority="39" SemiHidden="true"\n   UnhideWhenUsed="true" Name="toc 1"/>\n  <w:LsdException Locked="false" Priority="39" SemiHidden="true"\n   UnhideWhenUsed="true" Name="toc 2"/>\n  <w:LsdException Locked="false" Priority="39" SemiHidden="true"\n   UnhideWhenUsed="true" Name="toc 3"/>\n  <w:LsdException Locked="false" Priority="39" SemiHidden="true"\n   UnhideWhenUsed="true" Name="toc 4"/>\n  <w:LsdException Locked="false" Priority="39" SemiHidden="true"\n   UnhideWhenUsed="true" Name="toc 5"/>\n  <w:LsdException Locked="false" Priority="39" SemiHidden="true"\n   UnhideWhenUsed="true" Name="toc 6"/>\n  <w:LsdException Locked="false" Priority="39" SemiHidden="true"\n   UnhideWhenUsed="true" Name="toc 7"/>\n  <w:LsdException Locked="false" Priority="39" SemiHidden="true"\n   UnhideWhenUsed="true" Name="toc 8"/>\n  <w:LsdException Locked="false" Priority="39" SemiHidden="true"\n   UnhideWhenUsed="true" Name="toc 9"/>\n  <w:LsdException Locked="false" SemiHidden="true" UnhideWhenUsed="true"\n   Name="Normal Indent"/>\n  <w:LsdException Locked="false" SemiHidden="true" UnhideWhenUsed="true"\n   Name="footnote text"/>\n  <w:LsdException Locked="false" SemiHidden="true" UnhideWhenUsed="true"\n   Name="annotation text"/>\n  <w:LsdException Locked="false" SemiHidden="true" UnhideWhenUsed="true"\n   Name="header"/>\n  <w:LsdException Locked="false" SemiHidden="true" UnhideWhenUsed="true"\n   Name="footer"/>\n  <w:LsdException Locked="false" SemiHidden="true" UnhideWhenUsed="true"\n   Name="index heading"/>\n  <w:LsdException Locked="false" Priority="35" SemiHidden="true"\n   UnhideWhenUsed="true" QFormat="true" Name="caption"/>\n  <w:LsdException Locked="false" SemiHidden="true" UnhideWhenUsed="true"\n   Name="table of figures"/>\n  <w:LsdException Locked="false" SemiHidden="true" UnhideWhenUsed="true"\n   Name="envelope address"/>\n  <w:LsdException Locked="false" SemiHidden="true" UnhideWhenUsed="true"\n   Name="envelope return"/>\n  <w:LsdException Locked="false" SemiHidden="true" UnhideWhenUsed="true"\n   Name="footnote reference"/>\n  <w:LsdException Locked="false" SemiHidden="true" UnhideWhenUsed="true"\n   Name="annotation reference"/>\n  <w:LsdException Locked="false" SemiHidden="true" UnhideWhenUsed="true"\n   Name="line number"/>\n  <w:LsdException Locked="false" SemiHidden="true" UnhideWhenUsed="true"\n   Name="page number"/>\n  <w:LsdException Locked="false" SemiHidden="true" UnhideWhenUsed="true"\n   Name="endnote reference"/>\n  <w:LsdException Locked="false" SemiHidden="true" UnhideWhenUsed="true"\n   Name="endnote text"/>\n  <w:LsdException Locked="false" SemiHidden="true" UnhideWhenUsed="true"\n   Name="table of authorities"/>\n  <w:LsdException Locked="false" SemiHidden="true" UnhideWhenUsed="true"\n   Name="macro"/>\n  <w:LsdException Locked="false" SemiHidden="true" UnhideWhenUsed="true"\n   Name="toa heading"/>\n  <w:LsdException Locked="false" SemiHidden="true" UnhideWhenUsed="true"\n   Name="List"/>\n  <w:LsdException Locked="false" SemiHidden="true" UnhideWhenUsed="true"\n   Name="List Bullet"/>\n  <w:LsdException Locked="false" SemiHidden="true" UnhideWhenUsed="true"\n   Name="List Number"/>\n  <w:LsdException Locked="false" SemiHidden="true" UnhideWhenUsed="true"\n   Name="List 2"/>\n  <w:LsdException Locked="false" SemiHidden="true" UnhideWhenUsed="true"\n   Name="List 3"/>\n  <w:LsdException Locked="false" SemiHidden="true" UnhideWhenUsed="true"\n   Name="List 4"/>\n  <w:LsdException Locked="false" SemiHidden="true" UnhideWhenUsed="true"\n   Name="List 5"/>\n  <w:LsdException Locked="false" SemiHidden="true" UnhideWhenUsed="true"\n   Name="List Bullet 2"/>\n  <w:LsdException Locked="false" SemiHidden="true" UnhideWhenUsed="true"\n   Name="List Bullet 3"/>\n  <w:LsdException Locked="false" SemiHidden="true" UnhideWhenUsed="true"\n   Name="List Bullet 4"/>\n  <w:LsdException Locked="false" SemiHidden="true" UnhideWhenUsed="true"\n   Name="List Bullet 5"/>\n  <w:LsdException Locked="false" SemiHidden="true" UnhideWhenUsed="true"\n   Name="List Number 2"/>\n  <w:LsdException Locked="false" SemiHidden="true" UnhideWhenUsed="true"\n   Name="List Number 3"/>\n  <w:LsdException Locked="false" SemiHidden="true" UnhideWhenUsed="true"\n   Name="List Number 4"/>\n  <w:LsdException Locked="false" SemiHidden="true" UnhideWhenUsed="true"\n   Name="List Number 5"/>\n  <w:LsdException Locked="false" Priority="10" QFormat="true" Name="Title"/>\n  <w:LsdException Locked="false" SemiHidden="true" UnhideWhenUsed="true"\n   Name="Closing"/>\n  <w:LsdException Locked="false" SemiHidden="true" UnhideWhenUsed="true"\n   Name="Signature"/>\n  <w:LsdException Locked="false" Priority="1" SemiHidden="true"\n   UnhideWhenUsed="true" Name="Default Paragraph Font"/>\n  <w:LsdException Locked="false" SemiHidden="true" UnhideWhenUsed="true"\n   Name="Body Text"/>\n  <w:LsdException Locked="false" SemiHidden="true" UnhideWhenUsed="true"\n   Name="Body Text Indent"/>\n  <w:LsdException Locked="false" SemiHidden="true" UnhideWhenUsed="true"\n   Name="List Continue"/>\n  <w:LsdException Locked="false" SemiHidden="true" UnhideWhenUsed="true"\n   Name="List Continue 2"/>\n  <w:LsdException Locked="false" SemiHidden="true" UnhideWhenUsed="true"\n   Name="List Continue 3"/>\n  <w:LsdException Locked="false" SemiHidden="true" UnhideWhenUsed="true"\n   Name="List Continue 4"/>\n  <w:LsdException Locked="false" SemiHidden="true" UnhideWhenUsed="true"\n   Name="List Continue 5"/>\n  <w:LsdException Locked="false" SemiHidden="true" UnhideWhenUsed="true"\n   Name="Message Header"/>\n  <w:LsdException Locked="false" Priority="11" QFormat="true" Name="Subtitle"/>\n  <w:LsdException Locked="false" SemiHidden="true" UnhideWhenUsed="true"\n   Name="Salutation"/>\n  <w:LsdException Locked="false" SemiHidden="true" UnhideWhenUsed="true"\n   Name="Date"/>\n  <w:LsdException Locked="false" SemiHidden="true" UnhideWhenUsed="true"\n   Name="Body Text First Indent"/>\n  <w:LsdException Locked="false" SemiHidden="true" UnhideWhenUsed="true"\n   Name="Body Text First Indent 2"/>\n  <w:LsdException Locked="false" SemiHidden="true" UnhideWhenUsed="true"\n   Name="Note Heading"/>\n  <w:LsdException Locked="false" SemiHidden="true" UnhideWhenUsed="true"\n   Name="Body Text 2"/>\n  <w:LsdException Locked="false" SemiHidden="true" UnhideWhenUsed="true"\n   Name="Body Text 3"/>\n  <w:LsdException Locked="false" SemiHidden="true" UnhideWhenUsed="true"\n   Name="Body Text Indent 2"/>\n  <w:LsdException Locked="false" SemiHidden="true" UnhideWhenUsed="true"\n   Name="Body Text Indent 3"/>\n  <w:LsdException Locked="false" SemiHidden="true" UnhideWhenUsed="true"\n   Name="Block Text"/>\n  <w:LsdException Locked="false" SemiHidden="true" UnhideWhenUsed="true"\n   Name="Hyperlink"/>\n  <w:LsdException Locked="false" SemiHidden="true" UnhideWhenUsed="true"\n   Name="FollowedHyperlink"/>\n  <w:LsdException Locked="false" Priority="22" QFormat="true" Name="Strong"/>\n  <w:LsdException Locked="false" Priority="20" QFormat="true" Name="Emphasis"/>\n  <w:LsdException Locked="false" SemiHidden="true" UnhideWhenUsed="true"\n   Name="Document Map"/>\n  <w:LsdException Locked="false" SemiHidden="true" UnhideWhenUsed="true"\n   Name="Plain Text"/>\n  <w:LsdException Locked="false" SemiHidden="true" UnhideWhenUsed="true"\n   Name="E-mail Signature"/>\n  <w:LsdException Locked="false" SemiHidden="true" UnhideWhenUsed="true"\n   Name="HTML Top of Form"/>\n  <w:LsdException Locked="false" SemiHidden="true" UnhideWhenUsed="true"\n   Name="HTML Bottom of Form"/>\n  <w:LsdException Locked="false" SemiHidden="true" UnhideWhenUsed="true"\n   Name="Normal (Web)"/>\n  <w:LsdException Locked="false" SemiHidden="true" UnhideWhenUsed="true"\n   Name="HTML Acronym"/>\n  <w:LsdException Locked="false" SemiHidden="true" UnhideWhenUsed="true"\n   Name="HTML Address"/>\n  <w:LsdException Locked="false" SemiHidden="true" UnhideWhenUsed="true"\n   Name="HTML Cite"/>\n  <w:LsdException Locked="false" SemiHidden="true" UnhideWhenUsed="true"\n   Name="HTML Code"/>\n  <w:LsdException Locked="false" SemiHidden="true" UnhideWhenUsed="true"\n   Name="HTML Definition"/>\n  <w:LsdException Locked="false" SemiHidden="true" UnhideWhenUsed="true"\n   Name="HTML Keyboard"/>\n  <w:LsdException Locked="false" SemiHidden="true" UnhideWhenUsed="true"\n   Name="HTML Preformatted"/>\n  <w:LsdException Locked="false" SemiHidden="true" UnhideWhenUsed="true"\n   Name="HTML Sample"/>\n  <w:LsdException Locked="false" SemiHidden="true" UnhideWhenUsed="true"\n   Name="HTML Typewriter"/>\n  <w:LsdException Locked="false" SemiHidden="true" UnhideWhenUsed="true"\n   Name="HTML Variable"/>\n  <w:LsdException Locked="false" SemiHidden="true" UnhideWhenUsed="true"\n   Name="Normal Table"/>\n  <w:LsdException Locked="false" SemiHidden="true" UnhideWhenUsed="true"\n   Name="annotation subject"/>\n  <w:LsdException Locked="false" SemiHidden="true" UnhideWhenUsed="true"\n   Name="No List"/>\n  <w:LsdException Locked="false" SemiHidden="true" UnhideWhenUsed="true"\n   Name="Outline List 1"/>\n  <w:LsdException Locked="false" SemiHidden="true" UnhideWhenUsed="true"\n   Name="Outline List 2"/>\n  <w:LsdException Locked="false" SemiHidden="true" UnhideWhenUsed="true"\n   Name="Outline List 3"/>\n  <w:LsdException Locked="false" SemiHidden="true" UnhideWhenUsed="true"\n   Name="Table Simple 1"/>\n  <w:LsdException Locked="false" SemiHidden="true" UnhideWhenUsed="true"\n   Name="Table Simple 2"/>\n  <w:LsdException Locked="false" SemiHidden="true" UnhideWhenUsed="true"\n   Name="Table Simple 3"/>\n  <w:LsdException Locked="false" SemiHidden="true" UnhideWhenUsed="true"\n   Name="Table Classic 1"/>\n  <w:LsdException Locked="false" SemiHidden="true" UnhideWhenUsed="true"\n   Name="Table Classic 2"/>\n  <w:LsdException Locked="false" SemiHidden="true" UnhideWhenUsed="true"\n   Name="Table Classic 3"/>\n  <w:LsdException Locked="false" SemiHidden="true" UnhideWhenUsed="true"\n   Name="Table Classic 4"/>\n  <w:LsdException Locked="false" SemiHidden="true" UnhideWhenUsed="true"\n   Name="Table Colorful 1"/>\n  <w:LsdException Locked="false" SemiHidden="true" UnhideWhenUsed="true"\n   Name="Table Colorful 2"/>\n  <w:LsdException Locked="false" SemiHidden="true" UnhideWhenUsed="true"\n   Name="Table Colorful 3"/>\n  <w:LsdException Locked="false" SemiHidden="true" UnhideWhenUsed="true"\n   Name="Table Columns 1"/>\n  <w:LsdException Locked="false" SemiHidden="true" UnhideWhenUsed="true"\n   Name="Table Columns 2"/>\n  <w:LsdException Locked="false" SemiHidden="true" UnhideWhenUsed="true"\n   Name="Table Columns 3"/>\n  <w:LsdException Locked="false" SemiHidden="true" UnhideWhenUsed="true"\n   Name="Table Columns 4"/>\n  <w:LsdException Locked="false" SemiHidden="true" UnhideWhenUsed="true"\n   Name="Table Columns 5"/>\n  <w:LsdException Locked="false" SemiHidden="true" UnhideWhenUsed="true"\n   Name="Table Grid 1"/>\n  <w:LsdException Locked="false" SemiHidden="true" UnhideWhenUsed="true"\n   Name="Table Grid 2"/>\n  <w:LsdException Locked="false" SemiHidden="true" UnhideWhenUsed="true"\n   Name="Table Grid 3"/>\n  <w:LsdException Locked="false" SemiHidden="true" UnhideWhenUsed="true"\n   Name="Table Grid 4"/>\n  <w:LsdException Locked="false" SemiHidden="true" UnhideWhenUsed="true"\n   Name="Table Grid 5"/>\n  <w:LsdException Locked="false" SemiHidden="true" UnhideWhenUsed="true"\n   Name="Table Grid 6"/>\n  <w:LsdException Locked="false" SemiHidden="true" UnhideWhenUsed="true"\n   Name="Table Grid 7"/>\n  <w:LsdException Locked="false" SemiHidden="true" UnhideWhenUsed="true"\n   Name="Table Grid 8"/>\n  <w:LsdException Locked="false" SemiHidden="true" UnhideWhenUsed="true"\n   Name="Table List 1"/>\n  <w:LsdException Locked="false" SemiHidden="true" UnhideWhenUsed="true"\n   Name="Table List 2"/>\n  <w:LsdException Locked="false" SemiHidden="true" UnhideWhenUsed="true"\n   Name="Table List 3"/>\n  <w:LsdException Locked="false" SemiHidden="true" UnhideWhenUsed="true"\n   Name="Table List 4"/>\n  <w:LsdException Locked="false" SemiHidden="true" UnhideWhenUsed="true"\n   Name="Table List 5"/>\n  <w:LsdException Locked="false" SemiHidden="true" UnhideWhenUsed="true"\n   Name="Table List 6"/>\n  <w:LsdException Locked="false" SemiHidden="true" UnhideWhenUsed="true"\n   Name="Table List 7"/>\n  <w:LsdException Locked="false" SemiHidden="true" UnhideWhenUsed="true"\n   Name="Table List 8"/>\n  <w:LsdException Locked="false" SemiHidden="true" UnhideWhenUsed="true"\n   Name="Table 3D effects 1"/>\n  <w:LsdException Locked="false" SemiHidden="true" UnhideWhenUsed="true"\n   Name="Table 3D effects 2"/>\n  <w:LsdException Locked="false" SemiHidden="true" UnhideWhenUsed="true"\n   Name="Table 3D effects 3"/>\n  <w:LsdException Locked="false" SemiHidden="true" UnhideWhenUsed="true"\n   Name="Table Contemporary"/>\n  <w:LsdException Locked="false" SemiHidden="true" UnhideWhenUsed="true"\n   Name="Table Elegant"/>\n  <w:LsdException Locked="false" SemiHidden="true" UnhideWhenUsed="true"\n   Name="Table Professional"/>\n  <w:LsdException Locked="false" SemiHidden="true" UnhideWhenUsed="true"\n   Name="Table Subtle 1"/>\n  <w:LsdException Locked="false" SemiHidden="true" UnhideWhenUsed="true"\n   Name="Table Subtle 2"/>\n  <w:LsdException Locked="false" SemiHidden="true" UnhideWhenUsed="true"\n   Name="Table Web 1"/>\n  <w:LsdException Locked="false" SemiHidden="true" UnhideWhenUsed="true"\n   Name="Table Web 2"/>\n  <w:LsdException Locked="false" SemiHidden="true" UnhideWhenUsed="true"\n   Name="Table Web 3"/>\n  <w:LsdException Locked="false" SemiHidden="true" UnhideWhenUsed="true"\n   Name="Balloon Text"/>\n  <w:LsdException Locked="false" Priority="39" Name="Table Grid"/>\n  <w:LsdException Locked="false" SemiHidden="true" UnhideWhenUsed="true"\n   Name="Table Theme"/>\n  <w:LsdException Locked="false" SemiHidden="true" Name="Placeholder Text"/>\n  <w:LsdException Locked="false" Priority="1" QFormat="true" Name="No Spacing"/>\n  <w:LsdException Locked="false" Priority="60" Name="Light Shading"/>\n  <w:LsdException Locked="false" Priority="61" Name="Light List"/>\n  <w:LsdException Locked="false" Priority="62" Name="Light Grid"/>\n  <w:LsdException Locked="false" Priority="63" Name="Medium Shading 1"/>\n  <w:LsdException Locked="false" Priority="64" Name="Medium Shading 2"/>\n  <w:LsdException Locked="false" Priority="65" Name="Medium List 1"/>\n  <w:LsdException Locked="false" Priority="66" Name="Medium List 2"/>\n  <w:LsdException Locked="false" Priority="67" Name="Medium Grid 1"/>\n  <w:LsdException Locked="false" Priority="68" Name="Medium Grid 2"/>\n  <w:LsdException Locked="false" Priority="69" Name="Medium Grid 3"/>\n  <w:LsdException Locked="false" Priority="70" Name="Dark List"/>\n  <w:LsdException Locked="false" Priority="71" Name="Colorful Shading"/>\n  <w:LsdException Locked="false" Priority="72" Name="Colorful List"/>\n  <w:LsdException Locked="false" Priority="73" Name="Colorful Grid"/>\n  <w:LsdException Locked="false" Priority="60" Name="Light Shading Accent 1"/>\n  <w:LsdException Locked="false" Priority="61" Name="Light List Accent 1"/>\n  <w:LsdException Locked="false" Priority="62" Name="Light Grid Accent 1"/>\n  <w:LsdException Locked="false" Priority="63" Name="Medium Shading 1 Accent 1"/>\n  <w:LsdException Locked="false" Priority="64" Name="Medium Shading 2 Accent 1"/>\n  <w:LsdException Locked="false" Priority="65" Name="Medium List 1 Accent 1"/>\n  <w:LsdException Locked="false" SemiHidden="true" Name="Revision"/>\n  <w:LsdException Locked="false" Priority="34" QFormat="true"\n   Name="List Paragraph"/>\n  <w:LsdException Locked="false" Priority="29" QFormat="true" Name="Quote"/>\n  <w:LsdException Locked="false" Priority="30" QFormat="true"\n   Name="Intense Quote"/>\n  <w:LsdException Locked="false" Priority="66" Name="Medium List 2 Accent 1"/>\n  <w:LsdException Locked="false" Priority="67" Name="Medium Grid 1 Accent 1"/>\n  <w:LsdException Locked="false" Priority="68" Name="Medium Grid 2 Accent 1"/>\n  <w:LsdException Locked="false" Priority="69" Name="Medium Grid 3 Accent 1"/>\n  <w:LsdException Locked="false" Priority="70" Name="Dark List Accent 1"/>\n  <w:LsdException Locked="false" Priority="71" Name="Colorful Shading Accent 1"/>\n  <w:LsdException Locked="false" Priority="72" Name="Colorful List Accent 1"/>\n  <w:LsdException Locked="false" Priority="73" Name="Colorful Grid Accent 1"/>\n  <w:LsdException Locked="false" Priority="60" Name="Light Shading Accent 2"/>\n  <w:LsdException Locked="false" Priority="61" Name="Light List Accent 2"/>\n  <w:LsdException Locked="false" Priority="62" Name="Light Grid Accent 2"/>\n  <w:LsdException Locked="false" Priority="63" Name="Medium Shading 1 Accent 2"/>\n  <w:LsdException Locked="false" Priority="64" Name="Medium Shading 2 Accent 2"/>\n  <w:LsdException Locked="false" Priority="65" Name="Medium List 1 Accent 2"/>\n  <w:LsdException Locked="false" Priority="66" Name="Medium List 2 Accent 2"/>\n  <w:LsdException Locked="false" Priority="67" Name="Medium Grid 1 Accent 2"/>\n  <w:LsdException Locked="false" Priority="68" Name="Medium Grid 2 Accent 2"/>\n  <w:LsdException Locked="false" Priority="69" Name="Medium Grid 3 Accent 2"/>\n  <w:LsdException Locked="false" Priority="70" Name="Dark List Accent 2"/>\n  <w:LsdException Locked="false" Priority="71" Name="Colorful Shading Accent 2"/>\n  <w:LsdException Locked="false" Priority="72" Name="Colorful List Accent 2"/>\n  <w:LsdException Locked="false" Priority="73" Name="Colorful Grid Accent 2"/>\n  <w:LsdException Locked="false" Priority="60" Name="Light Shading Accent 3"/>\n  <w:LsdException Locked="false" Priority="61" Name="Light List Accent 3"/>\n  <w:LsdException Locked="false" Priority="62" Name="Light Grid Accent 3"/>\n  <w:LsdException Locked="false" Priority="63" Name="Medium Shading 1 Accent 3"/>\n  <w:LsdException Locked="false" Priority="64" Name="Medium Shading 2 Accent 3"/>\n  <w:LsdException Locked="false" Priority="65" Name="Medium List 1 Accent 3"/>\n  <w:LsdException Locked="false" Priority="66" Name="Medium List 2 Accent 3"/>\n  <w:LsdException Locked="false" Priority="67" Name="Medium Grid 1 Accent 3"/>\n  <w:LsdException Locked="false" Priority="68" Name="Medium Grid 2 Accent 3"/>\n  <w:LsdException Locked="false" Priority="69" Name="Medium Grid 3 Accent 3"/>\n  <w:LsdException Locked="false" Priority="70" Name="Dark List Accent 3"/>\n  <w:LsdException Locked="false" Priority="71" Name="Colorful Shading Accent 3"/>\n  <w:LsdException Locked="false" Priority="72" Name="Colorful List Accent 3"/>\n  <w:LsdException Locked="false" Priority="73" Name="Colorful Grid Accent 3"/>\n  <w:LsdException Locked="false" Priority="60" Name="Light Shading Accent 4"/>\n  <w:LsdException Locked="false" Priority="61" Name="Light List Accent 4"/>\n  <w:LsdException Locked="false" Priority="62" Name="Light Grid Accent 4"/>\n  <w:LsdException Locked="false" Priority="63" Name="Medium Shading 1 Accent 4"/>\n  <w:LsdException Locked="false" Priority="64" Name="Medium Shading 2 Accent 4"/>\n  <w:LsdException Locked="false" Priority="65" Name="Medium List 1 Accent 4"/>\n  <w:LsdException Locked="false" Priority="66" Name="Medium List 2 Accent 4"/>\n  <w:LsdException Locked="false" Priority="67" Name="Medium Grid 1 Accent 4"/>\n  <w:LsdException Locked="false" Priority="68" Name="Medium Grid 2 Accent 4"/>\n  <w:LsdException Locked="false" Priority="69" Name="Medium Grid 3 Accent 4"/>\n  <w:LsdException Locked="false" Priority="70" Name="Dark List Accent 4"/>\n  <w:LsdException Locked="false" Priority="71" Name="Colorful Shading Accent 4"/>\n  <w:LsdException Locked="false" Priority="72" Name="Colorful List Accent 4"/>\n  <w:LsdException Locked="false" Priority="73" Name="Colorful Grid Accent 4"/>\n  <w:LsdException Locked="false" Priority="60" Name="Light Shading Accent 5"/>\n  <w:LsdException Locked="false" Priority="61" Name="Light List Accent 5"/>\n  <w:LsdException Locked="false" Priority="62" Name="Light Grid Accent 5"/>\n  <w:LsdException Locked="false" Priority="63" Name="Medium Shading 1 Accent 5"/>\n  <w:LsdException Locked="false" Priority="64" Name="Medium Shading 2 Accent 5"/>\n  <w:LsdException Locked="false" Priority="65" Name="Medium List 1 Accent 5"/>\n  <w:LsdException Locked="false" Priority="66" Name="Medium List 2 Accent 5"/>\n  <w:LsdException Locked="false" Priority="67" Name="Medium Grid 1 Accent 5"/>\n  <w:LsdException Locked="false" Priority="68" Name="Medium Grid 2 Accent 5"/>\n  <w:LsdException Locked="false" Priority="69" Name="Medium Grid 3 Accent 5"/>\n  <w:LsdException Locked="false" Priority="70" Name="Dark List Accent 5"/>\n  <w:LsdException Locked="false" Priority="71" Name="Colorful Shading Accent 5"/>\n  <w:LsdException Locked="false" Priority="72" Name="Colorful List Accent 5"/>\n  <w:LsdException Locked="false" Priority="73" Name="Colorful Grid Accent 5"/>\n  <w:LsdException Locked="false" Priority="60" Name="Light Shading Accent 6"/>\n  <w:LsdException Locked="false" Priority="61" Name="Light List Accent 6"/>\n  <w:LsdException Locked="false" Priority="62" Name="Light Grid Accent 6"/>\n  <w:LsdException Locked="false" Priority="63" Name="Medium Shading 1 Accent 6"/>\n  <w:LsdException Locked="false" Priority="64" Name="Medium Shading 2 Accent 6"/>\n  <w:LsdException Locked="false" Priority="65" Name="Medium List 1 Accent 6"/>\n  <w:LsdException Locked="false" Priority="66" Name="Medium List 2 Accent 6"/>\n  <w:LsdException Locked="false" Priority="67" Name="Medium Grid 1 Accent 6"/>\n  <w:LsdException Locked="false" Priority="68" Name="Medium Grid 2 Accent 6"/>\n  <w:LsdException Locked="false" Priority="69" Name="Medium Grid 3 Accent 6"/>\n  <w:LsdException Locked="false" Priority="70" Name="Dark List Accent 6"/>\n  <w:LsdException Locked="false" Priority="71" Name="Colorful Shading Accent 6"/>\n  <w:LsdException Locked="false" Priority="72" Name="Colorful List Accent 6"/>\n  <w:LsdException Locked="false" Priority="73" Name="Colorful Grid Accent 6"/>\n  <w:LsdException Locked="false" Priority="19" QFormat="true"\n   Name="Subtle Emphasis"/>\n  <w:LsdException Locked="false" Priority="21" QFormat="true"\n   Name="Intense Emphasis"/>\n  <w:LsdException Locked="false" Priority="31" QFormat="true"\n   Name="Subtle Reference"/>\n  <w:LsdException Locked="false" Priority="32" QFormat="true"\n   Name="Intense Reference"/>\n  <w:LsdException Locked="false" Priority="33" QFormat="true" Name="Book Title"/>\n  <w:LsdException Locked="false" Priority="37" SemiHidden="true"\n   UnhideWhenUsed="true" Name="Bibliography"/>\n  <w:LsdException Locked="false" Priority="39" SemiHidden="true"\n   UnhideWhenUsed="true" QFormat="true" Name="TOC Heading"/>\n  <w:LsdException Locked="false" Priority="41" Name="Plain Table 1"/>\n  <w:LsdException Locked="false" Priority="42" Name="Plain Table 2"/>\n  <w:LsdException Locked="false" Priority="43" Name="Plain Table 3"/>\n  <w:LsdException Locked="false" Priority="44" Name="Plain Table 4"/>\n  <w:LsdException Locked="false" Priority="45" Name="Plain Table 5"/>\n  <w:LsdException Locked="false" Priority="40" Name="Grid Table Light"/>\n  <w:LsdException Locked="false" Priority="46" Name="Grid Table 1 Light"/>\n  <w:LsdException Locked="false" Priority="47" Name="Grid Table 2"/>\n  <w:LsdException Locked="false" Priority="48" Name="Grid Table 3"/>\n  <w:LsdException Locked="false" Priority="49" Name="Grid Table 4"/>\n  <w:LsdException Locked="false" Priority="50" Name="Grid Table 5 Dark"/>\n  <w:LsdException Locked="false" Priority="51" Name="Grid Table 6 Colorful"/>\n  <w:LsdException Locked="false" Priority="52" Name="Grid Table 7 Colorful"/>\n  <w:LsdException Locked="false" Priority="46"\n   Name="Grid Table 1 Light Accent 1"/>\n  <w:LsdException Locked="false" Priority="47" Name="Grid Table 2 Accent 1"/>\n  <w:LsdException Locked="false" Priority="48" Name="Grid Table 3 Accent 1"/>\n  <w:LsdException Locked="false" Priority="49" Name="Grid Table 4 Accent 1"/>\n  <w:LsdException Locked="false" Priority="50" Name="Grid Table 5 Dark Accent 1"/>\n  <w:LsdException Locked="false" Priority="51"\n   Name="Grid Table 6 Colorful Accent 1"/>\n  <w:LsdException Locked="false" Priority="52"\n   Name="Grid Table 7 Colorful Accent 1"/>\n  <w:LsdException Locked="false" Priority="46"\n   Name="Grid Table 1 Light Accent 2"/>\n  <w:LsdException Locked="false" Priority="47" Name="Grid Table 2 Accent 2"/>\n  <w:LsdException Locked="false" Priority="48" Name="Grid Table 3 Accent 2"/>\n  <w:LsdException Locked="false" Priority="49" Name="Grid Table 4 Accent 2"/>\n  <w:LsdException Locked="false" Priority="50" Name="Grid Table 5 Dark Accent 2"/>\n  <w:LsdException Locked="false" Priority="51"\n   Name="Grid Table 6 Colorful Accent 2"/>\n  <w:LsdException Locked="false" Priority="52"\n   Name="Grid Table 7 Colorful Accent 2"/>\n  <w:LsdException Locked="false" Priority="46"\n   Name="Grid Table 1 Light Accent 3"/>\n  <w:LsdException Locked="false" Priority="47" Name="Grid Table 2 Accent 3"/>\n  <w:LsdException Locked="false" Priority="48" Name="Grid Table 3 Accent 3"/>\n  <w:LsdException Locked="false" Priority="49" Name="Grid Table 4 Accent 3"/>\n  <w:LsdException Locked="false" Priority="50" Name="Grid Table 5 Dark Accent 3"/>\n  <w:LsdException Locked="false" Priority="51"\n   Name="Grid Table 6 Colorful Accent 3"/>\n  <w:LsdException Locked="false" Priority="52"\n   Name="Grid Table 7 Colorful Accent 3"/>\n  <w:LsdException Locked="false" Priority="46"\n   Name="Grid Table 1 Light Accent 4"/>\n  <w:LsdException Locked="false" Priority="47" Name="Grid Table 2 Accent 4"/>\n  <w:LsdException Locked="false" Priority="48" Name="Grid Table 3 Accent 4"/>\n  <w:LsdException Locked="false" Priority="49" Name="Grid Table 4 Accent 4"/>\n  <w:LsdException Locked="false" Priority="50" Name="Grid Table 5 Dark Accent 4"/>\n  <w:LsdException Locked="false" Priority="51"\n   Name="Grid Table 6 Colorful Accent 4"/>\n  <w:LsdException Locked="false" Priority="52"\n   Name="Grid Table 7 Colorful Accent 4"/>\n  <w:LsdException Locked="false" Priority="46"\n   Name="Grid Table 1 Light Accent 5"/>\n  <w:LsdException Locked="false" Priority="47" Name="Grid Table 2 Accent 5"/>\n  <w:LsdException Locked="false" Priority="48" Name="Grid Table 3 Accent 5"/>\n  <w:LsdException Locked="false" Priority="49" Name="Grid Table 4 Accent 5"/>\n  <w:LsdException Locked="false" Priority="50" Name="Grid Table 5 Dark Accent 5"/>\n  <w:LsdException Locked="false" Priority="51"\n   Name="Grid Table 6 Colorful Accent 5"/>\n  <w:LsdException Locked="false" Priority="52"\n   Name="Grid Table 7 Colorful Accent 5"/>\n  <w:LsdException Locked="false" Priority="46"\n   Name="Grid Table 1 Light Accent 6"/>\n  <w:LsdException Locked="false" Priority="47" Name="Grid Table 2 Accent 6"/>\n  <w:LsdException Locked="false" Priority="48" Name="Grid Table 3 Accent 6"/>\n  <w:LsdException Locked="false" Priority="49" Name="Grid Table 4 Accent 6"/>\n  <w:LsdException Locked="false" Priority="50" Name="Grid Table 5 Dark Accent 6"/>\n  <w:LsdException Locked="false" Priority="51"\n   Name="Grid Table 6 Colorful Accent 6"/>\n  <w:LsdException Locked="false" Priority="52"\n   Name="Grid Table 7 Colorful Accent 6"/>\n  <w:LsdException Locked="false" Priority="46" Name="List Table 1 Light"/>\n  <w:LsdException Locked="false" Priority="47" Name="List Table 2"/>\n  <w:LsdException Locked="false" Priority="48" Name="List Table 3"/>\n  <w:LsdException Locked="false" Priority="49" Name="List Table 4"/>\n  <w:LsdException Locked="false" Priority="50" Name="List Table 5 Dark"/>\n  <w:LsdException Locked="false" Priority="51" Name="List Table 6 Colorful"/>\n  <w:LsdException Locked="false" Priority="52" Name="List Table 7 Colorful"/>\n  <w:LsdException Locked="false" Priority="46"\n   Name="List Table 1 Light Accent 1"/>\n  <w:LsdException Locked="false" Priority="47" Name="List Table 2 Accent 1"/>\n  <w:LsdException Locked="false" Priority="48" Name="List Table 3 Accent 1"/>\n  <w:LsdException Locked="false" Priority="49" Name="List Table 4 Accent 1"/>\n  <w:LsdException Locked="false" Priority="50" Name="List Table 5 Dark Accent 1"/>\n  <w:LsdException Locked="false" Priority="51"\n   Name="List Table 6 Colorful Accent 1"/>\n  <w:LsdException Locked="false" Priority="52"\n   Name="List Table 7 Colorful Accent 1"/>\n  <w:LsdException Locked="false" Priority="46"\n   Name="List Table 1 Light Accent 2"/>\n  <w:LsdException Locked="false" Priority="47" Name="List Table 2 Accent 2"/>\n  <w:LsdException Locked="false" Priority="48" Name="List Table 3 Accent 2"/>\n  <w:LsdException Locked="false" Priority="49" Name="List Table 4 Accent 2"/>\n  <w:LsdException Locked="false" Priority="50" Name="List Table 5 Dark Accent 2"/>\n  <w:LsdException Locked="false" Priority="51"\n   Name="List Table 6 Colorful Accent 2"/>\n  <w:LsdException Locked="false" Priority="52"\n   Name="List Table 7 Colorful Accent 2"/>\n  <w:LsdException Locked="false" Priority="46"\n   Name="List Table 1 Light Accent 3"/>\n  <w:LsdException Locked="false" Priority="47" Name="List Table 2 Accent 3"/>\n  <w:LsdException Locked="false" Priority="48" Name="List Table 3 Accent 3"/>\n  <w:LsdException Locked="false" Priority="49" Name="List Table 4 Accent 3"/>\n  <w:LsdException Locked="false" Priority="50" Name="List Table 5 Dark Accent 3"/>\n  <w:LsdException Locked="false" Priority="51"\n   Name="List Table 6 Colorful Accent 3"/>\n  <w:LsdException Locked="false" Priority="52"\n   Name="List Table 7 Colorful Accent 3"/>\n  <w:LsdException Locked="false" Priority="46"\n   Name="List Table 1 Light Accent 4"/>\n  <w:LsdException Locked="false" Priority="47" Name="List Table 2 Accent 4"/>\n  <w:LsdException Locked="false" Priority="48" Name="List Table 3 Accent 4"/>\n  <w:LsdException Locked="false" Priority="49" Name="List Table 4 Accent 4"/>\n  <w:LsdException Locked="false" Priority="50" Name="List Table 5 Dark Accent 4"/>\n  <w:LsdException Locked="false" Priority="51"\n   Name="List Table 6 Colorful Accent 4"/>\n  <w:LsdException Locked="false" Priority="52"\n   Name="List Table 7 Colorful Accent 4"/>\n  <w:LsdException Locked="false" Priority="46"\n   Name="List Table 1 Light Accent 5"/>\n  <w:LsdException Locked="false" Priority="47" Name="List Table 2 Accent 5"/>\n  <w:LsdException Locked="false" Priority="48" Name="List Table 3 Accent 5"/>\n  <w:LsdException Locked="false" Priority="49" Name="List Table 4 Accent 5"/>\n  <w:LsdException Locked="false" Priority="50" Name="List Table 5 Dark Accent 5"/>\n  <w:LsdException Locked="false" Priority="51"\n   Name="List Table 6 Colorful Accent 5"/>\n  <w:LsdException Locked="false" Priority="52"\n   Name="List Table 7 Colorful Accent 5"/>\n  <w:LsdException Locked="false" Priority="46"\n   Name="List Table 1 Light Accent 6"/>\n  <w:LsdException Locked="false" Priority="47" Name="List Table 2 Accent 6"/>\n  <w:LsdException Locked="false" Priority="48" Name="List Table 3 Accent 6"/>\n  <w:LsdException Locked="false" Priority="49" Name="List Table 4 Accent 6"/>\n  <w:LsdException Locked="false" Priority="50" Name="List Table 5 Dark Accent 6"/>\n  <w:LsdException Locked="false" Priority="51"\n   Name="List Table 6 Colorful Accent 6"/>\n  <w:LsdException Locked="false" Priority="52"\n   Name="List Table 7 Colorful Accent 6"/>\n </w:LatentStyles>\n</xml><![endif]--><!--[if gte mso 10]>\n<style>\n /* Style Definitions */\n table.MsoNormalTable\n	{mso-style-name:"Table Normal";\n	mso-tstyle-rowband-size:0;\n	mso-tstyle-colband-size:0;\n	mso-style-noshow:yes;\n	mso-style-priority:99;\n	mso-style-parent:"";\n	mso-padding-alt:0in 5.4pt 0in 5.4pt;\n	mso-para-margin-top:0in;\n	mso-para-margin-right:0in;\n	mso-para-margin-bottom:8.0pt;\n	mso-para-margin-left:0in;\n	line-height:107%;\n	mso-pagination:widow-orphan;\n	font-size:11.0pt;\n	font-family:"Calibri","sans-serif";\n	mso-ascii-font-family:Calibri;\n	mso-ascii-theme-font:minor-latin;\n	mso-hansi-font-family:Calibri;\n	mso-hansi-theme-font:minor-latin;\n	mso-fareast-language:JA;}\n</style>\n<![endif]-->');
