-- Table structure for table `comp_supplier_statement`
--

CREATE TABLE `comp_supplier_statement` (
  `ID` int(11) NOT NULL AUTO_INCREMENT,
  `debit` double NOT NULL,
  `credit` double NOT NULL,
  `balance` double NOT NULL,
  `supplierCode` int(11) NOT NULL,
  `supplierName` varchar(16) NOT NULL,
  `description` varchar(255) NOT NULL,
  `referenceNo` varchar(5) NOT NULL,
  `is_delete` smallint(16) NOT NULL,
  PRIMARY KEY (`ID`)
) ENGINE=InnoDB DEFAULT CHARSET=latin1;

--
-- Dumping data for table `comp_supplier_statement`
--


--
-- Table structure for table `comp_unpresented_check`
--

CREATE TABLE `comp_unpresented_check` (
  `ID` int(11) NOT NULL AUTO_INCREMENT,
  `companyID` int(11) NOT NULL,
  `transDate` date NOT NULL,
  `transNo` varchar(255) NOT NULL,
  `desc` text NOT NULL,
  `referenceNo` varchar(255) NOT NULL,
  `bankID` int(11) NOT NULL,
  `debit` double NOT NULL,
  `credit` double NOT NULL,
  `bankReconcileID` int(11) NOT NULL DEFAULT '0',
  `is_delete` int(11) NOT NULL DEFAULT '0',
  `createdTS` timestamp NOT NULL DEFAULT CURRENT_TIMESTAMP,
  `createdBy` int(11) DEFAULT NULL,
  `updateTS` timestamp NULL ,
  `updatedBy` int(11) DEFAULT NULL,
  PRIMARY KEY (`ID`)
) ENGINE=InnoDB AUTO_INCREMENT=37 DEFAULT CHARSET=latin1;

--
-- Dumping data for table `comp_unpresented_check`
--

INSERT INTO `comp_unpresented_check` VALUES (1,124,'2015-02-04','This is a test','Lorem ipsum dolor sit emet','referenceNo1234',71,100,0,70,0,'2015-02-04 02:21:45',33,'2015-02-04 05:54:05',0),(2,124,'2015-02-04','UPCHK','Lorem ipsum dolor sit','referenceNo',71,100,0,0,0,'2015-02-04 02:24:42',33,'2015-02-04 05:27:33',NULL),(9,124,'2015-02-02','sam1234','asdf asdf asfd asfd a','sam1234',66,300,200,0,1,'2015-02-04 09:33:11',NULL,'2015-02-04 09:33:56',NULL),(10,124,'2015-02-04','sam123','lorem ipsum dolor sit emet','sam123',65,200,200,0,0,'2015-02-04 09:34:51',NULL,'0000-00-00 00:00:00',NULL),(11,124,'2015-02-04','53453455','mjnjnjln jl;','MBB12233',65,100,0,0,0,'2015-02-04 10:09:42',NULL,'0000-00-00 00:00:00',NULL),(12,124,'2005-02-09','2313','fad','123123',65,0,213123,0,0,'2015-02-05 03:50:26',NULL,'0000-00-00 00:00:00',NULL),(13,138,'2011-02-09','OP00001','PAYMENT FOR TNB','MBB00001',82,0,1500,89,0,'2015-02-05 03:51:51',NULL,'2015-02-07 04:42:55',NULL),(14,138,'2011-02-10','OP00002','PAYMENT FOR AHMAD','MB00002',82,0,600,89,0,'2015-02-05 03:52:48',NULL,'2015-02-07 04:42:55',NULL),(15,138,'2011-02-11','OP00003','PAYMENT FOR SYABAS','MB00003',82,0,500,0,0,'2015-02-05 03:53:26',NULL,'2015-02-07 04:38:11',NULL),(16,138,'2011-02-12','OP0004','PAYMENT FOR RENTAL','MBB0004',82,0,2500,89,0,'2015-02-05 03:55:38',NULL,'2015-02-07 04:42:55',NULL),(17,138,'2011-02-13','OR00001','RECEIPT FROM KARAN','CIMB00012',85,3000,0,0,0,'2015-02-05 03:56:24',NULL,'2015-02-06 04:03:45',NULL),(18,124,'2015-02-03','1111','111','1111',66,111,1111,0,0,'2015-02-05 04:32:28',NULL,'0000-00-00 00:00:00',NULL),(19,138,'2011-02-10','OP000077','PAYMENT','RHB0001',85,0,1000,0,1,'2015-02-05 10:28:25',NULL,'2015-02-06 03:39:06',NULL),(20,138,'2011-03-31','8989','dfgdfg','89798',85,0,1000,0,1,'2015-02-06 03:40:52',NULL,'2015-02-06 03:46:05',NULL),(21,138,'2011-02-03','4545','hfghf','4545',86,0,1000,0,1,'2015-02-06 03:48:08',NULL,'2015-02-06 03:52:44',NULL),(22,138,'2011-02-09','533','dfgdfg','435',85,0,3434.1,0,1,'2015-02-06 04:16:54',NULL,'2015-02-06 04:17:06',NULL),(23,138,'2011-02-08','OR1234','CUSTOMER 2','MBB214543',82,20000,0,0,0,'2015-02-07 06:03:53',NULL,'0000-00-00 00:00:00',NULL),(24,133,'2014-12-24','PV123456','EPF Jan 2015','MBB123456',78,0,3000,90,0,'2015-02-07 07:41:50',NULL,'2015-02-07 08:51:30',NULL),(25,133,'2014-12-30','PV234567','SOCSO Dec 2014','MBB234567',78,0,300,90,0,'2015-02-07 07:43:30',NULL,'2015-02-07 08:51:30',NULL),(26,133,'2014-12-31','OR2222','Customer 1','SCB2222',78,10000,0,90,0,'2015-02-07 07:45:07',NULL,'2015-02-07 08:51:30',NULL),(27,133,'2014-12-29','PV345678','Allowance Dec 2014','MBB345678',78,0,1000,90,0,'2015-02-07 07:46:12',NULL,'2015-02-07 08:51:30',NULL),(28,133,'2014-12-30','OR333333','Customer 2','ARJ333333',78,50000,0,90,0,'2015-02-07 07:48:04',NULL,'2015-02-07 08:51:30',NULL),(29,135,'2013-12-30','PV666666','Allowances','MBB445566',77,0,2000,0,0,'2015-03-05 08:45:46',NULL,'0000-00-00 00:00:00',NULL),(30,116,'2015-03-01','1122','Cili Maz Trading Co. ','536778',54,100,0,0,0,'2015-03-26 08:52:28',NULL,'0000-00-00 00:00:00',NULL),(31,116,'2014-04-01','12345','Example','67890',95,0,250,0,1,'2015-04-22 08:00:40',NULL,'2015-04-22 08:14:22',NULL),(32,147,'2015-12-16','ytu','fdgdfg','ytut',105,0,200,0,1,'2015-09-07 04:19:59',NULL,'2015-09-07 04:22:57',NULL),(33,124,'2012-01-01','243245','This is an un-presented check which created before financial period start','dvsadf234234',65,200,0,0,0,'2015-09-10 03:12:55',NULL,'0000-00-00 00:00:00',NULL),(34,136,'2015-12-03','121','SPS Training','03122015',96,110,0,0,0,'2015-12-03 06:55:41',NULL,'0000-00-00 00:00:00',NULL),(35,136,'2015-12-03','123','Rental','0000123',99,60,0,0,0,'2015-12-03 06:55:52',NULL,'0000-00-00 00:00:00',NULL),(36,149,'2015-10-01','samTesting Unpresented cheque','Sam checking unpresented check','Sam checking unpresented check',108,100,0,0,0,'2015-12-30 02:33:42',NULL,'2016-01-04 10:43:20',NULL);

--
-- Table structure for table `comp_visual_report`
--

CREATE TABLE `comp_visual_report` (
  `id` int(11) NOT NULL AUTO_INCREMENT,
  `companyID` int(11) NOT NULL,
  `graph_id` int(11) NOT NULL,
  `page_id` int(11) NOT NULL,
  `order` int(11) NOT NULL,
  `active` tinyint(1) NOT NULL DEFAULT '1',
  `is_delete` tinyint(1) NOT NULL DEFAULT '0',
  PRIMARY KEY (`id`)
) ENGINE=InnoDB AUTO_INCREMENT=47 DEFAULT CHARSET=latin1;

--
-- Dumping data for table `comp_visual_report`
--

INSERT INTO `comp_visual_report` VALUES (2,121,2,95,0,1,0),(3,121,1,5,0,1,0),(4,121,1,5,0,1,0),(5,121,1,1,0,1,0),(7,121,2,96,0,1,0),(8,121,3,97,0,1,0),(9,148,1,1,0,1,0),(12,132,1,1,1,1,0),(13,132,2,1,0,1,0),(15,133,2,1,1,1,0),(16,133,1,1,0,1,0),(17,133,4,96,0,1,0),(18,133,5,96,1,1,0),(19,121,6,100,0,1,0),(20,121,5,100,1,1,0),(21,121,5,1,1,1,0),(22,124,5,1,0,1,0),(23,124,6,100,0,1,0),(24,124,5,100,1,1,1),(25,133,6,100,0,1,0),(26,147,1,1,0,1,0),(27,136,6,1,0,1,0),(28,124,1,1,0,1,0),(29,124,6,1,0,1,0),(30,124,6,107,3,1,0),(31,124,6,100,1,1,0),(32,149,1,1,0,1,0),(33,149,2,1,1,1,0),(34,167,1,1,1,1,0),(35,165,1,1,1,1,0),(36,156,1,1,1,1,0),(37,157,1,1,1,1,0),(38,161,1,1,1,1,0),(39,167,2,1,2,1,0),(40,158,6,1,8,1,0),(41,165,4,1,1,1,0),(42,163,1,100,123,0,0),(43,149,1,100,0,0,1),(44,149,6,100,0,1,0),(45,136,6,100,0,1,0),(46,149,3,1,0,1,0);

--
-- Table structure for table `company`
--

CREATE TABLE `company` (
  `ID` int(11) NOT NULL AUTO_INCREMENT,
  `companyName` varchar(128) NOT NULL,
  `companyNo` varchar(16) NOT NULL,
  `incorporateDate` date NOT NULL,
  `businessTypeID` int(11) NOT NULL,
  `line1` varchar(128) NOT NULL,
  `line2` varchar(128) NOT NULL,
  `line3` varchar(128) NOT NULL,
  `city` varchar(128) NOT NULL,
  `companyPostCode` varchar(8) NOT NULL,
  `companyStateID` int(11) NOT NULL,
  `phoneNo` varchar(16) NOT NULL,
  `faxNo` varchar(16) NOT NULL,
  `email` varchar(64) NOT NULL,
  `website` varchar(32) NOT NULL,
  `uploadLogo` varchar(64) NOT NULL,
  `currencyID` int(11) NOT NULL,
  `languageID` int(11) NOT NULL,
  `countryID` int(11) NOT NULL,
  `muslimShareholder` double NOT NULL,
  `gstRegisteredNo` varchar(16) NOT NULL,
  `gstRegisteredDate` date DEFAULT NULL,
  `gstSubmissionBuffer` int(16) NOT NULL,
  `taxablePeriod` smallint(6) NOT NULL,
  `masterMSIC` int(12) NOT NULL,
  `dateFormat` int(16) NOT NULL DEFAULT '1',
  `createdBy` int(11) NOT NULL,
  `createdTS` timestamp NOT NULL DEFAULT CURRENT_TIMESTAMP,
  `updatedBy` int(11) NOT NULL,
  `updatedTS` timestamp NOT NULL DEFAULT '0000-00-00 00:00:00' ,
  `is_delete` smallint(6) NOT NULL,
  `keyCode` varchar(128) NOT NULL,
  PRIMARY KEY (`ID`)
) ENGINE=InnoDB AUTO_INCREMENT=168 DEFAULT CHARSET=latin1;

--
-- Dumping data for table `company`
--

INSERT INTO `company` VALUES (1,'Salihin IT Solution Sdn Bhd','12345','2014-06-26',1,'no 1 jalan 1/1,','off jalan line 2,','main road jalan 3,','Pontian','56388',1921,'603-61859970','603-61857788','0','http://www.salihin.com.my','0',1,0,458,100,'','1970-01-01',6,0,0,1,0,'2014-04-24 04:32:22',0,'2014-11-26 09:34:43',0,'vp8XYptujJYHpiFC+S7qvcaAnh2Lan6qYEbZPXSfcDE'),(2,'Salihin GST Services Sdn Bhd','12345','0000-00-00',1,'','','','','0',0,'0','0','0','0','0',1,0,458,0,'0','0000-00-00',0,0,0,1,0,'2014-04-24 04:54:31',0,'2014-11-26 09:34:43',0,'vp8XYptujJYHpiFC+S7qvcaAnh2Lan6qYEbZPXSfcDE'),(3,'Salihin Consulting Sdn Bhd','12345','1970-01-01',1,'jalan awan 1','kg awan 2','bandar awan 3','','0',0,'0','0','0','0','0',1,0,458,100,'0','1970-01-01',0,0,0,1,0,'2014-04-24 06:51:10',0,'2014-11-26 09:34:43',0,'vp8XYptujJYHpiFC+S7qvcaAnh2Lan6qYEbZPXSfcDE'),(4,'fad','12345','2014-06-26',1,'fad','rqwr','wqrqwrwqr','bfgbfgb','41241',0,'fad','fad','fad','fad','0',1,0,458,23123,'0','2015-01-09',0,0,0,1,0,'2014-04-24 07:38:03',0,'2014-11-26 09:34:43',0,'vp8XYptujJYHpiFC+S7qvcaAnh2Lan6qYEbZPXSfcDE'),(7,'Fadhirul Hilmi Bin Muhamad Kamil','12345','0000-00-00',1,'','','','','0',0,'','','','','0',1,0,458,0,'','0000-00-00',0,0,0,1,0,'2014-04-30 07:25:35',0,'2014-11-26 09:34:43',0,'vp8XYptujJYHpiFC+S7qvcaAnh2Lan6qYEbZPXSfcDE'),(15,'Fadhirul Hilmi test sdn bhd','12345','2014-05-29',4,'no 6 jalan hilman','desa hilmon','kg hiliran damai','','',0,'0129552013','23456','phoe_nix29@yahoo.com','www.salihin.com.my','0',1,0,458,100,'0','1970-01-01',0,0,0,1,0,'2014-05-28 20:27:33',0,'2014-11-26 09:34:43',0,'vp8XYptujJYHpiFC+S7qvcaAnh2Lan6qYEbZPXSfcDE'),(16,'biskut cap ping pong sdn bhd','12345','2014-06-05',1,'','','','','',0,'03-32136284','','','','0',1,0,0,0,'','0000-00-00',0,0,0,1,0,'2014-06-05 01:14:02',0,'2014-11-26 09:34:43',0,'vp8XYptujJYHpiFC+S7qvcaAnh2Lan6qYEbZPXSfcDE'),(17,'Roti cap ping pong sdn bhd','12345','2014-06-05',1,'','','','','',0,'03-32136284','','','','0',1,0,0,0,'','0000-00-00',0,0,0,1,0,'2014-06-05 01:15:58',0,'2014-11-26 09:34:43',0,'vp8XYptujJYHpiFC+S7qvcaAnh2Lan6qYEbZPXSfcDE'),(18,'basikal cap ping pong sdn bhd','12345','2014-06-05',1,'','','','','',0,'03-32136284','','','','0',1,0,0,0,'','0000-00-00',0,0,0,1,0,'2014-06-05 01:16:36',0,'2014-11-26 09:34:43',1,'vp8XYptujJYHpiFC+S7qvcaAnh2Lan6qYEbZPXSfcDE'),(25,'biskut cap ping pong sdn bhd','12345','2014-06-05',1,'','','','','',0,'03-32136284','','','','0',1,0,0,0,'','0000-00-00',0,0,0,1,0,'2014-06-05 01:54:02',0,'2014-11-26 09:34:43',0,'vp8XYptujJYHpiFC+S7qvcaAnh2Lan6qYEbZPXSfcDE'),(26,'biskut cap ping pong sdn bhd','12345','2014-06-05',1,'','','','','',0,'03-32136284','','','','0',1,0,0,0,'','0000-00-00',0,0,0,1,0,'2014-06-05 01:57:05',0,'2014-11-26 09:34:43',0,'vp8XYptujJYHpiFC+S7qvcaAnh2Lan6qYEbZPXSfcDE'),(27,'Bee World','12345','2014-06-06',1,'','','','','',0,'603 61851515','603 61851414','bee@gmail.com','www.bee.com.my','0',1,0,0,0,'','0000-00-00',0,0,0,1,0,'2014-06-05 18:50:13',0,'2014-11-26 09:34:43',1,'vp8XYptujJYHpiFC+S7qvcaAnh2Lan6qYEbZPXSfcDE'),(28,'testign company','12345','2014-06-26',1,'','','','','',0,'603 61851515','603 61851414','account@salihin.com.my','','0',1,0,0,100,'0','0000-00-00',6,0,0,1,0,'2014-06-25 20:55:23',0,'2014-11-26 09:34:43',1,'vp8XYptujJYHpiFC+S7qvcaAnh2Lan6qYEbZPXSfcDE'),(31,'generasi sdn bhd','12345','2014-06-26',1,'','','','','',0,'603 61851515','603 61851414','account@salihin.com.my','www.bee.com.my','0',1,0,0,1000,'0','0000-00-00',0,0,0,1,0,'2014-06-25 20:55:23',0,'2014-11-26 09:34:43',1,'vp8XYptujJYHpiFC+S7qvcaAnh2Lan6qYEbZPXSfcDE'),(32,'Bee World 123','12345','2014-06-26',1,'','','','','',0,'','','','','0',0,0,0,1001,'0','0000-00-00',6,0,0,1,0,'2014-06-25 22:11:04',0,'2014-11-26 09:34:43',1,'vp8XYptujJYHpiFC+S7qvcaAnh2Lan6qYEbZPXSfcDE'),(33,'Bee World 1231','12345','2014-06-26',1,'','','','','',0,'','','','','0',0,0,0,1001,'0','0000-00-00',6,0,0,1,0,'2014-06-25 22:11:04',0,'2014-11-26 09:34:43',1,'vp8XYptujJYHpiFC+S7qvcaAnh2Lan6qYEbZPXSfcDE'),(34,'Bee World 1231','12345','2014-06-26',1,'','','','','',0,'','','','','0',0,0,0,1001,'0','0000-00-00',6,0,0,1,0,'2014-06-25 22:11:04',0,'2014-11-26 09:34:43',1,'vp8XYptujJYHpiFC+S7qvcaAnh2Lan6qYEbZPXSfcDE'),(41,'FZ ENTERPRISE','12345','2014-06-26',1,'','','','','',0,'','','','','0',0,0,0,1001111111,'0','0000-00-00',6,0,0,1,0,'2014-06-26 00:27:40',0,'2014-11-26 09:34:43',1,'vp8XYptujJYHpiFC+S7qvcaAnh2Lan6qYEbZPXSfcDE'),(42,'rise sdn bhd','12345','2014-06-26',1,'','','','','',0,'','','','','0',0,0,0,1001,'0','0000-00-00',0,0,0,1,0,'2014-06-26 00:46:01',0,'2014-11-26 09:34:43',1,'vp8XYptujJYHpiFC+S7qvcaAnh2Lan6qYEbZPXSfcDE'),(43,'rise sdn bhd','12345','2014-06-26',1,'','','','','',0,'','','','','0',0,0,0,1001,'0','0000-00-00',0,0,0,1,0,'2014-06-26 00:51:59',0,'2014-11-26 09:34:43',1,'vp8XYptujJYHpiFC+S7qvcaAnh2Lan6qYEbZPXSfcDE'),(45,'Bee World Best','12345','2014-06-26',1,'555, JALAN SAMUDRA UTARA 1','TAMAN SAMUDRA','68100 BATU CAVES SELANGOR','','',0,'0321314545','0321313434','bee@gmail.com','www.bee.com.my','0',1,0,0,100,'0','1970-01-01',0,0,0,1,0,'2014-06-26 01:34:17',0,'2014-11-26 09:34:43',1,'vp8XYptujJYHpiFC+S7qvcaAnh2Lan6qYEbZPXSfcDE'),(52,'Salihin IT Solution Sdn Bhd','12345','2014-07-01',1,'fad','fad','fad','','',0,'314234','2312321','phoe_nix30@yahoo.com','','0',5,0,0,12,'645645645645645','1970-01-01',34234,0,0,1,0,'2014-06-30 22:26:31',0,'2015-11-05 03:48:34',0,'vp8XYptujJYHpiFC+S7qvcaAnh2Lan6qYEbZPXSfcDE'),(53,'husin sdn bhd','12345','2014-07-01',1,'fad','fad','fad','','',0,'314234','2312321','phoe_nix30@yahoo.com','dasdasdasd','0',5,0,0,12,'0','1970-01-01',34234,0,0,1,0,'2014-06-30 22:26:31',0,'2014-11-26 09:34:43',0,'vp8XYptujJYHpiFC+S7qvcaAnh2Lan6qYEbZPXSfcDE'),(54,'husin sdn bhd','12345','2014-07-01',1,'fad','fad','fad','','',0,'314234','2312321','phoe_nix30@yahoo.com','dasdasdasd','0',5,0,0,12,'0','1970-01-01',34234,0,0,1,0,'2014-06-30 22:26:31',0,'2014-11-26 09:34:43',1,'vp8XYptujJYHpiFC+S7qvcaAnh2Lan6qYEbZPXSfcDE'),(55,'Bee World','12345','2014-07-03',1,'555, JALAN SAMUDRA UTARA 1','TAMAN SAMUDRA','68100 Batu Caves, Selangor','','',0,'603 61851515','603 61851414','bee@gmail.com','','0',1,0,0,100,'0','1970-01-01',0,0,0,1,0,'2014-07-02 19:36:44',0,'2014-11-26 09:34:43',1,'vp8XYptujJYHpiFC+S7qvcaAnh2Lan6qYEbZPXSfcDE'),(56,'companybaru79','12345','2014-07-09',1,'unit1-1-1,wisma kl sentral 5,','plaza sentral, 50450','kuala lumpur','','',0,'603 61851515','603 61851414','combaru@gmail.com','','0',1,0,0,100,'0','1970-01-01',0,0,0,1,0,'2014-07-08 18:59:33',0,'2014-11-26 09:34:43',1,'vp8XYptujJYHpiFC+S7qvcaAnh2Lan6qYEbZPXSfcDE'),(57,'fana test','12345','2014-07-09',1,'Unit 1-1-1, wisma sentral','plaza sentral 5','50450 kuala lumpur','','',0,'603 61851515','603 61851414','','','0',0,0,0,100,'0','1970-01-01',0,0,0,1,0,'2014-07-08 19:59:25',0,'2014-12-09 02:26:50',1,'vp8XYptujJYHpiFC+S7qvcaAnh2Lan6qYEbZPXSfcDE'),(74,'Armada Music Pte Ltd','12345','2012-08-25',1,'67,Jalan Saga SD 8/3','bandar Sri Damansara','52200 Kuala Lumpur','','',0,'0129234610','6547873','arifdanial8@gmail.com','www.armadamusic.com','0',1,0,0,100,'0','1970-01-01',6,0,0,1,0,'2014-07-16 21:37:22',0,'2014-11-26 09:34:43',0,'vp8XYptujJYHpiFC+S7qvcaAnh2Lan6qYEbZPXSfcDE'),(75,'SAM09 SDN BHD','12345','2000-03-14',3,'LOT 444, JALAN AMPANG JAYA','AMPANG POINT','681000, KUALA LUMPUR','KUALA LUMPUR','53100',0,'03-61859970','03-61853636','aizat@salihin.com.my','www.salihin.com.my','534534-T.JPG',1,0,458,100,'0','1970-01-01',28,0,0,1,0,'2014-07-16 21:36:49',0,'2014-11-26 09:34:43',0,'vp8XYptujJYHpiFC+S7qvcaAnh2Lan6qYEbZPXSfcDE'),(76,'beeboo world sdn bhd','12345','2014-07-17',1,'555, JALAN SAMUDRA UTARA 1','TAMAN SAMUDRA','SELANGOR','','',0,'603 61851515','603 61851414','bee@gmail.com','','0',0,0,0,100,'0','1970-01-01',6,0,0,1,0,'2014-07-16 21:45:58',0,'2014-11-26 09:34:43',1,'vp8XYptujJYHpiFC+S7qvcaAnh2Lan6qYEbZPXSfcDE'),(81,'Bee World','12345','2014-06-06',1,'26, Jalan Usahawan 6','Taman Jalan Raya','Batu Caves','','',0,'603 61851515','603 61851414','bee@gmail.com','www.bee.com.my','0',1,0,458,100,'0','1970-01-01',6,0,0,1,0,'2014-07-20 19:23:25',0,'2014-12-09 02:27:14',1,'vp8XYptujJYHpiFC+S7qvcaAnh2Lan6qYEbZPXSfcDE'),(82,'Niaga Berhad','12345','2014-07-21',3,'Lot 345, Jalan Mutiara','Jalan 33/10','Kampung Jaya','kuala lumpur','55100',0,'603-6188 5233','603-6188 5222','niaga@gamil.com','www.niaga.com.my','0',1,0,458,100,'0','2014-08-08',6,0,0,1,0,'2014-07-20 19:26:01',0,'2014-11-26 09:34:43',0,'vp8XYptujJYHpiFC+S7qvcaAnh2Lan6qYEbZPXSfcDE'),(83,'Bee Trade ','12345','2014-08-04',0,'555, JALAN SAMUDRA UTARA 1','TAMAN SAMUDRA','1','GOMBAK','68100',0,'','','','','0',1,0,458,100,'0','1970-01-01',0,0,0,1,0,'2014-08-03 19:47:35',0,'2014-11-26 09:34:43',1,'vp8XYptujJYHpiFC+S7qvcaAnh2Lan6qYEbZPXSfcDE'),(84,'Samblaze Ltd.','12345','2014-08-04',2,'Dhaka','Khelkhet','Bangladesh','Dhaka','12291',278,'01711124011','','sayem7746@gmail.com','samblaze.com','0',2,0,50,30,'0','1970-01-01',0,0,0,1,0,'2014-08-04 04:18:14',0,'2014-11-26 09:34:43',0,'vp8XYptujJYHpiFC+S7qvcaAnh2Lan6qYEbZPXSfcDE'),(85,'akmal solution sdn bhd','12345','2014-08-12',1,'no 16 jalan 9/12','taman bukit mewah fasa 9','kajang','kajang','43000',1931,'','','','','12345.JPG',1,0,458,70,'0234542354','2015-10-01',0,3,0,1,0,'2014-08-12 06:41:54',0,'2016-01-22 07:25:47',0,'vp8XYptujJYHpiFC+S7qvcaAnh2Lan6qYEbZPXSfcDE'),(86,'Aizat Trading Sdn. Bhd.','12345','2013-07-17',2,'No.344, Princes Suite','Jalan Ampang Jaya','Ampang','Ampang','68452',1933,'603-1221155','603-6154255','aizat@salihin.com.my','www.aizat.com.my','0',1,0,458,100,'1000700007','2013-01-01',0,3,0,1,0,'2014-08-12 22:58:22',0,'2014-11-26 09:34:43',0,'vp8XYptujJYHpiFC+S7qvcaAnh2Lan6qYEbZPXSfcDE'),(87,'Salihin Business Management Sdn Bhd','12345','2005-08-10',2,'555 Jalan Samudra Utara 1','Taman Samudra','Batu Caves','Gombak','68100',1931,'0383838383','0392828282','info@salihin.com.my','www.salihin.com.my','0',1,0,458,100,'0','1970-01-01',28,0,0,1,0,'2014-08-20 19:57:51',0,'2014-11-26 09:34:43',0,'vp8XYptujJYHpiFC+S7qvcaAnh2Lan6qYEbZPXSfcDE'),(88,'JENNY SDN BHD','12345','2010-08-12',0,'PT. 189','JALAN MAWAR','SEKSYEN 7','SHAH ALAM','40000',1931,'0191234567','034567899','','','0',1,0,458,100,'0','1970-01-01',0,0,0,1,0,'2014-08-21 00:41:20',0,'2014-11-26 09:34:43',1,'vp8XYptujJYHpiFC+S7qvcaAnh2Lan6qYEbZPXSfcDE'),(89,'FTWIN ENTERPRISE','12345','2014-01-01',0,'LOT 123, LORONG 3/4','JALAN KERUING, ','NILAI, SEREMBAN','','',0,'0323456789','0323456799','Ftwin_enterprise@gmail.com.my','','240492_P.JPG',1,0,458,100,'0','1970-01-01',0,0,0,1,0,'2014-08-21 19:22:27',0,'2014-11-26 09:34:43',1,'vp8XYptujJYHpiFC+S7qvcaAnh2Lan6qYEbZPXSfcDE'),(90,'APTB SDN BHD','12345','2014-08-01',0,'NO 4 JALAN MIRI 2','TAMAN KENYALANG,','SEMANTAN, SARAWAK','KUCHING','67000',1930,'0123456789','0112345678','aptb@yahoo.com','','0',1,0,458,50,'0','1970-01-01',0,0,0,1,0,'2014-08-21 19:42:06',0,'2014-11-26 09:34:43',1,'vp8XYptujJYHpiFC+S7qvcaAnh2Lan6qYEbZPXSfcDE'),(91,'demo demo sdn bhd','12345','2014-08-26',0,'no 1 jalan panglima 4','teluk panglima garang','banting','kuala langat','43000',1931,'','','','','0',1,0,458,100,'','1970-01-01',0,0,0,1,0,'2014-08-25 23:41:38',0,'2014-11-26 09:34:43',1,'vp8XYptujJYHpiFC+S7qvcaAnh2Lan6qYEbZPXSfcDE'),(92,'Salihin  IT','12345','2014-08-27',0,'add 1','alamat 2','alamat 3','ter','32423',1924,'234','324444','yahaya@test.com','website','0',1,0,458,40,'1234444','1988-01-07',0,0,0,1,0,'2014-08-26 21:16:22',0,'2014-11-26 09:34:43',0,'vp8XYptujJYHpiFC+S7qvcaAnh2Lan6qYEbZPXSfcDE'),(93,'Testing01 Sdn. Bhd.','12345','2004-09-08',2,'No, 543','Jalan Samudra Utara 2','Taman Samudra Utara','Gombak','68100',1931,'60361895570','60361842524','aizat@salihin.com.my','http://www.salihin.com.my','12345.JPG',1,0,458,40,'000125520326','2014-12-01',0,3,0,1,0,'2014-09-01 20:22:10',0,'2016-01-06 04:56:02',0,'vp8XYptujJYHpiFC+S7qvcaAnh2Lan6qYEbZPXSfcDE'),(94,'merdeka company sdn bhd','12345','2014-09-03',0,'no 16 jalan 65/2','taman melor antarabangsa','kg awan biru','sabak bernam','43000',1924,'','','','','0',1,0,458,79,'2134523452354','2014-09-03',0,0,0,1,0,'2014-09-03 03:49:15',0,'2014-11-26 09:34:43',0,'vp8XYptujJYHpiFC+S7qvcaAnh2Lan6qYEbZPXSfcDE'),(95,'Julia Sdn Bhd','12345','2014-01-01',4,'555','Jalan Samudra Utara 1','Taman Samudra','Gombak','68100',1931,'+603-61859970','+603-61842524','julia@salihin.com.my','http://www.salihin.com','666768-V.JPG',1,0,458,100,'000000000001','2014-01-01',0,0,0,1,0,'2014-09-04 20:00:13',0,'2014-11-26 09:34:43',0,'vp8XYptujJYHpiFC+S7qvcaAnh2Lan6qYEbZPXSfcDE'),(96,'wwwwww','12345','2014-09-05',4,'111','111','111','Melaka Tengah','68100',1931,'222222222','2222222222','','','0',1,0,458,10,'','2014-09-05',0,0,0,1,0,'2014-09-04 22:02:21',0,'2015-05-25 02:22:32',1,'vp8XYptujJYHpiFC+S7qvcaAnh2Lan6qYEbZPXSfcDE'),(97,'indah sdn bhd','12345','2014-09-05',0,'no 6 jalan melor','taman melor antarabangsa','kg awan biru','sabak bernam','43000',1931,'','','','','0',1,0,458,50,'','2014-09-05',0,0,0,1,0,'2014-09-05 03:00:59',0,'2014-11-26 09:34:43',0,'vp8XYptujJYHpiFC+S7qvcaAnh2Lan6qYEbZPXSfcDE'),(98,'indah sdn bhd','12345','2014-09-05',0,'no 6 jalan melor','taman melor antarabangsa','kg awan biru','sabak bernam','43000',1931,'','','','','0',1,0,458,50,'','1970-01-01',0,1,0,1,0,'2014-09-05 03:03:49',0,'2014-11-26 09:34:43',0,'vp8XYptujJYHpiFC+S7qvcaAnh2Lan6qYEbZPXSfcDE'),(99,'sds','12345','2014-09-05',0,'sdsq','zz','zxz','da','21212',1922,'','','','','0',1,0,458,0,'','0000-00-00',0,0,0,1,0,'2014-09-05 04:47:05',0,'2014-11-26 09:34:43',1,'vp8XYptujJYHpiFC+S7qvcaAnh2Lan6qYEbZPXSfcDE'),(100,'Johor Bharu Sdn Bhd','12345','2014-01-01',0,'No 777','Jalan Johor Bharu 109','Taman Johor Bharu','Johor Bharu','88888',1921,'607 5559999','607 5558888','jb@salihin.com.my','www.jb.com.my','0',1,0,458,10,'654321-J','2014-01-01',0,3,0,1,0,'2014-09-11 21:22:01',0,'2014-11-26 09:34:43',1,'vp8XYptujJYHpiFC+S7qvcaAnh2Lan6qYEbZPXSfcDE'),(101,'Demo 1 Sdn Bhd','12345','2014-01-01',0,'No 777','Jalan Demo 12','Taman Demo','Johor Bharu','88888',1921,'607 5559999','607 5558888','demo@salihin.com.my','www.demo.com.my','0',1,0,458,10,'666666-V','2014-01-01',0,3,0,1,0,'2014-09-11 21:34:19',0,'2014-11-26 09:34:43',0,'vp8XYptujJYHpiFC+S7qvcaAnh2Lan6qYEbZPXSfcDE'),(102,'JOHOR BHARU SDN BHD','12345','2014-01-01',4,'LOT 1 JALAN KENANGA ','PUSAT PERINDUSTRIAN','TAMAN SELASIH INDAH','JOHOR BHARU','67123',1921,'607- 34343434','+607- 3453453','johor_bharu@yahoo.com','www.johorbharu','0',1,0,458,10,'123456','2014-01-01',0,3,0,1,0,'2014-09-11 21:42:54',0,'2014-11-26 09:34:43',0,'vp8XYptujJYHpiFC+S7qvcaAnh2Lan6qYEbZPXSfcDE'),(103,'Salam sdn bhd','12345','2014-01-01',3,'no 4 jalan miri 2 ','taman beringin','','kuala lumpur','52000',1933,'+603 23456789','+603 23456788','','','0',1,0,458,10,'123456789876 ','2014-01-01',0,3,0,1,0,'2014-09-15 03:03:57',0,'2014-11-26 09:34:43',0,'vp8XYptujJYHpiFC+S7qvcaAnh2Lan6qYEbZPXSfcDE'),(104,'Testing05 sdn bhd','12345','2014-09-15',2,'no. 123','Jalan Bukit bintang','asfgas','Kuala Lumput','54544',1933,'','','','','67677-T.JPG',1,0,458,100,'123456789012','2014-09-15',0,1,0,1,0,'2014-09-15 03:15:09',0,'2014-11-26 09:34:43',0,'vp8XYptujJYHpiFC+S7qvcaAnh2Lan6qYEbZPXSfcDE'),(105,'Afzani Sdn Bhd','12345','2014-01-01',5,'no 12 jalan marudi 2','taman beringin','Beringin','kuala lumpur','52000',1933,'+603-22334455','+603-22334466','afzani@salihin.my','','0',1,0,458,50,'','1970-01-01',0,0,0,1,0,'2014-09-15 21:03:08',0,'2014-11-26 09:34:43',0,'vp8XYptujJYHpiFC+S7qvcaAnh2Lan6qYEbZPXSfcDE'),(106,'Sayem Test BHD','12345','2014-09-16',1,'Room#3.38, PG-Block, Salahuddin','IIUM','','Kuala Lumpur','53100',1933,'1312341234','123412341234','paysayem@gmail.com','sayem.com','0',2,0,458,123,'10000232100','2014-09-16',0,1,0,1,0,'2014-09-15 22:09:33',0,'2014-11-26 09:34:43',0,'vp8XYptujJYHpiFC+S7qvcaAnh2Lan6qYEbZPXSfcDE'),(107,'Aizat Sdn bhd','12345','2014-01-01',2,'No, 543','Jalan Bukit bintang','Taman Berserah','Batu Caves','68100',1931,'0361854411','0361584455','aizat@salihin.com.my','http://www.aizat.com.my','0',1,0,458,100,'000123256322','2014-01-01',0,3,0,1,0,'2014-09-21 20:54:58',0,'2014-11-26 09:34:43',0,'vp8XYptujJYHpiFC+S7qvcaAnh2Lan6qYEbZPXSfcDE'),(108,'TestingFad','12345','2014-09-22',3,'No 1 jalan 1','taman gombak','','Bt caves','68100',1931,'','','','','0',1,0,458,12,'','1970-01-01',0,0,0,1,0,'2014-09-21 21:07:47',0,'2014-11-26 09:34:43',1,'vp8XYptujJYHpiFC+S7qvcaAnh2Lan6qYEbZPXSfcDE'),(109,'isafadtest','12345','2014-09-22',0,'No 1 jalan 1','taman gombak','','Bt Caves','68100',1923,'','','','','0',1,0,458,23123,'','1970-01-01',0,0,0,1,0,'2014-09-22 01:17:28',0,'2014-11-26 09:34:43',0,'vp8XYptujJYHpiFC+S7qvcaAnh2Lan6qYEbZPXSfcDE'),(110,'Demo Company Sdn Bhd','12345','2008-04-02',2,'Unit 2A-1, Level 1,','Tower 2A, Plaza Sentral','Jalan Sentral 5 KL Sentral','Kuala Lumpur','50470',1933,'603222999','603222888','info@demo.com.my','http://www.demo.com.my','1234-H.JPG',1,0,458,100,'000001234567','2014-01-01',0,1,0,1,0,'2014-09-29 04:15:11',0,'2014-11-26 09:34:43',0,'vp8XYptujJYHpiFC+S7qvcaAnh2Lan6qYEbZPXSfcDE'),(111,'Testing Oct Sdn Bhd','12345','2009-01-16',2,'no. 123','Jalan Bukit bintang','Taman Bukit Bintang','Kuala Lumput','54544',1933,'0361851515','0361851514','sps@salihin.com.my','http://www.sps.com','5411-Q.JPG',1,0,458,100,'123456789012','2014-01-01',0,3,0,1,0,'2014-10-12 19:43:25',0,'2014-11-26 09:34:43',0,'vp8XYptujJYHpiFC+S7qvcaAnh2Lan6qYEbZPXSfcDE'),(112,'fssfdfdfdfd','12345','2014-10-13',0,'fdfdfd','dfd','df','sdad','ada',1934,'','','','','0',1,0,458,1,'','1970-01-01',0,0,0,1,0,'2014-10-12 19:44:18',0,'2014-11-26 09:34:43',1,'vp8XYptujJYHpiFC+S7qvcaAnh2Lan6qYEbZPXSfcDE'),(113,'sdssdsd','12345','2014-10-14',0,'sdssdsds','sdsdsds','','sdsd','sds',1934,'','','','','0',1,0,458,0,'','1970-01-01',0,0,0,1,0,'2014-10-13 19:30:52',0,'2014-11-26 09:34:43',1,'vp8XYptujJYHpiFC+S7qvcaAnh2Lan6qYEbZPXSfcDE'),(114,'Skyline sdn bhd','12345','2014-01-01',4,'555 jalan samudera','taman sri gombak','','batu caves','68100',1931,'03 90909090','03 80808080','skyline@gmail.com','http://darimataerna.blogspot.com','0',1,0,458,100,'123456789098','2014-10-06',0,3,0,1,0,'2014-10-17 00:47:15',0,'2014-11-26 09:34:43',0,'vp8XYptujJYHpiFC+S7qvcaAnh2Lan6qYEbZPXSfcDE'),(115,'Sample 123','12345','2014-10-28',0,'No.444','Jalan Bukit bintang','Taman Bukit Bintang','Bukit Bintang','54444',1933,'','','','','0',1,0,458,100,'123456789012','2014-10-21',0,3,0,1,0,'2014-10-27 18:30:24',0,'2014-11-26 09:34:43',0,'vp8XYptujJYHpiFC+S7qvcaAnh2Lan6qYEbZPXSfcDE'),(116,'November Rain Manufacturing Sdn Bhd','12345','2014-01-01',1,'No 777','Jalan Casmaria Utara 1','Taman Samudra','Gombak','68100',1931,'+603-61859970','+603-61842524','mel_mel1988@yahoo.com','http://www.syazmil.com','12345.JPG',1,0,458,98,'123456789012','2014-01-01',0,3,6789,1,0,'2014-11-03 21:30:38',0,'2015-07-27 06:00:09',0,'vp8XYptujJYHpiFC+S7qvcaAnh2Lan6qYEbZPXSfcDE'),(117,'Company Services Sdn Bhd','12345','2014-11-17',1,'1111','Jalan Bukit Jalil 1','Taman Bukit Jalil','Bukit Jalil','66666',1931,'+603-6111 6111','+603-6222 6222','mel_mel1988@yahoo.com','http://www.syazmil.com','0',1,0,458,10,'121212121212','2014-01-01',0,3,0,1,0,'2014-11-16 18:28:34',0,'2014-11-26 09:34:43',0,'vp8XYptujJYHpiFC+S7qvcaAnh2Lan6qYEbZPXSfcDE'),(118,'Salihin Construction Group','12345','2014-11-17',1,'22 JALAN 5','JALAN SANGKAKALA 3','SELANGOR','WANGSAMAJU','57000',0,'0399987934','','din@gmail.com','','0',1,0,458,0,'','1970-01-01',0,0,0,1,0,'2014-11-16 19:16:31',0,'2014-11-26 09:34:43',0,'vp8XYptujJYHpiFC+S7qvcaAnh2Lan6qYEbZPXSfcDE'),(119,'Fiesya Test','12345','2014-11-17',1,'222','222','222','222','68100',1921,'','','','','0',1,0,458,0,'','1970-01-01',0,0,0,1,0,'2014-11-16 19:24:26',0,'2015-03-16 04:06:21',1,'vp8XYptujJYHpiFC+S7qvcaAnh2Lan6qYEbZPXSfcDE'),(120,'CNH Copycat Sdn. Bhd.','12345','2014-11-17',1,'NO.1','JALAN HANG TUAH 1','TAMAN HANG TUAH','ALOR GAJAH','75300',1924,'06-2342 5674','06-2342 5675','assb@gmail.com','','0',1,0,458,100,'123456789012','2014-11-03',0,3,0,1,0,'2014-11-16 19:40:03',0,'2014-11-26 09:34:43',0,'vp8XYptujJYHpiFC+S7qvcaAnh2Lan6qYEbZPXSfcDE'),(121,'TEST AJE ','12345','2014-01-01',1,'123, JLN 123','TMN 123','taman kelana','AMPANG','33333',1931,'','','','','12345.JPG',1,0,458,80,'111111111111','2014-11-03',0,3,0,1,0,'2014-11-17 01:04:45',0,'2015-04-01 01:21:16',0,'vp8XYptujJYHpiFC+S7qvcaAnh2Lan6qYEbZPXSfcDE'),(122,'USERGUIDE TEST','12345','2012-06-06',1,'Unit 66,','Lorong Perusahaan Tiong 6','','Gombak','68100',1931,'+603-22616666','+603-22626666','fz@gmail.com.my','','0',1,0,458,100,'','1970-01-01',0,0,0,1,0,'2014-11-19 02:44:23',0,'2014-12-09 02:11:28',1,'vp8XYptujJYHpiFC+S7qvcaAnh2Lan6qYEbZPXSfcDE'),(123,'asas','12345','2014-11-26',0,'dscs','sdsdc','sds','sds','sdsds',1934,'sdsc','','','','0',1,0,458,0,'','1970-01-01',0,0,0,1,0,'2014-11-26 01:46:10',0,'2014-11-26 09:34:43',0,'vp8XYptujJYHpiFC+S7qvcaAnh2Lan6qYEbZPXSfcDE'),(124,'December Final Sdn Bhd','121212-D','2014-12-04',1,'Lot 100','Jalan Sabah 1','Taman Sabah','Sabah Utara','90987',1935,'+608-673 7632','+608-673 7633','sabah_mel1988@yahoo.com','http://www.syazmilsabah.com','121212-D.JPG',1,0,458,50,'121212121213','2014-01-01',0,0,0,1,0,'2014-12-03 19:34:08',0,'2016-01-15 06:47:30',0,'z57ptFXjTrVKHJLYOkCNqIT4CRD7VApmHSa5afskmP8'),(125,'Beezee World Sdn Bhd','060606','2006-06-06',1,'No. 6, JALAN TIONG 66','TAMAN PERINDUSTRIAN JAYA','','SHAH ALAM','40100',1931,'','','','','0',1,0,458,100,'','1970-01-01',0,0,0,1,0,'2014-12-08 19:27:19',0,'2014-12-09 04:44:26',1,'g/4sald94X6DCvJUuW7Z7x+6jp6luZTSqZm4Z46ilVE'),(126,'Beez Sdn Bhd','030303','2014-12-09',1,'No. 6, JALAN TIONG 66','TAMAN PERINDUSTRIAN JAYA','','SHAH ALAM','40100',1931,'','','','','0',1,0,458,100,'','1970-01-01',0,0,0,1,0,'2014-12-08 21:49:25',0,'2014-12-09 06:34:44',0,'xAGpgZlCZ+tf4d3p9TJAgB+6jp6luZTSqZm4Z46ilVE='),(127,'Testing Purpose Sdn Bhd','888888-A','2014-12-09',0,'111, GOLD TOWER','PERSIARAN DIAMOND','PLATINUM SUITE','KUALA LUMPUR','68100',1933,'03-22222222','03-22222221','aaaa@testingpurpose.com','http://www.testingpurpose.com','0',1,0,458,100,'123456789012','1970-01-01',0,3,0,1,0,'2014-12-08 22:02:09',0,'2014-12-09 06:57:59',1,'vd1QJYP/is11+UOHsu7Yrx+6jp6luZTSqZm4Z46ilVE='),(128,'Testing Purpose Sdn Bhd','88888-A','2014-12-09',1,'21','LORONG PERINDUSTRIAn 5/12','12','GOMBAK','68100',1931,'','','','','0',1,0,458,100,'','1970-01-01',0,0,0,1,0,'2014-12-08 23:58:04',0,'2014-12-09 07:15:20',0,'CreGFZ5bimrghg4EqwxyiiWQb1mguskzhynAzJh0CRA='),(129,'Testing Opening Balance','44556-G','2015-01-01',1,'No. 4334','Jalan Samudra Utara','Taman Samudra','Gombak','34400',1933,'','','','','44556-G.JPG',1,0,458,100,'123456789012','2015-01-01',0,3,0,1,0,'2014-12-29 19:59:09',0,'2014-12-31 04:05:41',0,'	BLrUZpI0PflpkPe0NOzzpiWQb1mguskzhynAzJh0CRA='),(130,'Company 123 sdn bhd','44580-H','2008-02-06',0,'no. 123','Jalan Bukit bintang','','Kuala Lumput','54544',1933,'','','','','0',1,0,458,100,'123456789012','2015-01-01',0,3,0,1,0,'2015-01-14 01:07:55',0,'0000-00-00 00:00:00',0,'jZQzW/A1pMd031g/OdLvCA=='),(131,'Company ABC sdn bhd','67678-T','2008-01-08',1,'No, 545','Jalan Ampang','Ampang Point','Ampang','59987',1931,'','','','','67678-T.JPG',1,0,458,100,'123456789123','2015-01-07',0,3,0,1,0,'2015-01-14 01:15:01',0,'2015-03-16 04:05:25',1,'nBM2rTo1tChYhS9XezfBnSWQb1mguskzhynAzJh0CRA='),(132,'Testing Company Sdn.bhd.','7687-P','2015-01-22',1,'no. 123','Jalan Bukit bintang','Taman Bukit Bintang','Cheras','56566',1926,'03-43434444','03-43434446','aizat@salihin.com.my','http://www.salihin.com.my','0',1,0,458,100,'123456789012','2015-01-08',0,3,0,1,0,'2015-01-21 20:32:30',0,'2015-01-22 03:39:02',0,'yjgCC6uWIKZUZ5m6fIH+Qh+6jp6luZTSqZm4Z46ilVE='),(133,'50 RIBU DATA SDN BHD','909090-S','2015-01-26',1,'777','Jalan Bukit Jalil 12','Taman Bukit Jalil','Bukit Jalil','53900',1933,'+603-6111 6111','+603-61842524','demo@salihin.com.my','http://www.syazmil.com','909090-S.JPG',1,0,458,10,'909090909090','2015-01-01',0,3,0,1,0,'2015-01-25 22:52:02',0,'2015-02-09 03:10:17',0,'	jgv4cZaLTV3IFEBVYEiwD4T4CRD7VApmHSa5afskmP8='),(134,'RAYHAN SDN. BHD.','12345-J','2014-01-01',0,'NO.888','BLOK A','PLAZA ANGSANA','JOHOR BAHRU','80000',1921,'07-7722 3344','07-7722 3345','rayhan@gmail.com','','0',1,0,458,50,'223344556677','2014-11-01',0,1,0,1,0,'2015-01-25 23:25:58',0,'2015-01-26 06:33:19',1,' 77pJbe2RurdxHq7N5oYJNCWQb1mguskzhynAzJh0CRA='),(135,'RAYHAN SDN. BHD.','22345-J','2014-01-01',1,'NO.888','BLOK A','PLAZA ANGSANA','JOHOR BAHRU','80000',1921,'07-7722 3344','07-7722 3345','rayhan@gmail.com','','22345-J.JPG',1,0,458,50,'223344556677','2014-11-01',0,1,0,1,0,'2015-01-25 23:33:28',0,'2015-03-18 08:59:36',0,'SyHMGua/mtL4QfKXRzuOpCWQb1mguskzhynAzJh0CRA='),(136,'1MDB company','885267-S','2015-01-01',1,'no 3220','Jalan Melaka dan seremban','Taman Melaka di ipoh','Melaka','75250',1924,'+606-3345094','+606-3345905','syazmil@salihin.com.my','http://www.mel.com.my','885267-S.JPG',1,0,458,100,'526752675267','2014-12-31',0,0,0,1,0,'2015-01-27 19:08:27',0,'2015-12-03 02:00:00',0,'NyVPog4bZlKaOpkBFImhG4T4CRD7VApmHSa5afskmP8='),(137,'OB Testing Sdn. Bhd. by aizat','228433-J','2013-10-01',0,'No.77','Jalan Ikan Bilis','','Skudai','85000',1921,'0372113455','','perfect@yahoo.com','','0',1,0,458,100,'456787654356','2014-12-01',0,3,0,1,0,'2015-01-27 21:35:31',0,'2015-02-06 01:34:35',1,'OF1n7u0d1Kef17tOrZVD5IT4CRD7VApmHSa5afskmP8='),(138,'OB Testing Sdn. Bhd. by issa','66778-O','2014-01-01',1,'xxxx','Jalan Ikan Bilis','Plaza Shark','Skudai','82000',1921,'07-7722 3344','07-7722 3345','perfect@yahoo.com','','0',1,0,458,100,'223344556677','2014-12-01',0,6,0,1,0,'2015-01-27 23:38:40',0,'2016-01-14 03:55:17',0,' sXM7QMDqvb7dSRLH3e4lkCWQb1mguskzhynAzJh0CRA='),(141,'fad29/1/2015','22222','2015-01-29',0,'111','222','','bt caves','68100',1922,'','','','','0',1,0,458,0,'','1970-01-01',0,0,0,1,0,'2015-01-29 03:17:38',0,'0000-00-00 00:00:00',0,' 	qYQZiSrrQ2bYDtFYBDks5MaAnh2Lan6qYEbZPXSfcDE='),(142,'ok uidfb','54321','2015-03-10',0,'dfv sasdsv','dfd','','a faeaD','12132',1933,'','','','','0',1,0,458,0,'','1970-01-01',0,0,0,1,0,'2015-03-09 18:31:38',0,'2015-05-22 08:25:41',1,'gVBtiZHOQGrvEhNbRLbN18aAnh2Lan6qYEbZPXSfcDE='),(143,'kualaTerengganuTest Sdn Bhd','367736771','2015-03-10',0,'No 555 Jalan Terengganu','jalan samudera','','Kuala Terengganu','3077',1932,'03-2261 4180','603-2261 4182','sps@salihin.com.my','http://www.salihinpremier.com','0',1,0,458,0,'','1970-01-01',0,0,0,1,0,'2015-03-09 19:06:56',0,'2015-03-16 05:25:57',0,'ivhNh5Xx2D7wuYYg4hTq0IT4CRD7VApmHSa5afskmP8=1'),(144,'sada','12345','2015-03-03',0,'','','','','',0,'','','','','',0,0,0,0,'',NULL,0,0,0,1,0,'2015-03-17 04:21:01',0,'2015-05-22 08:30:54',1,''),(145,'sada issa','12345','2015-03-04',0,'','','','','',0,'','','','','',0,0,0,0,'',NULL,0,0,0,1,0,'2015-03-17 04:21:01',0,'2015-07-30 09:47:48',1,'vp8XYptujJYHpiFC+S7qvcaAnh2Lan6qYEbZPXSfcDE='),(146,'cucibersih.com','4414','2013-03-04',1,'No 10 Jalan Inufitar','Taman Cyber Furtan','','Kuala Lumpur','56300',1933,'+03 22555514','+03 22555518','info@cucibersih.com.my','http://www.cucibersih.com','0',1,0,458,2,'989991000122','2015-03-03',0,0,0,1,0,'2015-03-23 20:00:29',0,'2015-12-10 07:22:47',0,'qJfl1OPJBkf3ib++nthuqg'),(147,'Demo Customs Sdn Bhd','9999-T','2015-01-01',1,'Unit 2A-1, Level 1, ','Tower 2A, Plaza Sentral,','Jalan Stesen Sentral 5, KL Sentral','Kuala Lumpur','50470',1933,'603-22614180','603-22614182','aizat@salihin.com.my','http://www.salihinpremier.com','.JPG',1,0,458,60,'123456789012','2015-12-23',0,1,1123,1,0,'2015-05-13 03:12:31',0,'2016-01-29 04:12:45',0,'aDEO/bZZftud3FKKnq5DUR+6jp6luZTSqZm4Z46ilVE='),(148,'AHMED FURNITURE SDN BHD','9999-T','2013-01-01',1,'JALAN SAMUDERA 555,','TAMAN SAMUDERA','GOMBAK','KL','55533',1933,'03-2120 4471','03-2120 4477','ahmed@af.com.my','http://www.ahmedfurniture.com','9999-T.JPG',1,0,458,100,'432198765342','2014-04-01',0,3,654321,1,0,'2015-08-05 05:08:40',0,'2016-01-21 06:39:08',0,'aDEO/bZZftud3FKKnq5DUR+6jp6luZTSqZm4Z46ilVE='),(149,'HFI TESTING SDN BHD','9999-T','2013-09-20',1,'2A-1, LEVEL 1, TOWER 2A PLAZA SENTRAL','JALAN SENTRAL 5 KL SENTRAL','','KL SENTRAL','50470',1933,'+603-2261 4180','+603-2261 4182','sps@salihin.com.my','http://www.salihinpremier.com','9999-T.JPG',1,0,458,100,'2523452345234523','1970-01-01',0,3,0,1,0,'2015-09-07 01:22:54',0,'2016-01-06 03:53:41',0,'aDEO/bZZftud3FKKnq5DUR+6jp6luZTSqZm4Z46ilVE='),(150,'POS SYSTEM BERHAD','9999-T','2015-09-23',0,'Plaza Central','KL Central','','','',0,'','','','','',0,0,0,0,'123456789012','2015-04-01',0,0,9876,1,0,'2015-09-23 01:17:17',0,'2015-09-23 01:52:56',0,'aDEO/bZZftud3FKKnq5DUR+6jp6luZTSqZm4Z46ilVE='),(153,'Fadhirul','','0000-00-00',15,'fad','fad','fad','hihi','hihi',1922,'','','','','0',0,0,458,0,'',NULL,0,0,0,1,0,'0000-00-00 00:00:00',0,'0000-00-00 00:00:00',0,''),(154,'Fadhirul','','0000-00-00',15,'fad','fad','fad','hihi','hihi',1922,'','','','','elba.jpg',0,0,458,0,'',NULL,0,0,0,1,0,'0000-00-00 00:00:00',0,'0000-00-00 00:00:00',0,''),(155,'','','0000-00-00',0,'','','','','',0,'','','','','',0,0,0,0,'',NULL,0,0,0,1,0,'0000-00-00 00:00:00',0,'0000-00-00 00:00:00',0,''),(156,'CompanyUser1','11111','2015-12-09',1,'suite 2A-1','LEVEL 2A','PLAZA KL GOMBAK ','Wilayah Persekutuan','68100',1933,'','','','','11111.JPG',1,0,458,100,'222222222222','2015-03-01',0,0,2000,1,0,'2015-12-09 01:13:16',0,'2015-12-10 02:26:00',0,'QJ3Z0XwT/eXQXq4CqThnoMaAnh2Lan6qYEbZPXSfcDE='),(157,'CompanyUser2','2222','2015-12-09',1,'suite 2A-1','LEVEL 2A','PLAZA KL GOMBAK ','gombak','68100',1933,'','','','','2222.JPG',1,0,458,100,'123456789012','2015-03-01',0,0,1234,1,0,'2015-12-09 01:14:13',0,'2015-12-10 02:25:58',0,'ZYDdKZI31uKYP706v+lAVA=='),(158,'CompanyUser3','3333','2015-12-09',1,'suite 2A-1','LEVEL 2A','PLAZA KL GOMBAK ','gombak','68100',1933,'','','','','3333.JPG',1,0,458,100,'123456789009','2015-03-01',0,0,1111,1,0,'2015-12-09 01:16:13',0,'2015-12-18 08:09:23',0,'SVl+2oV+ibguuVanh8ws9Q=='),(159,'CompanyUser4','4444','2015-12-09',1,'suite 2A-1','LEVEL 2A','PLAZA KL GOMBAK ','gombak','68100',1933,'','','','','4444.JPG',1,0,458,0,'354555579911','2015-05-13',0,0,3333,1,0,'2015-12-09 01:16:52',0,'2015-12-10 02:26:00',0,'	UePrVUyVMBnxpj9i3emQKg=='),(160,'CompanyUser5','5555','2015-12-09',1,'suite 2A-1','LEVEL 2A','PLAZA KL GOMBAK ','gombak','68100',1933,'','','','','0',1,0,458,0,'000123456789','2015-03-01',0,0,0,1,0,'2015-12-09 01:17:56',0,'2015-12-10 02:30:37',0,'n4AnoOe2QeiFEo4WbLgPIg=='),(161,'CompanyUser6','6666','2015-12-09',1,'suite 2A-1','LEVEL 2A','PLAZA KL GOMBAK ','gombak','68100',1933,'','','','','6666.JPG',1,0,458,100,'123456789101','2015-01-01',0,0,2106,1,0,'2015-12-09 01:18:34',0,'2015-12-10 07:20:07',0,'	CBlY5Xmn40GtbzcJ8XsE/g=='),(162,'CompanyUser7','7777','2015-12-09',0,'suite 2A-1','LEVEL 2A','PLAZA KL GOMBAK ','gombak','68100',1933,'','','','','0',1,0,458,0,'','1970-01-01',0,0,0,1,0,'2015-12-09 01:19:10',0,'2015-12-09 09:06:40',0,'1f3Yvsf5t/4/TcjQm82TSA=='),(163,'CompanyUser8','8888','2015-12-09',1,'suite 2A-1','LEVEL 2A','PLAZA KL GOMBAK ','gombak','68100',1933,'','','','','8888.JPG',1,0,458,100,'111111111111','2015-03-01',0,0,1976,1,0,'2015-12-09 01:21:19',0,'2015-12-10 03:36:54',0,'/f1koZZxzyYztmFLnzt39w=='),(164,'CompanyUser9','9999','2015-12-09',0,'suite 2A-1','LEVEL 2A','PLAZA KL GOMBAK ','gombak','68100',1933,'','','','','0',1,0,458,0,'asad','2012-01-01',0,3,0,1,0,'2015-12-09 01:21:54',0,'2015-12-10 07:51:01',0,'w+fG8FEc39VCnRNkcaPlcw=='),(165,'CompanyUser10','1010','2015-12-09',1,'suite 2A-1','LEVEL 2A','PLAZA KL GOMBAK ','gombak','68100',1933,'','','','','0',1,0,458,100,'123456789012','2015-03-01',0,3,44456,1,0,'2015-12-09 01:22:32',0,'2016-01-06 04:41:35',0,'4P7oNXZAUHyp93goN3RFLg=='),(166,'CompanyUser11','1011','2015-12-09',0,'suite 2A-1','LEVEL 2A','PLAZA KL GOMBAK ','gombak','68100',1933,'','','','','0',1,0,458,0,'356356356','1970-01-01',0,3,0,1,0,'2015-12-09 01:23:15',0,'2016-01-06 03:51:38',0,'eV8x6ELjhvRJvGJ/luonCg=='),(167,'CompanyUser12','1012','2015-12-09',1,'suite 2A-1','LEVEL 2A','PLAZA KL GOMBAK ','gombak','68100',1933,'','','','','1012.JPG',1,0,458,100,'123456789012','2015-04-01',0,6,5555,1,0,'2015-12-09 01:23:55',0,'2016-01-14 04:26:45',0,'BhQhp9dUN7f0sDaLYF9oAw==');

--
-- Table structure for table `customer`
--

CREATE TABLE `customer` (
  `ID` int(11) NOT NULL AUTO_INCREMENT,
  `companyID` int(11) NOT NULL,
  `customerName` varchar(128) NOT NULL,
  `accountCode` varchar(8) NOT NULL,
  `customerCompanyNo` varchar(32) NOT NULL,
  `line1` varchar(128) NOT NULL,
  `line2` varchar(128) NOT NULL,
  `line3` varchar(128) NOT NULL,
  `city` varchar(128) NOT NULL,
  `customerPostCode` varchar(8) NOT NULL,
  `customerStateID` int(11) NOT NULL,
  `customerCountryID` int(11) NOT NULL,
  `attention` varchar(16) NOT NULL,
  `website` varchar(32) NOT NULL,
  `phoneNumber1` varchar(50) NOT NULL,
  `phoneNumber2` varchar(50) NOT NULL,
  `fax` varchar(50) NOT NULL,
  `generalNote` varchar(255) NOT NULL,
  `gstRegNo` varchar(16) NOT NULL,
  `termsID` int(11) NOT NULL,
  `creditLimit` int(8) NOT NULL,
  `creditLimitAlert` tinyint(1) NOT NULL,
  `linkedAPAccountID` varchar(11) NOT NULL,
  `createdDate` date NOT NULL,
  `currencyID` int(11) NOT NULL,
  `email` varchar(64) NOT NULL,
  `termstatus` int(11) NOT NULL,
  `createdBy` int(11) NOT NULL,
  `createdTS` timestamp NOT NULL DEFAULT CURRENT_TIMESTAMP,
  `updatedBy` int(11) NOT NULL,
  `updatedTS` timestamp NOT NULL DEFAULT '0000-00-00 00:00:00' ,
  `is_delete` int(16) NOT NULL,
  `position` varchar(16) NOT NULL,
  PRIMARY KEY (`ID`)
) ENGINE=InnoDB AUTO_INCREMENT=207 DEFAULT CHARSET=latin1;

--
-- Dumping data for table `customer`
--

INSERT INTO `customer` VALUES (12,1,'Telekom Malaysia','20','','555, JALAN SAMUDRA UTARA 1','TAMAN SAMUDRA','','GOMBAK','68100',1933,458,'0','0','603 61881213','sadasd','603 61881214','','',27,12345,0,'20','2014-08-19',1,'account@salihin.com.my',17,0,'2014-05-21 04:52:14',0,'2014-09-18 02:54:53',0,'0'),(15,1,'Celcom','20','','no.23, jalan rampai,','taman seri rampai','','wilayah persekutuan','68100',1933,458,'0','0','603 61881213','','603 61881213','','',0,0,0,'20','0000-00-00',2,'qaqa@yahoo.com.my',0,0,'2014-05-21 10:57:46',0,'2014-06-23 02:45:38',0,'reseller'),(16,1,'Maxis','20','','23,jalan jalan','cari makan','','gombak','68100',1933,458,'0','0','603 61881213','','603 61881213','','',0,0,0,'20','0000-00-00',1,'qaqa@yahoo.com',0,0,'2014-05-22 11:18:09',0,'2014-06-23 02:45:55',0,'HELPER'),(17,15,'AXBN','0','','customer 1, jalan 1, taman 1/1','','','batu 1','11111',1933,458,'0','0','111','','111','','',0,0,0,'243','0000-00-00',1,'accounts1@salihin.com.my',0,0,'2014-05-29 02:56:48',0,'2014-08-15 07:31:01',0,'Manager 1'),(18,15,'Malakoff Utilities','228','','No 2, jalan 2, taman 2/2','','','Batu 2','22222',1922,458,'0','0','603-88371234','','603-88891999','','',0,5558880,0,'243','2014-08-20',2,'accounts2@salihin.com.my',17,0,'2014-05-29 03:03:13',0,'2014-08-21 08:40:32',0,'Manager 2'),(19,15,'Permata Hijrah','3333','','No 3, Jalan 3, Taman 3/3','','','Batu 3','33333',1921,458,'0','0','333','','333','','',0,0,0,'243','0000-00-00',1,'accounts3@salihin.com.my',0,0,'2014-05-29 03:06:10',0,'2014-08-15 07:32:08',0,'Manager 3'),(20,1,'ABC Enterprise','20','','','','','','',1933,458,'0','0','','','','','',0,0,0,'20','0000-00-00',1,'',0,0,'2014-05-29 09:55:13',0,'2014-06-23 02:46:09',0,''),(21,27,'qa','qa12','','555, JALAN SAMUDRA UTARA 1','TAMAN SAMUDRA','','GOMBAK','68100',1933,458,'0','0','603 61854646','','603 61856767','','',0,0,0,'0','0000-00-00',0,'bee@gmail.com',0,0,'2014-06-06 09:25:49',0,'2014-06-06 09:26:01',0,'test1'),(26,1,'qa','0','','','','','','',0,458,'0','0','','','','','',0,0,0,'20','0000-00-00',1,'',0,0,'2014-06-23 02:40:13',0,'2014-09-02 07:34:23',0,''),(27,1,'FARHANA','20','','555, JALAN SAMUDRA UTARA 1','TAMAN SAMUDRA','','GOMBAK','68100',1921,458,'0','0','603 6178987','012 3121312','603 6176756','','',0,0,0,'20','0000-00-00',1,'ateeq@webfulcreations.com',0,0,'2014-06-23 02:41:34',0,'2014-09-02 07:34:26',0,'tester'),(28,45,'Borong Sdn Bhd','0','','A12, Jalan Perindustrian 1','Taman Perindustrian 2,','','Shah Alam','40100',1931,458,'0','0','603 5415 5560','','603 5415 6789','','',0,0,0,'0','0000-00-00',0,'borong@gmail.com',0,0,'2014-07-03 01:09:26',0,'2014-07-03 01:10:12',0,'Account Executiv'),(29,55,'Fabrica Fashion Sdn Bhd','0','','Lot A1, Wisma PKNS,','Kompleks PKNS Jalan 1','','Shah Alam','40100',1931,458,'0','0','603 5409090','','603 5409898','','',0,0,0,'0','0000-00-00',0,'fabrca@gmail.com',0,0,'2014-07-03 01:55:09',0,'0000-00-00 00:00:00',0,'Account Executiv'),(30,57,'AH LEONG KIT','0','','unit 2A-1-1, ','lorong perindustrian 1','','shah alam','40500',1931,458,'0','0','603 55109091','012 5678903','603 55123123','','',0,0,0,'0','0000-00-00',0,'ahleong@gmail.com',0,0,'2014-07-09 02:05:56',0,'0000-00-00 00:00:00',0,'pemborong'),(31,1,'test111','0','','111','11','','11','11111',1921,458,'0','0','11','11','11','11','11',0,0,0,'20','0000-00-00',1,'',0,0,'2014-07-11 00:49:22',0,'0000-00-00 00:00:00',0,'11'),(32,76,'fana','0','1234','555, JALAN SAMUDRA UTARA 1','taman jalan raya','','gombak','68100',1933,458,'0','0','','','','','',0,0,0,'0','0000-00-00',0,'',0,0,'2014-07-17 07:29:25',0,'0000-00-00 00:00:00',0,''),(33,81,'Alam Megah Sdn Bhd','0','AC1234','Lot 2a-1-3, Lorong Perindustrian','Taman Usahawan Jaya','','Petaling Jaya','47000',1931,458,'0','0','603 41776767','012 61776767','603 41771616','','',0,0,0,'0','0000-00-00',1,'stock@alam.com.my',0,0,'2014-07-21 03:42:44',0,'0000-00-00 00:00:00',0,'Stock Keeper'),(34,81,'Ideal House Sdn Bhd','0','AP2341','12, Lorong Persiaran S1/2','Taman Industri Metro','','','',0,458,'0','0','603-41223434','016 3456765','603-41223535','test','',0,0,0,'0','0000-00-00',1,'consultant@idealhouse.com.my',0,0,'2014-07-21 03:56:39',0,'0000-00-00 00:00:00',0,'consultant'),(35,84,'Hello World','0','hello world1214','Hello world address','add1','','Dhaka','12345',278,50,'0','0','603 61851515','012 61851515','603 61851515','','A234-A',0,0,0,'27518','0000-00-00',10,'accounts@salihin.com.my',0,0,'2014-08-12 12:34:14',0,'0000-00-00 00:00:00',0,'Sales executive'),(36,84,'Pepsi Co.','0','Pepsi3241','Dhaka','dhaka','','dhaka','12345',278,50,'0','0','603 61851515','012 61851515','603 61851515','General Note','A234-A',0,0,0,'27519','0000-00-00',1,'accounts@salihin.com.my',0,0,'2014-08-13 06:07:03',0,'0000-00-00 00:00:00',0,'Executive'),(37,1,'sknfajlwm','adahj','shdak','sjdql','owqkwm','sdsdsd','osd;q','12121',1923,458,'0','0','sdsd','','dsad','ada','ds',0,0,0,'20','0000-00-00',9,'sdhhskd@sd.sd',0,0,'2014-08-14 01:31:53',0,'2014-08-14 01:33:43',0,''),(38,87,'Bahagia Sdn Bhd','B001','34444-T','No 7778, Jalan Kenari','Taman Kenari','','Ampang','53100',1933,458,'0','0','6033232323','','6033232324','','53636363333',0,0,0,'28167','0000-00-00',1,'azi@bahagia.com.my',0,0,'2014-08-21 03:37:58',0,'0000-00-00 00:00:00',0,''),(39,1,'SDS','SDS','SDS','SDS','sdsS','SDS','SDS','SDSDS',1923,458,'0','0','SDS','SDS','SDS','SDS','SDSAS',18,1212,0,'20','2014-08-29',1,'DANA@SDS.SD',0,0,'2014-08-29 07:23:52',0,'0000-00-00 00:00:00',0,''),(40,93,'QQ SDN BHD','QQ','123456-P','456346436','35656346345','63456RTYFDHFFCH','MELAKA','75250',0,0,'0','0','023kl1jl3kl','','','','123456789012',0,21000,1,'28282','2014-09-02',6,'cscasmn@yagyadj.com.my',0,0,'2014-09-02 09:40:17',0,'2015-09-08 03:33:50',0,''),(41,93,'AISHAH SINCLAIR','A01','A&J ENT','NO.222,','JALAN KEBANGSAAN','TMN MERDEKA','SETAPAK','53100',1933,458,'0','0','603 6277 9649','','603 6277 9648','2ND PURC','12345678910',2,30,1,'28295','2014-09-05',1,'aishah@yahoo.com',0,0,'2014-09-05 06:51:26',0,'2014-09-05 06:55:10',0,''),(42,93,'dfd','dfd','df','dfd','dfd','dfd','dfdf','dfdff',1933,458,'0','0','df','df','dfd','dfd','dfdf',2,10000,1,'28295','2014-09-05',1,'asasx@yahoo.fr',0,0,'2014-09-05 08:41:51',0,'0000-00-00 00:00:00',0,''),(43,95,'wwwwwwwww sdn bhd','WWW','123123-Y','asdasda','asdasdad','asdasdadasd','asdada','33333',1923,458,'0','0','123123123123','012 61851514','12312312312','fmkjfhjsgfjafga','sadadada',2,50000,1,'28426','2014-09-11',1,'qweqwe@adq.com.my',0,0,'2014-09-11 01:56:54',0,'2014-09-11 01:58:05',0,''),(44,103,'Ebit resources','E 01','123432 T','no 8 jalan miri 2','taman beringin','','kuala lumpur','52000',1933,458,'0','0','','','','','123456789876',0,0,0,'28807','2014-09-16',1,'',0,0,'2014-09-16 02:00:40',0,'2014-09-16 02:27:44',0,''),(45,105,'Customer01 Sdn Bhd ','001','4444-G','no 12 jalan marudi 2','Jalan laksamana','Tamana Laksamana 4','Ampang','23434',1931,458,'0','0','603-61855444','','','','',2,100000,0,'29059','2014-01-01',1,'din@customer01.com',0,0,'2014-09-16 04:51:10',0,'0000-00-00 00:00:00',0,''),(46,93,'QQ Plus Sdn Bhd','QQP','QQ Plus Sdn Bhd','','','','','',0,458,'0','0','','','','','012345678901',0,2120000,1,'28295','2014-09-18',1,'',0,0,'2014-09-18 07:47:23',0,'0000-00-00 00:00:00',0,''),(47,110,'Customer01 Sdn Bhd ','C0001','6559-J','No, 545','Jalan laksamana','Tamana Laksamana 4','Damansara','45666',1933,458,'0','0','60361855444','0126155522','603 21343423','','000025987444',2,1000000,1,'29693','2014-01-01',1,'info@cutomer01.com.my',0,0,'2014-09-29 11:21:20',0,'0000-00-00 00:00:00',0,''),(48,110,'Customer02 Sdn Bhd ','C0002','7774-V','No.444','Jalan Samudra Utara 2','','Batu Caves','68400',1931,458,'0','0','6036182545','0126154545','6036155445','','',2,1000000,1,'29694','2014-01-01',1,'ady@salihin.com.my',0,0,'2014-09-29 11:25:44',0,'0000-00-00 00:00:00',0,''),(49,107,'Customer01 Sdn Bhd ','C001','23232-G','no. 123','Jalan Ampang','Tamana Kelana Jaya','Ampang','45156',1933,458,'0','0','','','','','132132132123',99,0,0,'29319','2014-09-30',1,'',0,0,'2014-09-30 01:11:10',0,'2015-10-08 05:00:15',0,''),(50,95,'PREMALATHA','P01','','NO.3','JALAN 13C/6','TAMAN SETAPAK INDAH','SETAPAK','53100',1933,458,'0','0','','012 235 6788','','','',2,0,0,'29698','2014-10-09',1,'prem12@yahoo.com',0,0,'2014-10-09 01:57:13',0,'0000-00-00 00:00:00',0,''),(51,95,'EDRINNA','E01','','NO.1','JALAN LANGKAWI','DANAU KOTA','SETAPAK','53100',1933,458,'0','0','','012 348 7752','','','',2,0,0,'29699','2014-10-09',1,'edrinna22@hotmail.com',0,0,'2014-10-09 03:42:22',0,'0000-00-00 00:00:00',0,''),(52,111,'JUSTINA ','J01','JUSTINA SDN. BHD.','2A-4','TOWER 2A','PLAZA SENTRAL','','50470',1933,458,'0','0','03 3210 8899','012 456 7893','','','234567890123',2,10000,1,'29829','2014-10-14',1,'justina@yahoo.com',0,0,'2014-10-14 01:46:14',0,'0000-00-00 00:00:00',0,''),(53,111,'RAYSHA','R01','RAYSHA ENT','4C-4','TOWER 4','PLAZA ANGSANA','SKUDAI','85000',1921,458,'0','0','','','','','456789123456',3,300000,1,'29832','2014-10-14',1,'',0,0,'2014-10-14 07:50:07',0,'0000-00-00 00:00:00',0,''),(54,111,'IZMIR','I01','IZMIR ENT','LEVEL 22','KUANTAN PARADE','','KUANTAN','67000',1926,458,'0','0','','','','','789654323456',3,400000,1,'29831','2014-10-14',1,'',0,0,'2014-10-14 07:57:13',0,'0000-00-00 00:00:00',0,''),(55,111,'HANG TUAH','H01','HANG TUAH SDN. BHD.','xcxcv','cxccccccccccccc','vvvvvvvvvvvvvvvv','bbbb','77777',1933,458,'0','0','','','','','456321456732',1,20000,1,'30056','2014-10-17',1,'',0,0,'2014-10-17 07:44:41',0,'2014-11-03 08:12:35',0,''),(56,116,'NUR RAYSHA SDN. BHD.','R01','45678S','No.2','Jalan 12C/6','Taman Setapak Indah','Setapak','53100',1933,458,'0','0','03-4426 7865','012-224 2288','','','123456789012',47,5000,1,'30341','2014-11-05',1,'raysha224@yahoo.com',0,0,'2014-11-05 02:19:38',0,'2014-11-25 01:33:39',0,''),(57,116,'Customer Sdn Bhd ','C0001','4455-T','no.556','Jalan Berserah','Taman Berserah','Gombak','33333',1931,458,'0','0','','','','','123456789012',2,1000000,1,'30350','2014-01-01',1,'',0,0,'2014-11-06 08:08:21',0,'2014-11-06 08:09:02',0,''),(58,116,'Penghutang Jumaat Sdn Bhd','PJSB','111111-A','555','eeeeeeeeeeeeeeee','eeeeeeeeeeeeeeeeeeeeeeeee','eeeeeeeeeee','55555',1921,458,'0','0','075555555','0125555557','075555556','Jumaat','111111111111',2,30000,1,'30351','2014-11-07',1,'jb@salihin.com.my',0,0,'2014-11-07 03:10:04',0,'0000-00-00 00:00:00',0,''),(59,119,'hgggfff','123','dfghhj','','','','','',0,458,'0','0','','','','','',0,0,0,'0','2014-11-17',1,'',0,0,'2014-11-17 06:44:34',0,'0000-00-00 00:00:00',0,''),(60,119,'hgggfff','123','dfghhj','','','','','',0,458,'0','0','','','','','',0,0,0,'0','2014-11-17',1,'',0,0,'2014-11-17 06:45:19',0,'0000-00-00 00:00:00',0,''),(61,120,'RAYHAN SDN. BHD.','R01','123456J','','','','','',0,458,'0','0','','','','','234567890987',0,5000,1,'30863','2014-11-17',1,'',0,0,'2014-11-17 08:06:15',0,'0000-00-00 00:00:00',0,''),(62,121,'AAA','DR001','AAA SB','22, TMN 222','BLOK 222','','RAWANG','22222',1931,458,'0','0','','','','','222222222222',48,0,0,'30886','2014-11-17',1,'',0,0,'2014-11-17 08:46:32',0,'2014-11-18 04:28:42',0,''),(63,121,'BBB','DR002','BBB SB','333, JLN 333','TMN 333','','IPOH','34444',1927,458,'0','0','','','','','333333333333',0,0,0,'30886','2014-11-17',1,'',0,0,'2014-11-17 08:47:38',0,'0000-00-00 00:00:00',0,''),(64,120,'FARISH SDN. BHD.','F01','35678-R','','','','','',0,458,'0','0','','','','','',53,20000,1,'31127','2014-11-19',1,'',0,0,'2014-11-19 02:04:32',0,'0000-00-00 00:00:00',0,''),(65,116,'Juliana Banos','J01','Julies Biskut Meri SB','34567, KWSN PERINDUSTRIAN TENGAH TEPI','TEPI JALAN','','ENDAU','33443',1921,458,'0','0','07-876543223','010-90998877','07-876655444','','987654321076',47,0,0,'30238','2014-11-19',1,'',0,0,'2014-11-19 03:40:26',0,'0000-00-00 00:00:00',0,''),(66,116,'dssds','ss21','asdf','fsdfs','fdfs','','dfsdfs','33333',1923,458,'0','0','456464654','564646546','676565464','','',47,0,0,'30238','2014-11-19',1,'',0,0,'2014-11-19 04:10:22',0,'2015-05-22 08:55:14',1,''),(67,116,'fadfa','dfds','dfs','dfa','','','','',0,458,'0','0','','','','','',0,0,0,'30238','2014-11-19',1,'',0,0,'2014-11-19 04:35:17',0,'2015-05-22 08:55:32',1,''),(68,122,'MOHD NASIR','ALAM01','LUNCAI EMAS SDN BHD','Unit 12-A,','Block 2A, Tingkat 3','','Rawang','68000',1931,458,'0','0','603 22345678','012 5647567','603 22367853','Userguide','',54,50000,1,'31148','2014-11-19',1,'nasir@gmail.com',0,0,'2014-11-19 10:05:17',0,'2014-12-04 08:07:19',1,''),(69,117,'Pekema Sdn Bhd','P-01','343434-D','4353','rrrrrrrrrrrrrrrrrr','eeeeeeeeeeeeeeeeeeeeeeeee','bbbb','55555',1931,458,'0','0','023kl1jl3kl','012 61851514','606 3345096','cxvxcv','454545454545',46,40000,1,'31257','2014-11-24',1,'qweqwe@adq.com.my',0,0,'2014-11-24 01:43:59',0,'0000-00-00 00:00:00',0,''),(70,116,'Lisa Surihani Ent','LS','4456-Y','2D-1','Block J','Platinum Victory','Setapak','53200',1933,458,'0','0','03-4226 7788','012-336 7755','03-4226 8765','Grade A','123456789098',47,50000,1,'31259','2014-11-26',1,'lisasurihani@yahoo.com',0,0,'2014-11-26 01:44:43',0,'0000-00-00 00:00:00',0,''),(71,117,'Link Sdn Bhd','L-01','434343-D','454545','434334','443434','434343','44444',1922,458,'0','0','058989898','012 61851514','075555556','khamis','474747474747',46,40000,1,'31260','2014-11-27',1,'izuwan@testing.com.my',0,0,'2014-11-27 07:35:35',0,'0000-00-00 00:00:00',0,''),(72,124,'Kedai Sukan Serbaneka Sdn Bhd','KSSSB','23452srdfgs','11111','Jalan Bukit Jalil 12','vvvvvvvvvvvvvvvv','Sungai Buloh','55555',1931,458,'0','0','075555555','012 61851514','606 3345096','sdsadas','',56,100000,1,'31397','2014-12-08',1,'fiesya@salihin.com.my',0,0,'2014-12-08 08:17:27',0,'2015-05-18 05:09:54',0,''),(73,124,'Sport Station Sdn Bhd','SSSB','876567-S','4353','Jalan Bukit Jalil 12','Taman Gombak','Danau Kota','55555',1931,458,'0','0','603 61859970','0125555557','606 3345096','isnin','948474746454',58,100000,1,'31398','2014-12-08',1,'mel_mel1988@yahoo.com',0,0,'2014-12-08 08:20:08',0,'2015-05-13 05:17:45',0,''),(74,124,'Perniagaan Maju Sdn Bhd','PMSB','737363-P','777','rrrrrrrrrrrrrrrrrr','vvvvvvvvvvvvvvvv','eeeeeeeeeee','55555',1931,458,'0','0','603 61859970','012 61851514','603 61842524','isnin','736353425263',59,100000,1,'31399','2014-12-08',1,'mel_mel1988@yahoo.com',0,0,'2014-12-08 08:23:42',0,'0000-00-00 00:00:00',0,''),(75,124,'Semangat Perdana Sdn Bh','SPSB','342443-S','ggggggggggggggggggg','Jalan Danau Kota 4','Taman Bukit Jalil','Bukit Jalil','77777',1931,458,'0','0','023kl1jl3kl','603 61859971','075555556','sdsadas','982374982479',60,100000,1,'31400','2014-12-08',1,'mel_mel1988@yahoo.com',0,0,'2014-12-08 08:26:57',0,'0000-00-00 00:00:00',0,''),(76,128,'Small Retail Center SB','AR1','987896-W','65, Jalan Pottery','Pertiwi Industri','','Puchong','43434',1931,458,'0','0','','','','','123412341234',68,0,0,'31723','2014-12-09',1,'',0,0,'2014-12-09 08:04:39',0,'2014-12-10 01:33:28',0,''),(77,128,'Speedmart 54 SB','AR2','434343-S','Block B-1-3, Block B','Plaza B','','Nilai','43422',1925,458,'0','0','','','','','',67,0,0,'31723','2014-12-10',1,'',0,0,'2014-12-10 01:31:38',0,'0000-00-00 00:00:00',0,''),(78,126,'MR. GADGET SDN BHD','CUSTOMER','7897-A','LOT KEDAI 2A','LORONG BINJAI 1/12','TAMAN SRI SELAYANG','GOMBAK','68100',1931,458,'0','0','','','','','',66,0,0,'31585','2014-12-10',1,'',0,0,'2014-12-10 01:32:24',0,'0000-00-00 00:00:00',0,''),(79,128,'MyMart SB','AR3','509848-Q','987, Ground Floor','City Mall','','Kuantan','43454',1926,458,'0','0','','','','','',67,0,0,'31723','2014-12-10',1,'',0,0,'2014-12-10 01:32:58',0,'0000-00-00 00:00:00',0,''),(80,126,'SUPER SHARP SDN BHD','CUSTSUPS','3452-A','','','','','',0,458,'0','0','','','','','',66,0,0,'31585','2014-12-10',1,'',0,0,'2014-12-10 01:33:48',0,'0000-00-00 00:00:00',0,''),(81,126,'ALL FRAGRANCE SDN BHD','CUSTFRAG','2342-AF','','','','','',0,458,'0','0','','','','','',65,0,0,'31585','2014-12-10',1,'',0,0,'2014-12-10 02:45:33',0,'0000-00-00 00:00:00',0,''),(82,124,'PLUS VIEW BERHAD','PV01','AP09892','LOT G.12, ','TINGKAT 6, PLAZA CM 10','','WILAYAH PERSEKUTUAN','50450',1933,458,'0','0','+603-22614188','','+603-22614790','','768378432098',57,0,0,'31280','2014-12-15',1,'',0,0,'2014-12-15 03:16:06',0,'2014-12-15 03:16:56',0,''),(83,124,'Client Fisha SB','CL1','456321-W','8888, Gold Street','','','Kuantan','43422',1926,458,'0','0','','','','','123412341239',57,0,0,'31833','2014-12-16',1,'',0,0,'2014-12-16 02:23:53',0,'2014-12-16 02:28:10',0,''),(84,124,'HERO BERHAD','ZK01','67878-A','Unit 3A-6','Lorong Kenanga 1/12','','Shah Alam','40100',1931,458,'0','0','603 -55102323','603 -55102323','603-55102424','contact fana','123678905434',56,0,0,'31280','2014-12-17',1,'',0,0,'2014-12-17 03:59:16',0,'2015-05-18 01:49:13',0,''),(85,124,'Customer Julia','CJ','123456C','No.41,','Jalan Raksaksa','Taman Ultraman','Setapak','53100',1933,458,'0','0','03-4044 6778','012-318 6654','03-40446777','ddddddddddddd','388765431982',57,100000,1,'31846','2014-12-23',1,'gogogers@hotmail.com',0,0,'2014-12-23 07:02:17',0,'2014-12-23 07:04:31',0,''),(86,131,'Customer 01 Sdn Bhd','C00001','6563-T','Unit 544, Jalan Pantai Timuer','Pantai Timur','','Bachang','74522',1923,458,'0','0','','','','','123412568945',72,0,0,'32105','2014-01-01',1,'',0,0,'2015-01-20 07:24:21',0,'2015-01-20 07:26:20',0,''),(87,131,'Customer 02 Sdn bhd','C0002','7549-H','Unit 793, Menara Kembara Dua','Jalan Yap Kap Kue','Cheras','Cheras','57411',1933,458,'0','0','','','','','759453197852',72,120000,1,'32106','2014-01-16',1,'',0,0,'2015-01-20 07:27:48',0,'2015-01-20 07:29:31',0,''),(88,131,'Customer 03 Sdn Bhd','C00003','5742-T','Unit 7192, Perkampungan Desa','Kampung Desa','','Pandan Indah','54322',1931,458,'0','0','','','','','',72,0,0,'32107','2014-01-15',1,'',0,0,'2015-01-20 07:29:18',0,'0000-00-00 00:00:00',0,''),(89,132,'Customer 01 sdn bhd','C0001','76767-H','Block 565, Customer 01','Jalan selatan','','JB','45455',1921,458,'0','0','','','','','123123123231',73,0,0,'32235','2015-01-22',1,'',0,0,'2015-01-22 04:17:33',0,'0000-00-00 00:00:00',0,''),(90,132,'Customer 02 Sdn Bhd','C00002','7867-J','Block 987, Customer 02','Taman Melawati','','Melawati','78786',1933,458,'0','0','','','','','657567567567',73,0,0,'32239','2015-01-22',1,'',0,0,'2015-01-22 04:18:59',0,'0000-00-00 00:00:00',0,''),(91,135,'Erra Fazira Sdn. Bhd.','E01','231456-R','Ground Floor','Jalan Ultraman Mebius','Taman Ultraman','Kuantan','32000',1926,458,'0','0','03-8765 3452','013-765 5432','03-8765 3451','','876543290876',74,0,0,'32496','2015-01-26',1,'utraman@yahoo.com',0,0,'2015-01-26 08:24:57',0,'0000-00-00 00:00:00',0,''),(92,133,'Ahmad Muiz','C1','123456-O','A-17 Menara Hijau 7','Jalan 10A Bandar Damansara Perdana','Petaling Jaya','Petaling Jaya','47820',1931,458,'0','0','0374933333','0374933333','0374933333','','123456789009',76,100000,1,'32632','2015-01-27',1,'muiz@corp.com.my',0,0,'2015-01-27 04:09:22',0,'2015-05-21 02:30:17',0,''),(93,133,'Muhammad Faris','C2','123456-A','A-17 Menara Hijau 7','','','Kuala Lumpur','76300',1933,458,'0','0','0374933333','013 92019910','03 7494 1109','','123456789929',76,20000,1,'32631','2015-01-27',1,'faris@mail.com',0,0,'2015-01-27 07:15:33',0,'2015-01-29 03:02:37',0,''),(94,133,'Abdullah Ali','C3','123456-T','B-17 Taman Merah 8','Jalan PJU 8/8A Bandar Damansara Perdana','Petaling Jaya','Petaling Jaya','47820',1931,458,'0','0','0374933333','0374933333','03 7494 1109','','',77,300000,1,'32386','2015-01-27',1,'supply@bata.com.my',0,0,'2015-01-27 07:17:01',0,'0000-00-00 00:00:00',0,''),(95,138,'Customer 01','C01','89767-T','','','','','',0,458,'0','0','','','','','987654567898',0,0,0,'32629','2015-01-28',1,'',0,0,'2015-01-28 08:12:24',0,'0000-00-00 00:00:00',0,''),(96,138,'Julia SB','J01','2222222','11111','Jalan Gombak','Taman Gombak','Gombak','75250',1931,458,'0','0','','','','','234543212345',0,0,0,'32646','2015-02-10',1,'',0,0,'2015-02-10 03:48:16',0,'0000-00-00 00:00:00',0,''),(97,138,'Shima','S01','','','','','','',0,458,'0','0','','','','','',0,0,0,'32647','2015-02-10',1,'',0,0,'2015-02-10 04:01:20',0,'0000-00-00 00:00:00',0,''),(98,138,'Syamil','S02','','','','','','',0,458,'0','0','','','','','',0,0,0,'32648','2015-02-10',1,'',0,0,'2015-02-10 04:01:43',0,'0000-00-00 00:00:00',0,''),(99,138,'Salina','S03','','','','','','',0,458,'0','0','','','','','',0,0,0,'32649','2015-02-10',1,'',0,0,'2015-02-10 04:02:06',0,'0000-00-00 00:00:00',0,''),(100,138,'Hasrina Sdn. Bhd.','H01','23456-F','','','','','',0,458,'0','0','','','','','',0,0,0,'32650','2015-02-10',1,'',0,0,'2015-02-10 04:02:59',0,'0000-00-00 00:00:00',0,''),(101,133,'Testing Customer Statement','TCS-01','919191-T','231','asd','xbnmjk','ffgh','45352',1922,458,'0','0','123124324234','12313242','345353453','dsfsdf','464748494049',77,100000,1,'32653','2015-02-11',1,'dsasd@sdfsdf.com.my',0,0,'2015-02-11 01:48:29',0,'0000-00-00 00:00:00',0,''),(102,133,'Maya Karin','MYK','','','','','','',0,458,'0','0','','','','','',76,0,0,'32655','2015-02-11',1,'',0,0,'2015-02-11 03:34:11',0,'0000-00-00 00:00:00',0,''),(103,133,'Hans Isaac','HNI','','','','','','',0,458,'0','0','','','','','',76,0,0,'32656','2015-02-11',1,'',0,0,'2015-02-11 03:34:39',0,'0000-00-00 00:00:00',0,''),(104,93,'Sofea Jane','SJ','','NO. 544','Jalan Ultraman Mebius','','Setapak','53400',1933,458,'0','0','0127658765','0127658765','0374933333','','',50,0,0,'32663','2015-02-11',1,'neelofa@gmail.com',0,0,'2015-02-11 07:27:24',0,'0000-00-00 00:00:00',0,''),(105,116,'Sofea Jane','SJ','','NO.888','Jalan Ultraman Mebius','','JOHOR BAHRU','85000',1921,458,'0','0','0372113455','0127658765','0374933333','','',47,0,0,'32664','2015-02-11',1,'neelofa@gmail.com',0,0,'2015-02-11 08:16:48',0,'0000-00-00 00:00:00',0,''),(106,135,'Suryiani Bt Mat Arip @ Aman','S001','','No. 70','Jalan 4','Taman Sri Indah A','Sungai Buloh','47000',1931,458,'0','0','','','','','',74,0,0,'32669','2015-02-24',1,'',0,0,'2015-02-24 06:53:06',0,'0000-00-00 00:00:00',0,''),(107,135,'Yauman Auto Sdn. Bhd.','Y01','604915-K','No. 1-0-6 & 1-0-7','Jalan 1/50, Diamond Square','Off Jalan Gombak','Kuala Lumpur','53000',1933,458,'0','0','603-4025 3392 ','','603-4025 3393','','987656787654',74,0,0,'32672','2015-03-04',1,'',0,0,'2015-03-04 07:02:24',0,'2015-03-04 07:05:24',0,''),(108,135,'AF Mutiara Holdings (M) Sdn. Bhd.','A01','752898W','No. 53A','Jalan Intan 2/7','Taman Puchong Intan','Puchong','47100',1931,458,'0','0','603-8068 6955','019-473 9510(Azhar), 013-353 3044(Najib)','603-8066 2262','','345432134321',74,0,0,'32673','2015-03-04',1,'afmutiara@yahoo.com',0,0,'2015-03-04 07:12:39',0,'2015-03-04 07:30:35',0,''),(109,135,'Lisa Surihani','L01','','No.222','Jalan Ikan Bilis','Taman Danau Kota','Setapak','53100',1933,458,'0','0','','012-654 3212','','','',74,0,0,'32676','2015-03-05',1,'lisa@gmail.com',0,0,'2015-03-05 02:25:27',0,'2015-03-05 02:26:32',0,''),(110,136,'AHMAD MASLAN ','C-A-01','989898-U','NO 19','jalan selasih 5','AMPANG DI SEREMBAN','IPOH KAT JOHOR','68100',1931,458,'0','0','+603-9999 6543','012 7849494','+603-9999 3456','-','989876765454',85,100000,1,'32809','2015-02-03',1,'zaman@kkk.com.my',0,0,'2015-03-13 09:06:38',0,'2015-12-03 04:13:17',0,''),(111,136,'SEMBILU KASIH','C-T-01','212121-Y','533','JALAN SAMUDRA UTARA 1','TAMAN SAMUDRA','CHERAS KAT PERAK','68100',1931,458,'0','0','+603-9999 6542','012 7849493','+603-9999 3458','-','',86,50000,1,'32693','2015-01-01',1,'ahmad@sulaiman.com.my',0,0,'2015-03-13 09:12:11',0,'2015-12-03 04:16:11',0,''),(112,136,'RINDU AWAK 200% ','IDSB.CS.','12432','No21 Lorong 1 Lot 575, Kampung Padang Balang','','','KAMPUNG BARU SEMALAM','51100',1933,458,'0','0','0132044290','0132044290','','','123456789012',86,100000,0,'32699','2015-03-25',1,'shahm4u@gmail.com',0,0,'2015-03-25 03:58:15',0,'2015-12-03 04:17:16',0,''),(113,136,'DHERBS IJOY MUSHIRO','S003','IJOY','No 8, Jalan Perusahaan,','Taman Batu Caves','','BERLIN','68100',1931,458,'0','0','03-6756566','','03-8908890','Meter Company','123445667899',85,0,0,'32699','2015-03-25',1,'demega@sol.com.my',0,0,'2015-03-25 04:00:18',0,'2015-12-03 06:42:55',0,''),(114,136,'KUPUTEH QUPUTEH ','PKNS01','NAK PUTIH? ','NO 1','JALAN JALAN','','OLD TRAFFORD','55566',1931,458,'0','0','03-45678910','012-3456789','03-45678910','hardcscape','123456789012',86,50000,1,'32699','2015-03-25',1,'ddd@yahoo.com',0,0,'2015-03-25 04:01:03',0,'2015-12-03 06:43:39',0,''),(115,136,'Global Imtiyaaz Enterprise','11','','sri gombak','','','gombak','53300',1931,458,'0','0','0122223344','','-','','112233445566',86,0,0,'32699','2015-03-25',1,'a@yahoo.com',0,0,'2015-03-25 04:01:39',0,'0000-00-00 00:00:00',0,''),(116,121,'En. Ahmad','C002','89232323332','','','','','',0,458,'0','0','','','','','',0,0,0,'30886','2015-03-25',1,'',0,0,'2015-03-25 05:09:09',0,'0000-00-00 00:00:00',0,''),(117,136,'GME RESOURCES SDN. BHD,','GME','GME RESOURCES SDN. BHD,','','','','','',0,458,'0','0','','','','','001123456907',0,0,0,'32961','2015-04-14',1,'',0,0,'2015-04-14 05:08:16',0,'2015-04-14 05:09:52',0,''),(118,136,'cash','cash','pos','','','','','',0,458,'0','0','','','','','',0,0,0,'32699','2015-04-14',1,'',0,0,'2015-04-14 05:46:43',0,'0000-00-00 00:00:00',0,''),(119,135,'AMIRUL ASHRAF ALAUDIN','A02','','','','','','',0,458,'0','0','','','','','',74,0,0,'32962','2015-04-16',1,'',0,0,'2015-04-16 09:11:43',0,'0000-00-00 00:00:00',0,''),(120,136,'ALAM FLORA SDN BHD','AF001','472837T','','','','','',0,458,'0','0','','','','','000725282662',0,0,0,'32699','2015-04-23',1,'',0,0,'2015-04-23 04:23:46',0,'0000-00-00 00:00:00',0,''),(121,136,'MASSA SDN BHD','2100-000','1235468','','','','','',0,458,'0','0','','','','','',85,0,0,'32981','2015-05-07',1,'',0,0,'2015-05-07 06:52:10',0,'0000-00-00 00:00:00',0,''),(122,121,'Perodua Manufacturing Sdn Bhd','P01','09599T','Perodua Automotive Centre','Sunga Choh','Locked Bag 226','Rawang','48009',1931,458,'0','0','','','','','',48,0,0,'32982','2015-05-12',1,'',0,0,'2015-05-12 04:25:15',0,'0000-00-00 00:00:00',0,''),(123,121,'KLCC Urusharta Sdn Bhd','K001','545455-H','KLCC','Taman Dagang','Dagang centre','Ampang','85202',1933,458,'0','0','','','','','',0,0,0,'30886','2015-05-12',1,'',0,0,'2015-05-12 04:43:24',0,'0000-00-00 00:00:00',0,''),(124,136,'HAZA SAFETY ENTERPRISE','HSE','720271H','NO 56','JALAN 2/2','BANDAR BARU SUNGAI BULOH','SUNGAI BULOH','47000',1931,458,'0','0','+603-61569870','','+603-61567845','','123456789123',85,0,0,'32699','2015-05-14',1,'haza.safety@gmail.com',0,0,'2015-05-14 06:22:23',0,'2015-05-14 06:25:14',0,''),(125,136,'PIXEL PRINT SDN BHD','PPSB','903477','33A, JALAN MEGAH ALAM','PLAZA CRYSTALVILLE ','SRI HARTAMAS','KUALA LUMPUR','50480',1933,458,'0','0','60341495114','012-34567110','60341495114','','123456789102',85,0,0,'32699','2015-05-14',1,'PIXEL@YAHOO.COM',0,0,'2015-05-14 06:24:27',0,'0000-00-00 00:00:00',0,''),(126,136,'Dato h','DH','Asiangeos','no 43 jalan cemerlang ','taman melawati','','cemerlang heigt','46578',1933,458,'0','0','03343535454','03546567','05653564645','','132457895423',85,0,0,'32699','2015-05-14',1,'geeefe@gsdgsh.com',0,0,'2015-05-14 06:24:35',0,'0000-00-00 00:00:00',0,''),(127,136,'rangkaian','rbsb','890678','unit 23','JALAN WAKAF TENGAH ','keramat','kuala lumpur','53300',1933,458,'0','0','034567891','088654533','035447786887','','123456789101',85,50000,0,'32699','2015-05-14',1,'rbsb@gmail.com',0,0,'2015-05-14 06:24:58',0,'0000-00-00 00:00:00',0,''),(128,136,'MYTEAM HOLDINGS SDN BHD','M001','123456-V','No.13 A','Subang Mewah USJ 1 Subang Jaya','','Subang Jaya','40100',1931,458,'0','0','0133070712','','','','123456789012',85,1000,1,'32699','2015-05-14',1,'info.mgr1@gmail.com',0,0,'2015-05-14 06:25:37',0,'0000-00-00 00:00:00',0,''),(129,136,'KAMAZAHARAHFOODINDUSTRIES','KZ','13','No 17  Jalan rama- rama kelana jaya park','','','PETALING JAYA','47301',1931,458,'0','0','','','','','123456789123',0,0,0,'32715','2015-05-14',1,'',0,0,'2015-05-14 06:25:55',0,'0000-00-00 00:00:00',0,''),(130,136,'IA SERVICES ','IA001','9876H','NO 20 JLN PERDANA 54 ','','','','',0,458,'0','0','','','','','786352367544',0,0,0,'32699','2015-05-21',1,'',0,0,'2015-05-21 03:28:53',0,'0000-00-00 00:00:00',0,''),(131,136,'SELESA BAHAGIA SDN BHD','3000M01','123456-K','NO.1 JALAN RMD','TAMAN PERINDUSTRIAN','','SEREMBAN','71200',1925,458,'0','0','','','','','123456789012',0,0,0,'32699','2015-05-21',1,'selesa.bahagia@sbahagia.com.my',0,0,'2015-05-21 03:33:14',0,'0000-00-00 00:00:00',0,''),(132,136,'ICU','k001','2332.h','NO 3,JLN 2 TAMAN DEMI,KUALA KUBU BHARU','','','KUALA KUBU BHARU','44000',1931,458,'0','0','60648796','0149899765','0360643808','','000023154634',0,0,0,'32699','2015-05-21',1,'hs_6574@yahoo.com',0,0,'2015-05-21 03:37:27',0,'0000-00-00 00:00:00',0,''),(133,136,'ali','K001','vbl','NO. 20 .JALAN MERANTI ','','','KUALA KUBU BHARU','44000',1931,458,'0','0','60643806','012-9795322','03-60643808','','123456789000',0,0,0,'32699','2015-05-21',1,'nurhaffizah95@yahoo.com',0,0,'2015-05-21 03:37:29',0,'0000-00-00 00:00:00',0,''),(134,136,'KPT','K001','2332-H','No 1 Plaza Sentral','','','KUALA LUMPUR','50470',1933,458,'0','0','','0132345678','','','000546789012',84,0,0,'32699','2015-05-21',1,'ali@kpt.com',0,0,'2015-05-21 03:38:45',0,'0000-00-00 00:00:00',0,''),(135,136,'MNS SERVICES','QWERT','786434H','NO 40 TAMAN AMAN ','','','BATU PAHAT','',1921,458,'0','0','','','','','123456789012',85,0,0,'32699','2015-05-21',1,'',0,0,'2015-05-21 03:39:46',0,'0000-00-00 00:00:00',0,''),(136,147,'Customer Local Sdn Bhd','C01','3456-V','No, 543','Jalan Samudra Utara 2','','Gombak','45555',1931,458,'0','0','+60361855444','+60361855444','','','001097728007',93,0,0,'33006','2015-05-25',1,'amin@supplier02.com',0,0,'2015-05-25 01:51:18',0,'0000-00-00 00:00:00',0,''),(137,147,'Customer Oversea Ltd','C02','32443','No, 543','Laksamana Road','','Queensland','68100',227,36,'0','0','','','','','',93,0,0,'33006','2015-05-25',1,'',0,0,'2015-05-25 01:52:22',0,'0000-00-00 00:00:00',0,''),(138,136,'JKR SELANGOR','JK001','JKR001','SHAH ALAM','SHAH ALAM','','SHAH ALAM','04010',1931,458,'0','0','123455667677','12367889999999','','','111111111111',85,0,0,'32699','2015-06-25',1,'',0,0,'2015-06-25 03:58:29',0,'0000-00-00 00:00:00',0,''),(139,136,'akram zul','123','sdada','sdads','sdasd','sadasd','asdasd','12345',0,458,'0','0','sadasda','sadadasdasd','','','',0,0,0,'33133','2015-06-25',1,'',0,0,'2015-06-25 04:01:53',0,'0000-00-00 00:00:00',0,''),(140,136,'FATIN','YPPM0001','123456','TAMAN CEMPAKA','','','SUNGAI BULOH','47000',1931,458,'0','0','03-22016711','012-3456789','03-22016711','','123456789102',0,0,0,'33135','2015-06-25',1,'',0,0,'2015-06-25 04:01:54',0,'0000-00-00 00:00:00',0,''),(141,136,'FARID FIRDAUS','yed21','yed2106','','','','','',0,458,'0','0','0977777777','0147777777','','','123456789101',85,0,0,'33134','2015-06-25',1,'',0,0,'2015-06-25 04:02:21',0,'0000-00-00 00:00:00',0,''),(142,136,'akram','101','12345','no7,jln bk2/9a','','','puchong','47180',1931,458,'0','0','0380753499','','','','123456789123',85,0,0,'32976','2015-06-25',1,'',0,0,'2015-06-25 04:02:28',0,'0000-00-00 00:00:00',0,''),(143,136,'awin ','2100','eletrical company','Lot  73 batu 16 tambak jawa','','','KUALA SELANGOR','45800',1931,458,'0','0','','0129305259','','','123456789012',85,0,0,'32699','2015-06-25',1,'',0,0,'2015-06-25 04:03:16',0,'0000-00-00 00:00:00',0,''),(144,136,'Daniel','akila000','dencom','qwertyui','wertyu','','kj','67898',1921,458,'0','0','34567890','34567890','','','899923459867',89,0,0,'33137','2015-06-25',1,'',0,0,'2015-06-25 04:03:16',0,'0000-00-00 00:00:00',0,''),(145,136,'RANIA COLLECTIONS SDN BHD','M002','12345-A','No.74A Jalan Badminton 13/29','','','Seksyen 13 Shah Alam','40100',1931,458,'0','0','0126104293','012-3456789','0320502673','','123456789013',0,0,0,'32699','2015-06-30',1,'info.mgr1@gmail.com',0,0,'2015-06-30 04:51:35',0,'0000-00-00 00:00:00',0,''),(146,136,'MSS A','00001','PNK XXX','CCC','BBB','AAA','XYZ','36000',1934,458,'0','0','','','','','123456789012',0,0,0,'32699','2015-06-30',1,'',0,0,'2015-06-30 04:53:07',0,'0000-00-00 00:00:00',0,''),(147,136,'ASSALIHIN & CO','A0000001','1234567-','qeereqrqereqrqerw','rererwrwrwrwrwerw','rwrwerwerwrwrw','ferwrwrrw','12345',1921,458,'0','0','','','','','',0,0,0,'32699','2015-06-30',1,'',0,0,'2015-06-30 04:58:42',0,'0000-00-00 00:00:00',0,''),(148,136,'KLCC URUSHARTA SDN BHD','K000001','','','','','','',0,458,'0','0','','','','','123456789101',0,0,0,'32699','2015-06-30',1,'',0,0,'2015-06-30 04:58:46',0,'0000-00-00 00:00:00',0,''),(149,136,'PIJAH SDN BHD','SHA00001','12345','TAMAN ROS','TELUK INTAN','','','',0,458,'0','0','','','','','123456789012',0,0,0,'32699','2015-06-30',1,'',0,0,'2015-06-30 04:59:04',0,'0000-00-00 00:00:00',0,''),(150,136,'MISS B','A0002','PNK ABC','','','','','',0,458,'0','0','','','','','',0,0,0,'32699','2015-06-30',1,'',0,0,'2015-06-30 05:04:31',0,'0000-00-00 00:00:00',0,''),(151,136,'kkkkkk','CC0010','','','','','','',0,458,'0','0','','','','','',0,0,0,'32699','2015-07-30',1,'',0,0,'2015-07-30 02:37:38',0,'0000-00-00 00:00:00',0,''),(152,136,'LADY GAGA','LG01','1234567-X','','','','','',0,458,'0','0','','','','','',0,0,0,'32699','2015-07-30',1,'',0,0,'2015-07-30 02:47:54',0,'0000-00-00 00:00:00',0,''),(153,136,'Koperasi Besar Jalan Hang Tuah','KOP01','dadadad','','','','','',0,458,'0','0','','','','','123456789012',85,0,0,'33150','2015-07-30',1,'',0,0,'2015-07-30 03:25:16',0,'0000-00-00 00:00:00',0,''),(154,136,'Lina Inverst','CM001','geegee','','','','','',0,458,'0','0','','','','','321654987321',85,0,0,'33153','2015-07-30',1,'',0,0,'2015-07-30 03:25:18',0,'0000-00-00 00:00:00',0,''),(155,136,'BABANANA','POPOPO','999999999','','','','','',0,458,'0','0','','','','','',85,0,0,'33152','2015-07-30',1,'',0,0,'2015-07-30 03:25:29',0,'0000-00-00 00:00:00',0,''),(156,136,'AL Ameen Development Sdn Bhd','AL01','Al Ameen Development','','','','','',0,458,'0','0','','','','','123456789112',85,0,0,'33154','2015-07-30',1,'',0,0,'2015-07-30 03:25:38',0,'0000-00-00 00:00:00',0,''),(157,136,'NOR ATIKA EDAYU','A0001','','NO.5 LOT 2882C, KG. PAYA JARAS HILIR,','','','SUNGAI BULOH','47000',1931,458,'0','0','','','','','',0,0,0,'33156','2015-07-30',1,'',0,0,'2015-07-30 03:25:50',0,'0000-00-00 00:00:00',0,''),(158,136,'NANA','KOP02','12ER','','','','','',0,458,'0','0','','','','','',85,0,0,'33151','2015-07-30',1,'',0,0,'2015-07-30 03:25:56',0,'0000-00-00 00:00:00',0,''),(159,136,'PQRS Sdn Bhd','PQRS001','','','','','','',0,458,'0','0','','','','','',0,0,0,'33159','2015-07-30',1,'',0,0,'2015-07-30 03:57:21',0,'0000-00-00 00:00:00',0,''),(160,136,'fahin2','4321','43210','','','','','',0,0,'0','0','','','','','098765432109',0,0,0,'0','2015-09-03',0,'',0,0,'2015-09-03 03:19:24',0,'0000-00-00 00:00:00',0,''),(161,149,'MAHABBAD SDN BHD','MHD01','111234T','GOMBAK','','','GOMBAK','51200',0,0,'0','0','','','','','',0,0,0,'33320','2015-09-01',1,'',0,0,'2015-09-07 03:16:11',0,'2015-09-14 02:39:56',0,''),(162,149,'ADINAS SDN BHD','ADN01','212211A','KLANG','','','KLANG','41200',1931,458,'0','0','','','','','',0,0,0,'33320','2015-09-07',1,'',0,0,'2015-09-07 03:17:45',0,'2015-10-08 01:21:12',0,''),(163,136,'PUMA HITAM (M) SDN. BHD.','PUMA','2222222-Y','NO. 234 JALAN BOWLING','SEKSYEN 15 SHAH ALAM','','SHAH ALAM','40001',0,458,'0','0','03-22222334','019-12345678','03-22223335','','000121212121',85,0,0,'32699','2015-09-10',1,'pumahitam@gmail.com',0,0,'2015-09-10 03:23:36',0,'0000-00-00 00:00:00',0,''),(164,149,'DIN ENTERPRISE','D01','221212T','','','','KEPONG','52000',1933,458,'0','0','','','','','000045632345',0,0,0,'33320','2015-09-14',1,'',0,0,'2015-09-14 02:42:15',0,'2015-09-14 02:43:10',0,''),(165,148,'AL-KHAWARIZMI SDN BHD','AR001','1000987-A','NO.16, LORONG KERIANG 6B,','TAMAN SERI KERIANG','','SHAH ALAM','43200',1931,458,'0','0','03-2261 418','012-261 4180','03-2261 4182','','000988832211',96,0,0,'33189','2015-01-01',1,'accounts@salihin.com.my',0,0,'2015-09-15 09:19:51',0,'0000-00-00 00:00:00',0,''),(166,149,'RAHIM ENTERPRISE','4321-R','99807617244','KUANTAN PAHANG','','','KUANTAN','25200',1926,458,'0','0','','','','','',97,0,0,'33434','2015-09-21',1,'',0,0,'2015-09-21 03:59:30',0,'2015-09-21 04:05:33',0,''),(167,149,'CHOI SOON SENG SPORTS','C01','932647 S','','','','PUCHONG','47100',1931,458,'0','0','','','','','001023298938',97,15000,1,'33320','2015-10-08',1,'',0,0,'2015-10-08 01:19:32',0,'2015-10-08 01:22:00',0,''),(168,149,'AL-HIJAZI SDN BHD','CC0010','123459-K','No. 48, Lorong Kerayong 5A','Taman Seri Kerayong','','Klang','42200',1931,458,'0','0','0129020146','0129020146','','','001029872296',97,0,0,'33440','2015-10-08',1,'hijrahrahmat@gmail.com',0,0,'2015-10-08 02:19:10',0,'2015-10-08 02:21:05',0,''),(169,149,'Aizat customer sdn bhd','A0001','2333-H','','','','','',0,458,'0','0','','','','','123456789012',97,0,0,'33320','2015-10-08',1,'',0,0,'2015-10-08 03:23:44',0,'0000-00-00 00:00:00',0,''),(170,107,'Customer 02','C0003','2334-T','','','','','',0,458,'0','0','','','','','123456789012',99,0,0,'29319','2015-10-08',1,'',0,0,'2015-10-08 05:02:07',0,'0000-00-00 00:00:00',0,''),(171,149,'MOHABBATEIN SDN BHD','CC 001','123987-T','asghjk','','','ASASAS','12345',1934,458,'0','0','','','','','123456789012',97,0,0,'33320','2015-10-13',1,'',0,0,'2015-10-13 07:48:37',0,'0000-00-00 00:00:00',0,''),(172,147,'Historical customer','C003','33322-T','No, 543','Jalan laksamana','','Batu Caves','68100',1931,458,'0','0','','','','','',93,0,0,'33006','2015-10-22',1,'',0,0,'2015-10-22 02:44:51',0,'0000-00-00 00:00:00',0,''),(173,149,'AL-MAKLUMLAH SDN BHD','CUST100','019231-X','No. 48, Lorong Kerayong 5A','Taman Seri Kerayong','Klang','Klang','42200',1931,458,'0','0','0129020146','0129020146','','','002198333671',97,0,0,'1','2015-11-04',1,'hijrahrahmat@gmail.com',0,0,'2015-11-04 02:36:42',0,'0000-00-00 00:00:00',0,''),(174,147,'Customer 04 Sdn Bhd','C0004','34340-G','No, 543','jalan larkin','','','56666',1921,458,'0','0','','','','','123456789012',93,0,0,'33443','2015-11-04',1,'',0,0,'2015-11-04 03:30:23',0,'0000-00-00 00:00:00',0,''),(175,121,'Customer 04','C001','43444-G','no.556','Jalan laksamana','','','6655',1934,458,'0','0','','','','','123456789012',49,0,0,'33444','2015-11-05',1,'',0,0,'2015-11-05 04:06:02',0,'0000-00-00 00:00:00',0,''),(176,149,'ALI MAJU SDN BHD','CUST99','099889-P','','','','','',0,458,'0','0','','','','','',0,0,0,'33452','2015-11-19',1,'',0,0,'2015-11-19 03:43:33',0,'0000-00-00 00:00:00',0,''),(177,149,'VERSION 6 TESTING','CUST0092','123432-Z','','','','','',0,458,'0','0','','','','','',0,0,0,'33320','2015-11-19',1,'',0,0,'2015-11-19 10:03:17',0,'0000-00-00 00:00:00',0,''),(178,149,'VERSION 6 TESTING ISSA','CUST111','212112-O','','','','','',0,458,'0','0','','','','','',97,0,0,'33320','2015-11-19',1,'',0,0,'2015-11-19 10:32:12',0,'0000-00-00 00:00:00',0,''),(179,149,'HAI LAH ISSA NI!','CUST 919','111111-S','','','','','',0,458,'0','0','','','','','000009122321',97,0,0,'33320','2015-11-20',1,'',0,0,'2015-11-20 02:28:27',0,'0000-00-00 00:00:00',0,''),(180,149,'TESTING-TESTING 123','CUST002','111112-P','','','','','',0,458,'0','0','','','','','000011212113',97,0,0,'33320','2015-11-23',1,'',0,0,'2015-11-23 01:23:42',0,'0000-00-00 00:00:00',0,''),(181,149,'TEST2','CUST010','111222-O','','','','','',0,458,'0','0','','','','','000000000001',97,0,0,'33320','2015-11-23',1,'',0,0,'2015-11-23 01:44:45',0,'0000-00-00 00:00:00',0,''),(182,149,'HIJRAH KENA TESTING','CUST92','101029-U','','','','','',0,458,'0','0','','','','','123123333214',97,0,0,'33320','2015-11-23',1,'',0,0,'2015-11-23 04:33:27',0,'0000-00-00 00:00:00',0,''),(183,149,'HAILAH VERSION 6 NI','cust12','090901-O','','','','','',0,458,'0','0','','','','','000000000002',97,0,0,'33320','2015-11-25',1,'',0,0,'2015-11-25 02:20:42',0,'2015-11-25 02:21:47',0,''),(184,149,'izuwan cuba ','65657','8575757t','','','','','',0,458,'0','0','','','','','008986456767',0,0,0,'33320','2015-11-25',1,'',0,0,'2015-11-25 06:58:54',0,'2015-12-21 03:49:30',1,''),(185,149,'izuwan cuba','i-009','888-i','','','','','',0,458,'0','0','','','','','008978675645',0,0,0,'33320','2015-12-01',1,'',0,0,'2015-12-01 02:01:38',0,'2015-12-21 03:49:24',1,''),(186,136,'ATEENTUYA ENTERPRISE','121121','1234567','NO 555, JALAN SAMUDERA UTARA 1','TAMAN SAMUDERA','BATU CAVES','BATU CAVES','68100',1931,458,'0','0','','','','','123456789123',89,10000,0,'32699','2015-12-03',1,'',0,0,'2015-12-03 04:34:05',0,'0000-00-00 00:00:00',0,''),(187,136,'bossjaws','boss','4488-A','','','','','',0,458,'0','0','','','','','',0,0,0,'32699','2015-12-03',1,'',0,0,'2015-12-03 04:34:43',0,'0000-00-00 00:00:00',0,''),(188,156,'CHALET SDN BHD','SPS001','1211-M','LOT 5555','','','BATU CAVES','53100',1931,458,'0','0','','','','','',0,0,0,'34648','2015-12-10',1,'',0,0,'2015-12-10 05:59:16',0,'2015-12-10 06:03:17',0,''),(189,163,'King Sweet','Malaysia','H6554455','No. 1 Wisma Satu Malaysia','Dataran Prima','Damansara','Damansara','45000',1933,458,'0','0','','','','','9873114789898',0,0,0,'34526','2015-12-10',1,'huhu@malaysia.com',0,0,'2015-12-10 05:59:22',0,'0000-00-00 00:00:00',0,''),(190,167,'Customer A Sdn Bhd','C001','3434-K','No, 543','Jalan laksamana','Batu Caves','Batu Caves','68100',1931,458,'0','0','','','','','234543443322',101,0,0,'34638','2015-12-10',1,'',0,0,'2015-12-10 05:59:28',0,'0000-00-00 00:00:00',0,''),(191,165,'SEMERBAK SDN BHD','AR0001','2000212H','','','','','',0,458,'0','0','','','','','123456789012',103,10000,1,'34642','2015-12-10',1,'',0,0,'2015-12-10 06:00:19',0,'0000-00-00 00:00:00',0,''),(192,167,'Customer B Sdn Bhd','C002','8765-G','No.444','Jalan Bukit bintang','Bukit Bintang','Bukit Bintang','54444',1933,458,'0','0','','','','','876787654345',101,0,0,'34644','2015-12-10',1,'',0,0,'2015-12-10 06:00:30',0,'0000-00-00 00:00:00',0,''),(193,159,'Abu Talib','4567','98987771','No 14 Jalan Ampang Jaya','Ampang jaya 3','Kuala Lumpur','Kuala Lumpur','40740',1933,458,'0','0','','','','','123456789111',109,0,0,'34241','2015-12-10',1,'',0,0,'2015-12-10 06:00:32',0,'2015-12-10 06:04:19',0,''),(194,161,'Stark Corp.','C111','1111-SC','','','','','',0,458,'0','0','','','','','',0,0,0,'34639','2015-12-10',1,'',0,0,'2015-12-10 06:00:33',0,'0000-00-00 00:00:00',0,''),(195,157,'CUSTOMER A SDN BHD','C001','123456','','','','','',0,458,'0','0','','','','','123456789120',107,0,0,'34643','2015-12-10',1,'',0,0,'2015-12-10 06:01:23',0,'0000-00-00 00:00:00',0,''),(196,163,'King Sweet 1','Malaysia','H6554455','Puchong','Larut malam sales dept','','','',1923,458,'0','0','','','','','648236482369',0,0,0,'34526','2015-12-10',1,'',0,0,'2015-12-10 06:01:52',0,'2015-12-10 06:05:50',0,''),(197,161,'Stark Corp. B.','C222','1111SCB','','','','','',0,458,'0','0','','','','','',102,0,0,'34646','2015-12-10',1,'',0,0,'2015-12-10 06:02:01',0,'0000-00-00 00:00:00',0,''),(198,158,'Customer A','C1001','12321832193','13e','aman','','nilai','',1925,458,'0','0','3745687','','','','121212121221',104,15,0,'34640','2015-12-10',1,'',0,0,'2015-12-10 06:02:09',0,'0000-00-00 00:00:00',0,''),(199,165,'HUPHUP SDN BHD','AR002','123456Y','','','','','',0,458,'0','0','','','','','132234678799',103,100000,1,'34647','2015-12-10',1,'',0,0,'2015-12-10 06:02:42',0,'0000-00-00 00:00:00',0,''),(200,160,'MINIMALIS SDN BHD','Cust001','12345-O','','','','','',0,458,'0','0','','','','','123456789012',105,0,0,'34506','2015-12-10',1,'',0,0,'2015-12-10 06:02:48',0,'0000-00-00 00:00:00',0,''),(201,157,'Customer B Sdn Bhd','C002','1234567','','','','','',0,458,'0','0','','','','','123456789012',107,0,0,'34649','2015-12-10',1,'',0,0,'2015-12-10 06:03:09',0,'0000-00-00 00:00:00',0,''),(202,158,'Customer B','C1002','12321314124','15e','aman','','nilai','',1925,458,'0','0','','','','','232324242411',104,30,0,'34645','2015-12-10',1,'',0,0,'2015-12-10 06:03:29',0,'0000-00-00 00:00:00',0,''),(203,149,'sekolah','sekolah','','','','','','',0,458,'0','0','','','','','',0,0,0,'33320','2015-12-16',1,'',0,0,'2015-12-16 01:53:20',0,'2015-12-21 03:49:19',1,''),(204,85,'kedai-e.net','ke','019249','kedai tepi jalan','jln batu','','','',0,458,'0','0','','','','','',0,0,0,'34670','2015-12-16',1,'',0,0,'2015-12-16 08:24:32',0,'0000-00-00 00:00:00',0,''),(205,149,'AL-AMIN RESOURCES SDN. BHD.','CUST005','123456-X','No. 48, Lorong Kerayong 5A','Taman Seri Kerayong','','Klang','42200',1931,458,'0','0','','','','','000012129819',97,0,0,'34778','2015-12-21',1,'',0,0,'2015-12-21 03:52:16',0,'0000-00-00 00:00:00',0,''),(206,149,'JANUARI SDN BHD','CUST20','909012-P','No. 48, Lorong Kerayong 5A','Taman Seri Kerayong','','Klang','42200',1931,458,'0','0','603-8068 6955','','','','000987622273',97,0,0,'34780','2016-01-06',1,'bowlink84@yahoo.com',0,0,'2016-01-06 04:34:06',0,'0000-00-00 00:00:00',0,'');

--
-- Table structure for table `customer_address`
--

CREATE TABLE `customer_address` (
  `ID` int(11) NOT NULL AUTO_INCREMENT,
  `companyID` int(11) NOT NULL,
  `customerID` int(11) NOT NULL,
  `addressCode` varchar(50) NOT NULL,
  `addressName` varchar(128) NOT NULL,
  `line1` varchar(128) NOT NULL,
  `line2` varchar(128) NOT NULL,
  `line3` varchar(128) NOT NULL,
  `city` varchar(128) NOT NULL,
  `postCode` varchar(8) NOT NULL,
  `stateID` int(11) NOT NULL,
  `countryID` int(11) NOT NULL,
  `createdBy` int(11) NOT NULL,
  `createdTS` timestamp NOT NULL DEFAULT CURRENT_TIMESTAMP,
  `updatedBy` int(11) NOT NULL,
  `updatedTS` timestamp NOT NULL DEFAULT '0000-00-00 00:00:00' ,
  `is_delete` tinyint(1) NOT NULL,
  PRIMARY KEY (`ID`)
) ENGINE=InnoDB AUTO_INCREMENT=87 DEFAULT CHARSET=latin1;

--
-- Dumping data for table `customer_address`
--

INSERT INTO `customer_address` VALUES (1,1,1,'','','','','','','',0,0,0,'2014-05-14 08:45:58',0,'2014-06-03 10:05:20',0),(2,1,2,'','','','','','','',0,0,0,'2014-05-14 09:00:46',0,'2014-06-03 10:05:21',0),(3,1,5,'','','','','','','',0,0,0,'2014-05-14 09:06:45',0,'2014-05-19 07:16:29',0),(4,1,1,'3234','','fad','fad','fad','2323','32222',1929,458,0,'2014-05-19 22:46:16',0,'2014-08-13 07:27:57',0),(5,1,17,'HQ AXBN','Apartment 1','Apartment 1','jalan apartment axbn','taman axbn perdata','Batu 1.1','11111',1923,458,0,'2014-05-28 21:13:50',0,'2014-08-20 03:01:25',0),(6,1,17,'W1 AXBN','Condo 1','Condo 1','jalan apartment axbn','taman axbn perdata','Batu 1.1.1','11111',1932,458,0,'2014-05-28 21:29:09',0,'2014-08-20 03:01:52',0),(7,1,12,'HQ Telekom Malaysia','Apartment 1','Apartment 1','','','Batu 1.1','11111',1923,458,0,'2014-05-28 21:13:50',0,'2014-08-13 08:03:31',0),(8,1,12,'Branch 1 Telekom Malaysia','Condo 1','Condo 1','','','Batu 1.1.1','11111',1932,458,0,'2014-05-28 21:29:09',0,'2014-08-13 08:04:02',0),(9,1,35,'HQ Hello World','','HQ address','','','KL','',1933,458,0,'2014-08-12 23:59:40',0,'2014-08-13 11:07:53',1),(10,84,36,'HQ Pepsi','','','','','','',1933,458,0,'2014-08-13 00:07:23',0,'2014-08-13 06:46:06',0),(11,84,36,'W1 Pepsi','','W1 Pepsi','','','','',1921,458,0,'2014-08-13 00:07:45',0,'2014-08-13 06:46:12',0),(12,1,15,'HQ Celcom','','KL','','','','',0,458,0,'2014-08-13 02:05:32',0,'2014-08-13 08:39:34',0),(13,1,15,'HQ Celcom','','KL','','','KL','12345',1933,458,0,'2014-08-13 02:05:54',0,'2014-08-13 08:39:39',0),(14,1,15,'Branch 1 Celcom','','KL','','','KL','12345',1933,458,0,'2014-08-13 02:06:17',0,'2014-08-13 08:39:42',0),(15,1,16,'HQ Maxis','','Head Quater Maxis','','','KL','12345',1933,458,33,'2014-08-13 02:42:38',0,'0000-00-00 00:00:00',0),(16,1,16,'First Branch maxis','','First Branch maxis','','','KL','12345',1933,458,33,'2014-08-13 02:43:03',0,'0000-00-00 00:00:00',0),(17,1,20,'HQ ABC Enterprise','','HQ ABC Enterprise','HQ ABC Enterprise','HQ ABC Enterprise','KL','12345',1933,458,33,'2014-08-13 04:29:23',0,'0000-00-00 00:00:00',0),(18,84,35,'HQ Hello World','','HQ Hello World','HQ Hello World','HQ Hello World','HQ Hello World','12345',1933,458,33,'2014-08-13 05:07:57',0,'0000-00-00 00:00:00',0),(19,84,35,'Main Branch','','Main Branch','Main Branch','Main Branch','Main Branch','12323',1933,458,33,'2014-08-13 05:08:35',0,'0000-00-00 00:00:00',0),(20,87,38,'001','','Jalan 222','TAMAN LAKSAMANA','','SG. BULOH','34343',1931,458,35,'2014-08-20 21:38:12',0,'0000-00-00 00:00:00',0),(21,93,41,'AS','','NO.222,','JALAN KEBANGSAAN','TMN MERDEKA','SETAPAK','53100',1933,458,43,'2014-09-05 02:11:31',0,'0000-00-00 00:00:00',0),(22,103,44,'123','','no 10 jalan miri 2','taman beringin','','kuala lumpur','52000',1933,458,50,'2014-09-15 20:32:14',0,'0000-00-00 00:00:00',0),(23,105,45,'Kelana Jaya','','no.556','Jalan Berserah','Taman Berserah','Gombak','45555',1931,458,19,'2014-09-15 23:20:21',0,'0000-00-00 00:00:00',0),(24,93,40,'HQ123','','Address','Line1111','Line2222','Dhaka','12291',1933,458,16,'2014-09-16 19:46:16',0,'0000-00-00 00:00:00',0),(25,107,49,'Gombak','','Jalan Ship','taman beringin','','Gombak','66555',1931,458,19,'2014-09-29 19:11:32',0,'0000-00-00 00:00:00',0),(26,111,52,'AB','','AAA','JLN SS','','KL','53000',1933,458,43,'2014-10-13 22:05:26',0,'0000-00-00 00:00:00',0),(27,111,54,'PLATINUM VICTORY','','BLOCK A','','','SETAPAK','53200',1933,458,43,'2014-10-16 20:43:45',0,'0000-00-00 00:00:00',0),(28,111,55,'BNDR BARU UDA','','','','','JOHOR BAHRU','80000',1921,458,43,'2014-10-17 01:48:55',0,'0000-00-00 00:00:00',0),(29,111,55,'xf','','ggggggggggggggggggg','ggggggggggggg','gggggggg','ggggggggggg','77777',1931,458,55,'2014-11-03 01:14:10',0,'0000-00-00 00:00:00',0),(30,111,53,'rr','','rrrrrrrrrrrrrrrrr','rrrrrrrrrrrrrrrrrr','rrrrrrrrrrrr','rrrrrrrrrrrrrr','66666',1924,458,55,'2014-11-03 01:16:57',0,'0000-00-00 00:00:00',0),(31,116,56,'Gombak','','no.556','Jalan Samudra Utara 2','Taman Samudra','Batu Caves','53100',1933,458,43,'2014-11-04 19:22:00',0,'2014-11-27 02:28:13',0),(32,116,57,'CCC01','','no. 123','Jalan Bukit bintang','','Kuala Lumput','54544',1933,458,19,'2014-11-06 01:11:03',0,'0000-00-00 00:00:00',0),(33,116,58,'CH','','C-6048','BT 5 1/2','Kampung Pantai Cheng','Melaka Tengah','75250',1924,458,55,'2014-11-07 00:35:28',0,'0000-00-00 00:00:00',0),(34,117,69,'W-01','','Wangsa Maju','Wangsa Maju','Wangsa Maju','Gombak','68100',1931,458,55,'2014-11-23 18:45:20',0,'0000-00-00 00:00:00',0),(35,121,62,'1','','12345,GRGRGF','','','dfsdfs','54333',1927,458,57,'2014-11-24 20:33:02',0,'0000-00-00 00:00:00',0),(36,116,65,'CHRS','','No.13,','Jalan Mutiara','Taman Mutiara Rini','Cheras','58000',1931,458,43,'2014-11-24 23:15:30',0,'0000-00-00 00:00:00',0),(37,116,70,'PV','','2D-1','Block J','Platinum Victory','Setapak','53200',1933,458,43,'2014-11-25 18:58:43',0,'0000-00-00 00:00:00',0),(38,117,71,'K-01','','4564','Jalan Kedah utama','Taman Kedah utama','Pendang','44844',1922,458,55,'2014-11-27 00:36:12',0,'0000-00-00 00:00:00',0),(39,128,76,'AR1-1','','1, Jalan Satu','Taman Satu','','Ayer Keroh','12321',1924,458,57,'2014-12-09 18:29:12',0,'2014-12-10 01:37:46',0),(40,128,77,'AR2-1','','Block B-1-3, Block B','Plaza B','','Ayer Keroh','43333',1924,458,57,'2014-12-09 18:33:43',0,'0000-00-00 00:00:00',0),(41,128,79,'AR3-1','','987, Ground Floor','City Mall','','Kuantan','43333',1926,458,57,'2014-12-09 18:35:51',0,'0000-00-00 00:00:00',0),(42,126,78,'GAD01','','No. 6, JALAN TIONG 66','TAMAN PERINDUSTRIAN JAYA','','Wilayah Persekutuan','68100',1933,458,29,'2014-12-09 18:51:57',0,'0000-00-00 00:00:00',0),(43,126,81,'loca1','','234, LORONG INDUSTRI 2/3','JALAN SG 13/12,','TAMAN SERI GOMBAK','GOMBAK','68100',1931,458,29,'2014-12-09 20:05:55',0,'0000-00-00 00:00:00',0),(44,124,75,'Johor','','No.8','Jalan Johor 8','Taman Johor Jaya','Skudai','80000',1921,458,43,'2014-12-14 19:56:34',0,'0000-00-00 00:00:00',0),(45,124,82,'BNTG01','','UNIT 32a','GEDUNG PANGLIMA GARANG','TELUK PANGLIMA GARANG','BANTING','40100',1931,458,29,'2014-12-14 20:17:21',0,'0000-00-00 00:00:00',0),(46,124,73,'N9','','No. 234','Jalan Negeri Sembilan 9','Taman Negeri 9','Seremban','54320',1925,458,43,'2014-12-14 20:17:45',0,'0000-00-00 00:00:00',0),(47,124,74,'Kuantan','','NO.2-115','Level 2','East Coast Mall','Kuantan','21000',1926,458,43,'2014-12-14 20:49:21',0,'0000-00-00 00:00:00',0),(48,124,83,'S1','','1, Jalan Satu','Taman Perindustrian AA','','Sg Buloh','33223',1931,458,57,'2014-12-15 19:27:01',0,'2015-05-22 09:07:58',1),(49,124,84,'SHA03','','78,gudang buah','','','SHAH ALAM','40100',1931,458,29,'2014-12-16 21:02:00',0,'0000-00-00 00:00:00',0),(50,124,85,'Spiderman','','Jalan Spiderman','Taman Batman','','Setapak','53100',1933,458,43,'2014-12-23 00:02:30',0,'0000-00-00 00:00:00',0),(51,124,72,'L01','','C-6048','Jalan Bukit Jalil 1','Taman Gombak','Gombak','66666',1931,458,55,'2014-12-26 00:52:12',0,'0000-00-00 00:00:00',0),(52,131,86,'D0001','','Jalan Panglima Garang','','','Kuala Selangor','96522',1931,458,19,'2015-01-20 01:27:39',0,'0000-00-00 00:00:00',0),(53,132,89,'C0001','','No. 666 Customer 01 Delivery Address','','','Temerloh','45455',1930,458,19,'2015-01-21 22:02:11',0,'0000-00-00 00:00:00',0),(54,133,92,'D1','','No 180','Taman Indah','','Kuala Lumpur','50350',1933,458,3,'2015-01-27 00:48:41',0,'0000-00-00 00:00:00',0),(55,133,93,'danau','','No.77','Jalan Ikan Bilis','','Skudai','85000',1921,458,43,'2015-01-28 02:27:36',0,'0000-00-00 00:00:00',0),(56,133,101,'Kdh-01','','231','asd','xbnmjk','ffgh','23123',1922,458,55,'2015-02-10 19:03:13',0,'0000-00-00 00:00:00',0),(57,133,101,'jnkm','','thfh','hgjgjh','hjgjh','hjgjhg','54654',1929,458,55,'2015-02-10 19:11:44',0,'0000-00-00 00:00:00',0),(58,136,110,'ttt','','no 12 jalan 14','taman budaya','lembah keramat','kuala lumpur','56000',1933,458,131,'2015-03-24 20:41:02',0,'0000-00-00 00:00:00',0),(59,121,116,'J01','','Jalan Larkin','Taman Larkin','','Johor bharu','34444',1921,458,19,'2015-03-25 01:22:37',0,'0000-00-00 00:00:00',0),(60,136,129,'14','','London, United Kingdom','','','','',0,458,124,'2015-05-14 00:29:56',0,'0000-00-00 00:00:00',0),(61,124,83,'ljlj434','','fdhfhjf j','gfdh fdjf','h fdjg','Kuala Lumpur','53100',1933,458,33,'2015-05-22 03:42:37',0,'2015-05-22 09:45:23',1),(62,124,72,'dfvs','','sdfvf','sfdvcss','sfdvds','dfds','21212',1930,458,3,'2015-07-09 22:45:27',0,'0000-00-00 00:00:00',0),(63,149,161,'001','','GOMBAK','','','GOMBAK','51200',0,458,141,'2015-09-07 03:28:30',0,'0000-00-00 00:00:00',0),(64,149,161,'W1','','WANGSA MAJU','','','WANGSA MAJU','52500',1933,458,48,'2015-09-07 19:37:55',0,'0000-00-00 00:00:00',0),(65,149,162,'K1','','KLANG','','','KLANG','41200',1931,458,48,'2015-09-09 21:52:15',0,'0000-00-00 00:00:00',0),(66,149,166,'HQ','RAHIM ENTERPRISE','KUANTAN PAHANG','','','KUANTAN','25200',1926,458,0,'2015-11-04 06:28:05',0,'0000-00-00 00:00:00',0),(68,149,164,'HQ','DIN ENTERPRISE','','','','KEPONG','52000',1933,458,0,'2015-11-17 07:26:18',0,'0000-00-00 00:00:00',0),(69,93,42,'HQ','dfd','dfd','dfd','dfd','dfdf','dfdff',1933,458,0,'2015-12-02 08:28:40',0,'0000-00-00 00:00:00',0),(70,93,46,'HQ','QQ Plus Sdn Bhd','','','','','',0,458,0,'2015-12-02 08:28:44',0,'0000-00-00 00:00:00',0),(71,93,104,'HQ','Sofea Jane','NO. 544','Jalan Ultraman Mebius','','Setapak','53400',1933,458,0,'2015-12-02 08:28:49',0,'0000-00-00 00:00:00',0),(72,149,167,'HQ','CHOI SOON SENG SPORTS','','','','PUCHONG','47100',1931,458,0,'2015-12-02 08:38:14',0,'0000-00-00 00:00:00',0),(73,136,112,'HQ','RINDU AWAK 200% ','No21 Lorong 1 Lot 575, Kampung Padang Balang','','','KAMPUNG BARU SEMALAM','51100',1933,458,0,'2015-12-03 04:17:33',0,'0000-00-00 00:00:00',0),(74,136,115,'HQ','Global Imtiyaaz Enterprise','sri gombak','','','gombak','53300',1931,458,0,'2015-12-03 04:43:00',0,'0000-00-00 00:00:00',0),(75,165,191,'HQ','SEMERBAK SDN BHD','','','','','',0,458,0,'2015-12-10 06:03:09',0,'0000-00-00 00:00:00',0),(76,165,199,'HQ','HUPHUP SDN BHD','','','','','',0,458,0,'2015-12-10 06:04:32',0,'0000-00-00 00:00:00',0),(77,167,190,'HQ','Customer A Sdn Bhd','No, 543','Jalan laksamana','Batu Caves','Batu Caves','68100',1931,458,0,'2015-12-10 06:11:36',0,'0000-00-00 00:00:00',0),(78,158,198,'HQ','Customer A','13e','aman','','nilai','',1925,458,0,'2015-12-10 06:11:36',0,'0000-00-00 00:00:00',0),(79,159,193,'HQ','Abu Talib','No 14 Jalan Ampang Jaya','Ampang jaya 3','Kuala Lumpur','Kuala Lumpur','40740',1933,458,0,'2015-12-10 06:11:37',0,'0000-00-00 00:00:00',0),(80,156,188,'HQ','CHALET SDN BHD','LOT 5555','','','BATU CAVES','53100',1931,458,0,'2015-12-10 06:11:38',0,'0000-00-00 00:00:00',0),(81,161,194,'HQ','Stark Corp.','','','','','',0,458,0,'2015-12-10 06:11:53',0,'0000-00-00 00:00:00',0),(82,157,195,'HQ','CUSTOMER A SDN BHD','','','','','',0,458,0,'2015-12-10 06:12:19',0,'0000-00-00 00:00:00',0),(83,163,189,'HQ','King Sweet','No. 1 Wisma Satu Malaysia','Dataran Prima','Damansara','Damansara','45000',1933,458,0,'2015-12-10 06:15:39',0,'0000-00-00 00:00:00',0),(84,163,196,'HQ','King Sweet 1','Puchong','Larut malam sales dept','','','',1923,458,0,'2015-12-10 06:16:54',0,'0000-00-00 00:00:00',0),(85,136,117,'3453','','Kota Belut','','','','',1925,458,149,'2016-01-04 00:57:37',0,'0000-00-00 00:00:00',0),(86,148,165,'HQ','AL-KHAWARIZMI SDN BHD','NO.16, LORONG KERIANG 6B,','TAMAN SERI KERIANG','','SHAH ALAM','43200',1931,458,0,'2016-01-04 08:55:17',0,'0000-00-00 00:00:00',0);

--
-- Table structure for table `customer_contact`
--

CREATE TABLE `customer_contact` (
  `ID` int(11) NOT NULL AUTO_INCREMENT,
  `customerID` int(11) NOT NULL,
  `customer_contact_name` varchar(128) NOT NULL,
  `position` varchar(32) NOT NULL,
  `telOffice` varchar(32) NOT NULL,
  `telHp` varchar(32) NOT NULL,
  `email` varchar(64) NOT NULL,
  `remaks` text NOT NULL,
  `createdID` int(11) NOT NULL,
  `createdTS` timestamp NOT NULL DEFAULT CURRENT_TIMESTAMP,
  `updatedBy` int(11) NOT NULL,
  `updatedTS` timestamp NOT NULL DEFAULT '0000-00-00 00:00:00' ,
  PRIMARY KEY (`ID`)
) ENGINE=InnoDB DEFAULT CHARSET=latin1;

--
-- Dumping data for table `customer_contact`
--


--
-- Table structure for table `gl_setup`
--

CREATE TABLE `gl_setup` (
  `ID` int(11) NOT NULL,
  `companyID` int(11) NOT NULL,
  `accountTypeID` int(11) NOT NULL,
  `accountNoID` int(11) NOT NULL
) ENGINE=InnoDB DEFAULT CHARSET=latin1;

--
-- Dumping data for table `gl_setup`
--


--
-- Table structure for table `item`
--

CREATE TABLE `item` (
  `ID` int(11) NOT NULL AUTO_INCREMENT,
  `companyID` int(11) NOT NULL,
  `itemCode` varchar(32) NOT NULL,
  `name` varchar(64) NOT NULL,
  `description` text NOT NULL,
  `itemCategoryID` int(11) NOT NULL,
  `itemTypeID` int(11) NOT NULL,
  `quantity` int(11) NOT NULL,
  `unitOfMeasureID` int(11) NOT NULL,
  `editDescription` tinyint(1) NOT NULL,
  `imageFile` varchar(64) NOT NULL,
  `itemStatusID` tinyint(4) NOT NULL DEFAULT '1' COMMENT 'default to active=1',
  `reorderLevel` int(11) NOT NULL,
  `incomeID` int(11) NOT NULL,
  `cogsID` int(11) NOT NULL,
  `inventoriesID` int(11) NOT NULL,
  `inputTaxID` int(11) NOT NULL,
  `outputTaxID` int(11) NOT NULL,
  `supplierID` int(11) NOT NULL,
  `memo` text NOT NULL,
  `locationID` int(11) NOT NULL,
  `is_delete` smallint(6) NOT NULL,
  `updateable` smallint(6) NOT NULL,
  `totalAmount` double NOT NULL,
  `totalPayable` double NOT NULL,
  `createdBy` int(11) NOT NULL,
  `createdTS` timestamp NOT NULL DEFAULT CURRENT_TIMESTAMP,
  `updatedBy` int(11) NOT NULL,
  `updatedTS` timestamp NOT NULL DEFAULT '0000-00-00 00:00:00' ,
  `supplierPrice` double NOT NULL,
  `salesPrice` double NOT NULL,
  `currencyID` int(11) NOT NULL,
  PRIMARY KEY (`ID`),
  KEY `companyID` (`companyID`)
) ENGINE=InnoDB AUTO_INCREMENT=366 DEFAULT CHARSET=latin1;

--
-- Dumping data for table `item`
--

INSERT INTO `item` VALUES (1,1,'321000100','A12 Wooden Chair','Teak wooden chair with natural finish',0,22,10,29,0,'WIN_20140716_0911483.JPG',1,0,53,0,79,14,1,0,'',1,0,0,0,0,0,'2014-06-09 09:14:28',0,'2014-10-17 12:58:14',0,321,1),(2,1,'100300100','B13 Steel Chair','Steel chair for outdoor',30,22,31,2,0,'WIN_20140716_120339.JPG',1,23,1,2,79,0,1,0,'',1,0,0,0,0,0,'2014-06-09 09:14:28',0,'2014-07-16 05:13:57',3244,231,2),(4,1,'331000100','A23 Plastic Chair','Plastic Chair - Blue',30,22,10,2,0,'WIN_20140716_0911481.JPG',1,0,2,0,79,1,0,0,'',1,0,0,0,0,0,'2014-06-09 09:14:28',0,'2014-07-16 01:55:14',0,0,0),(7,1,'331000200','A24 Plastic Chair','Plastic Chair - Red',0,22,10,2,0,'WIN_20140716_0911481.JPG',1,0,53,57,25,0,0,0,'',1,0,0,0,0,0,'2014-06-09 09:14:28',0,'2014-10-09 07:19:52',2345,0,0),(8,1,'331000300','A25 Plastic Chair','Plastic Chair - White',21,23,10,2,0,'WIN_20140716_0911481.JPG',1,12,18,15,79,28,10,0,'',2,0,0,0,0,0,'2014-06-09 09:14:28',0,'2014-07-16 01:55:15',0,0,0),(9,1,'501012000','Nasi Goreng','Nasi Goreng Ayam',21,23,10,2,0,'WIN_20140716_0911481.JPG',1,0,15,17,79,26,5,0,'',2,0,0,0,0,0,'2014-06-09 09:14:28',0,'2014-07-16 01:55:15',0,652,2),(10,1,'801010001','Bola','Bola Tampar Buaya',30,22,10,2,0,'WIN_20140716_0911481.JPG',1,0,0,0,79,0,0,0,'',2,0,0,0,0,0,'2014-06-09 09:14:28',0,'2014-07-16 01:55:16',111,0,0),(11,15,'M001','Meja makan bulat','saiz 10. warna gold',30,22,0,2,0,'WIN_20140716_0911481.JPG',1,5,276,280,248,48,35,0,'',0,0,0,0,0,0,'2014-06-11 00:41:50',0,'2014-09-03 08:45:21',2222,0,0),(12,15,'M002','Meja makan lonjong','saiz 10. warna hitam',30,22,0,2,0,'WIN_20140716_0911481.JPG',1,2,276,280,248,48,35,0,'',0,0,0,0,0,0,'2014-06-11 02:09:30',0,'2014-09-02 01:21:26',3333,0,0),(13,1,'B006','ALAT TULIS','ALATAN TULIS DAN MELUKIS',20,22,0,13,0,'WIN_20140716_0911481.JPG',1,0,53,57,25,15,1,0,'',0,0,0,0,0,0,'2014-07-09 02:46:33',0,'2014-07-16 01:55:17',0,0,0),(14,1,'1245677','test photo','',0,0,0,0,0,'WIN_20140716_0911481.JPG',1,0,53,57,25,0,0,0,'',0,0,0,0,0,0,'2014-07-16 01:12:32',0,'2014-07-16 01:55:18',0,0,0),(15,1,'ddsdfs','sdf','',19,22,0,3,0,'WIN_20140716_0911481.JPG',1,0,53,57,25,31,10,0,'',0,0,0,0,0,0,'2014-07-16 01:41:53',0,'2014-07-16 01:41:53',0,0,0),(16,81,'MCA1','Microphone','Wireless',19,22,0,13,0,'',1,0,0,0,0,0,0,0,'',0,0,0,0,0,0,'2014-07-21 06:47:25',0,'0000-00-00 00:00:00',0,0,0),(17,81,'PRO12','Sony Projector','Projector 1 set with remote',19,22,0,3,0,'',1,0,1146,0,1146,0,0,0,'',0,0,0,0,0,0,'2014-08-04 01:55:13',0,'0000-00-00 00:00:00',0,0,0),(18,81,'DELL','Laptop Dell','Dell High Specification',19,22,0,0,0,'',1,0,1146,1141,1141,0,0,0,'',0,0,0,0,0,0,'2014-08-04 03:13:07',0,'0000-00-00 00:00:00',0,0,0),(19,84,'Item 1234','New Item','New Item description',30,22,0,3,0,'',1,1,26428,26432,26430,15,5,0,'',0,0,0,0,0,0,'2014-08-05 09:28:20',0,'0000-00-00 00:00:00',0,0,0),(20,84,'asdfqwer245235','lorem ipsum','asdfasdf asdf asfd',30,22,0,12,0,'',1,0,27444,27444,27510,26,10,0,'',0,0,0,0,0,0,'2014-08-12 12:30:52',0,'0000-00-00 00:00:00',0,0,0),(21,87,'0001','Speaker','',19,22,0,3,0,'0001.JPG',1,5,28200,28205,28172,0,0,0,'',0,0,0,0,0,0,'2014-08-21 04:07:46',0,'2014-08-21 04:07:46',0,0,0),(22,87,'002','mice','',19,22,0,3,0,'',1,10,28200,28205,28172,0,0,0,'',0,0,0,0,0,0,'2014-08-21 04:08:17',0,'0000-00-00 00:00:00',0,0,0),(23,86,'C0001','Chair','Chair with gift',31,22,0,3,0,'C0001.JPG',1,100,28071,28076,28043,237,224,0,'',0,0,0,0,0,0,'2014-08-27 07:36:23',0,'2014-08-27 11:22:15',0,0,0),(24,86,'T001','Table','Table with gift',31,22,0,3,0,'',1,100,28071,28076,28043,237,224,0,'',0,0,0,0,0,0,'2014-08-27 07:45:34',0,'2014-08-27 11:22:35',0,0,0),(25,93,'C01','Table','Table with Glass',33,22,0,1,0,'C01.JPG',1,100,28328,28333,28300,782,769,0,'',0,0,0,0,0,0,'2014-09-02 09:25:49',0,'2015-12-16 08:00:57',0,0,0),(26,93,'C011','Chair','Chair with Cover',33,22,0,0,0,'',1,100,28328,28333,28300,782,769,0,'',0,0,0,0,0,0,'2014-09-02 09:33:52',0,'2015-12-16 01:29:29',0,0,0),(27,93,'STN','PEN PAPERMATE','STAT',34,22,0,3,0,'STN.JPG',1,5,28328,28333,28300,782,769,0,'',0,0,0,0,0,0,'2014-09-03 08:19:39',0,'2014-09-03 08:19:39',0,0,0),(28,93,'LTP-0001','Laptop','Laptop Dell',0,0,0,0,0,'',1,0,28328,28333,28300,0,0,0,'',0,0,0,0,0,0,'2014-09-03 08:33:10',0,'2014-10-23 04:02:06',0,0,0),(29,93,'LTP-0001','Laptop','Laptop Dell',35,22,0,2,0,'LTP-0001.JPG',1,5,28328,28333,28300,782,769,0,'',0,1,0,0,0,0,'2014-09-03 08:56:02',0,'2016-01-05 07:00:23',0,0,0),(30,95,'RT','Roti','Roti Keras',37,22,0,9,0,'RT.JPG',1,100,28459,28461,28431,1034,1021,0,'',0,0,0,0,0,0,'2014-09-05 06:57:34',0,'2014-09-05 06:57:35',0,0,0),(31,102,'C0001','Cabinet ','wooden',39,22,0,3,0,'',1,0,28714,28716,28686,1132,1119,0,'',0,0,0,0,0,0,'2014-09-12 08:20:51',0,'0000-00-00 00:00:00',0,0,0),(32,103,'F 01','Flour','',40,22,0,9,0,'',1,10,28843,28847,28812,1195,1182,0,'',0,0,0,0,0,0,'2014-09-15 09:13:03',0,'0000-00-00 00:00:00',0,0,0),(33,104,'A0001','speaker','',0,0,0,0,0,'',1,0,28969,28974,28941,1258,1245,0,'',0,0,0,0,0,0,'2014-09-15 09:43:45',0,'2014-10-23 04:02:06',0,0,0),(34,104,'A00001','speaker','',41,22,0,3,0,'',1,100,28969,28974,28941,1258,1245,0,'',0,0,0,0,0,0,'2014-09-15 09:46:14',0,'0000-00-00 00:00:00',0,0,0),(35,104,'A0002','Mic','',41,22,0,3,0,'',1,100,28969,28974,28941,1258,1245,0,'',0,0,0,0,0,0,'2014-09-15 09:47:16',0,'0000-00-00 00:00:00',0,0,0),(36,105,'P001','Proton Iswara','Proton Iswara full spec',42,22,0,3,0,'',1,100,29100,29117,29064,1321,1308,0,'',0,0,0,0,0,0,'2014-09-16 05:00:29',0,'0000-00-00 00:00:00',0,0,0),(37,105,'P002','Proton Saga','Proton Saga full spec',42,22,0,3,0,'',1,100,29100,29117,29064,1321,1308,0,'',0,0,0,0,0,0,'2014-09-16 05:01:05',0,'0000-00-00 00:00:00',0,0,0),(38,105,'T001','Toyota Alphard','Toyota Alphard recon',44,22,0,3,0,'',1,100,29100,29117,29064,1321,1308,0,'',0,0,0,0,0,0,'2014-09-16 05:01:51',0,'0000-00-00 00:00:00',0,0,0),(39,105,'T002','Toyota Wish','Toyota Wish 2.0 Recon',44,22,0,3,0,'',1,100,29100,29117,29064,1321,1308,0,'',0,0,0,0,0,0,'2014-09-16 05:02:27',0,'0000-00-00 00:00:00',0,0,0),(40,95,'L001','LAPTOP','LAPTOP DELL',45,22,0,3,0,'',1,5,28459,28461,28431,1034,1021,0,'',0,0,0,0,0,0,'2014-09-22 02:12:35',0,'0000-00-00 00:00:00',0,0,0),(41,93,'K001','oju;ikj.','tangga',34,22,0,0,0,'',1,0,28328,28327,28300,782,769,0,'',0,0,0,0,0,0,'2014-09-22 02:53:06',0,'0000-00-00 00:00:00',0,0,0),(42,107,'S0001','Speaker','Speaker with cover cabel',46,22,0,3,0,'',1,100,29352,29357,29324,1384,1371,0,'',0,0,0,0,0,0,'2014-09-22 03:03:11',0,'0000-00-00 00:00:00',0,0,0),(43,107,'M0001','Monitor','Monitor with Cabel',46,22,0,3,0,'',1,100,29352,29357,29324,1384,1371,0,'',0,0,0,0,0,0,'2014-09-22 03:03:48',0,'0000-00-00 00:00:00',0,0,0),(44,95,'ALZ','ALZA','',0,0,0,0,0,'',1,0,28459,28461,28431,1034,1021,0,'',0,0,0,0,0,0,'2014-09-24 04:15:54',0,'2014-10-23 04:02:06',0,0,0),(45,95,'ALZ','ALZA','ALZA 1.5',49,22,0,3,0,'',1,5,28459,28461,28431,1034,1021,0,'',0,0,0,0,0,0,'2014-09-24 04:16:48',0,'0000-00-00 00:00:00',0,0,0),(46,95,'MYV','MYVI','MYVI 1.3',49,22,0,3,0,'',1,3,28459,28461,28431,1034,1021,0,'',0,0,0,0,0,0,'2014-09-24 04:17:34',0,'0000-00-00 00:00:00',0,0,0),(47,95,'VV','VIVA','VIVA 1.0',49,22,0,3,0,'',1,3,28459,28461,28431,1034,1021,0,'',0,0,0,0,0,0,'2014-09-24 04:18:40',0,'0000-00-00 00:00:00',0,0,0),(48,107,'M0002','Mouse','Mouse',46,22,0,3,0,'',1,100,29352,29357,29324,1384,1371,0,'',0,0,0,0,0,0,'2014-09-30 01:33:59',0,'2014-09-30 01:34:13',0,0,0),(49,107,'K001','Keyboard','Keyboard',46,22,0,0,0,'',1,100,29352,29357,29324,1384,1371,0,'',0,0,0,0,0,0,'2014-09-30 01:50:47',0,'0000-00-00 00:00:00',0,0,0),(50,110,'I001','Speaker','Speaker with cover cabel',50,22,0,3,0,'',1,100,29615,29620,29587,1510,1497,0,'',0,0,0,0,0,0,'2014-09-30 09:10:12',0,'2014-09-30 09:35:04',0,0,0),(51,110,'I002','DVD Player','DVD Player with Cable',50,22,0,3,0,'',1,100,29615,29620,29587,1510,1497,0,'',0,0,0,0,0,0,'2014-09-30 09:11:05',0,'2014-09-30 09:35:44',0,0,0),(52,110,'I003','Sound System','Sound System complete set',50,22,0,3,0,'',1,100,29615,29620,29587,1510,1497,0,'',0,0,0,0,0,0,'2014-09-30 09:11:52',0,'2014-09-30 09:35:58',0,0,0),(53,110,'I004','Monitor','Monitor 42inci',50,22,0,3,0,'',1,100,29615,29620,29587,1510,1497,0,'',0,0,0,0,0,0,'2014-09-30 09:14:03',0,'2014-09-30 09:36:08',0,0,0),(54,110,'I005','VCD Player','VCD Player with cable',50,22,0,3,0,'',1,100,29615,29620,29587,1510,1497,0,'',0,0,0,0,0,0,'2014-09-30 09:40:01',0,'0000-00-00 00:00:00',0,0,0),(55,110,'I006','Item 06','Item 06',51,22,0,3,0,'',1,100,29615,29620,29587,1496,1498,0,'',0,0,0,0,0,0,'2014-09-30 11:10:21',0,'0000-00-00 00:00:00',0,0,0),(56,110,'I007','Item 07','Item 07',51,22,0,3,0,'',1,100,29615,29620,29587,1511,1500,0,'',0,0,0,0,0,0,'2014-09-30 11:11:14',0,'0000-00-00 00:00:00',0,0,0),(57,110,'I008','Item 08','Item 08',51,23,0,3,0,'',1,0,29615,29620,0,1512,1497,0,'',0,0,0,0,0,0,'2014-09-30 11:12:39',0,'0000-00-00 00:00:00',0,0,0),(58,110,'I009','Item 09','Item 09',51,22,0,3,0,'',1,100,29615,29620,29587,1513,1499,0,'',0,0,0,0,0,0,'2014-09-30 11:13:23',0,'0000-00-00 00:00:00',0,0,0),(59,110,'I010','Item 10','Item 10',51,22,0,3,0,'',1,1100,29615,29620,29587,1514,1501,0,'',0,0,0,0,0,0,'2014-09-30 11:14:07',0,'0000-00-00 00:00:00',0,0,0),(60,110,'I011','Item 11','Item 11',51,22,0,3,0,'',1,100,29615,29620,29587,1515,1502,0,'',0,0,0,0,0,0,'2014-09-30 11:14:44',0,'0000-00-00 00:00:00',0,0,0),(61,110,'I012','Item 12','Item 12',51,22,0,3,0,'',1,100,29615,29620,29587,1516,1503,0,'',0,0,0,0,0,0,'2014-09-30 11:15:45',0,'0000-00-00 00:00:00',0,0,0),(62,110,'I013','Item13','Item13',51,22,0,3,0,'',1,100,29615,29620,29587,1517,1504,0,'',0,0,0,0,0,0,'2014-09-30 11:28:50',0,'0000-00-00 00:00:00',0,0,0),(63,110,'I014','Item 14','Item 14',51,22,0,3,0,'',1,100,29615,29620,29587,1518,1505,0,'',0,0,0,0,0,0,'2014-09-30 11:29:33',0,'0000-00-00 00:00:00',0,0,0),(64,110,'I015','Item 15','Item 15',51,0,0,3,0,'',1,100,29615,29620,29587,1519,1506,0,'',0,0,0,0,0,0,'2014-09-30 11:30:09',0,'2014-10-23 04:02:06',0,0,0),(65,110,'I016','Item 16','Item 16',51,22,0,0,0,'',1,100,29615,29620,29587,1520,1499,0,'',0,0,0,0,0,0,'2014-09-30 11:31:02',0,'0000-00-00 00:00:00',0,0,0),(66,110,'I017','Item 17','Item 17',51,22,0,3,0,'',1,0,29615,29620,29587,1521,1501,0,'',0,0,0,0,0,0,'2014-09-30 11:31:34',0,'0000-00-00 00:00:00',0,0,0),(67,110,'I018','Item 18','Item 18',51,0,0,3,0,'',1,100,29615,29620,29587,1522,1504,0,'',0,0,0,0,0,0,'2014-09-30 11:32:02',0,'2014-10-23 04:02:06',0,0,0),(68,110,'I015','Item15','Item15',51,22,0,3,0,'',1,100,29615,29620,29587,1523,1504,0,'',0,0,0,0,0,0,'2014-09-30 11:33:20',0,'0000-00-00 00:00:00',0,0,0),(69,110,'I018','Item 18','Item15',51,22,0,3,0,'',1,100,29615,29620,29587,1511,1498,0,'',0,0,0,0,0,0,'2014-09-30 11:34:07',0,'0000-00-00 00:00:00',0,0,0),(70,84,'iphn6001','iPhone 6','Apple\'s iPhone 6',0,22,0,2,0,'',1,10,27452,27457,27530,111,98,0,'',0,0,0,0,0,0,'2014-10-02 01:17:29',0,'0000-00-00 00:00:00',0,0,0),(71,111,'SPK','SPEAKER','BLACK',53,22,0,3,0,'SPK.JPG',1,0,29751,29757,29723,1573,1560,0,'',0,0,0,0,0,0,'2014-10-13 08:18:08',0,'2014-10-14 02:38:43',0,0,0),(72,111,'MIC','MICROPHONE','CORDLESS',54,22,0,3,0,'',1,10,29751,29757,29723,1573,1560,0,'',0,0,0,0,0,0,'2014-10-16 08:05:06',0,'2014-10-23 04:02:06',0,0,0),(73,111,'C01','Chair','Chair with Cover',55,22,0,3,0,'',2,0,29751,29756,29723,1573,1560,0,'',0,0,0,0,0,0,'2014-10-16 08:16:04',0,'0000-00-00 00:00:00',0,0,0),(74,111,'MYVI','MYVI 1.3','',56,22,0,3,0,'',1,3,29751,29834,29723,1573,1560,0,'',0,0,0,0,0,0,'2014-10-16 08:37:15',0,'2014-10-23 04:02:06',0,0,0),(75,111,'56','DGFGDFG','FDGDFG',53,22,0,8,0,'',1,0,29751,29756,29723,1573,1560,0,'',0,0,0,0,0,0,'2014-10-16 09:01:33',0,'2014-10-23 04:02:06',0,0,0),(76,111,'565','RTDTD','',55,22,0,8,0,'',2,0,29751,29756,29723,1573,1560,0,'',0,0,0,0,0,0,'2014-10-16 09:02:17',0,'0000-00-00 00:00:00',0,0,0),(77,111,'MYVI','MYVI 1.3','',56,22,0,3,0,'',1,0,29751,29838,29845,1573,1560,0,'',0,0,0,0,0,0,'2014-10-17 01:30:18',0,'2014-10-17 03:23:52',0,0,0),(78,111,'C01','TUDUNG','TUDUNG BAWAL',58,22,0,3,0,'C01.JPG',1,50,29842,29840,29843,1573,1560,0,'',0,0,0,0,0,0,'2014-10-17 01:41:22',0,'2014-10-30 08:01:39',0,0,0),(79,111,'IRIZ','IRIZ 1.6','',57,22,0,3,0,'',1,0,29846,29839,29844,1573,1560,0,'',0,0,0,0,0,0,'2014-10-17 01:47:05',0,'0000-00-00 00:00:00',0,0,0),(80,111,'ALZ','ALZA1.5','',56,22,0,3,0,'',1,0,29841,29838,29845,1573,1560,0,'',0,0,0,0,0,0,'2014-10-17 01:50:35',0,'0000-00-00 00:00:00',0,0,0),(81,111,'RON97','RON97','',59,22,0,13,0,'',2,0,29751,29756,29723,1573,1560,0,'',0,0,0,0,0,0,'2014-10-17 04:36:20',0,'0000-00-00 00:00:00',0,0,0),(82,111,'RZ0','ROZA','RRR',59,22,0,13,0,'',1,0,29751,29756,29723,1573,1560,0,'',0,0,0,0,0,0,'2014-10-17 04:37:25',0,'2014-10-23 04:02:06',0,0,0),(83,111,'CIGAR','DUNHILL','12 BOX',60,22,0,13,0,'',1,10,29751,29756,29723,1573,1560,0,'',0,0,0,0,0,0,'2014-10-17 07:27:15',0,'2014-10-21 01:09:56',0,0,0),(84,114,'IS01','SUGAR','FOR CAKE',63,22,0,0,0,'',1,30,29903,29907,29872,1636,1623,0,'',0,0,0,0,0,0,'2014-10-17 08:51:03',0,'0000-00-00 00:00:00',0,0,0),(85,114,'IE01','EGG','FOR CAKE',61,22,0,0,0,'',1,30,29903,29907,29872,1636,1623,0,'',0,0,0,0,0,0,'2014-10-17 08:52:16',0,'0000-00-00 00:00:00',0,0,0),(86,114,'IF01','FLOUR','FOR CAKE',62,22,0,0,0,'',1,20,29903,29907,29872,1636,1623,0,'',0,0,0,0,0,0,'2014-10-17 08:53:09',0,'0000-00-00 00:00:00',0,0,0),(87,111,'S001','Acounting fee','',0,23,0,0,0,'',1,0,29751,29756,0,1573,1560,0,'',0,0,0,0,0,0,'2014-10-20 06:47:04',0,'2014-10-23 04:02:06',0,0,0),(88,111,'ACC','Accounting fee','',60,23,0,17,0,'',1,0,29751,29756,0,1573,1560,0,'',0,0,0,0,0,0,'2014-10-20 06:48:04',0,'0000-00-00 00:00:00',0,0,0),(90,111,'M001','Mum Mineral Water','Mineral Water',66,22,0,17,0,'',1,0,29751,29756,29723,1573,1560,0,'',0,0,0,0,0,0,'2014-10-20 07:38:36',0,'0000-00-00 00:00:00',0,0,0),(91,111,'MYVI','MYVI 1.3','CHASIS 1234',56,22,0,3,0,'',1,0,29841,29838,29845,1573,1560,0,'',0,0,0,0,0,0,'2014-10-21 01:42:02',0,'0000-00-00 00:00:00',0,0,0),(92,111,'E01','EXAMPLE','EXAMPLE01',57,22,0,13,0,'',1,0,29751,29756,29723,1573,1560,0,'',0,0,0,0,0,0,'2014-10-23 03:25:48',0,'2014-10-23 04:02:06',0,0,0),(93,111,'H001','Samsung Note 4','Samsung Note 4',55,22,0,17,0,'',1,10,29751,29756,29723,1573,1560,0,'',0,0,0,0,0,0,'2014-10-27 02:40:26',0,'0000-00-00 00:00:00',0,0,0),(94,111,'k007','Kawasaki','Kawasaki ninja',55,22,0,3,0,'',1,5,29751,29756,29723,1573,1560,0,'',0,0,0,0,0,0,'2014-10-28 08:25:26',0,'0000-00-00 00:00:00',0,0,0),(95,111,'TS1','TUDUNG SYRIA','TDG SYRIA KANAK2',58,22,0,45,0,'TS1.JPG',1,50,29842,29840,29843,1573,1560,0,'',0,0,0,0,0,0,'2014-10-31 01:59:31',0,'2014-10-31 01:59:31',0,0,0),(96,111,'TAR','TUDUNG ARIANI','ARIANI',58,22,0,45,0,'',1,100,29842,29840,29843,1573,1560,0,'',0,0,0,0,0,0,'2014-10-31 07:49:23',0,'0000-00-00 00:00:00',0,0,0),(97,111,'YY 90','Wallet','Wallet Kulit',60,22,0,3,0,'',1,0,29751,29756,29723,1573,1560,0,'',0,0,0,0,0,0,'2014-11-03 01:26:21',0,'0000-00-00 00:00:00',0,0,0),(98,116,'T001','Tudung','Tudung Merah',67,22,0,114,0,'',1,100,30275,30282,30244,1657,1658,0,'',0,0,0,0,0,0,'2014-11-04 08:11:40',0,'2015-09-01 10:03:08',0,45.9,0),(99,116,'Ct','Kain','Cotton',68,22,0,48,0,'',1,30,30275,30282,30244,1671,1658,0,'',0,0,0,0,0,0,'2014-11-04 08:19:07',0,'2015-09-01 10:03:19',0,38.1,0),(100,116,'B01','Baju Kebaya','Merah',67,22,0,114,0,'',1,20,30275,30282,30244,1671,1658,0,'',0,0,0,0,0,0,'2014-11-04 08:45:44',0,'2015-09-01 09:54:21',0,120,0),(101,116,'B02','Baju Kurung Pahang','Hijau',67,22,0,49,0,'',1,0,30275,30282,30244,1671,1658,0,'',0,0,0,0,0,0,'2014-11-04 09:04:53',0,'2015-09-01 10:03:28',0,150.45,0),(102,116,'B03','Baju Kebarung','Biru',67,22,0,49,0,'',1,20,30275,30282,30244,1671,1658,0,'',0,0,0,0,0,0,'2014-11-04 09:09:40',0,'2014-11-05 01:37:34',0,0,0),(103,111,'Fzr007','Fazer 2010','Yamaha Sports Bike',69,22,0,3,0,'',1,10,29751,29756,29723,1573,1560,0,'',0,0,0,0,0,0,'2014-11-05 02:35:11',0,'0000-00-00 00:00:00',0,0,0),(104,111,'mod11','Modenas','Modenas Super Bike',69,22,0,3,0,'',1,10,29751,29756,29723,1573,1560,0,'',0,0,0,0,0,0,'2014-11-05 06:12:07',0,'0000-00-00 00:00:00',0,0,0),(105,116,'B04','Baju Kurung Kedah','Kuning',67,22,0,49,0,'',1,0,30275,30282,30244,1671,1658,0,'',0,0,0,0,0,0,'2014-11-06 01:43:39',0,'2015-09-01 10:11:41',0,55.6,0),(106,116,'B05','Baju Kurung Modern','Pink',67,22,0,49,0,'',1,20,30275,30282,30349,1671,1658,0,'',0,0,0,0,0,0,'2014-11-06 02:10:57',0,'0000-00-00 00:00:00',0,0,0),(107,116,'S001','Seluar','Seluar Hitam',67,22,0,49,0,'',1,100,30275,30282,30244,1671,1658,0,'',0,0,0,0,0,0,'2014-11-06 08:10:40',0,'0000-00-00 00:00:00',0,0,0),(108,116,'S002','Stokin','Stokin Hitam',67,22,0,49,0,'',1,100,30275,30282,30244,1671,1658,0,'',0,0,0,0,0,0,'2014-11-07 01:44:35',0,'0000-00-00 00:00:00',0,0,0),(109,111,'pen001','Paper Mate','Paper Mate pen',60,22,0,3,0,'',1,10,29751,29756,29723,1573,1560,0,'',0,0,0,0,0,0,'2014-11-07 02:29:38',0,'0000-00-00 00:00:00',0,0,0),(110,116,'T001','T-shirt','T-shirt balck',67,22,0,47,0,'',1,100,30275,30282,30244,1671,1658,0,'',0,0,0,0,0,0,'2014-11-07 02:50:18',0,'2014-11-07 03:00:04',0,0,0),(111,116,'TY','Tayar','Michelin',67,22,0,47,0,'',1,0,30275,30282,30244,1671,1658,0,'',0,0,0,0,0,0,'2014-11-07 03:50:52',0,'2015-09-01 10:11:51',0,10,0),(112,111,'Lays001','Lays Chip','Lays potato chip',60,22,0,3,0,'',1,10,29751,29756,29723,1573,1560,0,'',0,0,0,0,0,0,'2014-11-11 09:13:48',0,'0000-00-00 00:00:00',0,0,0),(113,116,'TLKG','Telekung Kanak-Kanak','Putih',67,22,0,49,0,'',1,10,30275,30282,30244,1671,1658,0,'',0,0,0,0,0,0,'2014-11-12 06:44:36',0,'2014-11-12 06:48:45',0,0,0),(114,117,'TY','Tayar','New',70,22,0,52,0,'',1,50,30535,30542,30504,1867,1854,0,'',0,0,0,0,0,0,'2014-11-17 06:34:35',0,'0000-00-00 00:00:00',0,0,0),(115,117,'SR','Sport Rim','Aloha',71,22,0,52,0,'',1,20,30535,30542,30504,1867,1854,0,'',0,0,0,0,0,0,'2014-11-17 10:16:01',0,'0000-00-00 00:00:00',0,0,0),(116,117,'BP','Bumper Kereta','Long',72,22,0,52,0,'',1,100,30535,30542,30504,1867,1854,0,'',0,0,0,0,0,0,'2014-11-18 01:40:40',0,'0000-00-00 00:00:00',0,0,0),(117,117,'ST-01','Stereng','Power',73,22,0,52,0,'',1,50,30535,30542,30504,1867,1854,0,'',0,0,0,0,0,0,'2014-11-18 01:42:50',0,'0000-00-00 00:00:00',0,0,0),(118,117,'St-02','Sit','Back',76,22,0,52,0,'',1,30,30535,30542,30504,1867,1854,0,'',0,0,0,0,0,0,'2014-11-18 02:48:49',0,'0000-00-00 00:00:00',0,0,0),(119,116,'T001','TOPI','TOPI NIKE',67,22,0,49,0,'',1,100,30275,30282,30244,1671,1658,0,'',0,0,0,0,0,0,'2014-11-19 01:11:20',0,'0000-00-00 00:00:00',0,0,0),(120,121,'GULA1','GULA PASIR KASAR','',74,22,0,54,0,'',1,100,30923,30930,30892,1993,1980,0,'',0,0,0,0,0,0,'2014-11-19 08:57:20',0,'2014-11-21 07:16:54',0,0,0),(121,121,'GULA2','GULA KASTOR','',74,22,0,54,0,'',1,150,30923,30930,30892,1993,1982,0,'',0,0,0,0,0,0,'2014-11-19 08:58:12',0,'2014-11-21 07:17:23',0,0,0),(122,121,'TEPUNG1','TEPUNG GANDUM','',75,22,0,54,0,'',1,100,30923,30930,30892,1993,1982,0,'',0,0,0,0,0,0,'2014-11-19 08:59:11',0,'2014-11-21 07:17:05',0,0,0),(123,116,'J001','JAM','JAM ROLEX',67,22,0,49,0,'',1,100,30275,30282,30244,1671,1658,0,'',0,0,0,0,0,0,'2014-11-20 03:20:15',0,'0000-00-00 00:00:00',0,0,0),(124,116,'proSaga001','Proton Saga','Proton Saga car',67,22,0,47,0,'',1,5,30275,30282,30244,1671,1658,0,'',0,0,0,0,0,0,'2014-11-20 05:26:51',0,'2015-09-01 10:11:55',0,9.9,0),(125,116,'RB','Rollerblade','30-34',68,22,0,47,0,'RB.JPG',1,0,30278,30285,31258,1671,1658,0,'',0,0,0,0,0,0,'2014-11-25 06:51:18',0,'2014-11-25 06:51:18',0,0,0),(126,122,'GARAM','Garam Halus','Garam Halus Cap A',81,22,0,57,0,'',1,0,31185,31192,31154,2119,2106,0,'',0,0,0,0,0,0,'2014-11-27 06:46:29',0,'0000-00-00 00:00:00',0,0,0),(127,116,'G001','Gelang','Gelang Hitam',67,22,0,47,0,'',1,0,30275,30282,30244,1671,1658,0,'',0,0,0,0,0,0,'2014-12-02 08:25:20',0,'0000-00-00 00:00:00',0,0,0),(128,121,'G001','Gelang','Gelang Hitam',74,22,0,56,0,'',1,0,30923,30930,30892,1993,1980,0,'',0,0,0,0,0,0,'2014-12-02 08:34:11',0,'0000-00-00 00:00:00',0,0,0),(129,116,'proIswara001','Proton Iswara','Proton Iswara',67,22,0,47,0,'',1,10,30275,30282,30244,1671,1658,0,'',0,0,0,0,0,0,'2014-12-03 03:38:40',0,'2015-09-01 10:12:04',0,72.8,0),(130,116,'colorPen007','Color Pen','Color Pen',67,22,0,47,0,'',1,100,30275,30282,30244,1671,1658,0,'',0,0,0,0,0,0,'2014-12-04 01:11:18',0,'0000-00-00 00:00:00',0,0,0),(131,121,'TEPUNG2','TEPUNG BERAS','TEPUNG BERAS',75,22,0,54,0,'',1,0,30923,30930,30892,1993,1980,0,'',0,0,0,0,0,0,'2014-12-08 03:16:44',0,'0000-00-00 00:00:00',0,0,0),(132,121,'TEPUNG3','TEPUNG JAGUNG','TEPUNG JAGUNG',75,22,0,54,0,'',1,0,30923,30930,30892,1993,1980,0,'',0,0,0,0,0,0,'2014-12-08 03:17:22',0,'0000-00-00 00:00:00',0,0,0),(133,121,'BERAS1','BERAS JATI 5 KG','BERAS JATI 5 KG',82,22,0,62,0,'',1,0,30923,30930,30892,1993,1980,0,'',0,0,0,0,0,0,'2014-12-08 03:18:01',0,'2014-12-08 04:08:11',0,0,0),(134,121,'BERAS2','BERAS RAMBUTAN 5 KG','BERAS RAMBUTAN 5 KG',82,22,0,62,0,'',1,0,30923,30930,30892,1993,1980,0,'',0,0,0,0,0,0,'2014-12-08 03:19:42',0,'2014-12-08 04:08:32',0,0,0),(135,121,'TELUR1','TELUR SAIZ A','TELUR SAIZ A',78,22,0,66,0,'',1,0,30923,30930,30892,1993,1980,0,'',0,0,0,0,0,0,'2014-12-08 03:43:30',0,'2014-12-08 03:44:33',0,0,0),(136,121,'TELUR2','TELUR MASIN','TELUR MASIN',78,22,0,56,0,'',1,0,30923,30930,30892,1993,1980,0,'',0,0,0,0,0,0,'2014-12-08 03:45:18',0,'0000-00-00 00:00:00',0,0,0),(137,121,'TELUR3','TELUR SAIZ B','TELUR SAIZ B',78,22,0,66,0,'',1,0,30923,30930,30892,1993,1980,0,'',0,0,0,0,0,0,'2014-12-08 03:46:18',0,'0000-00-00 00:00:00',0,0,0),(138,121,'BERAS3','BERAS JATI 10 KG','BERAS JATI 10KG',82,22,0,63,0,'',1,0,30923,30930,30892,1993,1980,0,'',0,0,0,0,0,0,'2014-12-08 04:07:48',0,'0000-00-00 00:00:00',0,0,0),(139,121,'BERAS4','BERAS RAMBUTAN 10 KG','BERAS RAMBUTAN 10 KG',82,22,0,63,0,'',1,0,30923,30930,30892,1993,1980,0,'',0,0,0,0,0,0,'2014-12-08 04:09:11',0,'0000-00-00 00:00:00',0,0,0),(140,124,'Kst','Kasut','Getah',84,22,0,67,0,'',1,100,31317,31324,31286,2154,2141,0,'',0,0,0,0,0,0,'2014-12-08 04:30:51',0,'0000-00-00 00:00:00',0,0,0),(141,124,'JS','Jersi','Collar',85,22,0,67,0,'',1,200,31317,31324,31286,2154,2141,0,'',0,0,0,0,0,0,'2014-12-08 04:39:51',0,'0000-00-00 00:00:00',0,0,0),(142,124,'BL','Bola','Futsal',87,22,0,67,0,'',1,100,31317,31324,31285,2154,2141,0,'',0,0,0,0,0,0,'2014-12-08 06:15:15',0,'2015-06-11 03:29:05',0,0,0),(143,124,'STK','Stokin','panjang',86,22,0,67,0,'',1,300,31317,31324,31286,2154,2141,0,'',0,0,0,0,0,0,'2014-12-08 06:19:08',0,'0000-00-00 00:00:00',0,0,0),(144,124,'MDL','Medal','Gold',88,22,0,67,0,'',1,400,31317,31324,31286,2154,2141,0,'',0,0,0,0,0,0,'2014-12-08 06:22:31',0,'0000-00-00 00:00:00',0,0,0),(145,125,'CAMERA DSLR','CANON EOS 450D','CAMERA DSLR CANON EOS 450D',92,22,0,73,0,'',1,0,31484,31491,31453,2189,2176,0,'',0,0,0,0,0,0,'2014-12-09 03:07:34',0,'2014-12-09 03:08:33',0,0,0),(146,125,'SONY','SONY CYBERSHOT 5X','CAMERA DIGITAL SONY CYBERSHOT 5X',94,22,0,73,0,'',1,0,31484,31491,31453,2189,2176,0,'',0,0,0,0,0,0,'2014-12-09 03:08:22',0,'0000-00-00 00:00:00',0,0,0),(147,125,'MCARD','DRAGON CHIPSET M16','MEMORY CARD M16 ',97,22,0,72,0,'',1,0,31484,31491,31453,2189,2176,0,'',0,0,0,0,0,0,'2014-12-09 03:09:18',0,'0000-00-00 00:00:00',0,0,0),(148,125,'MCARD','DRAGON CHIPSET M32','MEMORY CARD M32',98,22,0,72,0,'',1,0,31484,31491,31453,2189,2176,0,'',0,0,0,0,0,0,'2014-12-09 03:09:47',0,'0000-00-00 00:00:00',0,0,0),(149,126,'MCARD','DRAGON CHIPSET M16','DRAGON CHIPSET M16 PHONE',102,22,0,78,0,'',1,0,31622,31629,31591,2252,2239,0,'',0,0,0,0,0,0,'2014-12-09 07:50:18',0,'0000-00-00 00:00:00',0,0,0),(150,126,'MCARD','DRAGON CHIPSET M32','DRAGON CHIPSET M32 PHONE',103,22,0,78,0,'',1,0,31622,31629,31591,2252,2239,0,'',0,0,0,0,0,0,'2014-12-09 07:50:54',0,'0000-00-00 00:00:00',0,0,0),(151,128,'KU1','Tefal Frying Pan','Tefal Frying Pan',99,22,0,74,0,'',1,0,31760,31767,31729,2315,2302,0,'',0,0,0,0,0,0,'2014-12-09 07:51:40',0,'0000-00-00 00:00:00',0,0,0),(152,128,'KU2','Zebra 22cm Pot','Zebra 22cm Pot',99,22,0,74,0,'',1,0,31760,31767,31729,2315,2302,0,'',0,0,0,0,0,0,'2014-12-09 07:52:29',0,'0000-00-00 00:00:00',0,0,0),(153,128,'KU3','Tefal 26cm Pot','Tefal 26cm Pot',99,22,0,74,0,'',1,0,31760,31767,31729,2315,2302,0,'',0,0,0,0,0,0,'2014-12-09 07:53:44',0,'0000-00-00 00:00:00',0,0,0),(154,126,'CAMERA DSLR','NIKON COOLPIX N1','NIKON DIGITAL COOLPIX N1',101,22,0,78,0,'',1,0,31622,31629,31591,2252,2239,0,'',0,0,0,0,0,0,'2014-12-10 01:16:35',0,'0000-00-00 00:00:00',0,0,0),(155,126,'CAMERA DSLR','CANON EOS 450D','CAMERA DSLR CANON EOS 450D',101,22,0,78,0,'',1,0,31622,31629,31591,2252,2239,0,'',0,0,0,0,0,0,'2014-12-10 01:18:37',0,'0000-00-00 00:00:00',0,0,0),(156,126,'CAMERA DSLR','CANON EOS 600D','CAMERA DSLR CANON EOS 600D',101,22,0,78,0,'',1,0,31622,31629,31591,2252,2239,0,'',0,0,0,0,0,0,'2014-12-10 01:19:06',0,'0000-00-00 00:00:00',0,0,0),(157,128,'DINE1','Dinner Plate ','Dinner Plate',104,22,0,75,0,'',1,0,31760,31767,31729,2315,2302,0,'',0,0,0,0,0,0,'2014-12-10 01:58:29',0,'2014-12-10 01:58:48',0,0,0),(158,126,'GUCCI','GUCCI RUSH 50ML','GUCCI RUSH 50ML',106,22,0,78,0,'',1,0,31622,31629,31591,2252,2239,0,'',0,0,0,0,0,0,'2014-12-10 02:22:40',0,'0000-00-00 00:00:00',0,0,0),(159,126,'DNG','DOLCE & GABBANA THE ONE 100ML','DOLCE & GABBANA THE ONE 100ML',106,22,0,78,0,'',1,0,31622,31629,31591,2252,2239,0,'',0,0,0,0,0,0,'2014-12-10 02:23:23',0,'0000-00-00 00:00:00',0,0,0),(160,126,'GUCCI','GUCCI FLORAL 75ML','GUCCI FLORAL 75ML',106,22,0,78,0,'',1,0,31622,31629,31591,2252,2239,0,'',0,0,0,0,0,0,'2014-12-10 02:24:06',0,'0000-00-00 00:00:00',0,0,0),(161,126,'RB2140','WAYFARER RB2140','WAYFARER RB2140 FROGGY',105,22,0,78,0,'',1,0,31622,31629,31591,2252,2239,0,'',0,0,0,0,0,0,'2014-12-10 02:24:54',0,'0000-00-00 00:00:00',0,0,0),(162,126,'AVIATOR','RAYBAN AVIATOR MEDIUM','RAYBAN AVIATOR MEDIUM',105,22,0,78,0,'',1,0,31622,31629,31591,2252,2239,0,'',0,0,0,0,0,0,'2014-12-10 02:25:21',0,'0000-00-00 00:00:00',0,0,0),(163,126,'ROUNDMETAL','RAYBAN ROUNDMETAL STEEL','RAYBAN ROUNDMETAL STEEL',105,22,0,78,0,'',1,0,31622,31629,31591,2252,2239,0,'',0,0,0,0,0,0,'2014-12-10 02:26:00',0,'0000-00-00 00:00:00',0,0,0),(164,126,'AVIATOR ','RAYBAN AVIATOR LARGE','RAYBAN AVIATOR LARGE',105,22,0,78,0,'',1,0,31622,31629,31591,2252,2239,0,'',0,0,0,0,0,0,'2014-12-10 02:26:30',0,'0000-00-00 00:00:00',0,0,0),(165,126,'CALVIN ','CALVIN KLEIN 100ML','CALVIN KLEIN 100ML MEN',106,22,0,78,0,'',1,0,31622,31629,31591,2252,2239,0,'',0,0,0,0,0,0,'2014-12-10 02:27:52',0,'0000-00-00 00:00:00',0,0,0),(166,126,'MARC JACOB','MARC JACOB DAISY 100ML','MARC JACOB DAISY 100ML',106,22,0,78,0,'',1,0,31622,31629,31591,2252,2239,0,'',0,0,0,0,0,0,'2014-12-10 02:28:38',0,'0000-00-00 00:00:00',0,0,0),(167,126,'RB2148','WAYFARER FOLDING','WAYFARER FOLDING STANDARD SIZE',105,22,0,78,0,'',1,0,31622,31629,31591,2252,2239,0,'',0,0,0,0,0,0,'2014-12-10 02:29:28',0,'0000-00-00 00:00:00',0,0,0),(168,126,'DUNHILL','DUNHILL DESIRE BLUE MEN 100ML','DUNHILL DESIRE BLUE MEN 100ML',106,22,0,78,0,'',1,0,31622,31629,31591,2252,2239,0,'',0,0,0,0,0,0,'2014-12-10 02:30:07',0,'0000-00-00 00:00:00',0,0,0),(169,126,'RALPH LAUREN','BIG PONY 1 MEN 50ML','BIG PONY 1 MEN 50ML',106,22,0,78,0,'',1,0,31622,31629,31591,2252,2239,0,'',0,0,0,0,0,0,'2014-12-10 02:30:52',0,'0000-00-00 00:00:00',0,0,0),(170,126,'RAPLH LAUREN ','BIG PONY 2 MEN 50ML','BIG PONY 2 MEN 50ML',106,22,0,78,0,'',1,0,31622,31629,31591,2252,2239,0,'',0,0,0,0,0,0,'2014-12-10 02:31:30',0,'0000-00-00 00:00:00',0,0,0),(171,126,'RALPH LAUREN','RALPH LAUREN ROMANCE 100ML ','RALPH LAUREN ROMANCE 100ML',106,22,0,78,0,'',1,0,31622,31629,31591,2252,2239,0,'',0,0,0,0,0,0,'2014-12-10 02:32:06',0,'0000-00-00 00:00:00',0,0,0),(172,126,'BVLGARI','BVLGARI MARINE MEN 100ML','BVLGARI MARINE MEN 100ML',106,22,0,78,0,'',1,0,31622,31629,31591,2252,2239,0,'',0,0,0,0,0,0,'2014-12-10 02:33:03',0,'0000-00-00 00:00:00',0,0,0),(173,124,'D3000','DSLR D3000','NIKON D3000',109,22,0,67,0,'',1,0,31317,31324,31332,2154,2141,0,'',0,0,0,0,0,0,'2014-12-15 02:32:45',0,'2015-06-02 02:57:22',0,0,0),(174,124,'D90','DSLR D90','NIKON DSLR D90',109,22,0,67,0,'',1,0,31317,31324,31286,2154,2141,0,'',0,0,0,0,0,0,'2014-12-15 02:33:34',0,'2014-12-26 08:21:51',0,0,0),(175,124,'EOS 600D','CANON EOS 600D','CANON EOS 600D',110,22,0,67,0,'',1,0,31317,31324,31286,2154,2141,0,'',0,0,0,0,0,0,'2014-12-15 02:35:24',0,'2015-06-11 04:09:08',0,0,0),(176,124,'EOS 700D','CANON EOS 700D','CANON EOS 700D',110,22,0,67,0,'',1,0,31317,31324,31286,2154,2141,0,'',0,0,0,0,0,0,'2014-12-15 02:36:00',0,'2014-12-26 08:39:17',0,0,0),(177,124,'NEX 5','SONY NEX 5','SONY NEX 5',111,22,0,67,0,'',1,0,31317,31324,31286,2154,2141,0,'',0,0,0,0,0,0,'2014-12-15 02:37:26',0,'2014-12-26 08:45:39',0,0,0),(178,124,'SA5000','SONY ALPHA','SONY ALPHA A5000',111,22,0,67,0,'',1,0,31317,31324,31286,2154,2141,0,'',0,0,0,0,0,0,'2014-12-15 02:38:19',0,'2014-12-26 08:46:23',0,0,0),(179,116,'mous001','Mouse Optical','Optical mouse',67,22,0,49,0,'',1,10,30275,30282,30244,1671,1658,0,'',0,0,0,0,0,0,'2014-12-15 08:24:06',0,'2015-09-01 10:12:09',0,50.5,0),(180,124,'IT','Item try','black',112,22,0,67,0,'',1,10,31317,31324,31286,2154,2141,0,'',0,0,0,0,0,0,'2014-12-15 09:08:22',0,'0000-00-00 00:00:00',0,0,0),(181,124,'bal007','Football','Football 2014',84,22,0,67,0,'',1,10,31317,31324,31286,2154,2141,0,'',0,0,0,0,0,0,'2014-12-16 01:36:52',0,'0000-00-00 00:00:00',0,0,0),(182,124,'BTS1','Tembikai Susu','Tembikai Susu',114,22,0,88,0,'',1,0,31317,31324,31286,2154,2141,0,'',0,0,0,0,0,0,'2014-12-16 02:02:09',0,'0000-00-00 00:00:00',0,0,0),(183,124,'TK1','Tembikai','Tembikai Merah',114,22,0,88,0,'',1,0,31317,31324,31286,2154,2141,0,'',0,0,0,0,0,0,'2014-12-16 02:06:22',0,'0000-00-00 00:00:00',0,0,0),(184,124,'BD24','Durian Gred D24','Durian Gred D24',115,22,0,88,0,'',1,0,31317,31324,31286,2154,2141,0,'',0,0,0,0,0,0,'2014-12-16 02:07:21',0,'0000-00-00 00:00:00',0,0,0),(185,124,'ballragbi007','Ragbi Ball','Ragbi Ball',84,22,0,67,0,'',1,100,31317,31324,31286,2154,2141,0,'',0,0,0,0,0,0,'2014-12-16 08:50:06',0,'0000-00-00 00:00:00',0,0,0),(186,124,'B1','Beras Jati 10kg','Beras Jati 10kg',119,22,0,88,0,'',1,0,31317,31324,31286,2154,2141,0,'',0,0,0,0,0,0,'2014-12-17 02:19:22',0,'0000-00-00 00:00:00',0,0,0),(187,124,'BTS1','Tembikai Susu','Tembikai Susu',113,22,0,88,0,'',1,0,31317,31324,31286,2154,2141,0,'',0,0,0,0,0,0,'2014-12-17 03:48:28',0,'0000-00-00 00:00:00',0,0,0),(188,124,'Note1','Samsung Note 1','Handphone Samsung Note 1',120,22,0,67,0,'',1,0,31317,31324,31286,2154,2141,0,'',0,0,0,0,0,0,'2014-12-17 07:13:42',0,'0000-00-00 00:00:00',0,0,0),(189,124,'Note 2','Samsung Note 2','Handphone Samsung Note 2',120,22,0,67,0,'',1,0,31317,31324,31286,2154,2141,0,'',0,0,0,0,0,0,'2014-12-17 07:14:25',0,'0000-00-00 00:00:00',0,0,0),(190,124,'SHDISK32','Samsung Hard Disk 32GB','Samsung Hard Disk 32GB',120,22,0,67,0,'',1,0,31317,31324,31286,2154,2141,0,'',0,0,0,0,0,0,'2014-12-17 07:15:19',0,'2014-12-17 07:25:56',0,0,0),(191,124,'SHDISK1T','Samsung Hard Disk 1 TERA','Samsung Hard Disk 1 Tera',120,22,0,67,0,'',1,0,31317,31324,31286,2154,2141,0,'',0,0,0,0,0,0,'2014-12-17 07:16:23',0,'2014-12-17 07:26:17',0,0,0),(192,124,'pingpong008','Ping Pong Ball','Ping Pong Ball',84,22,0,67,0,'',1,100,31317,31324,31286,2154,2141,0,'',0,0,0,0,0,0,'2014-12-19 08:40:19',0,'0000-00-00 00:00:00',0,0,0),(193,116,'panjabi007','Panjabi White','White color Panjabi',67,22,0,49,0,'panjabi007.JPG',1,100,30275,30282,30244,1671,1658,0,'',0,0,0,0,0,0,'2014-12-22 01:49:23',0,'2015-09-01 10:03:01',0,15.5,0),(194,129,'T001','Table','Table 10 sets',121,22,0,90,0,'',1,100,31903,31910,31872,2378,2365,0,'',0,0,0,0,0,0,'2014-12-30 03:50:48',0,'0000-00-00 00:00:00',0,0,0),(195,131,'C0001','Chair ','Chair model 888',122,22,0,91,0,'',1,100,32031,32038,32000,2413,2400,0,'',0,0,0,0,0,0,'2015-01-20 07:02:35',0,'0000-00-00 00:00:00',0,0,0),(196,131,'T00001','Table','Table model 7777',122,22,0,91,0,'',1,100,32031,32038,32000,2413,2400,0,'',0,0,0,0,0,0,'2015-01-20 07:03:17',0,'0000-00-00 00:00:00',0,0,0),(197,131,'R00001','Whiteboard','Whiteboard',122,22,0,91,0,'',1,150,32031,32038,32000,2413,2400,0,'',0,0,0,0,0,0,'2015-01-20 07:04:14',0,'0000-00-00 00:00:00',0,0,0),(198,132,'T34343434','Table','Table',123,22,0,93,0,'',1,100,32164,32171,32133,2476,2463,0,'',0,0,0,0,0,0,'2015-01-22 04:07:39',0,'0000-00-00 00:00:00',0,0,0),(199,132,'T000004','Chair','Chair',123,22,0,93,0,'',1,100,32164,32171,32133,2476,2463,0,'',0,0,0,0,0,0,'2015-01-22 04:08:16',0,'0000-00-00 00:00:00',0,0,0),(200,132,'T0005','T-shirt','T-shirt',124,22,0,94,0,'',1,100,32164,32171,32133,2476,2463,0,'',0,0,0,0,0,0,'2015-01-22 04:08:56',0,'0000-00-00 00:00:00',0,0,0),(201,133,'nike1','Nike Roshe Run Flyknit iD','Women\'s Shoe',125,22,0,97,0,'nike1.JPG',1,0,32423,32430,32392,2511,2498,0,'',0,0,0,0,0,0,'2015-01-27 02:00:07',0,'2015-01-29 04:32:48',0,0,0),(202,133,'nike2','Nike Air Huarache Run iD','Men\'s Shoe',125,22,0,97,0,'nike1.JPG',1,0,32423,32430,32392,2511,2498,0,'',0,0,0,0,0,0,'2015-01-27 02:04:01',0,'2015-01-29 04:32:19',0,0,0),(203,133,'adidas1','Superstar 80s Vintage Deluxe','Men\'s Shoe',126,22,0,97,0,'adidas1.JPG',1,0,32423,32430,32392,2511,2498,0,'',0,0,0,0,0,0,'2015-01-27 02:06:51',0,'2015-01-28 03:11:02',0,0,0),(204,133,'adidas2','ZX Flux Decon Shoes','Men\'s Shoe',126,22,0,95,0,'adidas2.JPG',1,0,32423,32430,32392,2511,2498,0,'',0,0,0,0,0,0,'2015-01-27 02:08:35',0,'2015-01-27 02:08:35',0,0,0),(205,133,'bata1','Kyle','Women\'s Shoe',127,22,0,97,0,'bata1.JPG',1,0,32423,32430,32392,2511,2498,0,'',0,0,0,0,0,0,'2015-01-27 02:12:41',0,'2015-01-29 08:09:10',0,0,0),(206,133,'bata2','Tiegan','Women\'s Shoe',127,22,0,97,0,'bata2.JPG',1,0,32423,32430,32392,2511,2498,0,'',0,0,0,0,0,0,'2015-01-27 02:14:08',0,'2015-01-29 08:09:27',0,0,0),(207,133,'009','nama item','desc item',125,22,0,95,0,'',1,0,32423,32430,32392,2511,2498,0,'',0,0,0,0,0,0,'2015-01-27 08:47:21',0,'0000-00-00 00:00:00',0,0,0),(208,133,'Bata3','Scholl','Myvi',127,22,0,97,0,'',1,0,32423,32430,32392,2511,2498,0,'',0,0,0,0,0,0,'2015-01-28 02:31:50',0,'2015-02-10 07:59:17',0,0,0),(209,124,'blafsaf','sfasf','safasf',0,22,0,68,0,'',1,0,31317,31324,31286,2154,2141,0,'',0,0,0,0,0,0,'2015-01-28 02:56:41',0,'0000-00-00 00:00:00',0,0,0),(210,124,'fad','fad','fad',84,22,0,68,0,'',2,1,31317,31324,31286,2154,2141,0,'',0,1,0,0,0,0,'2015-01-28 02:58:42',0,'2015-01-28 09:21:03',0,0,0),(211,135,'TDL','TUDUNG LOFA','COTTON LYCRA',131,22,0,99,0,'',1,0,32296,32306,32265,2574,2561,0,'',0,0,0,0,0,0,'2015-01-28 03:48:47',0,'0000-00-00 00:00:00',0,0,0),(212,135,'TDA','TUDUNG ARIANI','LYCRA',131,22,0,99,0,'',1,0,32296,32306,32265,2574,2561,0,'',0,0,0,0,0,0,'2015-01-28 03:50:08',0,'0000-00-00 00:00:00',0,0,0),(213,135,'TDF','TUDUNG FAREEDA','CHIFFON',131,22,0,99,0,'',1,0,32296,32306,32265,2574,2561,0,'',0,0,0,0,0,0,'2015-01-28 03:50:55',0,'0000-00-00 00:00:00',0,0,0),(214,138,'Myvi 1.3','Myvi 1.3','Chasis no',134,22,0,100,0,'',1,0,32560,32560,32526,2637,2624,0,'',0,0,0,0,0,0,'2015-02-10 02:45:43',0,'2015-02-10 04:22:26',0,0,0),(215,138,'Myvi 1.0','Myvi 1.0','',134,22,0,100,0,'',1,0,32560,32560,32526,2637,2624,0,'',0,0,0,0,0,0,'2015-02-10 02:47:51',0,'0000-00-00 00:00:00',0,0,0),(216,138,'Alza 1.5','Alza 1.5','',135,22,0,100,0,'',1,0,32558,32558,32526,2637,2624,0,'',0,0,0,0,0,0,'2015-02-10 02:49:03',0,'0000-00-00 00:00:00',0,0,0),(217,138,'Axia 1.0','Axia 1.0','',136,22,0,100,0,'',1,0,32559,32559,32526,2637,2624,0,'',0,0,0,0,0,0,'2015-02-10 02:53:17',0,'0000-00-00 00:00:00',0,0,0),(218,138,'Viva 1.0','Viva 1.0','',137,22,0,100,0,'',1,0,32642,32642,32526,2637,2624,0,'',0,0,0,0,0,0,'2015-02-10 02:57:10',0,'0000-00-00 00:00:00',0,0,0),(219,133,'Myvi 1.3','Myvi 1.3','Chasis no',138,22,0,97,0,'',1,0,32657,32659,32392,2511,2498,0,'',0,0,0,0,0,0,'2015-02-11 04:00:11',0,'0000-00-00 00:00:00',0,0,0),(220,133,'Alza 1.5','Alza 1.5','',139,22,0,97,0,'',1,0,32658,32660,32392,2511,2498,0,'',0,0,0,0,0,0,'2015-02-11 04:05:20',0,'0000-00-00 00:00:00',0,0,0),(221,133,'Axia 1.0','Axia 1.0','Key in kt setup',140,22,0,97,0,'',1,0,32661,32662,32392,2511,2498,0,'',0,0,0,0,0,0,'2015-02-11 08:04:52',0,'0000-00-00 00:00:00',0,0,0),(222,138,'K001','Kancil 1.0','Kancil 1.0',137,22,0,100,0,'',1,10,32557,32564,32526,2637,2624,0,'',0,0,0,0,0,0,'2015-02-13 06:13:44',0,'0000-00-00 00:00:00',0,0,0),(223,135,'Axia','Axia-1000G','PM2B200S003011106',141,22,0,101,0,'',1,0,32299,32666,32667,2574,2561,0,'',0,0,0,0,0,0,'2015-02-24 01:43:13',0,'0000-00-00 00:00:00',0,0,0),(224,135,'alza','alza','chasis 002',142,22,0,101,0,'',1,0,32299,32666,32667,2574,2561,0,'',0,0,0,0,0,0,'2015-03-02 07:47:57',0,'0000-00-00 00:00:00',0,0,0),(225,135,'axia','axia','chasis 003',141,22,0,101,0,'',1,0,32299,32666,32667,2574,2561,0,'',0,0,0,0,0,0,'2015-03-02 07:56:02',0,'0000-00-00 00:00:00',0,0,0),(226,135,'SPS','SPS Software','SPS 14.1',143,22,0,101,0,'',1,0,32296,32303,32265,2574,2561,0,'',0,0,0,0,0,0,'2015-03-04 06:42:39',0,'0000-00-00 00:00:00',0,0,0),(227,135,'Alza 1.5','Alza 1.5','Chasis trf',142,22,0,101,0,'',1,0,32299,32666,32667,2574,2561,0,'',0,0,0,0,0,0,'2015-03-04 09:28:08',0,'2015-05-10 11:30:34',0,0,0),(228,135,'Alza 1.5','Alza Chasis 100','Engine 100',142,22,0,101,0,'',1,0,32299,32666,32667,2574,2561,0,'',0,0,0,0,0,0,'2015-03-05 06:58:43',0,'0000-00-00 00:00:00',0,0,0),(229,135,'Axia 1.0','Axia','Chasis 200',141,22,0,101,0,'',1,0,32299,32666,32667,2574,2561,0,'',0,0,0,0,0,0,'2015-03-05 06:59:52',0,'0000-00-00 00:00:00',0,0,0),(230,135,'Alza 1.5','Alza Chasis 300','Engine 300',142,22,0,101,0,'',1,0,32299,32666,32667,2574,2561,0,'',0,0,0,0,0,0,'2015-03-05 07:01:08',0,'0000-00-00 00:00:00',0,0,0),(231,135,'Axia 1.0','Axia 1.0','Chasis 400',141,22,0,101,0,'',1,0,32299,32666,32667,2574,2561,0,'',0,0,0,0,0,0,'2015-03-05 07:03:56',0,'0000-00-00 00:00:00',0,0,0),(232,93,'newitem','jfsdalkj;k','',34,22,0,1,0,'',1,0,28328,28333,28300,782,769,0,'',0,0,0,0,0,0,'2015-03-10 04:42:09',0,'0000-00-00 00:00:00',0,0,0),(233,136,'1001','Baju Kanak-kanak Lelaki (Jenama KIKO)','*',144,22,0,104,0,'',1,1,32736,32743,32705,2673,2660,0,'',0,0,0,0,0,0,'2015-03-13 09:44:24',0,'2015-03-13 10:06:49',0,0,0),(234,136,'1002','Kuputeh','*',144,22,0,104,0,'',1,1,32736,32743,32705,2673,2660,0,'',0,0,0,0,0,0,'2015-03-13 10:01:49',0,'2015-12-03 06:23:50',0,0,0),(235,136,'1002','Baju Kanak-kanak Lelaki (Jenama Adidas)','*',144,22,0,104,0,'',1,1,32736,32743,32705,2673,2660,0,'',0,1,0,0,0,0,'2015-03-13 10:02:47',0,'2015-03-13 10:02:56',0,0,0),(236,136,'1003','Baju Kanak-kanak Lelaki (Jenama Kiki Lala)','*',144,22,0,104,0,'',1,1,32736,32743,32705,2673,2660,0,'',0,0,0,0,0,0,'2015-03-13 10:06:24',0,'0000-00-00 00:00:00',0,0,0),(237,136,'2001','Baju Kanak-kanak Perempuan (Jenama Hello Kitty)','*',145,22,0,104,0,'',1,1,32736,32743,32705,2673,2660,0,'',0,0,0,0,0,0,'2015-03-13 10:07:44',0,'0000-00-00 00:00:00',0,0,0),(238,136,'2002','Baju Kanak-kanak Perempuan (Jenama Nike)','*',145,22,0,104,0,'',1,1,32736,32743,32705,2673,2660,0,'',0,0,0,0,0,0,'2015-03-13 10:17:58',0,'0000-00-00 00:00:00',0,0,0),(239,136,'2003','Baju Kanak-kanak Perempuan (Jenama Rapunzel)','*',145,22,0,104,0,'',1,0,32736,32743,32705,2673,2660,0,'',0,0,0,0,0,0,'2015-03-13 10:20:49',0,'0000-00-00 00:00:00',0,0,0),(240,136,'3001','Seluar Kanak-kanak Lelaki (Jenama KIKO)','*',146,22,0,104,0,'',1,1,32736,32743,32705,2673,2660,0,'',0,0,0,0,0,0,'2015-03-13 10:21:33',0,'2015-03-13 10:22:58',0,0,0),(241,136,'3002','Seluar Kanak-kanak Lelaki (Jenama Adidas)','*',146,22,0,104,0,'3002.JPG',1,0,32736,32743,32705,2676,2660,0,'',0,0,0,0,0,0,'2015-03-13 10:22:38',0,'2015-06-11 02:25:14',0,0,0),(242,136,'3003','Seluar Kanak-kanak Lelaki (Jenama Kiki Lala)','*',146,22,0,104,0,'',1,1,32736,32743,32705,2673,2660,0,'',0,0,0,0,0,0,'2015-03-13 10:24:23',0,'0000-00-00 00:00:00',0,0,0),(243,136,'4001','Seluar Kanak-kanak Perempuan (Jenama Hello Kitty)','*',147,22,0,104,0,'',1,1,32736,32743,32705,2673,2660,0,'',0,0,0,0,0,0,'2015-03-13 10:25:37',0,'0000-00-00 00:00:00',0,0,0),(244,136,'4002','Seluar Kanak-kanak Perempuan (Jenama Nike)','*',147,22,0,104,0,'',1,1,32736,32743,32705,2673,2660,0,'',0,0,0,0,0,0,'2015-03-13 10:26:37',0,'0000-00-00 00:00:00',0,0,0),(245,136,'4003','Seluar Kanak-kanak Perempuan (Jenama Rapunzel)','*',147,22,0,104,0,'',1,1,32736,32743,32705,2673,2660,0,'',0,0,0,0,0,0,'2015-03-13 10:27:51',0,'0000-00-00 00:00:00',0,0,0),(246,121,'L002','LEXUS RX350 - LX00012322233','LX00012322233',149,22,0,56,0,'',1,100,30923,30930,30892,1993,1980,0,'',0,0,0,0,0,0,'2015-03-25 03:33:44',0,'2015-03-25 04:12:11',0,0,0),(247,135,'23456','Baju Kurung Wanita','POLO 111',131,22,0,99,0,'23456.JPG',1,0,32296,32303,32265,2574,2561,0,'',0,0,0,0,0,0,'2015-03-25 03:37:39',0,'2015-03-25 03:45:06',0,0,0),(248,121,'L003','LEXUS RX350 - LX433443309999','LX433443309999',149,22,0,56,0,'',1,100,30923,30930,30892,1993,1980,0,'',0,0,0,0,0,0,'2015-03-25 04:11:46',0,'0000-00-00 00:00:00',0,0,0),(249,121,'L004','LEXUS RX350 - LX00937799989','LX00937799989',149,22,0,56,0,'',1,100,30923,30930,30892,1993,1980,0,'',0,0,0,0,0,0,'2015-03-25 04:13:17',0,'0000-00-00 00:00:00',0,0,0),(250,136,'2603','pawago ','Kasuk Kasual',151,22,0,102,0,'',1,0,32737,32743,32705,2673,2660,0,'',0,0,0,0,0,0,'2015-03-25 04:18:39',0,'2015-12-03 06:29:34',0,0,0),(251,136,'MA023A','TSHIRT MUSLIMAH','MERAH STRIPE',150,22,0,104,0,'',1,0,32736,32743,32705,2673,2660,0,'',0,0,0,0,0,0,'2015-03-25 04:37:34',0,'0000-00-00 00:00:00',0,0,0),(252,136,'MA023A','TSHIRT MUSLIMAH','MERAH STRIPE',150,22,0,104,0,'',2,0,32736,32743,32705,2673,2660,0,'',0,0,0,0,0,0,'2015-03-25 04:38:56',0,'0000-00-00 00:00:00',0,0,0),(253,116,'IG010','Pants','Jeans',67,22,0,111,0,'',1,100,30275,30282,30244,1671,1658,0,'',0,0,0,0,0,0,'2015-03-27 06:53:49',0,'0000-00-00 00:00:00',0,0,0),(254,136,'T001','14KG','14KG',150,22,0,102,0,'',1,100,32737,32743,32705,2679,2662,0,'',0,0,0,0,0,0,'2015-03-31 03:48:32',0,'0000-00-00 00:00:00',0,0,0),(255,124,'sam123','sam','sam',84,22,0,68,0,'',1,100,31317,31324,31286,2154,2141,0,'',0,0,0,0,0,0,'2015-04-07 05:18:06',0,'0000-00-00 00:00:00',0,0,0),(256,138,'bata1','lorem ipsum dolor sit emet','Women\'s Shoe',153,22,0,100,0,'',1,0,32557,32564,32526,2637,2624,0,'',0,0,0,0,0,0,'2015-04-07 07:32:13',0,'0000-00-00 00:00:00',0,0,0),(257,124,'5','44','fad',117,22,0,88,0,'5.JPG',1,0,31316,31324,31286,2154,2141,0,'',0,0,0,0,0,0,'2015-04-07 08:02:02',0,'2015-06-18 03:28:26',0,0,0),(258,124,'hfcgjkuh','kjhj','kjl;l',117,22,0,68,0,'',1,0,31316,31324,31286,2154,2141,0,'',0,0,0,0,0,0,'2015-04-07 08:13:56',0,'0000-00-00 00:00:00',0,0,0),(259,124,'fhjkuhijo','jkkl;l','vfv asdsavf',118,22,0,88,0,'',1,100,31315,31324,31286,2154,2141,0,'',0,0,0,0,0,0,'2015-04-07 08:58:02',0,'0000-00-00 00:00:00',0,0,0),(260,135,'myvi','Myvi-1500AV(Auto)','PM2M603S002122944',141,22,0,101,0,'',1,0,32299,32666,32667,2574,2561,0,'',0,0,0,0,0,0,'2015-04-16 09:04:59',0,'0000-00-00 00:00:00',0,0,0),(261,136,'AB001','FERTILIZER','FERTILIZER',159,22,0,103,0,'',1,0,32736,32743,32705,2673,2660,0,'',0,0,0,0,0,0,'2015-04-23 04:49:51',0,'0000-00-00 00:00:00',0,0,0),(262,147,'A01','Item A','Item A',160,22,0,118,0,'',1,0,33043,33050,33012,2775,2762,0,'',0,0,0,0,0,0,'2015-05-25 01:36:09',0,'0000-00-00 00:00:00',0,0,0),(263,147,'B01','Item B','Item B',160,22,0,118,0,'',1,0,33043,33050,33012,2775,2762,0,'',0,0,0,0,0,0,'2015-05-25 01:36:36',0,'0000-00-00 00:00:00',0,0,0),(264,147,'C01','Item C','Item C',160,22,0,118,0,'',1,0,33043,33050,33012,2775,2762,0,'',0,0,0,0,0,0,'2015-05-25 01:36:55',0,'0000-00-00 00:00:00',0,0,0),(265,147,'D01','Item D','Item D',160,22,0,118,0,'',1,0,33043,33050,33012,2775,2762,0,'',0,0,0,0,0,0,'2015-05-25 01:37:16',0,'0000-00-00 00:00:00',0,0,0),(266,147,'E01','Item E','Item E',160,22,0,118,0,'',1,0,33043,33050,33012,2775,2762,0,'',0,0,0,0,0,0,'2015-05-25 01:37:39',0,'0000-00-00 00:00:00',0,0,0),(267,147,'E02','Item EE','Item EE',160,22,0,118,0,'',1,0,33043,33050,33012,2775,2762,0,'',0,0,0,0,0,0,'2015-05-25 01:38:02',0,'0000-00-00 00:00:00',0,0,0),(268,147,'A02','Item AA','Item AA',160,22,0,118,0,'',1,0,33043,33050,33012,2775,2762,0,'',0,0,0,0,0,0,'2015-05-25 01:38:22',0,'0000-00-00 00:00:00',0,0,0),(269,147,'A03','Item AB','Item AB',160,22,0,118,0,'',1,0,33043,33050,33012,2775,2762,0,'',0,0,0,0,0,0,'2015-05-25 01:38:44',0,'0000-00-00 00:00:00',0,0,0),(270,147,'F01','Item F','Item F',160,22,0,118,0,'',1,0,33043,33050,33012,2775,2762,0,'',0,0,0,0,0,0,'2015-05-25 01:39:06',0,'0000-00-00 00:00:00',0,0,0),(271,147,'G01','Item G','Item G',160,22,0,118,0,'',1,0,33043,33050,33012,2775,2762,0,'',0,0,0,0,0,0,'2015-05-25 01:39:25',0,'0000-00-00 00:00:00',0,0,0),(272,147,'H01','Item H','Item H',160,22,0,118,0,'',1,0,33043,33050,33012,2775,2762,0,'',0,0,0,0,0,0,'2015-05-25 01:39:42',0,'0000-00-00 00:00:00',0,0,0),(273,147,'I01','Item I','Item I',160,22,0,118,0,'',1,0,33043,33050,33012,2775,2762,0,'',0,0,0,0,0,0,'2015-05-25 01:40:02',0,'0000-00-00 00:00:00',0,0,0),(274,147,'J01','Item J','Item J',160,22,0,118,0,'',1,0,33043,33050,33012,2775,2762,0,'',0,0,0,0,0,0,'2015-05-25 01:40:22',0,'0000-00-00 00:00:00',0,0,0),(275,147,'K01','Item K','Item K',160,22,0,118,0,'',1,0,33043,33050,33012,2775,2762,0,'',0,0,0,0,0,0,'2015-05-25 01:42:05',0,'0000-00-00 00:00:00',0,0,0),(276,147,'L01','Item L','Item L',160,22,0,118,0,'',1,0,33043,33050,33012,2775,2762,0,'',0,0,0,0,0,0,'2015-05-25 01:42:29',0,'0000-00-00 00:00:00',0,0,0),(277,147,'M01','Item M','Item M',160,22,0,118,0,'',1,0,33043,33050,33012,2775,2762,0,'',0,0,0,0,0,0,'2015-05-25 01:42:51',0,'0000-00-00 00:00:00',0,0,0),(278,147,'N01','Item N','Item N',160,22,0,118,0,'',1,0,33043,33050,33012,2775,2762,0,'',0,0,0,0,0,0,'2015-05-25 01:43:16',0,'0000-00-00 00:00:00',0,0,0),(279,147,'T01','Item T','Item T',160,22,0,118,0,'',1,0,33043,33050,33012,2775,2762,0,'',0,0,0,0,0,0,'2015-05-25 01:43:38',0,'2015-05-25 01:44:15',0,0,0),(280,147,'U01','Item U','Item U',160,22,0,118,0,'',1,0,33043,33050,33012,2775,2762,0,'',0,0,0,0,0,0,'2015-05-25 01:44:39',0,'0000-00-00 00:00:00',0,0,0),(281,147,'V01','Item V','Item V',160,22,0,118,0,'',1,0,33043,33050,33012,2775,2762,0,'',0,0,0,0,0,0,'2015-05-25 01:44:57',0,'0000-00-00 00:00:00',0,0,0),(282,147,'W01','Item W','Item W',160,22,0,118,0,'',1,0,33043,33050,33012,2775,2762,0,'',0,0,0,0,0,0,'2015-05-25 01:45:18',0,'0000-00-00 00:00:00',0,0,0),(283,136,'12','kemeja petak','',144,22,0,104,0,'',1,0,32736,32743,32705,2673,2660,0,'',0,0,0,0,0,0,'2015-06-11 02:18:54',0,'0000-00-00 00:00:00',0,0,0),(284,136,'0001','2wheelscooter','2wheelscooter',175,22,0,102,0,'0001.JPG',1,300,32737,32743,32683,2686,2664,0,'',0,1,0,0,0,0,'2015-06-11 02:22:58',0,'2015-12-03 03:29:18',0,0,0),(285,136,'0645','OIL FILTER','',164,22,0,115,0,'',1,0,32736,32743,32705,2673,2660,0,'',0,0,0,0,0,0,'2015-06-11 02:26:02',0,'0000-00-00 00:00:00',0,0,0),(286,116,'16','Baju Raya','Kanak-kanak Lelaki',67,22,0,114,0,'',1,10,30275,30282,30244,1671,1658,0,'',0,0,0,0,0,0,'2015-06-15 02:53:36',0,'2015-06-15 03:01:54',0,0,0),(287,121,'P001','Proton Preve','Preve 1.6 Automatic',149,22,0,56,0,'',1,100,30923,30930,30892,1993,1980,0,'',0,0,0,0,0,0,'2015-08-06 02:18:13',0,'0000-00-00 00:00:00',0,0,0),(288,121,'N001','Kawasaki NInja','Ninja 250sl',149,22,0,56,0,'',1,100,30923,30930,30892,1993,1980,0,'',0,0,0,0,0,0,'2015-08-06 02:30:22',0,'0000-00-00 00:00:00',0,0,0),(289,136,'009/','BAJU KELAWAR','',165,22,0,104,0,'',1,0,33143,32743,32705,2673,2660,0,'',0,0,0,0,0,0,'2015-08-25 06:27:22',0,'0000-00-00 00:00:00',0,0,0),(290,136,'0014/01','DOUBLE STEM CELL','PHYTOSCIENCE ',144,22,0,102,0,'',1,0,33143,32743,32705,2673,2660,0,'',0,0,0,0,0,0,'2015-08-25 07:17:50',0,'2015-12-03 03:34:03',0,0,0),(291,148,'FF10','SOFA KAYU JATI','ROYAL',167,22,0,122,0,'',1,0,33226,33233,33195,2810,2797,0,'',0,0,0,0,0,0,'2015-09-01 09:21:11',0,'2015-11-16 02:56:46',0,0,0),(292,136,'0022/A','KASUT KULIT CAPAL','KST',168,22,0,102,0,'',1,0,32736,32743,32705,2673,2660,0,'',0,0,0,0,0,0,'2015-09-03 02:29:42',0,'2015-09-03 02:31:02',0,0,0),(293,149,'N0001','NIKE CTR 360','KASUT FUTSAL',170,22,0,121,0,'',1,5,33357,33364,33326,2845,2832,0,'',0,0,0,0,0,0,'2015-09-07 05:07:31',0,'2015-09-07 05:25:10',0,0,0),(294,149,'N0002','HYPERVENOM','KASUT FUTSAL',170,22,0,121,0,'',1,5,33357,33364,33326,2853,2838,0,'',0,0,0,0,0,0,'2015-09-07 05:22:29',0,'2015-11-04 06:16:39',0,0,0),(295,149,'N0003','MERCURIAL X PRO','KASUT FUTSAL',170,22,0,121,0,'',1,5,33357,33364,33326,2845,2832,0,'',0,0,0,0,0,0,'2015-09-07 05:24:23',0,'0000-00-00 00:00:00',0,0,0),(296,149,'N0004','NIKE JERSEY','BLACK',169,22,0,121,0,'',1,10,33357,33364,33326,2845,2832,0,'',0,0,0,0,0,0,'2015-09-07 05:27:24',0,'0000-00-00 00:00:00',0,0,0),(297,149,'N0005','NIKE SOCCER BALL','NIKE',171,22,0,121,0,'',1,5,33357,33364,33326,2845,2832,0,'',0,0,0,0,0,0,'2015-09-07 05:29:48',0,'0000-00-00 00:00:00',0,0,0),(298,136,'AYAMSEGAR','AYAM SEGAR','AYAM',172,22,0,103,0,'',1,0,32736,32743,32705,2679,2662,0,'',0,0,0,0,0,0,'2015-09-10 03:36:09',0,'0000-00-00 00:00:00',0,0,0),(299,116,'12902211895','stokin yonex','classic socks',67,22,0,114,0,'',1,0,30275,30282,30244,1671,1658,0,'',0,0,0,0,0,0,'2015-09-15 02:21:25',0,'0000-00-00 00:00:00',0,0,0),(300,116,'4547656830026','kasut badminton','yonex',67,22,0,114,0,'',1,0,30275,30282,30244,1671,1658,0,'',0,0,0,0,0,0,'2015-09-15 02:22:41',0,'0000-00-00 00:00:00',0,0,0),(301,116,'6924913200149','kotak kosong','abc 123',68,22,0,114,0,'',1,0,30275,30282,30244,1671,1658,0,'',0,0,0,0,0,0,'2015-09-15 03:28:48',0,'0000-00-00 00:00:00',0,0,0),(302,116,'95500000123456','Pencil','Mechanical Pencil',173,22,0,114,0,'',1,0,30275,30282,30244,1671,1658,0,'',0,0,0,0,0,0,'2015-09-15 05:40:32',0,'0000-00-00 00:00:00',0,0,0),(303,116,'95500000100001','Sharpener','',173,22,0,114,0,'',1,0,30275,30282,30244,1671,1658,0,'',0,0,0,0,0,0,'2015-09-15 05:41:34',0,'0000-00-00 00:00:00',0,0,0),(304,116,'95500000100002','Eraser','',173,22,0,114,0,'',1,0,30275,30282,30244,1671,1658,0,'',0,0,0,0,0,0,'2015-09-15 05:42:29',0,'0000-00-00 00:00:00',0,0,0),(305,116,'95500000100003','Liquid Paper','',173,22,0,114,0,'',1,0,30275,30282,30244,1671,1658,0,'',0,0,0,0,0,0,'2015-09-15 05:43:35',0,'0000-00-00 00:00:00',0,0,0),(306,116,'95500000100004','Sticker','',173,22,0,114,0,'',1,0,30275,30282,30244,1671,1658,0,'',0,0,0,0,0,0,'2015-09-15 05:44:39',0,'0000-00-00 00:00:00',0,0,0),(307,116,'95500000100005','Cawan besar','',174,22,0,114,0,'',1,0,30275,30282,30244,1671,1658,0,'',0,0,0,0,0,0,'2015-09-15 05:45:53',0,'0000-00-00 00:00:00',0,0,0),(308,116,'4547656830026','Pinggan Kaca','',174,22,0,114,0,'',1,0,30275,30282,30244,1671,1658,0,'',0,0,0,0,0,0,'2015-09-15 05:46:43',0,'0000-00-00 00:00:00',0,0,0),(309,116,'12902211895','Senduk Kuah','',174,22,0,114,0,'',1,0,30275,30282,30244,1677,1660,0,'',0,0,0,0,0,0,'2015-09-15 05:48:54',0,'0000-00-00 00:00:00',0,0,0),(310,116,'95500000100010','Sudu Garpu','',174,22,0,114,0,'',1,0,30275,30282,30244,1677,1660,0,'',0,0,0,0,0,0,'2015-09-15 05:50:18',0,'0000-00-00 00:00:00',0,0,0),(311,116,'95500000100019','Buku Tulis','',173,22,0,114,0,'',1,0,30275,30282,30244,1671,1658,0,'',0,0,0,0,0,0,'2015-09-15 05:51:39',0,'0000-00-00 00:00:00',0,0,0),(312,116,'95500000100020','Nota Kecil','',173,22,0,114,0,'',1,0,30275,30282,30244,1671,1658,0,'',0,0,0,0,0,0,'2015-09-15 05:52:22',0,'0000-00-00 00:00:00',0,0,0),(313,149,'N0006','NiKE GATO','',170,22,0,121,0,'nike gato.jpe',1,5,33357,33364,33326,2845,2832,0,'',0,0,0,0,0,0,'2015-09-21 06:35:12',0,'2015-10-02 07:35:57',0,0,0),(314,149,'N006','Yonex','Power Yonex',170,22,0,138,0,'',1,100,33357,33364,33326,2845,2832,0,'',0,0,0,0,0,0,'2015-10-06 03:44:35',0,'2016-01-06 04:07:17',0,0,0),(315,149,'J0001','RUNNING SHOES','ADIDAS',170,22,0,121,0,'',1,0,33357,33364,33326,2845,2832,0,'',0,0,0,0,0,0,'2015-10-08 01:56:55',0,'2015-10-08 01:59:42',0,0,0),(316,136,'0112','KawasakiJ300','Scooter',175,22,0,102,0,'0112.JPG',1,0,32736,32743,32705,2673,2660,0,'',0,0,0,0,0,0,'2015-11-03 04:00:07',0,'2015-11-03 04:00:07',0,0,0),(317,136,'0223','bmw-r1200gs','BMW',175,22,0,102,0,'0223.JPG',1,0,32736,32743,32705,2673,2660,0,'',0,0,0,0,0,0,'2015-11-03 04:02:35',0,'2015-11-03 04:02:35',0,0,0),(318,136,'0121','Limosin2014','Limosin',175,22,0,102,0,'0121.JPG',1,20,32736,32743,32705,2673,2660,0,'',0,0,0,0,0,0,'2015-11-03 04:03:56',0,'2015-11-03 04:03:56',0,0,0),(319,136,'1211','MiniCooperClassic','MCoop',175,22,0,102,0,'1211.JPG',1,144,32736,32743,32705,2673,2660,0,'',0,0,0,0,0,0,'2015-11-03 04:05:13',0,'2015-11-03 04:05:13',0,0,0),(320,136,'2512','Ferrari Italia','Ferrari',175,22,0,102,0,'2512.JPG',1,5,32736,32743,32705,2673,2660,0,'',0,0,0,0,0,0,'2015-11-03 04:07:46',0,'2015-11-03 04:07:46',0,0,0),(321,136,'5417','Nissan Xtrail','Nissan',175,22,0,102,0,'5417.JPG',1,500,32736,32743,32705,2673,2660,0,'',0,0,0,0,0,0,'2015-11-03 04:10:54',0,'2015-11-03 04:10:54',0,0,0),(322,136,'2245','Nissan Quest 3.5','Nissan',175,22,0,102,0,'2245.JPG',1,180,32736,32743,32705,2673,2660,0,'',0,0,0,0,0,0,'2015-11-03 04:12:22',0,'2015-11-03 04:12:22',0,0,0),(323,136,'5411','SP200','SP',175,22,0,102,0,'5411.JPG',1,12,32736,32743,32705,2673,2660,0,'',0,0,0,0,0,0,'2015-11-03 04:13:13',0,'2015-11-03 04:13:13',0,0,0),(324,136,'5477','Mitsubishi Miev','Mitsubishi',175,22,0,102,0,'5477.JPG',1,600,32736,32743,32705,2673,2660,0,'',0,0,0,0,0,0,'2015-11-03 04:14:22',0,'2015-11-03 04:14:23',0,0,0),(325,136,'5555','BMW X6','BMW',175,22,0,102,0,'5555.JPG',1,222,32736,32743,32705,2673,2660,0,'',0,0,0,0,0,0,'2015-11-03 04:15:32',0,'2015-11-03 04:15:32',0,0,0),(326,136,'3321','Honda City3','Honda',175,22,0,102,0,'3321.JPG',1,1200,32736,32743,32705,2673,2660,0,'',0,0,0,0,0,0,'2015-11-03 04:16:26',0,'2015-11-03 04:16:26',0,0,0),(327,136,'1245','Bugati Veyron','BV',175,22,0,102,0,'1245.JPG',1,2,32736,32743,32705,2673,2660,0,'',0,0,0,0,0,0,'2015-11-03 04:18:04',0,'2015-11-03 04:18:04',0,0,0),(328,136,'1103','Cheetah Bicycle','CB',175,22,0,102,0,'',1,251,32736,32743,32705,2673,2660,0,'',0,0,0,0,0,0,'2015-11-03 04:19:09',0,'0000-00-00 00:00:00',0,0,0),(329,136,'1233','Honda ATV Motor','ATV',175,22,0,102,0,'',1,300,32736,32743,32705,2673,2660,0,'',0,0,0,0,0,0,'2015-11-03 04:20:01',0,'0000-00-00 00:00:00',0,0,0),(330,136,'0311','Harley Davidson Fat Boy','HD',175,22,0,102,0,'0311.JPG',1,144,32736,32743,32705,2673,2660,0,'',0,0,0,0,0,0,'2015-11-03 04:20:45',0,'2015-11-03 04:20:45',0,0,0),(331,136,'5500','Honda VFR1200F','Honda',175,22,0,102,0,'5500.JPG',1,7,32736,32743,32705,2673,2660,0,'',0,0,0,0,0,0,'2015-11-03 04:21:57',0,'2015-11-03 04:21:57',0,0,0),(332,136,'5012','KTM 990 Superduke','KTM',175,22,0,102,0,'5012.JPG',1,25,32736,32743,32705,2673,2660,0,'',0,0,0,0,0,0,'2015-11-03 04:22:41',0,'2015-11-03 04:22:41',0,0,0),(333,136,'3245','Ravor Evo500','Ravor',175,22,0,102,0,'3245.JPG',1,58,32736,32743,32705,2673,2660,0,'',0,0,0,0,0,0,'2015-11-03 04:23:28',0,'2015-11-03 04:23:28',0,0,0),(334,136,'3777','RazorER Scooter','Razor',175,22,0,102,0,'3777.JPG',1,17,32736,32743,32705,2673,2660,0,'',0,0,0,0,0,0,'2015-11-03 04:24:11',0,'2015-11-03 04:24:12',0,0,0),(335,149,'KASUT0100','KASUT JALAN','KASUT JALANLAH APA LAGI',170,22,0,121,0,'',1,0,33357,33364,33326,2853,2838,0,'',0,0,0,0,0,0,'2015-11-04 06:13:27',0,'0000-00-00 00:00:00',0,0,0),(336,149,'566','ALMARI KAYU','TTT',169,22,0,137,0,'',1,0,33357,33364,33326,2845,2832,0,'',0,0,0,0,0,0,'2015-11-05 04:41:03',0,'2016-01-06 04:03:26',0,0,0),(337,136,'176','jubah','jubhasouq',165,22,0,104,0,'',1,0,32736,32743,32705,2673,2660,0,'',0,0,0,0,0,0,'2015-12-03 03:29:08',0,'0000-00-00 00:00:00',0,0,0),(338,136,'134','kasut lelaki','kasut',176,22,0,102,0,'',1,0,32736,32743,32705,2673,2660,0,'',0,0,0,0,0,0,'2015-12-03 03:29:35',0,'0000-00-00 00:00:00',0,0,0),(339,136,'132','KASUT WANITA','',168,22,0,102,0,'',1,0,32736,32743,32705,2673,2660,0,'',0,0,0,0,0,0,'2015-12-03 03:29:52',0,'0000-00-00 00:00:00',0,0,0),(340,136,'001','VAPOR WITH MP3','SONY',144,22,0,104,0,'',1,0,32736,32743,32705,2681,2666,0,'',0,0,0,0,0,0,'2015-12-03 03:30:22',0,'0000-00-00 00:00:00',0,0,0),(341,136,'001/dec2015','PET FOOD','FOR KITTEN',144,22,0,103,0,'',1,0,32736,32743,32705,2673,2660,0,'',0,0,0,0,0,0,'2015-12-03 03:56:27',0,'0000-00-00 00:00:00',0,0,0),(342,158,'PB005-01','Xiaomi 10000mAH','Power Bank',179,22,0,129,0,'',1,0,34036,34043,34005,3069,3056,0,'',0,0,0,0,0,0,'2015-12-10 03:24:56',0,'0000-00-00 00:00:00',0,0,0),(343,165,'SP001','A4 PAPER','PAPER',187,22,0,127,0,'',1,100,33655,33662,33624,3321,3308,0,'',0,0,0,0,0,0,'2015-12-10 03:27:06',0,'0000-00-00 00:00:00',0,0,0),(344,157,'0001','Hanna','Blue M',182,22,0,130,0,'',1,0,33909,33916,33878,3132,3119,0,'',0,0,0,0,0,0,'2015-12-10 03:27:34',0,'2015-12-10 03:29:32',0,0,0),(345,161,'1111','Nike Gato','Nike Gato (orange, white, black, green)',180,22,0,124,0,'',1,10,33782,33789,33751,3006,2993,0,'',0,0,0,0,0,0,'2015-12-10 03:29:29',0,'0000-00-00 00:00:00',0,0,0),(346,156,'00010','bella','bellanis',181,22,0,125,0,'',1,10,34163,34170,34132,3258,3245,0,'',0,0,0,0,0,0,'2015-12-10 03:29:31',0,'0000-00-00 00:00:00',0,0,0),(347,167,'00001','Ninja 250SL','Ninja 250SL full packages',178,22,0,123,0,'',1,10,33528,33535,33497,2943,2930,0,'',0,0,0,0,0,0,'2015-12-10 03:29:31',0,'0000-00-00 00:00:00',0,0,0),(348,159,'8787','Acer','Acer4344, Intel core i7',177,22,0,126,0,'',1,10,34501,34297,34259,3195,3182,0,'',0,0,0,0,0,0,'2015-12-10 03:29:35',0,'0000-00-00 00:00:00',0,0,0),(349,158,'AP006-01','Mi3','Mi3',186,22,0,129,0,'',1,10,34036,34043,34005,3069,3056,0,'',0,0,0,0,0,0,'2015-12-10 03:29:47',0,'0000-00-00 00:00:00',0,0,0),(350,156,'0030','Bawal','Bawal11',185,22,0,125,0,'',1,0,34163,34170,34132,3258,3245,0,'',0,0,0,0,0,0,'2015-12-10 03:30:32',0,'0000-00-00 00:00:00',0,0,0),(351,161,'2222','Adidas Predator','Adidas Predator (blue, black)',184,22,0,124,0,'',1,10,33782,33789,33751,3006,2993,0,'',0,0,0,0,0,0,'2015-12-10 03:31:04',0,'0000-00-00 00:00:00',0,0,0),(352,157,'0002','Heels','Red 36',191,22,0,130,0,'',1,0,33909,33916,33878,3132,3119,0,'',0,0,0,0,0,0,'2015-12-10 03:31:05',0,'2015-12-10 03:32:38',0,0,0),(353,158,'AP009-04','Redmi Note','Redmi Note red Color',186,22,0,129,0,'',1,10,34036,34043,34005,3069,3056,0,'',0,0,0,0,0,0,'2015-12-10 03:31:31',0,'2015-12-10 03:34:28',0,0,0),(354,159,'250','Asus','Asus i5 core',188,22,0,126,0,'',1,10,34290,34297,34259,3195,3182,0,'',0,0,0,0,0,0,'2015-12-10 03:32:11',0,'0000-00-00 00:00:00',0,0,0),(355,167,'0002','Ninja 250 SE','Ninja 250 SE full system',178,22,0,123,0,'',1,10,33528,33535,33497,2943,2930,0,'',0,0,0,0,0,0,'2015-12-10 03:32:20',0,'0000-00-00 00:00:00',0,0,0),(356,159,'124','Dell','Dell Inspiron 15',189,22,0,126,0,'',1,0,34290,34297,34259,3195,3182,0,'',0,0,0,0,0,0,'2015-12-10 03:32:54',0,'0000-00-00 00:00:00',0,0,0),(357,167,'00003','Yahama LC150','Yahama LC150 full system',183,22,0,123,0,'',1,10,33528,33535,33497,2943,2930,0,'',0,0,0,0,0,0,'2015-12-10 03:32:58',0,'0000-00-00 00:00:00',0,0,0),(358,156,'0012','Shawl','Shawl inner',185,22,0,125,0,'',1,0,34163,34170,34132,3258,3245,0,'',0,0,0,0,0,0,'2015-12-10 03:33:29',0,'0000-00-00 00:00:00',0,0,0),(359,158,'PB001-02','Xiaomi 5000mAH','Xiaomi 5000mAH',179,22,0,129,0,'',1,10,34036,34043,34005,3069,3056,0,'',0,0,0,0,0,0,'2015-12-10 03:33:35',0,'0000-00-00 00:00:00',0,0,0),(360,157,'0003','TH','',182,22,0,130,0,'',1,0,33909,33916,33878,3132,3119,0,'',0,0,0,0,0,0,'2015-12-10 03:34:08',0,'0000-00-00 00:00:00',0,0,0),(361,165,'20001','PEN','SIGNING PEN',192,22,0,127,0,'',1,100,33655,33662,33624,3321,3308,0,'',0,0,0,0,0,0,'2015-12-10 03:35:12',0,'0000-00-00 00:00:00',0,0,0),(362,165,'W01','RULER','SHORT RULER',193,22,0,127,0,'',1,100,33655,33662,33624,3321,3308,0,'',0,0,0,0,0,0,'2015-12-10 03:37:51',0,'0000-00-00 00:00:00',0,0,0),(363,163,'Ninja SL250','Kawasaki','Ninja Kawasaki',190,22,0,131,0,'',1,0,34561,34563,34525,3447,3434,0,'',0,0,0,0,0,0,'2015-12-10 03:38:33',0,'0000-00-00 00:00:00',0,0,0),(364,85,'bm','baju melayu','warna merah',194,22,0,132,0,'',1,0,34707,34714,34676,3509,3496,0,'',0,0,0,0,0,0,'2015-12-16 08:13:19',0,'0000-00-00 00:00:00',0,0,0),(365,149,'sam123','Sayem123','Item description',169,22,0,121,0,'',1,100,33357,33364,33326,2845,2832,0,'',0,1,0,0,0,0,'2015-12-17 03:38:02',0,'2015-12-17 03:38:24',0,0,0);
DELIMITER ;;
/*!50003 CREATE*/ /*!50017 DEFINER=`root`@`localhost`*/ /*!50003 TRIGGER `trigger_before_insert_item` BEFORE INSERT ON `item` FOR EACH ROW begin
if new.incomeID = 0 or new.incomeID is null then 
set new.incomeID = (select accountID from comp_control_acct_setup where ID > 0 and companyID = new.companyID and accountCode='saleacct'); 
end if;
if new.cogsID = 0 or new.cogsID is null then 
set new.cogsID = (select accountID from comp_control_acct_setup where id>0 and companyID = new.companyID and accountCode = 'saleacct');
end if;

end */;;
DELIMITER ;

--
-- Table structure for table `item_adjustment`
--

CREATE TABLE `item_adjustment` (
  `ID` int(11) NOT NULL AUTO_INCREMENT,
  `companyID` int(11) NOT NULL,
  `locationID` int(11) NOT NULL,
  `formNo` varchar(32) NOT NULL,
  `updateAble` smallint(11) NOT NULL DEFAULT '1',
  `adjustmentDate` date NOT NULL,
  `createdBy` varchar(50) NOT NULL,
  `createdTS` timestamp NOT NULL DEFAULT CURRENT_TIMESTAMP,
  `updatedBy` int(11) NOT NULL,
  `updatedTS` timestamp NOT NULL DEFAULT '0000-00-00 00:00:00' ,
  PRIMARY KEY (`ID`)
) ENGINE=InnoDB AUTO_INCREMENT=82 DEFAULT CHARSET=latin1;

--
-- Dumping data for table `item_adjustment`
--

INSERT INTO `item_adjustment` VALUES (18,1,1,'IA',0,'2014-06-20','','2014-06-20 04:29:17',0,'2014-06-23 01:53:41'),(19,1,2,'IA',0,'2014-06-24','16','2014-06-24 02:20:36',0,'2014-08-18 11:05:36'),(20,1,1,'IA',0,'2014-08-04','16','2014-08-04 06:38:42',0,'2014-08-18 11:05:36'),(21,1,2,'IA',0,'2014-08-18','33','2014-08-18 10:48:14',0,'2014-08-18 11:05:37'),(22,1,1,'IA',0,'2014-08-18','33','2014-08-18 10:50:01',0,'2014-08-18 10:50:19'),(23,1,1,'IA',0,'2014-08-18','33','2014-08-18 11:06:08',0,'2014-08-18 11:06:40'),(24,1,2,'IA',0,'2014-08-18','33','2014-08-18 11:06:30',0,'2014-08-18 11:06:40'),(25,1,1,'IA',0,'2014-08-18','33','2014-08-18 11:08:16',0,'2014-08-18 11:08:28'),(26,1,1,'IA',0,'2014-08-18','33','2014-08-18 11:09:43',0,'2014-08-18 11:10:04'),(27,1,1,'IA',0,'2014-08-18','33','2014-08-18 11:09:50',0,'2014-08-18 11:10:05'),(28,1,1,'IA',0,'2014-08-18','33','2014-08-18 11:09:55',0,'2014-08-18 11:10:05'),(29,1,2,'IA',0,'2014-08-18','33','2014-08-18 11:10:36',0,'2014-08-18 11:29:25'),(30,1,2,'IA',0,'2014-08-18','33','2014-08-18 11:10:42',0,'2014-08-18 11:29:19'),(31,1,1,'IA',0,'2014-08-18','33','2014-08-18 11:11:18',0,'2014-08-18 11:12:08'),(32,1,1,'IA',0,'2014-08-18','33','2014-08-18 11:11:26',0,'2014-08-18 11:12:08'),(33,1,1,'IA',0,'2014-08-18','33','2014-08-18 11:11:41',0,'2014-08-18 11:28:50'),(34,1,1,'IA',0,'2014-08-18','33','2014-08-18 11:11:53',0,'2014-08-18 11:28:50'),(35,1,2,'IA',0,'2014-08-18','33','2014-08-18 11:29:39',0,'2014-08-18 11:30:33'),(36,1,2,'IA',0,'2014-08-18','33','2014-08-18 11:29:46',0,'2014-08-18 11:30:33'),(37,1,2,'IA',0,'2014-08-18','33','2014-08-18 11:30:17',0,'2014-08-18 11:30:33'),(38,1,1,'IA',0,'2014-08-19','33','2014-08-19 01:08:35',0,'2014-08-19 01:22:12'),(39,1,2,'IA',0,'2014-08-19','33','2014-08-19 01:17:25',0,'2014-08-19 01:22:12'),(40,1,1,'IA',0,'2014-08-19','33','2014-08-19 01:27:50',0,'2014-08-19 01:29:43'),(41,1,1,'IA',0,'2014-08-19','33','2014-08-19 01:27:59',0,'2014-08-19 01:29:28'),(42,1,1,'IA',0,'2014-08-19','33','2014-08-19 01:28:04',0,'2014-08-19 01:29:22'),(43,1,1,'IA',0,'2014-08-19','33','2014-08-19 01:28:08',0,'2014-08-19 01:29:22'),(44,1,1,'IA',0,'2014-08-19','33','2014-08-19 01:28:13',0,'2014-08-19 01:28:35'),(45,1,1,'IA',0,'2014-08-19','33','2014-08-19 01:28:23',0,'2014-08-19 01:28:35'),(46,1,1,'IA',0,'2014-08-19','33','2014-08-19 01:29:37',0,'2014-08-19 01:29:43'),(47,93,15,'IA',0,'2014-09-08','16','2014-09-08 07:07:17',0,'2014-09-08 07:08:52'),(48,93,15,'IA',0,'2014-09-08','16','2014-09-08 07:09:22',0,'2014-09-08 07:09:28'),(49,93,15,'IA',1,'2014-09-22','19','2014-09-22 01:28:12',0,'0000-00-00 00:00:00'),(50,110,29,'IA',1,'2014-10-13','19','2014-10-13 05:05:09',0,'0000-00-00 00:00:00'),(51,111,36,'IA',0,'2014-11-05','33','2014-11-05 07:08:44',0,'2014-11-05 07:09:22'),(52,116,44,'IA',0,'2014-11-05','43','2014-11-05 08:12:34',0,'2014-12-04 06:40:46'),(53,116,44,'IA',0,'2014-12-02','19','2014-12-02 08:02:07',0,'2014-12-02 08:03:20'),(58,116,45,'IA',0,'2014-12-04','33','2014-12-04 05:40:41',0,'2014-12-04 09:20:25'),(59,116,45,'IA',0,'2014-12-04','33','2014-12-04 06:47:01',0,'2015-05-06 09:43:53'),(60,116,45,'IA',0,'2014-12-04','33','2014-12-04 09:29:04',0,'2014-12-04 09:30:22'),(61,116,45,'IA',0,'2014-12-04','33','2014-12-04 09:36:25',0,'2015-05-06 09:43:53'),(62,124,57,'IA',1,'2014-12-19','63','2014-12-19 09:08:39',0,'0000-00-00 00:00:00'),(63,116,44,'IA',0,'2014-12-19','19','2014-12-19 09:10:04',0,'2014-12-19 09:10:16'),(64,135,80,'IA',0,'2015-02-25','33','2015-02-25 08:46:28',0,'2015-02-25 08:46:35'),(65,116,46,'IA',0,'2015-04-14','74','2015-04-14 09:22:40',0,'2015-04-14 09:38:52'),(66,121,51,'IA',0,'2015-04-28','19','2015-04-28 02:52:58',0,'2015-04-28 02:53:18'),(67,124,57,'IA',0,'2015-04-28','33','2015-04-28 02:56:07',0,'2015-04-28 03:07:46'),(68,124,57,'IA',0,'2015-04-28','33','2015-04-28 03:08:39',0,'2015-04-28 03:09:27'),(69,124,57,'IA',1,'2015-04-28','33','2015-04-28 03:10:19',0,'0000-00-00 00:00:00'),(70,124,57,'IA',0,'2015-04-28','33','2015-04-28 03:10:22',0,'2015-04-28 03:10:59'),(71,124,57,'IA',1,'2015-06-18','33','2015-06-18 03:55:38',0,'0000-00-00 00:00:00'),(72,124,57,'IA',1,'2015-06-18','33','2015-06-18 06:59:50',0,'0000-00-00 00:00:00'),(73,165,117,'IA',1,'2015-12-10','103','2015-12-10 07:51:20',0,'0000-00-00 00:00:00'),(74,165,117,'IA',1,'2015-12-10','103','2015-12-10 07:51:21',0,'0000-00-00 00:00:00'),(75,165,117,'IA',1,'2015-12-10','103','2015-12-10 07:51:43',0,'0000-00-00 00:00:00'),(76,165,117,'IA',0,'2015-12-10','103','2015-12-10 07:52:23',0,'2015-12-10 07:53:02'),(77,167,111,'IA',0,'2015-12-10','19','2015-12-10 07:54:23',0,'2015-12-10 07:54:36'),(78,167,111,'IA',1,'2015-12-10','19','2015-12-10 07:55:53',0,'0000-00-00 00:00:00'),(79,149,109,'IA20151210',0,'2015-12-10','33','2015-12-10 07:57:52',0,'2015-12-10 08:02:00'),(80,149,109,'IA20151210',0,'2015-12-10','33','2015-12-10 08:02:47',0,'2015-12-10 08:02:55'),(81,149,109,'IA20151210',0,'2015-12-10','33','2015-12-10 08:09:09',0,'2015-12-10 08:09:14');

--
-- Table structure for table `item_adjustment_detail`
--

CREATE TABLE `item_adjustment_detail` (
  `ID` int(11) NOT NULL AUTO_INCREMENT,
  `adjustmentID` int(11) NOT NULL,
  `itemID` int(11) NOT NULL,
  `lineNo` int(11) NOT NULL,
  `unitOfMeasureID` int(11) NOT NULL,
  `umID` int(11) NOT NULL,
  `qtyOnHand` double NOT NULL COMMENT 'The number of items on the time of Adjustment',
  `counted` double NOT NULL COMMENT 'The actual number of items on the time of adjustment',
  `onDatePrice` double NOT NULL,
  `updateAble` smallint(11) NOT NULL DEFAULT '1',
  `adjustmentDate` date NOT NULL,
  `createdBy` varchar(50) NOT NULL,
  `createdTS` timestamp NOT NULL DEFAULT CURRENT_TIMESTAMP,
  `updatedBy` int(11) NOT NULL,
  `updatedTS` timestamp NOT NULL DEFAULT '0000-00-00 00:00:00' ,
  PRIMARY KEY (`ID`)
) ENGINE=InnoDB AUTO_INCREMENT=84 DEFAULT CHARSET=latin1;

--
-- Dumping data for table `item_adjustment_detail`
--

INSERT INTO `item_adjustment_detail` VALUES (18,18,1,1,2,0,0,6,0,1,'2014-06-20','','2014-06-20 04:29:17',0,'2014-06-20 08:53:06'),(19,18,4,2,2,0,0,3,0,1,'2014-06-20','','2014-06-20 04:29:17',0,'2014-06-20 08:53:11'),(20,18,7,3,2,0,0,6,0,1,'2014-06-20','','2014-06-20 04:29:17',0,'0000-00-00 00:00:00'),(21,19,1,1,2,0,10,10,0,1,'2014-06-24','','2014-06-24 02:20:36',0,'2014-08-18 10:13:30'),(22,20,1,1,2,0,2,2,0,1,'2014-08-04','','2014-08-04 06:38:42',0,'2014-08-18 05:41:37'),(23,21,1,1,2,0,15,25,0,1,'2014-08-18','','2014-08-18 10:48:14',0,'2014-08-18 10:54:23'),(24,21,9,2,9,0,678,500,0,1,'2014-08-18','','2014-08-18 10:48:14',0,'2014-08-18 11:02:25'),(25,21,10,3,2,0,10,7,111,1,'2014-08-18','','2014-08-18 10:48:14',0,'2014-08-18 11:02:42'),(26,22,1,1,2,0,1,5,0,1,'2014-08-18','','2014-08-18 10:50:01',0,'0000-00-00 00:00:00'),(27,23,1,1,2,0,2,10,0,1,'2014-08-18','','2014-08-18 11:06:08',0,'0000-00-00 00:00:00'),(28,25,4,1,2,0,0,10,0,1,'2014-08-18','','2014-08-18 11:08:17',0,'0000-00-00 00:00:00'),(29,26,1,1,2,0,10,11,0,1,'2014-08-18','','2014-08-18 11:09:43',0,'0000-00-00 00:00:00'),(30,27,7,1,2,0,6,5,2345,1,'2014-08-18','','2014-08-18 11:09:50',0,'0000-00-00 00:00:00'),(31,28,4,1,2,0,0,10,0,1,'2014-08-18','','2014-08-18 11:09:55',0,'0000-00-00 00:00:00'),(32,31,7,1,2,0,6,7,2345,1,'2014-08-18','','2014-08-18 11:11:18',0,'0000-00-00 00:00:00'),(33,34,7,1,2,0,6,8,2345,1,'2014-08-18','','2014-08-18 11:11:54',0,'0000-00-00 00:00:00'),(34,37,1,1,2,0,25,20,0,1,'2014-08-18','','2014-08-18 11:30:17',0,'0000-00-00 00:00:00'),(35,37,8,2,2,0,9,10,0,1,'2014-08-18','','2014-08-18 11:30:17',0,'0000-00-00 00:00:00'),(36,38,1,1,2,0,10,15,0,1,'2014-08-19','','2014-08-19 01:08:35',0,'0000-00-00 00:00:00'),(37,38,4,2,2,0,0,10,0,1,'2014-08-19','','2014-08-19 01:08:35',0,'0000-00-00 00:00:00'),(38,39,1,1,2,0,20,25,0,1,'2014-08-19','','2014-08-19 01:17:26',0,'0000-00-00 00:00:00'),(39,39,8,2,2,0,10,13,0,1,'2014-08-19','','2014-08-19 01:17:26',0,'2014-08-19 01:21:40'),(40,40,1,1,2,0,15,10,0,1,'2014-08-19','','2014-08-19 01:27:50',0,'0000-00-00 00:00:00'),(41,41,4,1,2,0,10,20,0,1,'2014-08-19','','2014-08-19 01:27:59',0,'0000-00-00 00:00:00'),(42,42,7,1,2,0,8,10,2345,1,'2014-08-19','','2014-08-19 01:28:04',0,'0000-00-00 00:00:00'),(43,45,7,1,2,0,8,10,2345,1,'2014-08-19','','2014-08-19 01:28:23',0,'0000-00-00 00:00:00'),(44,46,1,1,2,0,15,10,0,1,'2014-08-19','','2014-08-19 01:29:37',0,'0000-00-00 00:00:00'),(45,47,26,1,0,0,1,4,0,1,'2014-09-08','','2014-09-08 07:07:17',0,'2014-09-08 07:08:30'),(46,48,29,1,0,0,0,5,0,1,'2014-09-08','','2014-09-08 07:09:22',0,'0000-00-00 00:00:00'),(47,49,25,1,0,0,3,3,0,1,'2014-09-22','','2014-09-22 01:28:12',0,'0000-00-00 00:00:00'),(48,49,26,2,2,0,18,18,0,1,'2014-09-22','','2014-09-22 01:28:13',0,'0000-00-00 00:00:00'),(49,49,27,3,2,0,28,28,0,1,'2014-09-22','','2014-09-22 01:28:13',0,'0000-00-00 00:00:00'),(50,49,29,4,2,0,16,16,0,1,'2014-09-22','','2014-09-22 01:28:13',0,'0000-00-00 00:00:00'),(51,50,52,1,0,0,10,5,0,1,'2014-10-13','','2014-10-13 05:05:09',0,'0000-00-00 00:00:00'),(52,51,97,1,3,0,100,0,0,1,'2014-11-05','','2014-11-05 07:08:45',0,'0000-00-00 00:00:00'),(53,52,98,1,47,0,3,2,0,1,'2014-11-05','','2014-11-05 08:12:34',0,'0000-00-00 00:00:00'),(57,58,130,1,47,0,150,154,0,1,'2014-12-04','','2014-12-04 05:40:41',0,'2014-12-04 08:50:07'),(58,59,102,1,49,0,7,5,0,1,'2014-12-04','','2014-12-04 06:47:01',0,'2014-12-04 08:30:15'),(59,60,130,1,47,0,154,150,0,1,'2014-12-04','','2014-12-04 09:29:04',0,'0000-00-00 00:00:00'),(60,61,130,1,47,0,150,20,0,1,'2014-12-04','','2014-12-04 09:36:25',0,'2015-04-14 10:08:40'),(61,62,144,1,67,0,50,2,0,1,'2014-12-19','','2014-12-19 09:08:39',0,'2015-06-18 03:56:58'),(62,63,100,1,49,0,2,0,0,1,'2014-12-19','','2014-12-19 09:10:05',0,'0000-00-00 00:00:00'),(63,64,223,1,101,0,0,100,0,1,'2015-02-25','','2015-02-25 08:46:28',0,'0000-00-00 00:00:00'),(64,65,100,1,49,0,81,22,0,1,'2015-04-14','','2015-04-14 09:22:40',0,'2015-04-14 09:36:19'),(65,65,101,2,49,0,88,100,0,1,'2015-04-14','','2015-04-14 09:22:40',0,'0000-00-00 00:00:00'),(66,66,138,1,63,0,5,4,0,1,'2015-04-28','','2015-04-28 02:52:58',0,'0000-00-00 00:00:00'),(67,67,186,1,88,0,27864,26864,0,1,'2015-04-28','','2015-04-28 02:56:07',0,'0000-00-00 00:00:00'),(68,68,186,1,88,0,26864,27864,0,1,'2015-04-28','','2015-04-28 03:08:39',0,'0000-00-00 00:00:00'),(69,69,186,1,88,0,27864,26864,0,1,'2015-04-28','','2015-04-28 03:10:19',0,'0000-00-00 00:00:00'),(70,70,186,1,88,0,27864,26864,0,1,'2015-04-28','','2015-04-28 03:10:22',0,'0000-00-00 00:00:00'),(71,71,186,1,88,0,25764,25766,0,1,'2015-06-18','','2015-06-18 03:55:38',0,'0000-00-00 00:00:00'),(72,72,181,1,67,0,84065,84060,0,1,'2015-06-18','','2015-06-18 06:59:50',0,'0000-00-00 00:00:00'),(73,72,184,2,88,0,38988,38980,0,1,'2015-06-18','','2015-06-18 06:59:50',0,'0000-00-00 00:00:00'),(74,72,186,3,88,0,25764,25760,0,1,'2015-06-18','','2015-06-18 06:59:50',0,'0000-00-00 00:00:00'),(75,73,361,1,127,0,700,699,0,1,'2015-12-10','','2015-12-10 07:51:20',0,'0000-00-00 00:00:00'),(76,74,361,1,127,0,700,699,0,1,'2015-12-10','','2015-12-10 07:51:21',0,'0000-00-00 00:00:00'),(77,75,361,1,127,0,700,699,0,1,'2015-12-10','','2015-12-10 07:51:43',0,'0000-00-00 00:00:00'),(78,76,361,1,127,0,700,699,0,1,'2015-12-10','','2015-12-10 07:52:23',0,'0000-00-00 00:00:00'),(79,77,347,1,123,0,9,8,0,1,'2015-12-10','','2015-12-10 07:54:23',0,'0000-00-00 00:00:00'),(80,78,355,1,123,0,8,5,0,1,'2015-12-10','','2015-12-10 07:55:53',0,'0000-00-00 00:00:00'),(81,79,336,1,121,0,228,230,0,1,'2015-12-10','','2015-12-10 07:57:52',0,'0000-00-00 00:00:00'),(82,80,336,1,121,0,230,228,0,1,'2015-12-10','','2015-12-10 08:02:47',0,'0000-00-00 00:00:00'),(83,81,336,1,121,0,228,225,0,1,'2015-12-10','','2015-12-10 08:09:09',0,'0000-00-00 00:00:00');

--
-- Table structure for table `item_details`
--

CREATE TABLE `item_details` (
  `ID` int(11) NOT NULL AUTO_INCREMENT,
  `companyID` int(11) DEFAULT NULL,
  `itemID` int(11) DEFAULT NULL,
  `locationID` int(11) DEFAULT NULL,
  `onHandQty` double DEFAULT NULL,
  `umID` int(11) DEFAULT NULL,
  `acctID` int(11) DEFAULT NULL,
  `createdBy` int(11) DEFAULT NULL,
  `createdTS` timestamp NULL DEFAULT CURRENT_TIMESTAMP,
  `updatedBy` int(11) DEFAULT NULL,
  `updatedTS` timestamp NULL ,
  `is_delete` smallint(6) DEFAULT NULL,
  PRIMARY KEY (`ID`),
  KEY `Index 2` (`companyID`,`acctID`,`locationID`)
) ENGINE=InnoDB AUTO_INCREMENT=600 DEFAULT CHARSET=latin1 ROW_FORMAT=COMPACT;

--
-- Dumping data for table `item_details`
--

INSERT INTO `item_details` VALUES (1,1,1,1,10,2,79,NULL,'2014-06-19 01:13:12',NULL,'2014-06-19 01:13:12',NULL),(2,1,1,2,25,2,79,NULL,'2014-06-19 04:39:31',NULL,'2014-06-19 04:39:31',NULL),(3,1,4,1,20,2,79,1,'2014-06-19 06:56:42',NULL,'2014-06-19 06:56:42',NULL),(4,1,7,1,10,2,79,1,'2014-06-19 06:56:42',NULL,'2014-06-19 06:56:42',NULL),(5,1,8,2,18,2,79,1,'2014-06-19 06:56:42',NULL,'2014-06-19 06:56:42',NULL),(7,1,10,2,8,2,79,1,'2014-06-19 06:56:42',NULL,'2014-06-19 06:56:42',NULL),(8,15,11,5,1,2,79,1,'2014-06-19 06:56:42',NULL,'2014-06-19 06:56:42',NULL),(9,15,12,5,1,2,79,1,'2014-06-19 06:56:42',NULL,'2014-06-19 06:56:42',NULL),(10,1,4,2,10,NULL,NULL,NULL,'2014-06-19 10:44:52',NULL,'2014-06-19 10:44:52',NULL),(12,1,7,2,164,NULL,NULL,NULL,'2014-06-20 02:19:41',NULL,'2014-06-20 02:19:41',NULL),(13,1,9,2,500,9,NULL,NULL,'2014-06-20 02:19:50',NULL,'2014-06-20 02:19:50',NULL),(14,1,8,1,1,NULL,NULL,NULL,'2014-06-24 02:21:50',NULL,'2014-06-24 02:21:50',NULL),(15,15,11,4,5,2,79,NULL,'2014-07-03 00:38:18',NULL,'2014-07-03 00:38:18',NULL),(16,15,12,4,1,2,79,NULL,'2014-07-03 00:38:18',NULL,'2014-07-03 00:38:18',NULL),(18,15,11,3,6,2,79,NULL,'2014-07-03 00:40:23',NULL,'2014-07-03 00:40:23',NULL),(19,81,0,1,20,NULL,NULL,NULL,'2014-07-21 06:45:36',NULL,'2014-07-21 06:45:36',NULL),(20,93,27,15,32,2,NULL,NULL,'2014-09-08 03:27:14',NULL,'2014-09-08 03:27:14',NULL),(21,93,26,15,0,2,NULL,NULL,'2014-09-08 04:31:25',NULL,'2014-09-08 04:31:25',NULL),(22,93,29,15,1,2,NULL,NULL,'2014-09-08 04:32:03',NULL,'2014-09-08 04:32:03',NULL),(23,93,29,16,1,2,NULL,NULL,'2014-09-08 04:55:47',NULL,'2014-09-08 04:55:47',NULL),(24,93,29,18,8,2,NULL,NULL,'2014-09-08 04:58:05',NULL,'2014-09-08 04:58:05',NULL),(25,93,29,0,0,2,NULL,NULL,'2014-09-10 09:51:59',NULL,'2014-09-10 09:51:59',NULL),(26,93,26,0,10,2,NULL,NULL,'2014-09-10 09:57:32',NULL,'2014-09-10 09:57:32',NULL),(27,102,31,0,2,0,NULL,NULL,'2014-09-12 08:24:03',NULL,'2014-09-12 08:24:03',NULL),(28,102,31,22,5,0,NULL,NULL,'2014-09-12 08:35:56',NULL,'2014-09-12 08:35:56',NULL),(29,93,26,19,100,0,NULL,NULL,'2014-09-15 04:52:57',NULL,'2014-09-15 04:52:57',NULL),(30,93,25,19,100,0,NULL,NULL,'2014-09-15 04:52:57',NULL,'2014-09-15 04:52:57',NULL),(31,103,32,23,50,0,NULL,NULL,'2014-09-15 09:15:24',NULL,'2014-09-15 09:15:24',NULL),(32,105,39,25,2,0,NULL,NULL,'2014-09-16 05:24:55',NULL,'2014-09-16 05:24:55',NULL),(33,93,25,15,3,0,NULL,NULL,'2014-09-17 01:53:27',NULL,'2014-09-17 01:53:27',NULL),(34,95,40,20,3,0,NULL,NULL,'2014-09-22 03:03:55',NULL,'2014-09-22 03:03:55',NULL),(35,107,42,26,25,0,NULL,NULL,'2014-09-22 03:16:21',NULL,'2014-09-22 03:16:21',NULL),(36,107,43,26,28,0,NULL,NULL,'2014-09-22 03:16:21',NULL,'2014-09-22 03:16:21',NULL),(37,95,47,27,2,0,NULL,NULL,'2014-09-24 08:31:45',NULL,'2014-09-24 08:31:45',NULL),(38,95,45,27,1,0,NULL,NULL,'2014-09-25 02:05:40',NULL,'2014-09-25 02:05:40',NULL),(39,95,46,27,2,0,NULL,NULL,'2014-09-25 03:29:24',NULL,'2014-09-25 03:29:24',NULL),(40,107,49,28,20,0,NULL,NULL,'2014-09-30 01:51:58',NULL,'2014-09-30 01:51:58',NULL),(41,110,51,29,10,0,NULL,NULL,'2014-09-30 10:08:03',NULL,'2014-09-30 10:08:03',NULL),(42,110,52,29,10,0,NULL,NULL,'2014-09-30 10:08:03',NULL,'2014-09-30 10:08:03',NULL),(43,110,53,29,10,0,NULL,NULL,'2014-09-30 10:08:03',NULL,'2014-09-30 10:08:03',NULL),(44,110,50,29,10,0,NULL,NULL,'2014-09-30 10:08:03',NULL,'2014-09-30 10:08:03',NULL),(45,110,54,29,10,0,NULL,NULL,'2014-09-30 10:08:03',NULL,'2014-09-30 10:08:03',NULL),(46,110,66,29,10,0,NULL,NULL,'2014-09-30 11:49:53',NULL,'2014-09-30 11:49:53',NULL),(47,110,58,29,10,0,NULL,NULL,'2014-09-30 11:49:53',NULL,'2014-09-30 11:49:53',NULL),(48,110,68,29,10,0,NULL,NULL,'2014-09-30 11:49:53',NULL,'2014-09-30 11:49:53',NULL),(49,110,57,29,14,0,NULL,NULL,'2014-09-30 11:49:53',NULL,'2014-09-30 11:49:53',NULL),(50,110,62,29,16,0,NULL,NULL,'2014-09-30 11:49:53',NULL,'2014-09-30 11:49:53',NULL),(51,110,56,29,10,0,NULL,NULL,'2014-09-30 11:49:53',NULL,'2014-09-30 11:49:53',NULL),(52,110,65,29,15,0,NULL,NULL,'2014-09-30 11:49:53',NULL,'2014-09-30 11:49:53',NULL),(53,110,55,29,10,0,NULL,NULL,'2014-09-30 11:49:53',NULL,'2014-09-30 11:49:53',NULL),(54,110,63,29,15,0,NULL,NULL,'2014-09-30 11:49:53',NULL,'2014-09-30 11:49:53',NULL),(55,110,61,29,10,0,NULL,NULL,'2014-09-30 11:49:53',NULL,'2014-09-30 11:49:53',NULL),(56,110,60,29,10,0,NULL,NULL,'2014-09-30 11:49:53',NULL,'2014-09-30 11:49:53',NULL),(57,110,69,29,10,0,NULL,NULL,'2014-09-30 11:49:53',NULL,'2014-09-30 11:49:53',NULL),(58,110,59,29,10,0,NULL,NULL,'2014-09-30 11:49:53',NULL,'2014-09-30 11:49:53',NULL),(59,110,62,30,10,0,NULL,NULL,'2014-09-30 11:49:59',NULL,'2014-09-30 11:49:59',NULL),(60,110,60,30,4,0,NULL,NULL,'2014-09-30 11:49:59',NULL,'2014-09-30 11:49:59',NULL),(61,110,58,30,4,0,NULL,NULL,'2014-09-30 11:49:59',NULL,'2014-09-30 11:49:59',NULL),(62,110,51,30,5,0,NULL,NULL,'2014-09-30 11:49:59',NULL,'2014-09-30 11:49:59',NULL),(63,110,53,30,4,0,NULL,NULL,'2014-09-30 11:49:59',NULL,'2014-09-30 11:49:59',NULL),(64,110,63,30,6,0,NULL,NULL,'2014-09-30 11:49:59',NULL,'2014-09-30 11:49:59',NULL),(65,110,52,30,5,0,NULL,NULL,'2014-09-30 11:50:02',NULL,'2014-09-30 11:50:02',NULL),(66,110,54,30,2,0,NULL,NULL,'2014-09-30 11:50:03',NULL,'2014-09-30 11:50:03',NULL),(67,95,46,20,1,0,NULL,NULL,'2014-10-09 03:21:29',NULL,'2014-10-09 03:21:29',NULL),(68,95,30,20,1,0,NULL,NULL,'2014-10-09 04:14:10',NULL,'2014-10-09 04:14:10',NULL),(69,111,71,31,57,0,NULL,NULL,'2014-10-14 03:49:12',NULL,'2014-10-14 03:49:12',NULL),(70,111,71,32,1,0,NULL,NULL,'2014-10-14 08:00:31',NULL,'2014-10-14 08:00:31',NULL),(71,111,77,34,1,0,NULL,NULL,'2014-10-17 03:17:19',NULL,'2014-10-17 03:17:19',NULL),(72,111,77,31,2,0,NULL,NULL,'2014-10-17 03:42:29',NULL,'2014-10-17 03:42:29',NULL),(73,111,80,31,-11,0,NULL,NULL,'2014-10-17 03:42:29',NULL,'2014-10-17 03:42:29',NULL),(74,105,36,24,1,0,NULL,NULL,'2014-10-17 09:16:52',NULL,'2014-10-17 09:16:52',NULL),(75,111,83,31,13,0,NULL,NULL,'2014-10-20 02:35:26',NULL,'2014-10-20 02:35:26',NULL),(76,111,90,32,-20,0,NULL,NULL,'2014-10-20 08:23:43',NULL,'2014-10-20 08:23:43',NULL),(77,111,77,32,2,0,NULL,NULL,'2014-10-21 09:49:36',NULL,'2014-10-21 09:49:36',NULL),(78,111,73,32,1,3,NULL,NULL,'2014-10-23 02:33:01',NULL,'2014-10-23 02:33:01',NULL),(79,111,83,32,9,13,NULL,NULL,'2014-10-23 02:33:01',NULL,'2014-10-23 02:33:01',NULL),(80,111,90,31,4,17,NULL,NULL,'2014-10-24 01:20:08',NULL,'2014-10-24 01:20:08',NULL),(81,111,80,33,1,3,NULL,NULL,'2014-10-24 01:20:09',NULL,'2014-10-24 01:20:09',NULL),(82,111,90,33,36,17,NULL,NULL,'2014-10-24 01:20:09',NULL,'2014-10-24 01:20:09',NULL),(83,111,93,36,13,17,NULL,NULL,'2014-10-27 03:19:40',NULL,'2014-10-27 03:19:40',NULL),(84,111,94,31,36,3,NULL,NULL,'2014-10-29 08:10:53',NULL,'2014-10-29 08:10:53',NULL),(85,111,94,40,10,3,NULL,NULL,'2014-10-29 08:53:36',NULL,'2014-10-29 08:53:36',NULL),(86,111,90,40,30,NULL,NULL,NULL,'2014-10-30 01:26:42',NULL,'2014-10-30 01:26:42',NULL),(87,111,93,33,9,17,NULL,NULL,'2014-10-30 02:27:20',NULL,'2014-10-30 02:27:20',NULL),(88,111,78,34,170,3,NULL,NULL,'2014-10-30 08:04:31',NULL,'2014-10-30 08:04:31',NULL),(89,111,95,36,40,45,NULL,NULL,'2014-10-31 03:45:51',NULL,'2014-10-31 03:45:51',NULL),(90,111,95,34,32,45,NULL,NULL,'2014-10-31 04:17:08',NULL,'2014-10-31 04:17:08',NULL),(91,111,96,35,72,45,NULL,NULL,'2014-10-31 07:58:12',NULL,'2014-10-31 07:58:12',NULL),(92,111,97,36,0,3,NULL,NULL,'2014-11-03 01:38:07',NULL,'2014-11-03 01:38:07',NULL),(93,111,93,41,1,17,NULL,NULL,'2014-11-04 08:00:48',NULL,'2014-11-04 08:00:48',NULL),(94,111,78,40,1,3,NULL,NULL,'2014-11-04 08:03:06',NULL,'2014-11-04 08:03:06',NULL),(95,116,98,44,241,47,NULL,NULL,'2014-11-04 08:17:51',NULL,'2014-11-04 08:17:51',NULL),(96,116,102,46,51,49,NULL,NULL,'2014-11-04 09:32:18',NULL,'2014-11-04 09:32:18',NULL),(97,116,101,46,100,50,NULL,NULL,'2014-11-04 09:32:19',NULL,'2014-11-04 09:32:19',NULL),(98,116,100,46,27,49,NULL,NULL,'2014-11-04 09:32:19',NULL,'2014-11-04 09:32:19',NULL),(99,116,99,45,4527,48,NULL,NULL,'2014-11-04 09:40:26',NULL,'2014-11-04 09:40:26',NULL),(100,111,103,36,11,3,NULL,NULL,'2014-11-05 02:42:24',NULL,'2014-11-05 02:42:24',NULL),(101,111,93,35,1,17,NULL,NULL,'2014-11-05 04:07:13',NULL,'2014-11-05 04:07:13',NULL),(102,111,104,36,1,3,NULL,NULL,'2014-11-05 06:13:52',NULL,'2014-11-05 06:13:52',NULL),(103,111,104,31,0,NULL,NULL,NULL,'2014-11-05 07:07:12',NULL,'2014-11-05 07:07:12',NULL),(104,116,105,46,263,0,NULL,NULL,'2014-11-06 01:49:05',NULL,'2014-11-06 01:49:05',NULL),(105,116,106,46,93,49,NULL,NULL,'2014-11-06 02:15:32',NULL,'2014-11-06 02:15:32',NULL),(106,116,107,44,-5,49,NULL,NULL,'2014-11-06 08:18:40',NULL,'2014-11-06 08:18:40',NULL),(108,111,109,36,15,3,NULL,NULL,'2014-11-07 02:32:57',NULL,'2014-11-07 02:32:57',NULL),(109,116,110,44,34,47,NULL,NULL,'2014-11-07 02:52:37',NULL,'2014-11-07 02:52:37',NULL),(110,116,111,45,23,47,NULL,NULL,'2014-11-07 03:54:32',NULL,'2014-11-07 03:54:32',NULL),(111,111,112,31,-5,3,NULL,NULL,'2014-11-11 09:15:58',NULL,'2014-11-11 09:15:58',NULL),(112,116,102,44,190,49,NULL,NULL,'2014-11-12 04:56:59',NULL,'2014-11-12 04:56:59',NULL),(113,111,97,32,138,NULL,NULL,NULL,'2014-11-12 05:17:10',NULL,'2014-11-12 05:17:10',NULL),(114,116,113,46,40,49,NULL,NULL,'2014-11-12 06:54:45',NULL,'2014-11-12 06:54:45',NULL),(115,111,80,0,1,NULL,NULL,NULL,'2014-11-12 08:05:24',NULL,'2014-11-12 08:05:24',NULL),(116,107,49,26,1,0,NULL,NULL,'2014-11-17 05:44:02',NULL,'2014-11-17 05:44:02',NULL),(117,107,42,28,2,3,NULL,NULL,'2014-11-17 05:50:15',NULL,'2014-11-17 05:50:15',NULL),(118,117,114,47,270,52,NULL,NULL,'2014-11-17 08:49:37',NULL,'2014-11-17 08:49:37',NULL),(119,117,115,47,110,52,NULL,NULL,'2014-11-17 10:49:35',NULL,'2014-11-17 10:49:35',NULL),(120,116,111,44,56,0,NULL,NULL,'2014-11-18 03:52:13',NULL,'2014-11-18 03:52:13',NULL),(121,117,117,48,77,52,NULL,NULL,'2014-11-18 04:02:00',NULL,'2014-11-18 04:02:00',NULL),(122,117,115,48,46,52,NULL,NULL,'2014-11-18 04:02:00',NULL,'2014-11-18 04:02:00',NULL),(123,117,114,48,77,52,NULL,NULL,'2014-11-18 04:02:00',NULL,'2014-11-18 04:02:00',NULL),(124,117,118,48,24,52,NULL,NULL,'2014-11-18 04:02:00',NULL,'2014-11-18 04:02:00',NULL),(125,117,116,48,24,52,NULL,NULL,'2014-11-18 04:02:00',NULL,'2014-11-18 04:02:00',NULL),(126,116,119,44,13,49,NULL,NULL,'2014-11-19 01:12:35',NULL,'2014-11-19 01:12:35',NULL),(127,116,99,0,20,NULL,NULL,NULL,'2014-11-19 03:58:11',NULL,'2014-11-19 03:58:11',NULL),(128,111,103,31,24,3,NULL,NULL,'2014-11-19 09:41:40',NULL,'2014-11-19 09:41:40',NULL),(129,111,103,0,8,NULL,NULL,NULL,'2014-11-19 09:44:05',NULL,'2014-11-19 09:44:05',NULL),(130,116,99,44,2321,NULL,NULL,NULL,'2014-11-20 03:16:15',NULL,'2014-11-20 03:16:15',NULL),(131,116,123,44,1027,0,NULL,NULL,'2014-11-20 03:22:23',NULL,'2014-11-20 03:22:23',NULL),(132,116,123,0,8,NULL,NULL,NULL,'2014-11-20 05:20:45',NULL,'2014-11-20 05:20:45',NULL),(133,116,124,44,3176,47,NULL,NULL,'2014-11-20 05:29:02',NULL,'2014-11-20 05:29:02',NULL),(134,116,124,0,8,NULL,NULL,NULL,'2014-11-20 05:53:02',NULL,'2014-11-20 05:53:02',NULL),(135,121,122,51,207,54,NULL,NULL,'2014-11-21 04:45:52',NULL,'2014-11-21 04:45:52',NULL),(136,121,120,51,100,54,NULL,NULL,'2014-11-21 04:45:52',NULL,'2014-11-21 04:45:52',NULL),(137,116,100,0,1,NULL,NULL,NULL,'2014-11-24 09:32:40',NULL,'2014-11-24 09:32:40',NULL),(138,116,106,0,1,NULL,NULL,NULL,'2014-11-25 02:30:35',NULL,'2014-11-25 02:30:35',NULL),(139,117,116,0,2,NULL,NULL,NULL,'2014-11-25 06:28:08',NULL,'2014-11-25 06:28:08',NULL),(140,117,118,0,2,NULL,NULL,NULL,'2014-11-25 06:28:08',NULL,'2014-11-25 06:28:08',NULL),(141,117,115,0,2,NULL,NULL,NULL,'2014-11-25 06:28:08',NULL,'2014-11-25 06:28:08',NULL),(142,116,125,46,97,47,NULL,NULL,'2014-11-25 07:25:23',NULL,'2014-11-25 07:25:23',NULL),(143,117,80,50,2,0,NULL,NULL,'2014-11-26 01:24:09',NULL,'2014-11-26 01:24:09',NULL),(144,117,115,50,62,52,NULL,NULL,'2014-11-26 01:24:09',NULL,'2014-11-26 01:24:09',NULL),(145,117,118,50,62,52,NULL,NULL,'2014-11-26 01:24:09',NULL,'2014-11-26 01:24:09',NULL),(146,117,116,50,62,52,NULL,NULL,'2014-11-26 01:24:09',NULL,'2014-11-26 01:24:09',NULL),(147,117,117,50,60,52,NULL,NULL,'2014-11-26 04:27:35',NULL,'2014-11-26 04:27:35',NULL),(148,117,114,50,60,52,NULL,NULL,'2014-11-26 04:27:35',NULL,'2014-11-26 04:27:35',NULL),(149,117,117,47,50,52,NULL,NULL,'2014-11-27 04:40:18',NULL,'2014-11-27 04:40:18',NULL),(150,117,118,47,50,52,NULL,NULL,'2014-11-27 04:40:18',NULL,'2014-11-27 04:40:18',NULL),(151,117,116,47,50,52,NULL,NULL,'2014-11-27 04:40:18',NULL,'2014-11-27 04:40:18',NULL),(154,116,108,44,4,NULL,NULL,NULL,'2014-12-02 02:27:20',NULL,'2014-12-02 02:27:20',NULL),(156,116,127,44,198,47,NULL,NULL,'2014-12-02 08:40:32',NULL,'2014-12-02 08:40:32',NULL),(159,116,124,158,5100,NULL,NULL,NULL,'2014-12-03 09:40:30',NULL,'2014-12-03 09:40:30',NULL),(160,116,107,155,25,NULL,NULL,NULL,'2014-12-03 09:40:31',NULL,'2014-12-03 09:40:31',NULL),(162,116,129,44,-182100,NULL,NULL,NULL,'2014-12-03 10:02:12',NULL,'2014-12-03 10:02:12',NULL),(163,116,129,45,231,NULL,NULL,NULL,'2014-12-03 10:09:19',NULL,'2014-12-03 10:09:19',NULL),(164,116,102,45,0,NULL,NULL,NULL,'2014-12-03 10:31:16',NULL,'2014-12-03 10:31:16',NULL),(165,116,130,44,200,NULL,NULL,NULL,'2014-12-04 01:12:12',NULL,'2014-12-04 01:12:12',NULL),(166,116,130,45,4,NULL,NULL,NULL,'2014-12-04 01:12:59',NULL,'2014-12-04 01:12:59',NULL),(167,116,130,46,50,NULL,NULL,NULL,'2014-12-04 01:24:32',NULL,'2014-12-04 01:24:32',NULL),(168,116,127,46,100,47,NULL,NULL,'2014-12-08 01:57:44',NULL,'2014-12-08 01:57:44',NULL),(169,121,121,51,61,54,NULL,NULL,'2014-12-08 02:13:27',NULL,'2014-12-08 02:13:27',NULL),(170,121,120,52,1,54,NULL,NULL,'2014-12-08 02:31:54',NULL,'2014-12-08 02:31:54',NULL),(171,116,123,46,0,49,NULL,NULL,'2014-12-08 03:21:47',NULL,'2014-12-08 03:21:47',NULL),(172,121,137,55,300,66,NULL,NULL,'2014-12-08 03:52:30',NULL,'2014-12-08 03:52:30',NULL),(173,121,136,55,500,56,NULL,NULL,'2014-12-08 03:52:30',NULL,'2014-12-08 03:52:30',NULL),(174,121,135,55,300,66,NULL,NULL,'2014-12-08 03:52:30',NULL,'2014-12-08 03:52:30',NULL),(175,121,134,52,200,62,NULL,NULL,'2014-12-08 04:12:01',NULL,'2014-12-08 04:12:01',NULL),(176,121,139,52,150,63,NULL,NULL,'2014-12-08 04:12:01',NULL,'2014-12-08 04:12:01',NULL),(177,121,133,52,190,62,NULL,NULL,'2014-12-08 04:12:01',NULL,'2014-12-08 04:12:01',NULL),(178,121,138,52,95,63,NULL,NULL,'2014-12-08 04:12:01',NULL,'2014-12-08 04:12:01',NULL),(179,121,122,55,500,54,NULL,NULL,'2014-12-09 01:56:41',NULL,'2014-12-09 01:56:41',NULL),(180,121,131,55,300,54,NULL,NULL,'2014-12-09 01:56:41',NULL,'2014-12-09 01:56:41',NULL),(181,125,145,61,5,73,NULL,NULL,'2014-12-09 03:24:25',NULL,'2014-12-09 03:24:25',NULL),(182,125,147,61,50,72,NULL,NULL,'2014-12-09 03:24:25',NULL,'2014-12-09 03:24:25',NULL),(183,125,148,61,50,72,NULL,NULL,'2014-12-09 03:24:25',NULL,'2014-12-09 03:24:25',NULL),(184,125,146,61,5,73,NULL,NULL,'2014-12-09 03:24:25',NULL,'2014-12-09 03:24:25',NULL),(185,116,124,45,1094,NULL,NULL,NULL,'2014-12-09 03:37:36',NULL,'2014-12-09 03:37:36',NULL),(186,116,98,45,11,NULL,NULL,NULL,'2014-12-09 07:43:32',NULL,'2014-12-09 07:43:32',NULL),(187,116,124,46,603,NULL,NULL,NULL,'2014-12-09 07:48:08',NULL,'2014-12-09 07:48:08',NULL),(188,126,156,66,2,78,NULL,NULL,'2014-12-10 01:21:45',NULL,'2014-12-10 01:21:45',NULL),(189,126,155,66,3,78,NULL,NULL,'2014-12-10 01:21:45',NULL,'2014-12-10 01:21:45',NULL),(190,128,152,63,440,74,NULL,NULL,'2014-12-10 02:09:54',NULL,'2014-12-10 02:09:54',NULL),(191,126,159,67,10,78,NULL,NULL,'2014-12-10 02:43:53',NULL,'2014-12-10 02:43:53',NULL),(192,126,158,67,10,78,NULL,NULL,'2014-12-10 02:43:53',NULL,'2014-12-10 02:43:53',NULL),(193,126,170,67,10,78,NULL,NULL,'2014-12-10 02:43:54',NULL,'2014-12-10 02:43:54',NULL),(194,126,168,67,20,78,NULL,NULL,'2014-12-10 02:43:54',NULL,'2014-12-10 02:43:54',NULL),(195,128,157,63,480,75,NULL,NULL,'2014-12-10 02:58:33',NULL,'2014-12-10 02:58:33',NULL),(196,124,142,59,66492,67,NULL,NULL,'2014-12-15 02:02:57',NULL,'2014-12-15 02:02:57',NULL),(197,124,141,59,39,67,NULL,NULL,'2014-12-15 02:12:02',NULL,'2014-12-15 02:12:02',NULL),(198,124,140,59,41727,67,NULL,NULL,'2014-12-15 02:12:02',NULL,'2014-12-15 02:12:02',NULL),(199,124,142,58,192005,67,NULL,NULL,'2014-12-15 02:19:53',NULL,'2014-12-15 02:19:53',NULL),(200,124,140,58,155409,67,NULL,NULL,'2014-12-15 02:19:54',NULL,'2014-12-15 02:19:54',NULL),(202,124,144,58,184579,67,NULL,NULL,'2014-12-15 02:19:55',NULL,'2014-12-15 02:19:55',NULL),(205,124,144,57,105795,67,NULL,NULL,'2014-12-15 02:54:04',NULL,'2014-12-15 02:54:04',NULL),(206,124,141,57,45771,67,NULL,NULL,'2014-12-15 02:54:04',NULL,'2014-12-15 02:54:04',NULL),(207,124,142,57,93239,67,NULL,NULL,'2014-12-15 02:54:04',NULL,'2014-12-15 02:54:04',NULL),(208,124,178,59,2526,68,NULL,NULL,'2014-12-15 02:54:16',NULL,'2014-12-15 02:54:16',NULL),(209,124,175,59,4670,68,NULL,NULL,'2014-12-15 02:59:31',NULL,'2014-12-15 02:59:31',NULL),(210,124,173,69,476,68,NULL,NULL,'2014-12-15 03:07:56',NULL,'2014-12-15 03:07:56',NULL),(211,124,174,69,6242,68,NULL,NULL,'2014-12-15 03:07:56',NULL,'2014-12-15 03:07:56',NULL),(212,124,140,57,338470,67,NULL,NULL,'2014-12-15 03:51:01',NULL,'2014-12-15 03:51:01',NULL),(213,124,143,57,381754,67,NULL,NULL,'2014-12-15 03:51:01',NULL,'2014-12-15 03:51:01',NULL),(214,126,162,67,10,78,NULL,NULL,'2014-12-15 04:06:06',NULL,'2014-12-15 04:06:06',NULL),(215,126,163,67,10,78,NULL,NULL,'2014-12-15 04:06:06',NULL,'2014-12-15 04:06:06',NULL),(216,126,161,67,10,78,NULL,NULL,'2014-12-15 04:06:06',NULL,'2014-12-15 04:06:06',NULL),(217,124,144,59,5992,67,NULL,NULL,'2014-12-15 04:06:21',NULL,'2014-12-15 04:06:21',NULL),(218,116,179,46,200,49,NULL,NULL,'2014-12-15 08:29:55',NULL,'2014-12-15 08:29:55',NULL),(219,116,179,45,189,49,NULL,NULL,'2014-12-15 08:35:04',NULL,'2014-12-15 08:35:04',NULL),(221,124,180,57,28916,67,NULL,NULL,'2014-12-15 09:14:16',NULL,'2014-12-15 09:14:16',NULL),(222,124,180,58,543,67,NULL,NULL,'2014-12-15 09:16:52',NULL,'2014-12-15 09:16:52',NULL),(223,124,181,58,11974,67,NULL,NULL,'2014-12-16 01:39:38',NULL,'2014-12-16 01:39:38',NULL),(224,124,181,57,84065,67,NULL,NULL,'2014-12-16 01:42:06',NULL,'2014-12-16 01:42:06',NULL),(225,124,183,59,587,88,NULL,NULL,'2014-12-16 02:47:51',NULL,'2014-12-16 02:47:51',NULL),(227,124,176,59,6994,68,NULL,NULL,'2014-12-16 07:02:06',NULL,'2014-12-16 07:02:06',NULL),(228,124,184,59,654,88,NULL,NULL,'2014-12-16 07:27:09',NULL,'2014-12-16 07:27:09',NULL),(229,124,180,59,1613,67,NULL,NULL,'2014-12-16 07:27:09',NULL,'2014-12-16 07:27:09',NULL),(230,124,181,59,7868,67,NULL,NULL,'2014-12-16 07:27:45',NULL,'2014-12-16 07:27:45',NULL),(231,124,185,59,18061,67,NULL,NULL,'2014-12-16 08:53:24',NULL,'2014-12-16 08:53:24',NULL),(232,124,184,69,354,88,NULL,NULL,'2014-12-17 03:52:05',NULL,'2014-12-17 03:52:05',NULL),(233,124,183,69,45,88,NULL,NULL,'2014-12-17 03:52:05',NULL,'2014-12-17 03:52:05',NULL),(234,124,174,59,9701,68,NULL,NULL,'2014-12-17 06:50:49',NULL,'2014-12-17 06:50:49',NULL),(235,93,26,16,-2,NULL,NULL,NULL,'2014-12-19 02:35:26',NULL,'2014-12-19 02:35:26',NULL),(246,124,181,0,5778,NULL,NULL,NULL,'2014-12-22 04:48:36',NULL,'2014-12-22 04:48:36',NULL),(247,124,185,0,8190,NULL,NULL,NULL,'2014-12-22 04:48:37',NULL,'2014-12-22 04:48:37',NULL),(249,116,193,44,-2,NULL,NULL,NULL,'2014-12-22 07:58:07',NULL,'2014-12-22 07:58:07',NULL),(250,116,193,45,6,NULL,NULL,NULL,'2014-12-22 08:45:43',NULL,'2014-12-22 08:45:43',NULL),(251,116,99,46,0,NULL,NULL,NULL,'2014-12-22 08:46:04',NULL,'2014-12-22 08:46:04',NULL),(252,116,101,44,198,NULL,NULL,NULL,'2014-12-22 08:47:46',NULL,'2014-12-22 08:47:46',NULL),(258,116,106,44,5,NULL,NULL,NULL,'2014-12-23 02:23:28',NULL,'2014-12-23 02:23:28',NULL),(276,116,98,46,0,NULL,NULL,NULL,'2014-12-23 03:37:26',NULL,'2014-12-23 03:37:26',NULL),(277,116,129,46,0,NULL,NULL,NULL,'2014-12-23 03:41:14',NULL,'2014-12-23 03:41:14',NULL),(287,124,183,70,60,88,NULL,NULL,'2014-12-23 04:04:36',NULL,'2014-12-23 04:04:36',NULL),(288,124,184,70,168,88,NULL,NULL,'2014-12-23 04:04:36',NULL,'2014-12-23 04:04:36',NULL),(289,124,186,70,52,88,NULL,NULL,'2014-12-23 04:04:37',NULL,'2014-12-23 04:04:37',NULL),(299,124,175,0,19,NULL,NULL,NULL,'2014-12-24 02:30:30',NULL,'2014-12-24 02:30:30',NULL),(327,124,186,57,25768,88,NULL,NULL,'2014-12-24 03:59:01',NULL,'2014-12-24 03:59:01',NULL),(328,124,173,57,36334,68,NULL,NULL,'2014-12-24 04:15:41',NULL,'2014-12-24 04:15:41',NULL),(332,124,188,57,5602,67,NULL,NULL,'2014-12-24 05:00:25',NULL,'2014-12-24 05:00:25',NULL),(333,124,190,57,8721,67,NULL,NULL,'2014-12-24 05:00:25',NULL,'2014-12-24 05:00:25',NULL),(334,124,192,57,16768,67,NULL,NULL,'2014-12-24 06:15:45',NULL,'2014-12-24 06:15:45',NULL),(335,124,185,57,49418,67,NULL,NULL,'2014-12-24 06:15:45',NULL,'2014-12-24 06:15:45',NULL),(338,124,177,57,14478,68,NULL,NULL,'2014-12-24 06:58:56',NULL,'2014-12-24 06:58:56',NULL),(339,124,176,57,30300,68,NULL,NULL,'2014-12-24 07:04:28',NULL,'2014-12-24 07:04:28',NULL),(340,124,174,57,10650,68,NULL,NULL,'2014-12-24 07:15:34',NULL,'2014-12-24 07:15:34',NULL),(344,124,175,57,28116,68,NULL,NULL,'2014-12-24 07:58:01',NULL,'2014-12-24 07:58:01',NULL),(345,124,189,57,4445,67,NULL,NULL,'2014-12-24 08:39:10',NULL,'2014-12-24 08:39:10',NULL),(355,124,143,59,78,NULL,NULL,NULL,'2014-12-24 09:28:24',NULL,'2014-12-24 09:28:24',NULL),(363,124,191,57,12675,67,NULL,NULL,'2014-12-26 01:03:58',NULL,'2014-12-26 01:03:58',NULL),(364,116,100,44,0,NULL,NULL,NULL,'2014-12-29 02:08:16',NULL,'2014-12-29 02:08:16',NULL),(365,129,194,71,95,NULL,NULL,NULL,'2014-12-30 03:51:48',NULL,'2014-12-30 03:51:48',NULL),(366,124,175,58,6662,68,NULL,NULL,'2014-12-30 04:28:40',NULL,'2014-12-30 04:28:40',NULL),(368,124,186,58,3864,NULL,NULL,NULL,'2014-12-30 04:28:40',NULL,'2014-12-30 04:28:40',NULL),(369,124,176,58,586,NULL,NULL,NULL,'2014-12-30 04:28:43',NULL,'2014-12-30 04:28:43',NULL),(370,124,178,57,15121,67,NULL,NULL,'2014-12-30 04:41:36',NULL,'2014-12-30 04:41:36',NULL),(371,124,184,57,38988,88,NULL,NULL,'2014-12-30 04:41:47',NULL,'2014-12-30 04:41:47',NULL),(372,124,183,57,27280,88,NULL,NULL,'2014-12-30 07:32:25',NULL,'2014-12-30 07:32:25',NULL),(373,124,187,57,1207,88,NULL,NULL,'2014-12-30 07:32:25',NULL,'2014-12-30 07:32:25',NULL),(374,124,184,58,2094,NULL,NULL,NULL,'2014-12-30 08:16:46',NULL,'2014-12-30 08:16:46',NULL),(375,124,173,58,3156,NULL,NULL,NULL,'2014-12-30 08:16:46',NULL,'2014-12-30 08:16:46',NULL),(376,124,173,59,1486,NULL,NULL,NULL,'2014-12-30 08:16:49',NULL,'2014-12-30 08:16:49',NULL),(377,124,192,59,1090,NULL,NULL,NULL,'2014-12-30 08:16:50',NULL,'2014-12-30 08:16:50',NULL),(378,124,175,70,2511,NULL,NULL,NULL,'2014-12-30 08:16:57',NULL,'2014-12-30 08:16:57',NULL),(379,124,173,70,2700,NULL,NULL,NULL,'2014-12-30 08:16:57',NULL,'2014-12-30 08:16:57',NULL),(380,124,180,70,3915,NULL,NULL,NULL,'2014-12-30 08:16:57',NULL,'2014-12-30 08:16:57',NULL),(381,124,141,70,4100,NULL,NULL,NULL,'2014-12-30 08:16:57',NULL,'2014-12-30 08:16:57',NULL),(382,124,142,70,1000,NULL,NULL,NULL,'2014-12-30 08:17:10',NULL,'2014-12-30 08:17:10',NULL),(383,124,187,60,4600,NULL,NULL,NULL,'2014-12-30 08:17:14',NULL,'2014-12-30 08:17:14',NULL),(384,124,186,60,2665,NULL,NULL,NULL,'2014-12-30 08:17:14',NULL,'2014-12-30 08:17:14',NULL),(385,124,188,60,2500,NULL,NULL,NULL,'2014-12-30 08:17:14',NULL,'2014-12-30 08:17:14',NULL),(386,124,182,57,3793,88,NULL,NULL,'2014-12-30 08:19:31',NULL,'2014-12-30 08:19:31',NULL),(387,124,175,69,3979,NULL,NULL,NULL,'2014-12-30 08:31:15',NULL,'2014-12-30 08:31:15',NULL),(388,124,191,69,12250,NULL,NULL,NULL,'2014-12-30 08:31:16',NULL,'2014-12-30 08:31:16',NULL),(389,124,175,60,11272,NULL,NULL,NULL,'2014-12-30 08:31:23',NULL,'2014-12-30 08:31:23',NULL),(390,124,144,60,540,NULL,NULL,NULL,'2014-12-30 08:31:23',NULL,'2014-12-30 08:31:23',NULL),(391,124,180,60,1620,NULL,NULL,NULL,'2014-12-30 08:31:23',NULL,'2014-12-30 08:31:23',NULL),(392,124,142,60,312,NULL,NULL,NULL,'2014-12-30 08:31:24',NULL,'2014-12-30 08:31:24',NULL),(393,124,173,60,347,NULL,NULL,NULL,'2014-12-30 08:31:25',NULL,'2014-12-30 08:31:25',NULL),(394,124,186,69,8500,NULL,NULL,NULL,'2014-12-30 08:40:57',NULL,'2014-12-30 08:40:57',NULL),(395,124,142,69,487,NULL,NULL,NULL,'2014-12-30 08:40:57',NULL,'2014-12-30 08:40:57',NULL),(396,124,189,70,2214,NULL,NULL,NULL,'2014-12-30 08:41:00',NULL,'2014-12-30 08:41:00',NULL),(397,124,182,69,6000,NULL,NULL,NULL,'2014-12-30 09:01:02',NULL,'2014-12-30 09:01:02',NULL),(398,124,143,70,4976,NULL,NULL,NULL,'2014-12-30 09:01:03',NULL,'2014-12-30 09:01:03',NULL),(399,124,181,60,264,NULL,NULL,NULL,'2014-12-30 09:12:37',NULL,'2014-12-30 09:12:37',NULL),(400,124,174,60,245,NULL,NULL,NULL,'2014-12-30 09:12:37',NULL,'2014-12-30 09:12:37',NULL),(401,124,186,59,366,NULL,NULL,NULL,'2014-12-30 09:12:45',NULL,'2014-12-30 09:12:45',NULL),(402,124,192,70,138,NULL,NULL,NULL,'2014-12-30 09:12:54',NULL,'2014-12-30 09:12:54',NULL),(403,124,177,59,139,NULL,NULL,NULL,'2014-12-31 01:31:16',NULL,'2014-12-31 01:31:16',NULL),(404,124,141,60,116,NULL,NULL,NULL,'2014-12-31 01:31:18',NULL,'2014-12-31 01:31:18',NULL),(405,124,180,69,758,NULL,NULL,NULL,'2014-12-31 01:31:19',NULL,'2014-12-31 01:31:19',NULL),(406,124,191,70,134,NULL,NULL,NULL,'2014-12-31 01:31:21',NULL,'2014-12-31 01:31:21',NULL),(407,124,190,59,1304,NULL,NULL,NULL,'2014-12-31 01:31:27',NULL,'2014-12-31 01:31:27',NULL),(408,124,140,70,17,NULL,NULL,NULL,'2014-12-31 01:31:32',NULL,'2014-12-31 01:31:32',NULL),(409,124,144,70,60,NULL,NULL,NULL,'2014-12-31 01:31:43',NULL,'2014-12-31 01:31:43',NULL),(410,124,188,70,10,NULL,NULL,NULL,'2014-12-31 01:31:43',NULL,'2014-12-31 01:31:43',NULL),(411,124,184,60,83,NULL,NULL,NULL,'2014-12-31 01:31:47',NULL,'2014-12-31 01:31:47',NULL),(412,124,182,60,80,NULL,NULL,NULL,'2014-12-31 01:31:48',NULL,'2014-12-31 01:31:48',NULL),(413,124,190,58,224,NULL,NULL,NULL,'2014-12-31 01:41:54',NULL,'2014-12-31 01:41:54',NULL),(414,124,192,58,104,NULL,NULL,NULL,'2014-12-31 01:42:01',NULL,'2014-12-31 01:42:01',NULL),(415,124,190,60,32,NULL,NULL,NULL,'2014-12-31 02:00:29',NULL,'2014-12-31 02:00:29',NULL),(416,124,177,69,60,NULL,NULL,NULL,'2014-12-31 02:00:30',NULL,'2014-12-31 02:00:30',NULL),(417,124,188,59,236,NULL,NULL,NULL,'2014-12-31 02:00:37',NULL,'2014-12-31 02:00:37',NULL),(418,124,189,59,165,NULL,NULL,NULL,'2014-12-31 02:17:29',NULL,'2014-12-31 02:17:29',NULL),(419,124,185,69,30,NULL,NULL,NULL,'2014-12-31 02:17:37',NULL,'2014-12-31 02:17:37',NULL),(420,124,192,69,30,NULL,NULL,NULL,'2014-12-31 02:17:45',NULL,'2014-12-31 02:17:45',NULL),(421,124,192,60,444,NULL,NULL,NULL,'2014-12-31 02:27:40',NULL,'2014-12-31 02:27:40',NULL),(422,124,182,59,400,NULL,NULL,NULL,'2014-12-31 02:27:45',NULL,'2014-12-31 02:27:45',NULL),(423,124,143,58,522,NULL,NULL,NULL,'2014-12-31 02:27:47',NULL,'2014-12-31 02:27:47',NULL),(424,124,177,58,132,NULL,NULL,NULL,'2014-12-31 02:27:52',NULL,'2014-12-31 02:27:52',NULL),(425,124,178,70,88,NULL,NULL,NULL,'2014-12-31 02:32:05',NULL,'2014-12-31 02:32:05',NULL),(426,124,190,69,84,NULL,NULL,NULL,'2014-12-31 02:32:22',NULL,'2014-12-31 02:32:22',NULL),(427,124,140,69,144,NULL,NULL,NULL,'2014-12-31 02:49:08',NULL,'2014-12-31 02:49:08',NULL),(428,124,181,69,298,NULL,NULL,NULL,'2014-12-31 02:49:17',NULL,'2014-12-31 02:49:17',NULL),(429,124,191,58,60,NULL,NULL,NULL,'2014-12-31 02:49:37',NULL,'2014-12-31 02:49:37',NULL),(430,124,185,70,87,NULL,NULL,NULL,'2014-12-31 03:04:44',NULL,'2014-12-31 03:04:44',NULL),(431,124,188,69,5,NULL,NULL,NULL,'2014-12-31 03:52:29',NULL,'2014-12-31 03:52:29',NULL),(432,124,191,60,10,NULL,NULL,NULL,'2014-12-31 03:52:41',NULL,'2014-12-31 03:52:41',NULL),(433,124,185,60,130,NULL,NULL,NULL,'2014-12-31 04:42:16',NULL,'2014-12-31 04:42:16',NULL),(434,124,141,69,35,NULL,NULL,NULL,'2014-12-31 07:53:20',NULL,'2014-12-31 07:53:20',NULL),(435,124,182,70,100,NULL,NULL,NULL,'2014-12-31 08:17:11',NULL,'2014-12-31 08:17:11',NULL),(436,124,190,70,46,NULL,NULL,NULL,'2014-12-31 08:17:15',NULL,'2014-12-31 08:17:15',NULL),(437,124,141,58,1405,67,NULL,NULL,'2015-01-07 06:36:52',NULL,'2015-01-07 06:36:52',NULL),(438,131,197,72,12,91,NULL,NULL,'2015-01-20 07:41:31',NULL,'2015-01-20 07:41:31',NULL),(439,131,196,72,25,91,NULL,NULL,'2015-01-20 07:41:31',NULL,'2015-01-20 07:41:31',NULL),(440,131,195,72,6,91,NULL,NULL,'2015-01-20 07:41:31',NULL,'2015-01-20 07:41:31',NULL),(441,132,198,74,20,93,NULL,NULL,'2015-01-22 04:33:29',NULL,'2015-01-22 04:33:29',NULL),(442,132,199,74,102,93,NULL,NULL,'2015-01-22 04:33:29',NULL,'2015-01-22 04:33:29',NULL),(443,132,200,75,90,94,NULL,NULL,'2015-01-22 08:58:34',NULL,'2015-01-22 08:58:34',NULL),(444,133,205,77,60,95,NULL,NULL,'2015-01-27 04:37:26',NULL,'2015-01-27 04:37:26',NULL),(445,133,204,77,108,95,NULL,NULL,'2015-01-27 04:37:26',NULL,'2015-01-27 04:37:26',NULL),(446,133,203,77,56,95,NULL,NULL,'2015-01-27 04:37:26',NULL,'2015-01-27 04:37:26',NULL),(447,133,205,76,42,95,NULL,NULL,'2015-01-27 04:45:53',NULL,'2015-01-27 04:45:53',NULL),(448,133,206,76,40,95,NULL,NULL,'2015-01-27 04:45:53',NULL,'2015-01-27 04:45:53',NULL),(449,133,203,76,30,95,NULL,NULL,'2015-01-27 04:45:53',NULL,'2015-01-27 04:45:53',NULL),(450,133,204,76,0,95,NULL,NULL,'2015-01-27 05:08:46',NULL,'2015-01-27 05:08:46',NULL),(451,133,202,76,0,95,NULL,NULL,'2015-01-27 05:08:46',NULL,'2015-01-27 05:08:46',NULL),(452,133,206,77,6,95,NULL,NULL,'2015-01-27 05:17:21',NULL,'2015-01-27 05:17:21',NULL),(453,133,202,77,10,95,NULL,NULL,'2015-01-27 05:17:21',NULL,'2015-01-27 05:17:21',NULL),(454,138,214,81,1,100,NULL,NULL,'2015-02-10 04:30:02',NULL,'2015-02-10 04:30:02',NULL),(455,138,216,81,1,100,NULL,NULL,'2015-02-11 01:34:50',NULL,'2015-02-11 01:34:50',NULL),(456,133,220,78,1,97,NULL,NULL,'2015-02-11 04:14:41',NULL,'2015-02-11 04:14:41',NULL),(457,133,219,78,0,97,NULL,NULL,'2015-02-11 04:14:41',NULL,'2015-02-11 04:14:41',NULL),(458,133,221,79,1,97,NULL,NULL,'2015-02-11 08:06:25',NULL,'2015-02-11 08:06:25',NULL),(459,138,222,82,4,100,NULL,NULL,'2015-02-13 06:21:00',NULL,'2015-02-13 06:21:00',NULL),(460,135,212,80,890,0,NULL,NULL,'2015-02-23 01:34:46',NULL,'2015-02-23 01:34:46',NULL),(461,135,223,80,0,101,NULL,NULL,'2015-02-24 06:36:23',NULL,'2015-02-24 06:36:23',NULL),(462,135,212,83,30,NULL,NULL,NULL,'2015-02-25 07:19:47',NULL,'2015-02-25 07:19:47',NULL),(463,135,223,80,100,NULL,NULL,NULL,'2015-02-25 08:46:35',NULL,'2015-02-25 08:46:35',NULL),(464,135,224,80,0,101,NULL,NULL,'2015-03-02 07:58:49',NULL,'2015-03-02 07:58:49',NULL),(465,135,225,80,1,101,NULL,NULL,'2015-03-02 07:58:49',NULL,'2015-03-02 07:58:49',NULL),(466,135,226,80,1044,0,NULL,NULL,'2015-03-04 06:47:32',NULL,'2015-03-04 06:47:32',NULL),(467,135,227,80,0,0,NULL,NULL,'2015-03-04 09:29:22',NULL,'2015-03-04 09:29:22',NULL),(468,135,225,83,0,NULL,NULL,NULL,'2015-03-05 07:45:40',NULL,'2015-03-05 07:45:40',NULL),(469,135,228,80,1,NULL,NULL,NULL,'2015-03-05 07:46:59',NULL,'2015-03-05 07:46:59',NULL),(470,135,229,80,1,NULL,NULL,NULL,'2015-03-05 07:47:28',NULL,'2015-03-05 07:47:28',NULL),(471,135,230,80,1,NULL,NULL,NULL,'2015-03-05 07:47:45',NULL,'2015-03-05 07:47:45',NULL),(472,135,231,80,1,NULL,NULL,NULL,'2015-03-05 07:48:09',NULL,'2015-03-05 07:48:09',NULL),(473,121,138,51,104,0,NULL,NULL,'2015-03-10 06:48:19',NULL,'2015-03-10 06:48:19',NULL),(474,121,139,51,40,NULL,NULL,NULL,'2015-03-10 07:19:23',NULL,'2015-03-10 07:19:23',NULL),(475,136,233,84,189,NULL,NULL,NULL,'2015-03-18 03:15:12',NULL,'2015-03-18 03:15:12',NULL),(476,136,234,84,100001919,104,NULL,NULL,'2015-03-18 03:33:25',NULL,'2015-03-18 03:33:25',NULL),(477,136,236,85,196,0,NULL,NULL,'2015-03-18 03:45:54',NULL,'2015-03-18 03:45:54',NULL),(478,136,233,85,163,0,NULL,NULL,'2015-03-18 03:45:54',NULL,'2015-03-18 03:45:54',NULL),(479,136,237,84,0,0,NULL,NULL,'2015-03-18 03:46:18',NULL,'2015-03-18 03:46:18',NULL),(480,136,236,84,10,104,NULL,NULL,'2015-03-25 03:35:21',NULL,'2015-03-25 03:35:21',NULL),(481,121,246,56,17,56,NULL,NULL,'2015-03-25 03:49:25',NULL,'2015-03-25 03:49:25',NULL),(482,136,234,85,0,104,NULL,NULL,'2015-03-25 04:14:13',NULL,'2015-03-25 04:14:13',NULL),(483,136,239,84,1,NULL,NULL,NULL,'2015-03-25 04:16:41',NULL,'2015-03-25 04:16:41',NULL),(484,136,234,84,99999919,NULL,NULL,NULL,'2015-03-25 04:17:39',NULL,'2015-03-25 04:17:39',NULL),(485,136,250,85,98,102,NULL,NULL,'2015-03-25 04:23:33',NULL,'2015-03-25 04:23:33',NULL),(486,121,248,56,0,56,NULL,NULL,'2015-03-25 08:03:42',NULL,'2015-03-25 08:03:42',NULL),(487,116,253,44,0,NULL,NULL,NULL,'2015-03-30 04:19:37',NULL,'2015-03-30 04:19:37',NULL),(488,116,253,44,0,NULL,NULL,NULL,'2015-03-30 04:44:05',NULL,'2015-03-30 04:44:05',NULL),(489,136,254,84,90,102,NULL,NULL,'2015-03-31 04:08:52',NULL,'2015-03-31 04:08:52',NULL),(490,136,238,84,50,0,NULL,NULL,'2015-03-31 04:09:22',NULL,'2015-03-31 04:09:22',NULL),(491,116,105,87,5,49,NULL,NULL,'2015-04-02 02:03:53',NULL,'2015-04-02 02:03:53',NULL),(492,136,234,90,30,104,NULL,NULL,'2015-04-14 04:20:57',NULL,'2015-04-14 04:20:57',NULL),(493,135,260,80,1,0,NULL,NULL,'2015-04-16 09:22:36',NULL,'2015-04-16 09:22:36',NULL),(494,135,213,80,10800,0,NULL,NULL,'2015-04-21 04:32:50',NULL,'2015-04-21 04:32:50',NULL),(495,136,250,88,1,0,NULL,NULL,'2015-04-23 03:23:36',NULL,'2015-04-23 03:23:36',NULL),(496,136,234,88,0,0,NULL,NULL,'2015-04-23 03:23:36',NULL,'2015-04-23 03:23:36',NULL),(497,136,254,88,20,102,NULL,NULL,'2015-04-23 03:24:44',NULL,'2015-04-23 03:24:44',NULL),(498,136,236,88,30,104,NULL,NULL,'2015-04-23 03:24:45',NULL,'2015-04-23 03:24:45',NULL),(499,136,251,85,200,0,NULL,NULL,'2015-04-23 03:32:14',NULL,'2015-04-23 03:32:14',NULL),(500,121,133,51,1,NULL,NULL,NULL,'2015-04-28 03:38:57',NULL,'2015-04-28 03:38:57',NULL),(501,136,250,84,151,102,NULL,NULL,'2015-05-05 06:12:07',NULL,'2015-05-05 06:12:07',NULL),(502,147,280,102,236,0,NULL,NULL,'2015-06-01 03:01:58',NULL,'2015-06-01 03:01:58',NULL),(503,147,282,102,315,0,NULL,NULL,'2015-06-01 03:02:00',NULL,'2015-06-01 03:02:00',NULL),(504,147,279,102,166,0,NULL,NULL,'2015-06-01 03:02:02',NULL,'2015-06-01 03:02:02',NULL),(505,147,281,102,51,0,NULL,NULL,'2015-06-01 03:02:03',NULL,'2015-06-01 03:02:03',NULL),(506,147,276,102,802,0,NULL,NULL,'2015-06-01 03:02:05',NULL,'2015-06-01 03:02:05',NULL),(507,147,278,102,266,0,NULL,NULL,'2015-06-01 03:02:07',NULL,'2015-06-01 03:02:07',NULL),(508,147,277,102,261,0,NULL,NULL,'2015-06-01 03:02:08',NULL,'2015-06-01 03:02:08',NULL),(509,147,275,102,358,0,NULL,NULL,'2015-06-01 03:02:12',NULL,'2015-06-01 03:02:12',NULL),(510,147,274,102,327,0,NULL,NULL,'2015-06-01 03:02:14',NULL,'2015-06-01 03:02:14',NULL),(511,147,273,102,355,0,NULL,NULL,'2015-06-01 03:02:15',NULL,'2015-06-01 03:02:15',NULL),(512,147,272,102,268,0,NULL,NULL,'2015-06-01 03:02:17',NULL,'2015-06-01 03:02:17',NULL),(513,147,271,102,578,0,NULL,NULL,'2015-06-01 03:02:19',NULL,'2015-06-01 03:02:19',NULL),(514,147,270,102,695,0,NULL,NULL,'2015-06-01 03:02:20',NULL,'2015-06-01 03:02:20',NULL),(515,147,269,102,1830,0,NULL,NULL,'2015-06-01 03:02:22',NULL,'2015-06-01 03:02:22',NULL),(516,147,268,102,638,0,NULL,NULL,'2015-06-01 03:02:24',NULL,'2015-06-01 03:02:24',NULL),(517,147,267,102,128,0,NULL,NULL,'2015-06-01 03:02:25',NULL,'2015-06-01 03:02:25',NULL),(518,147,266,102,318,0,NULL,NULL,'2015-06-01 03:02:27',NULL,'2015-06-01 03:02:27',NULL),(519,147,265,102,840,0,NULL,NULL,'2015-06-01 03:02:29',NULL,'2015-06-01 03:02:29',NULL),(520,147,264,102,262,0,NULL,NULL,'2015-06-01 03:02:31',NULL,'2015-06-01 03:02:31',NULL),(521,147,263,102,166,0,NULL,NULL,'2015-06-01 03:02:32',NULL,'2015-06-01 03:02:32',NULL),(522,147,262,102,102,0,NULL,NULL,'2015-06-01 03:02:34',NULL,'2015-06-01 03:02:34',NULL),(523,136,250,86,10,0,NULL,NULL,'2015-06-05 01:58:03',NULL,'2015-06-05 01:58:03',NULL),(524,116,129,87,1,0,NULL,NULL,'2015-06-11 02:16:17',NULL,'2015-06-11 02:16:17',NULL),(525,136,285,98,300,NULL,NULL,NULL,'2015-06-11 05:23:52',NULL,'2015-06-11 05:23:52',NULL),(526,136,285,84,8,NULL,NULL,NULL,'2015-06-15 03:22:40',NULL,'2015-06-15 03:22:40',NULL),(527,93,27,NULL,1,NULL,NULL,NULL,'2015-06-24 03:57:47',NULL,'2015-06-24 03:57:47',NULL),(528,121,287,56,36,NULL,NULL,NULL,'2015-08-06 02:24:58',NULL,'2015-08-06 02:24:58',NULL),(529,121,288,55,5,NULL,NULL,NULL,'2015-08-06 04:57:21',NULL,'2015-08-06 04:57:21',NULL),(530,121,287,55,5,0,NULL,NULL,'2015-08-06 05:06:15',NULL,'2015-08-06 05:06:15',NULL),(531,136,289,84,1150,0,NULL,NULL,'2015-08-25 06:34:35',NULL,'2015-08-25 06:34:35',NULL),(532,136,290,84,8,102,NULL,NULL,'2015-08-25 07:23:01',NULL,'2015-08-25 07:23:01',NULL),(533,136,251,84,5,104,NULL,NULL,'2015-08-26 08:04:06',NULL,'2015-08-26 08:04:06',NULL),(534,136,NULL,84,0,NULL,NULL,NULL,'2015-08-28 03:18:36',NULL,'2015-08-28 03:18:36',NULL),(535,136,239,86,100,104,NULL,NULL,'2015-09-02 06:33:30',NULL,'2015-09-02 06:33:30',NULL),(536,136,292,84,100,102,NULL,NULL,'2015-09-03 02:35:26',NULL,'2015-09-03 02:35:26',NULL),(537,148,291,107,-1,120,NULL,NULL,'2015-09-04 01:43:26',NULL,'2015-09-04 01:43:26',NULL),(538,149,297,109,35,121,NULL,NULL,'2015-09-07 06:34:55',NULL,'2015-09-07 06:34:55',NULL),(539,149,293,109,5,121,NULL,NULL,'2015-09-08 07:45:06',NULL,'2015-09-08 07:45:06',NULL),(540,116,300,45,200,NULL,NULL,NULL,'2015-09-15 02:32:26',NULL,'2015-09-15 02:32:26',NULL),(541,116,299,45,1400,NULL,NULL,NULL,'2015-09-15 02:43:31',NULL,'2015-09-15 02:43:31',NULL),(542,116,301,45,1000,0,NULL,NULL,'2015-09-15 03:33:09',NULL,'2015-09-15 03:33:09',NULL),(543,116,307,45,300,0,NULL,NULL,'2015-09-15 06:05:37',NULL,'2015-09-15 06:05:37',NULL),(544,116,306,45,500,0,NULL,NULL,'2015-09-15 06:05:37',NULL,'2015-09-15 06:05:37',NULL),(545,116,305,45,1000,0,NULL,NULL,'2015-09-15 06:05:37',NULL,'2015-09-15 06:05:37',NULL),(546,116,303,45,9500,0,NULL,NULL,'2015-09-15 06:05:37',NULL,'2015-09-15 06:05:37',NULL),(547,116,312,45,400,0,NULL,NULL,'2015-09-15 06:05:37',NULL,'2015-09-15 06:05:37',NULL),(548,116,304,45,4500,0,NULL,NULL,'2015-09-15 06:05:37',NULL,'2015-09-15 06:05:37',NULL),(549,116,310,45,800,0,NULL,NULL,'2015-09-15 06:05:37',NULL,'2015-09-15 06:05:37',NULL),(550,116,311,45,500,0,NULL,NULL,'2015-09-15 06:05:37',NULL,'2015-09-15 06:05:37',NULL),(551,116,309,45,2000,0,NULL,NULL,'2015-09-15 06:05:37',NULL,'2015-09-15 06:05:37',NULL),(552,116,302,45,2000,0,NULL,NULL,'2015-09-15 06:05:37',NULL,'2015-09-15 06:05:37',NULL),(553,116,308,45,1200,0,NULL,NULL,'2015-09-15 06:05:37',NULL,'2015-09-15 06:05:37',NULL),(554,149,295,109,20,121,NULL,NULL,'2015-09-17 01:49:07',NULL,'2015-09-17 01:49:07',NULL),(555,149,294,109,10,0,NULL,NULL,'2015-09-17 03:19:27',NULL,'2015-09-17 03:19:27',NULL),(556,149,296,109,0,0,NULL,NULL,'2015-09-17 09:03:34',NULL,'2015-09-17 09:03:34',NULL),(557,136,283,106,5,104,NULL,NULL,'2015-09-22 08:40:32',NULL,'2015-09-22 08:40:32',NULL),(558,136,298,88,70,103,NULL,NULL,'2015-09-23 01:16:45',NULL,'2015-09-23 01:16:45',NULL),(559,149,313,109,1,0,NULL,NULL,'2015-10-02 03:30:43',NULL,'2015-10-02 03:30:43',NULL),(560,149,314,110,20,NULL,NULL,NULL,'2015-10-06 03:46:09',NULL,'2015-10-06 03:46:09',NULL),(561,149,315,110,45,121,NULL,NULL,'2015-10-08 02:12:20',NULL,'2015-10-08 02:12:20',NULL),(562,149,315,109,10,NULL,NULL,NULL,'2015-10-08 09:16:45',NULL,'2015-10-08 09:16:45',NULL),(563,136,325,84,10,0,NULL,NULL,'2015-11-03 06:48:08',NULL,'2015-11-03 06:48:08',NULL),(564,136,326,84,5,0,NULL,NULL,'2015-11-03 06:48:08',NULL,'2015-11-03 06:48:08',NULL),(565,136,322,84,1,0,NULL,NULL,'2015-11-03 06:48:08',NULL,'2015-11-03 06:48:08',NULL),(566,136,284,84,2,0,NULL,NULL,'2015-11-03 06:48:08',NULL,'2015-11-03 06:48:08',NULL),(567,136,329,84,2,0,NULL,NULL,'2015-11-03 06:48:08',NULL,'2015-11-03 06:48:08',NULL),(568,136,324,84,3,0,NULL,NULL,'2015-11-03 06:48:09',NULL,'2015-11-03 06:48:09',NULL),(569,136,328,84,2,0,NULL,NULL,'2015-11-03 06:48:09',NULL,'2015-11-03 06:48:09',NULL),(570,136,319,84,2,0,NULL,NULL,'2015-11-03 06:48:09',NULL,'2015-11-03 06:48:09',NULL),(571,136,330,84,5,0,NULL,NULL,'2015-11-03 06:48:09',NULL,'2015-11-03 06:48:09',NULL),(572,136,318,84,1,0,NULL,NULL,'2015-11-03 06:48:09',NULL,'2015-11-03 06:48:09',NULL),(573,136,323,84,1,0,NULL,NULL,'2015-11-03 06:48:09',NULL,'2015-11-03 06:48:09',NULL),(574,136,320,84,1,0,NULL,NULL,'2015-11-03 06:48:09',NULL,'2015-11-03 06:48:09',NULL),(575,136,332,84,2,0,NULL,NULL,'2015-11-03 06:48:09',NULL,'2015-11-03 06:48:09',NULL),(576,136,334,84,3,0,NULL,NULL,'2015-11-03 06:48:09',NULL,'2015-11-03 06:48:09',NULL),(577,136,327,84,1,0,NULL,NULL,'2015-11-03 06:48:09',NULL,'2015-11-03 06:48:09',NULL),(578,136,316,84,3,0,NULL,NULL,'2015-11-03 06:48:09',NULL,'2015-11-03 06:48:09',NULL),(579,136,333,84,2,0,NULL,NULL,'2015-11-03 06:48:09',NULL,'2015-11-03 06:48:09',NULL),(580,136,317,84,5,0,NULL,NULL,'2015-11-03 06:48:09',NULL,'2015-11-03 06:48:09',NULL),(581,136,331,84,3,0,NULL,NULL,'2015-11-03 06:48:09',NULL,'2015-11-03 06:48:09',NULL),(582,136,321,84,1,0,NULL,NULL,'2015-11-03 06:48:09',NULL,'2015-11-03 06:48:09',NULL),(583,149,336,109,47,NULL,NULL,NULL,'2015-11-05 04:44:00',NULL,'2015-11-05 04:44:00',NULL),(584,84,20,10,10,12,NULL,NULL,'2015-11-17 06:25:03',NULL,'2015-11-17 06:25:03',NULL),(585,136,341,84,4,103,NULL,NULL,'2015-12-03 03:58:44',NULL,'2015-12-03 03:58:44',NULL),(586,165,362,117,205,127,NULL,NULL,'2015-12-10 04:10:26',NULL,'2015-12-10 04:10:26',NULL),(587,165,361,117,698,127,NULL,NULL,'2015-12-10 04:10:26',NULL,'2015-12-10 04:10:26',NULL),(588,165,343,117,210,127,NULL,NULL,'2015-12-10 04:10:26',NULL,'2015-12-10 04:10:26',NULL),(589,161,351,112,8,124,NULL,NULL,'2015-12-10 04:11:30',NULL,'2015-12-10 04:11:30',NULL),(590,161,345,112,10,124,NULL,NULL,'2015-12-10 04:11:30',NULL,'2015-12-10 04:11:30',NULL),(591,167,355,111,8,123,NULL,NULL,'2015-12-10 04:11:38',NULL,'2015-12-10 04:11:38',NULL),(592,167,347,111,7,123,NULL,NULL,'2015-12-10 04:11:38',NULL,'2015-12-10 04:11:38',NULL),(593,163,363,118,1,131,NULL,NULL,'2015-12-10 04:11:44',NULL,'2015-12-10 04:11:44',NULL),(594,158,353,115,0,129,NULL,NULL,'2015-12-10 04:11:45',NULL,'2015-12-10 04:11:45',NULL),(595,158,349,115,2,129,NULL,NULL,'2015-12-10 04:11:45',NULL,'2015-12-10 04:11:45',NULL),(596,157,344,113,10,130,NULL,NULL,'2015-12-10 04:17:27',NULL,'2015-12-10 04:17:27',NULL),(597,157,352,113,0,130,NULL,NULL,'2015-12-10 04:17:27',NULL,'2015-12-10 04:17:27',NULL),(598,167,357,111,8,0,NULL,NULL,'2015-12-10 05:55:47',NULL,'2015-12-10 05:55:47',NULL),(599,85,364,120,23,NULL,NULL,NULL,'2015-12-16 08:23:25',NULL,'2015-12-16 08:23:25',NULL);

--
-- Table structure for table `master`
--

CREATE TABLE `master` (
  `ID` int(11) NOT NULL AUTO_INCREMENT,
  `name` varchar(64) NOT NULL,
  `description` varchar(128) NOT NULL,
  `updatedby` int(11) NOT NULL,
  `updatedTS` timestamp NOT NULL DEFAULT CURRENT_TIMESTAMP ON UPDATE CURRENT_TIMESTAMP,
  `usedBySystem` tinyint(4) NOT NULL DEFAULT '0',
  PRIMARY KEY (`ID`)
) ENGINE=InnoDB AUTO_INCREMENT=23 DEFAULT CHARSET=latin1;

--
-- Dumping data for table `master`
--

INSERT INTO `master` VALUES (1,'Status','status active or inactive',0,'2014-07-18 00:41:14',1),(2,'Shipping Method','',0,'2014-04-24 05:01:05',0),(3,'State','State',0,'2014-07-18 00:41:09',1),(4,'Module','Application module',1,'2014-07-18 00:40:55',1),(5,'Gender','Gender Male or Female',1,'2014-07-18 00:41:01',1),(6,'Bank','List of bank',0,'2014-07-18 01:09:23',1),(7,'Payment Method','List of payment method',0,'2014-04-22 02:24:46',0),(8,'Item Category','List of item category',0,'2014-08-28 08:24:02',1),(9,'Item Type','List of item type - product or service',0,'2014-07-25 07:47:36',1),(10,'Language','Language selection English or Bahasa Malasyia',1,'2014-07-18 00:41:25',1),(11,'Accounting Method','Accounting Closing/Opening method monthly or yearly',0,'2014-08-14 08:53:25',1),(12,'Unit of Measure','Unit of measurement such as kg, feet, meter, cubic',1,'2014-07-18 00:41:31',1),(13,'Account Type','Account type for chart of accounts',0,'2014-08-14 08:53:53',1),(14,'Business Type','Business type based on industry selected',0,'2014-07-18 01:09:15',1),(15,'Industry','List of industry classification - retail, manufacturing, service, others',0,'2014-07-18 00:41:53',1),(16,'Invoice Purchase Code','',1,'2014-07-18 01:07:51',1),(17,'Invoice Sales Code','',1,'2014-07-18 01:07:38',1),(18,'System Form','',1,'2014-07-18 00:53:35',1),(19,'Address','List of address type',0,'2014-08-14 08:54:44',1),(20,'Movement Type','List of inventory movement type',1,'2014-05-28 01:40:05',0),(21,'General Setup','General Setup Parameters',1,'2014-07-18 00:42:24',1),(22,'Waqif','Waqif',0,'2014-07-18 01:38:46',0);

--
-- Table structure for table `master_code`
--

CREATE TABLE `master_code` (
  `ID` int(11) NOT NULL AUTO_INCREMENT,
  `masterID` int(11) NOT NULL,
  `parentFilterID` int(11) DEFAULT NULL,
  `code` varchar(4) NOT NULL,
  `name` varchar(64) NOT NULL,
  `shortName` varchar(8) NOT NULL,
  `description` varchar(128) NOT NULL,
  `orderNo` int(11) NOT NULL,
  `createdBy` int(11) NOT NULL,
  `createdTS` timestamp NOT NULL DEFAULT CURRENT_TIMESTAMP,
  `updateBy` int(11) NOT NULL,
  `updateTS` timestamp NULL ,
  `is_delete` smallint(6) NOT NULL,
  PRIMARY KEY (`ID`)
) ENGINE=InnoDB AUTO_INCREMENT=166 DEFAULT CHARSET=latin1;

--
-- Dumping data for table `master_code`
--

INSERT INTO `master_code` VALUES (1,1,NULL,'0','Active','Active','',1,0,'2014-05-07 10:01:04',0,'2014-10-17 01:28:33',0),(2,1,NULL,'1','Inactive','Inactive','',2,0,'2014-05-07 10:01:04',0,'0000-00-00 00:00:00',0),(3,2,NULL,'FR','Freight','Freight','',1,0,'2014-05-07 10:01:04',0,'2014-04-24 05:05:19',0),(4,2,4,'FE','FedEx','FE','farhana',2,0,'2014-05-07 10:01:04',0,'2014-10-14 04:52:08',1),(5,2,NULL,'UPS','UPS','UPS','',3,0,'2014-05-07 10:01:04',0,'2014-08-21 03:08:39',1),(6,2,NULL,'CLNK','CityLink','CLNK','',2,0,'2014-05-07 10:01:04',0,'2014-04-24 05:05:19',0),(8,2,NULL,'DHL','DHL','DHL','',4,0,'2014-05-07 10:01:04',0,'2014-04-24 05:05:19',0),(9,5,NULL,'M','Male','Male','',1,0,'2014-05-07 10:01:04',0,'0000-00-00 00:00:00',0),(10,5,NULL,'F','Female','','',2,0,'2014-05-07 10:01:04',0,'0000-00-00 00:00:00',0),(11,15,NULL,'MFC','Manufacturing','MFC','',1,0,'2014-05-07 10:01:04',0,'0000-00-00 00:00:00',0),(12,15,NULL,'RT','Retail','RT','',2,0,'2014-05-07 10:01:04',0,'0000-00-00 00:00:00',0),(13,15,NULL,'SERV','Service','SERV','',3,0,'2014-05-07 10:01:04',0,'0000-00-00 00:00:00',0),(14,15,NULL,'OTH','Others','OTH','',4,0,'2014-05-07 10:01:04',0,'0000-00-00 00:00:00',0),(15,10,NULL,'ENG','English','ENG','',1,0,'2014-05-07 10:01:04',0,'0000-00-00 00:00:00',0),(16,10,NULL,'BM','Bahasa Malaysia','BM','',2,0,'2014-05-07 10:01:04',0,'0000-00-00 00:00:00',0),(17,11,NULL,'MTH','Monthly','MTH','',0,0,'2014-05-07 10:01:04',0,'0000-00-00 00:00:00',0),(18,11,NULL,'YR','Yearly','YR','',0,0,'2014-05-07 10:01:04',0,'2014-04-22 03:18:53',0),(19,8,NULL,'E','Electrical Appliance','EA','',5,0,'2014-05-07 10:01:04',0,'0000-00-00 00:00:00',0),(20,8,NULL,'S','Stationary','ST','',10,0,'2014-05-07 10:01:04',0,'0000-00-00 00:00:00',0),(21,8,NULL,'I','IT','IT','',15,0,'2014-05-07 10:01:04',0,'0000-00-00 00:00:00',0),(22,9,NULL,'G','Goods','Product','Physical product range',1,0,'2014-05-07 10:01:04',0,'2014-09-17 04:06:09',0),(23,9,NULL,'S','Services','Services','Services product range',5,0,'2014-05-07 10:01:04',0,'2014-10-23 03:50:00',1),(30,8,NULL,'F','Furniture','FR','',1,0,'2014-05-07 10:01:04',0,'0000-00-00 00:00:00',0),(31,16,NULL,'1','Purchase Invoice','','',10,0,'2014-05-07 10:01:04',1,'0000-00-00 00:00:00',0),(32,16,NULL,'2','Direct Purchase Invcoice','','',20,0,'2014-05-07 10:01:04',1,'0000-00-00 00:00:00',0),(33,16,NULL,'3','Debit Note','','Purchase Invoice Debit Note (Adjustment)',30,0,'2014-05-07 10:01:04',1,'0000-00-00 00:00:00',0),(34,16,NULL,'4','Credit Note','','Purchase Invoice Credit Note (Adjustment)',40,0,'2014-05-07 10:01:04',1,'0000-00-00 00:00:00',0),(35,17,NULL,'1','Sales Invoice','','',10,0,'2014-05-07 10:01:04',0,'2014-05-07 02:23:53',0),(36,17,NULL,'2','Direct Sales Invcoice','','',20,0,'2014-05-07 10:01:04',0,'2014-05-07 02:23:58',0),(37,17,NULL,'3','Debit Note','','Sales Invoice Debit Note (Adjustment)',30,0,'2014-05-07 10:01:04',0,'2014-05-07 02:24:02',0),(38,17,NULL,'4','Credit Note','','Sales Invoice Credit Note (Adjustment)',40,0,'2014-05-07 10:01:04',0,'2014-05-07 02:24:07',0),(40,18,NULL,'PO','Purchase Order','PO','Purchase Order Form',100,1,'2014-05-07 10:01:25',0,'0000-00-00 00:00:00',0),(41,18,NULL,'PI','Purchase Invoice','PURINV','Form Purchase Invoice',110,1,'2014-05-07 10:01:25',0,'0000-00-00 00:00:00',0),(42,18,NULL,'PDN','Purchase Debit Note','PDN','Purchase Debit Note Form',120,1,'2014-05-07 10:01:25',0,'0000-00-00 00:00:00',0),(43,18,NULL,'PCN','Purchase Credit Note','PCN','Purchase Credit Note Form',140,1,'2014-05-07 10:01:25',0,'0000-00-00 00:00:00',0),(44,18,NULL,'PP','Purchase Payment','PP','Purchase Payment Form',150,1,'2014-05-07 10:01:25',0,'0000-00-00 00:00:00',0),(45,18,NULL,'GRN','Good Received Note','PP','Godd Received Note Form',160,1,'2014-05-07 10:01:25',0,'0000-00-00 00:00:00',0),(46,18,NULL,'LT','Inventory Movement','LT','Inventory Movement Form',170,1,'2014-05-07 10:01:25',0,'0000-00-00 00:00:00',0),(47,18,NULL,'SQN','Sales Quotation','SQN','Sales Quotation Form',180,1,'2014-05-07 10:01:25',0,'0000-00-00 00:00:00',0),(48,18,NULL,'SON','Sales Order','SON','Sales Order Form',190,1,'2014-05-07 10:01:25',0,'0000-00-00 00:00:00',0),(49,18,NULL,'DO','Delivery Order','DO','Delivery Order Form',200,1,'2014-05-07 10:01:25',0,'2014-10-13 04:01:22',0),(50,18,NULL,'SI','Sales Invoice','SI','Invoice Form',210,1,'2014-05-07 10:01:25',0,'2014-10-13 04:05:26',0),(51,18,NULL,'SDN','Sales Debit Note','PDN','Sales Debit Note Form',230,1,'2014-05-07 10:01:25',0,'0000-00-00 00:00:00',0),(52,18,NULL,'SCN','Sales Credit Note','PCN','Sales Credit Note Form',240,1,'2014-05-07 10:01:25',0,'0000-00-00 00:00:00',0),(53,18,NULL,'RP','Receive Payment','RP','Receive Payment Form',250,1,'2014-05-07 10:01:25',0,'0000-00-00 00:00:00',0),(55,18,NULL,'OPN','Others Payment','OPN','Others Payment Form',270,1,'2014-05-07 10:01:25',0,'0000-00-00 00:00:00',0),(56,18,NULL,'ORI','Others Receive','ORI','Others Receive Form',280,1,'2014-05-07 10:01:25',0,'0000-00-00 00:00:00',0),(58,18,NULL,'IA','Item Adjustment','IA','Item Adjustment Form',300,1,'2014-05-07 10:01:25',0,'0000-00-00 00:00:00',0),(59,12,NULL,'KG','Kilogram','','',10,1,'2014-05-09 11:30:04',0,'0000-00-00 00:00:00',0),(60,12,NULL,'G','gram','','',20,1,'2014-05-09 11:30:04',0,'0000-00-00 00:00:00',0),(61,12,NULL,'l','liter','','',30,1,'2014-05-09 11:30:04',0,'0000-00-00 00:00:00',0),(62,12,NULL,'Tonn','tonne','','',40,1,'2014-05-09 11:30:04',0,'0000-00-00 00:00:00',0),(63,12,NULL,'Unit','unit','','',50,1,'2014-05-09 11:30:04',0,'0000-00-00 00:00:00',0),(64,12,NULL,'ml','mili liter','','',60,1,'2014-05-09 11:30:04',0,'0000-00-00 00:00:00',0),(65,12,NULL,'m','meter','','',70,1,'2014-05-09 11:30:04',0,'0000-00-00 00:00:00',0),(66,12,NULL,'cm','centimeter','','',80,1,'2014-05-09 11:30:04',0,'0000-00-00 00:00:00',0),(67,12,NULL,'cc','cubic cm','','',90,1,'2014-05-09 11:30:04',0,'0000-00-00 00:00:00',0),(68,7,NULL,'','Cash','','',10,0,'2014-05-14 08:59:32',0,'2014-07-18 01:19:34',0),(69,7,NULL,'','Cheque','','',20,0,'2014-05-14 08:59:32',0,'2014-07-18 01:19:38',0),(70,0,NULL,'3333','fad','fad','fad',0,0,'2014-05-14 09:12:00',0,'2014-12-08 02:53:34',1),(71,10,NULL,'ARB','Arabic','AR','Bahasa Ar',3,0,'2014-05-15 01:46:45',0,'2014-05-16 02:52:26',0),(72,18,0,'ZK','ZAKAT','sy','desc',7,0,'2014-05-15 01:59:07',0,'2014-06-05 03:51:49',0),(73,2,4,'FE','FedEx','FE','fad',2,0,'2014-05-15 03:03:42',0,'2014-10-14 04:51:38',1),(74,2,0,'FE','FedEx','FE','',2,0,'2014-05-15 03:17:14',43,'2014-10-14 04:52:39',0),(75,19,0,'1','Billing Address','','',10,0,'2014-05-16 04:48:35',0,'2014-05-16 10:51:41',0),(76,19,0,'2','HQ','','Main Addr',10,0,'2014-05-16 04:52:07',0,'0000-00-00 00:00:00',0),(77,19,0,'3','Ship to','','Ship to',30,0,'2014-05-16 04:53:25',0,'0000-00-00 00:00:00',0),(78,20,NULL,'B','Bulk','Bulk','',10,0,'2014-05-28 01:32:05',0,'0000-00-00 00:00:00',0),(79,20,NULL,'S','Small','Small','',20,0,'2014-05-28 01:32:05',0,'0000-00-00 00:00:00',0),(80,21,1,'','retainedEarnings','','Retained Earnings',1,1,'2014-06-03 09:33:20',0,'2014-08-01 09:04:34',0),(81,21,1,'','profitlostYear','','Profit/Loss Year',10,1,'2014-06-03 09:33:20',0,'2014-08-01 09:04:38',0),(82,21,1,'','exchangeVariances','','Exchange Variances Account',20,1,'2014-06-03 09:33:20',0,'2014-08-01 09:04:42',0),(83,21,1,'','bankchargesAccount','','Bank Charges Account',30,1,'2014-06-03 09:33:20',0,'2014-08-01 09:04:47',0),(84,21,2,'','rcvacct','','Receivable Account',40,1,'2014-06-03 09:33:20',0,'2014-08-01 09:05:01',0),(85,21,2,'','saleacct','','Sales Account',50,1,'2014-06-03 09:33:20',0,'2014-08-01 09:05:07',0),(86,21,2,'','saledisacct','','Sales Discount Account',60,1,'2014-06-03 09:33:20',0,'2014-08-01 09:05:11',0),(87,21,2,'','promptpaydisacct','','Prompt Payment Discount Account',70,1,'2014-06-03 09:33:20',0,'2014-08-01 09:05:18',0),(88,21,2,'','commissionexp','','Commission Expense',80,1,'2014-06-03 09:33:20',0,'2014-08-01 09:05:24',0),(89,21,2,'','commisionpay','','Commission Payable',90,1,'2014-06-03 09:33:20',0,'2014-08-01 09:05:31',0),(90,21,2,'','freightcharges','','Freight Charges',100,1,'2014-06-03 09:33:20',0,'2014-08-01 09:05:36',0),(91,21,2,'','exchangediff','','Exchange Difference',110,1,'2014-06-03 09:33:20',0,'2014-08-01 09:05:41',0),(92,21,3,'','payAcct','','Payable Account',120,1,'2014-06-03 09:33:20',0,'2014-08-01 09:05:46',0),(93,21,3,'','payDisc','','Payable Discount',130,1,'2014-06-03 09:33:20',0,'2014-08-01 09:05:49',0),(94,21,NULL,'','invAcct','','Inventory Account',140,1,'2014-06-03 09:33:20',0,'2014-06-25 04:33:21',0),(95,21,NULL,'','cogs','','C.O.G.S Account',150,1,'2014-06-03 09:33:20',0,'2014-06-25 04:33:21',0),(96,21,NULL,'','invAdjAcct','','Inventory Adjustment Account',160,1,'2014-06-03 09:33:20',0,'2014-06-25 04:33:21',0),(97,21,NULL,'','gstInputTax','','GST-Input Tax',170,1,'2014-06-03 09:33:20',0,'2014-06-25 04:33:21',0),(98,21,NULL,'','gstOutTax','','GST-Output Tax',180,1,'2014-06-03 09:33:20',0,'2014-06-25 04:33:21',0),(99,21,NULL,'','susgstInTax','','Suspense-GST Input Tax',190,1,'2014-06-03 09:33:20',0,'2014-06-25 04:33:21',0),(100,21,NULL,'','susgstOuTax','','Suspense-GST Output Tax',200,1,'2014-06-03 09:33:20',0,'2014-06-25 04:33:21',0),(101,21,NULL,'','gstnoclaim','','GST Not Claimable',210,1,'2014-06-03 09:33:20',0,'2014-06-25 04:33:21',0),(102,21,NULL,'','imdutypay','','Import Duty Payable',220,1,'2014-06-03 09:33:20',0,'2014-06-25 04:33:21',0),(103,21,NULL,'','saletaxpay','','Sale Tax Payable',230,1,'2014-06-03 09:33:20',0,'2014-06-25 04:33:21',0),(104,21,NULL,'','servtaxpay','','Service Tax Payable',240,1,'2014-06-03 09:33:20',0,'2014-06-25 04:33:21',0),(105,21,NULL,'','zakat','','Zakat Expenses',250,1,'2014-06-03 09:33:20',0,'2014-06-25 04:33:21',0),(106,21,NULL,'','uninvoiceAP','','Un-invoice AP',165,1,'2014-06-06 03:28:56',0,'2014-07-03 03:48:46',0),(107,21,1,'','bank','','Banking Account',35,0,'2014-06-25 03:25:00',0,'2014-08-01 09:07:23',0),(108,22,NULL,'','Founder(s)','','',10,1,'2014-07-18 01:43:04',0,'2014-07-18 01:43:32',0),(109,22,NULL,'','Owner(s)/Shareholder(s)','','',20,1,'2014-07-18 01:43:04',0,'2014-07-18 01:43:36',0),(110,22,NULL,'','Director(s)','','',30,0,'2014-07-18 01:44:57',0,'0000-00-00 00:00:00',0),(111,22,NULL,'','Other(s)','','',40,0,'2014-07-18 01:44:57',0,'0000-00-00 00:00:00',0),(112,21,NULL,'','wakafAcrual','','Wakaf Accrual',280,1,'2014-08-01 09:20:26',0,'2014-08-05 01:22:20',0),(114,21,NULL,'','zakatPayable','','zakap payable',260,0,'2014-08-04 07:30:14',0,'2014-08-05 01:21:58',0),(115,21,NULL,'','wakafExpense','','wakaf Expenses',270,0,'2014-08-04 07:30:14',0,'2014-08-05 01:22:11',0),(116,22,0,'waki','new waqif','new','new',5,0,'2014-08-10 21:18:10',0,'2014-09-05 09:31:42',1),(118,18,NULL,'GT','GST Transaction','GT','GST Transaction Form',310,1,'2014-05-07 02:01:25',0,'0000-00-00 00:00:00',0),(119,7,0,'001','Director Fund','DF','',0,0,'2014-08-20 20:57:18',0,'2014-08-21 02:59:13',1),(120,22,0,'ssd','sds','sd','sdsdcs',1,0,'2014-08-21 01:55:04',0,'2014-09-05 08:48:10',1),(121,18,0,'CS','Cash sale','CS','Cash sale',1,0,'2014-08-26 21:25:09',0,'2014-08-28 08:46:24',0),(122,8,0,'izat','General','GNRL','General items',2,0,'2014-08-27 04:46:15',0,'0000-00-00 00:00:00',0),(123,0,0,'','','','',0,0,'2014-08-27 05:03:06',0,'2014-12-08 02:53:48',1),(124,18,NULL,'CP','Cash Purchase','CP','Cash Purchase',0,0,'2014-10-13 04:09:42',0,'2014-10-13 04:10:21',0),(125,2,0,'PL','POS LAJU','PL','',10,0,'2014-10-13 22:52:51',0,'0000-00-00 00:00:00',0),(126,7,0,'ADV','ADVANCE FROM DIRECTOR','ADV','',0,0,'2014-10-14 02:05:39',0,'2015-01-26 07:23:27',1),(127,7,0,'ADV','ADV FR CIK','CIK','',0,0,'2014-10-14 02:07:22',0,'2014-10-14 08:09:18',1),(128,7,0,'FS','FLOOR STOCK','FS','',10,0,'2014-10-14 02:08:14',0,'2015-01-26 07:24:13',1),(141,7,0,'asas','asasasas','asas','as',0,0,'2014-10-14 02:43:50',0,'2014-10-14 09:20:42',1),(142,20,0,'DDD','KASUT','KST','',10,0,'2014-10-14 02:48:50',0,'2014-10-14 08:55:19',1),(143,2,0,'Sub ','Sample','DMO','Demo category ',2,0,'2014-10-14 02:52:29',0,'2014-10-14 09:01:56',1),(144,22,0,'VV','STOKIN','STK','',10,0,'2014-10-14 02:55:41',0,'2014-12-08 02:54:16',1),(145,2,0,'samp','Sample','sam','asdf',23,0,'2014-10-14 03:02:16',0,'2014-10-14 09:04:10',1),(146,2,0,'izat','Sample','sam','asdfasfd',34,0,'2014-10-14 03:04:20',0,'2014-10-14 09:15:48',1),(147,2,0,'Samp','Sample','sl','asdf',23,0,'2014-10-14 03:17:54',0,'2014-10-14 09:18:25',1),(148,7,0,'Sub ','egwe','wert','wert',0,0,'2014-10-14 03:19:42',0,'2014-10-14 09:20:32',1),(149,7,0,'ZZ','BAS','BAS','',5,0,'2014-10-14 03:20:13',0,'2014-10-14 09:20:59',1),(150,7,0,'333','XXX','VVV','',4,0,'2014-10-14 03:22:19',0,'2014-10-14 09:23:00',1),(151,0,0,'XXX','XXX','XXX','',0,0,'2014-10-14 03:23:16',0,'2014-12-08 02:53:21',1),(152,7,0,'XXX','XXX','XXX','',0,0,'2014-10-14 03:24:05',0,'2014-10-14 09:24:36',1),(153,2,0,'SD','sample','SM','',50,0,'2014-11-17 01:02:19',0,'2014-12-08 02:55:02',1),(154,22,0,'q','syamil','S','www',1,0,'2014-11-17 01:06:51',0,'2014-12-08 02:54:25',1),(155,2,0,'w','syamil','S','sasa',1,0,'2014-11-17 01:07:23',0,'2014-12-08 02:55:10',1),(156,7,0,'E','syamil','S','sasa',1,0,'2014-11-17 01:07:48',0,'2014-12-08 02:55:23',1),(157,20,0,'R','syamil','S','aasdasd',1,0,'2014-11-17 01:08:08',0,'2014-12-08 02:55:31',1),(158,0,0,'','','','',0,0,'2015-03-11 22:42:48',0,'0000-00-00 00:00:00',0),(159,7,0,'','online','','',0,0,'2015-05-26 18:31:43',0,'0000-00-00 00:00:00',0),(160,18,NULL,'BD','Bad Debt Relief','BD','Bad Debt Relief Form',311,1,'2014-05-07 02:01:25',0,'0000-00-00 00:00:00',0),(161,18,NULL,'BDR','Bad Debt Recover','DR','Bad Debt Recover Form',312,1,'2014-05-07 02:01:25',0,'2015-06-05 09:16:55',0),(162,18,NULL,'SDR','Supplier Bad Debt Recover','SDR','Supplier Bad Debt Recover Form',313,1,'2014-05-07 02:01:25',0,'2015-06-05 09:16:55',0),(163,18,NULL,'SBD','Supplier Bad Debt Relief','SBD','Supplier Bad Debt Relief Form',314,1,'2014-05-07 02:01:25',0,'0000-00-00 00:00:00',0),(164,20,0,'0101','maybank berhad','mbb','payment bil to bil',999,0,'2015-06-10 21:13:37',0,'0000-00-00 00:00:00',0),(165,20,0,'','FAR EAST MOVEMENT','','',0,0,'2015-12-02 19:22:23',0,'0000-00-00 00:00:00',0);

--
-- Table structure for table `module`
--

CREATE TABLE `module` (
  `ID` int(11) NOT NULL AUTO_INCREMENT,
  `parentModuleID` int(11) NOT NULL,
  `moduleName` varchar(64) NOT NULL,
  `description` varchar(254) NOT NULL,
  `orderNo` int(11) NOT NULL,
  `createdBy` int(11) NOT NULL,
  `createdTS` timestamp NOT NULL DEFAULT CURRENT_TIMESTAMP,
  `updatedBy` int(11) NOT NULL,
  `updatedTS` timestamp NOT NULL DEFAULT '0000-00-00 00:00:00' ,
  PRIMARY KEY (`ID`)
) ENGINE=InnoDB AUTO_INCREMENT=11 DEFAULT CHARSET=latin1;

--
-- Dumping data for table `module`
--

INSERT INTO `module` VALUES (1,0,'GL','General Ledger',10,0,'2014-05-02 00:36:58',0,'2014-10-13 03:03:33'),(2,0,'AR','Account Receivables',20,0,'2014-05-02 00:36:58',0,'2014-10-13 03:03:39'),(3,0,'AP','Account Payables',30,0,'2014-05-02 00:36:58',0,'2014-10-13 03:03:54'),(4,0,'IC','Inventory Control',60,0,'2014-05-02 00:36:58',0,'2014-10-13 03:04:24'),(5,0,'SO','Sales Order',40,0,'2014-05-02 00:36:58',0,'2014-10-13 03:04:04'),(6,0,'GST','Goods & Services Tax',70,0,'2014-05-02 00:36:58',0,'2014-10-13 03:04:40'),(7,0,'ZKT','Zakat & Wakaf',80,0,'2014-05-02 00:36:58',0,'2014-10-13 03:05:26'),(8,0,'PUR','Purchasing',50,0,'2014-05-02 00:36:58',0,'2014-10-13 03:04:08'),(9,0,'ADM','Admin',99,0,'2014-05-02 00:36:58',0,'2014-10-13 03:05:36'),(10,0,'STP','Setup',90,0,'2014-05-02 00:36:58',0,'2014-10-13 03:05:39');

--
-- Table structure for table `person`
--

CREATE TABLE `person` (
  `ID` int(11) NOT NULL AUTO_INCREMENT,
  `name` int(11) NOT NULL,
  `position` varchar(64) NOT NULL,
  `employeeCode` varchar(16) NOT NULL,
  `genderID` int(11) NOT NULL,
  `dateOfBirth` date NOT NULL,
  `dateOfJoint` date NOT NULL,
  `remaks` text NOT NULL,
  `createdBy` int(11) NOT NULL,
  `createdTS` timestamp NOT NULL DEFAULT CURRENT_TIMESTAMP,
  `updatedBy` int(11) NOT NULL,
  `updatedTS` timestamp NOT NULL DEFAULT '0000-00-00 00:00:00' ,
  PRIMARY KEY (`ID`)
) ENGINE=InnoDB DEFAULT CHARSET=latin1;

--
-- Dumping data for table `person`
--


--
-- Table structure for table `person_contact`
--

CREATE TABLE `person_contact` (
  `ID` int(11) NOT NULL AUTO_INCREMENT,
  `personID` int(11) NOT NULL,
  `companyID` int(11) NOT NULL,
  `contactType` varchar(32) NOT NULL,
  `contact` tinytext NOT NULL,
  `updatedBy` int(11) NOT NULL,
  `updatedTS` timestamp NOT NULL DEFAULT CURRENT_TIMESTAMP ON UPDATE CURRENT_TIMESTAMP,
  PRIMARY KEY (`ID`)
) ENGINE=InnoDB DEFAULT CHARSET=latin1;

--
-- Dumping data for table `person_contact`
--


--
-- Table structure for table `poke`
--

CREATE TABLE `poke` (
  `ID` int(11) NOT NULL AUTO_INCREMENT,
  `who` int(11) NOT NULL,
  `whom` int(11) NOT NULL,
  `status` tinyint(1) NOT NULL DEFAULT '1',
  `createdTS` timestamp NOT NULL DEFAULT CURRENT_TIMESTAMP,
  PRIMARY KEY (`ID`)
) ENGINE=InnoDB AUTO_INCREMENT=81 DEFAULT CHARSET=latin1;

--
-- Dumping data for table `poke`
--

INSERT INTO `poke` VALUES (6,33,19,0,'2014-12-23 04:24:37'),(8,33,29,0,'2014-12-23 04:27:59'),(9,33,19,0,'2014-12-23 04:32:18'),(10,33,1,0,'2014-12-23 05:10:52'),(11,33,19,0,'2014-12-23 05:12:15'),(12,1,58,0,'2014-12-23 06:57:31'),(13,58,1,0,'2014-12-23 06:57:59'),(14,58,43,0,'2014-12-23 06:58:19'),(15,58,1,0,'2014-12-23 06:58:24'),(16,1,43,0,'2014-12-23 06:58:48'),(17,58,1,0,'2014-12-23 06:58:50'),(18,1,58,0,'2014-12-23 06:59:21'),(19,33,33,0,'2014-12-23 09:23:02'),(22,33,33,0,'2014-12-23 09:34:00'),(23,33,33,0,'2014-12-23 09:34:25'),(24,33,33,0,'2014-12-23 09:46:20'),(25,33,33,0,'2014-12-24 06:26:08'),(26,44,43,0,'2014-12-30 04:00:52'),(27,58,58,0,'2015-01-06 02:08:32'),(28,33,19,0,'2015-01-08 01:24:28'),(29,33,33,0,'2015-01-09 07:51:53'),(30,58,58,0,'2015-01-12 01:17:07'),(31,59,59,0,'2015-01-21 03:48:05'),(32,79,3,1,'2015-02-13 04:28:13'),(33,79,79,1,'2015-02-13 08:25:00'),(34,79,19,1,'2015-02-13 08:25:03'),(35,79,1,1,'2015-02-13 08:25:07'),(36,79,43,1,'2015-02-13 08:25:09'),(37,79,58,1,'2015-02-16 01:31:14'),(38,79,3,1,'2015-02-16 01:31:17'),(39,79,19,1,'2015-02-16 07:34:28'),(40,79,3,1,'2015-02-23 08:11:53'),(41,79,19,1,'2015-02-24 02:18:40'),(42,79,79,1,'2015-02-25 07:18:05'),(43,58,58,1,'2015-03-11 03:39:08'),(44,89,108,1,'2015-03-18 08:42:19'),(45,103,110,1,'2015-03-25 07:41:46'),(46,79,74,1,'2015-03-31 02:55:05'),(47,79,98,1,'2015-03-31 02:55:11'),(48,79,79,1,'2015-04-02 01:31:47'),(49,93,85,1,'2015-04-14 07:00:51'),(50,107,98,1,'2015-04-23 02:22:49'),(51,103,55,1,'2015-04-23 04:08:51'),(52,19,80,1,'2015-04-23 09:57:09'),(53,94,94,1,'2015-05-05 01:49:16'),(54,59,59,1,'2015-05-13 01:42:16'),(55,79,83,1,'2015-05-14 03:46:21'),(56,79,129,1,'2015-05-14 03:46:24'),(57,79,79,1,'2015-06-11 00:42:29'),(58,79,80,1,'2015-06-11 00:42:32'),(59,79,79,1,'2015-06-11 01:03:26'),(60,79,33,1,'2015-06-15 03:14:12'),(61,79,7,1,'2015-06-23 00:30:08'),(62,125,3,1,'2015-06-25 07:22:42'),(63,79,7,1,'2015-07-02 06:25:21'),(64,79,33,1,'2015-07-03 01:56:53'),(65,125,125,1,'2015-07-03 02:55:10'),(66,55,58,1,'2015-07-03 08:42:30'),(67,29,83,1,'2015-07-08 07:55:58'),(68,58,83,1,'2015-07-08 08:13:05'),(69,58,103,1,'2015-07-08 08:18:29'),(70,19,19,1,'2015-07-10 00:35:49'),(71,58,59,1,'2015-07-14 04:31:48'),(72,79,33,1,'2015-07-24 09:14:16'),(73,79,79,1,'2015-07-27 02:49:19'),(74,58,58,1,'2015-08-04 06:57:53'),(75,58,79,1,'2015-08-04 06:58:02'),(76,79,79,1,'2015-08-05 01:14:55'),(77,79,58,1,'2015-08-12 07:22:57'),(78,79,79,1,'2015-08-12 07:25:25'),(79,58,33,1,'2015-08-20 07:31:40'),(80,146,146,1,'2015-09-02 03:04:34');

--
-- Table structure for table `prospect`
--

CREATE TABLE `prospect` (
  `ID` int(11) NOT NULL AUTO_INCREMENT,
  `name` varchar(64) NOT NULL,
  `email` varchar(64) NOT NULL,
  `login` varchar(32) NOT NULL,
  `paswd` varchar(32) NOT NULL,
  `tel` varchar(16) NOT NULL,
  `createdTS` timestamp NOT NULL DEFAULT CURRENT_TIMESTAMP,
  `ip` varchar(32) NOT NULL,
  PRIMARY KEY (`ID`)
) ENGINE=InnoDB AUTO_INCREMENT=2 DEFAULT CHARSET=latin1;

--
-- Dumping data for table `prospect`
--

INSERT INTO `prospect` VALUES (1,'fad','fad@yahoo.com.my','fad','fad','0','0000-00-00 00:00:00','');

--
-- Table structure for table `supplier`
--

CREATE TABLE `supplier` (
  `ID` int(11) NOT NULL AUTO_INCREMENT,
  `companyID` int(11) NOT NULL,
  `supplierName` varchar(128) NOT NULL,
  `supplierCode` varchar(8) NOT NULL,
  `supplierCompanyNo` varchar(32) NOT NULL,
  `line1` varchar(128) NOT NULL,
  `line2` varchar(128) NOT NULL,
  `line3` varchar(128) NOT NULL,
  `city` varchar(128) NOT NULL,
  `supplierPostCode` varchar(8) NOT NULL,
  `supplierStateID` int(11) NOT NULL,
  `supplierCountryID` int(11) NOT NULL,
  `attention` varchar(100) NOT NULL,
  `website` varchar(32) NOT NULL,
  `phoneNumber1` varchar(50) NOT NULL,
  `phoneNumber2` varchar(50) NOT NULL,
  `fax` varchar(50) NOT NULL,
  `generalNote` varchar(255) NOT NULL,
  `gstRegNo` varchar(16) NOT NULL,
  `termsID` int(11) NOT NULL,
  `creditLimit` double NOT NULL,
  `creditLimitAlert` tinyint(1) NOT NULL,
  `linkedAPAccountID` int(11) NOT NULL,
  `createdDate` date NOT NULL,
  `currencyID` int(11) NOT NULL,
  `email` varchar(64) NOT NULL,
  `termstatus` int(11) NOT NULL,
  `createdBy` int(11) NOT NULL,
  `createdTS` timestamp NOT NULL DEFAULT CURRENT_TIMESTAMP,
  `updatedBy` int(11) NOT NULL,
  `updatedTS` timestamp NOT NULL DEFAULT '0000-00-00 00:00:00' ,
  `is_delete` smallint(16) NOT NULL,
  `approvalNo` varchar(32) NOT NULL,
  `commenceDate` date NOT NULL,
  `ceaseDate` date NOT NULL,
  `verifyDate` date NOT NULL,
  PRIMARY KEY (`ID`),
  KEY `ID` (`ID`)
) ENGINE=InnoDB AUTO_INCREMENT=238 DEFAULT CHARSET=latin1;

--
-- Dumping data for table `supplier`
--

INSERT INTO `supplier` VALUES (1,1,'ahmad albab sdn bhd','0','12345-D','no 6 jalan melor,','taman melor antarabangsa,','simpang pulai,','gombak,','68100',1931,458,'Ms Christina Lim','http://hello.com','603-88891999','','603-88891999','0','0',1,1,0,13,'2014-08-13',2,'fana@yahoo.com',6,0,'2014-06-05 02:12:30',0,'2014-09-22 08:59:39',1,'','0000-00-00','0000-00-00','0000-00-00'),(20,1,'Syarikat Kontena Nasional','23100','1234568-A','alamat 1','alamat 2','alamat 3','','',1931,458,'Puan Aminah','http://www.salihin.com.my','1244444','','3243242','general note','012356789012',1,0,0,0,'1970-01-01',1,'sss.aaa@hhh.my',0,0,'2014-06-05 02:12:30',0,'2014-10-09 01:13:16',0,'','0000-00-00','0000-00-00','0000-00-00'),(23,1,'Microsoft','12388','67382-D','add1','add2','add3','','',1925,458,'Datuk Asri Jamaludin','eee.ee.ee','453534','','34534','general note','45345',6,0,0,0,'2014-05-14',2,'sss.aaa@hhh.my',0,0,'2014-06-05 02:12:30',0,'2014-08-27 09:19:07',0,'','0000-00-00','0000-00-00','0000-00-00'),(24,1,'huhu','00','00','','','','','',0,458,'','','','','','','',6,0,0,0,'2014-05-14',0,'',0,0,'2014-06-05 02:12:30',0,'2014-08-27 09:19:07',1,'','0000-00-00','0000-00-00','0000-00-00'),(25,27,'Farhana ','A123','A20141','555, JALAN SAMUDRA UTARA 1','TAMAN SAMUDRA','','','68100',1933,458,'','www.bee.com.my','603 61778989','','603 61778787','tet','',6,0,0,0,'0000-00-00',1,'bee@gmail.com',0,0,'2014-06-06 10:13:09',0,'2014-08-27 09:19:07',0,'','0000-00-00','0000-00-00','0000-00-00'),(26,15,'awan biru sdn bhd','SUPP1','1234-v-0088','jalan awan 1','taman biru 2','kg awan biru','','43000',0,458,'','','','','','','',6,52,0,258,'2014-08-01',2,'',17,0,'2014-06-10 09:36:09',0,'2014-08-27 09:19:07',0,'','0000-00-00','0000-00-00','0000-00-00'),(27,15,'awan hitam sdn bhd','SUPP2','12345-oo-00o--99','jalan awan 2','taman hitam 1','kg awan biru','','43000',0,458,'','','','','','','',6,50000,0,258,'1970-01-01',1,'',5,0,'2014-06-10 09:38:50',0,'2014-08-27 09:19:07',0,'','0000-00-00','0000-00-00','0000-00-00'),(28,15,'asas sdn bhd','SA','a23309988-v','no 1 jalan asas 1','kg asas 2','','','43000',1931,458,'','','','','','','',17,1,0,258,'2014-08-01',6,'',17,0,'2014-06-23 02:30:58',0,'2014-08-29 07:03:48',0,'','0000-00-00','0000-00-00','0000-00-00'),(29,45,'Borong Semua Sdn Bhd','AB001','C82134P','12A, Jalan Wawasan 2,','Taman Wawasan Jaya','','','40100',1931,458,'Mr Borhan','','603 5412312','','603 5412323','Membekal pelbagai pakaian, fabrik','',6,0,0,0,'0000-00-00',1,'borhan@semuaborong.com',0,0,'2014-07-03 01:15:25',0,'2014-08-27 09:19:07',0,'','0000-00-00','0000-00-00','0000-00-00'),(30,57,'BEE WORLD SDN BHD','SUP01','C0907','555, JALAN SAMUDRA UTARA 1','TAMAN SAMUDRA','','','40100',1931,458,'FARHANA','','603 61851616','603 61881898','603 61887878','','',6,0,0,0,'0000-00-00',1,'bee@gmail.com',0,0,'2014-07-09 02:33:34',0,'2014-08-27 09:19:07',0,'','0000-00-00','0000-00-00','0000-00-00'),(31,1,'BEE WORLD SDN BHD','SUP06','C06','555, JALAN SAMUDRA UTARA 1','taman jalan raya','','','68100',1931,458,'FARHANA','','603 61889898','603 61887878','603 61885656','','',6,0,0,20,'0000-00-00',1,'bee@gmail.com',0,0,'2014-07-09 02:48:41',0,'2014-08-27 09:19:07',0,'','0000-00-00','0000-00-00','0000-00-00'),(32,81,'Mira Edora ','SUPP01','34567AP','21, Jalan Pinang','Lorong Belah Rotan','','','47000',1931,458,'Mir Edora','edora.com.my','603 61851616','','603 61878989','','',6,0,0,0,'0000-00-00',1,'mira@gmail.com',0,0,'2014-07-21 03:20:54',0,'2014-08-27 09:19:07',0,'','0000-00-00','0000-00-00','0000-00-00'),(33,81,'Electro Sdn Bhd','S06','Bee116','555, JALAN SAMUDRA UTARA 1','TAMAN SAMUDRA','1','','68100',1933,458,'shae','','','','','','',6,0,0,1141,'0000-00-00',1,'shae@gmail.com',0,0,'2014-08-04 03:02:44',0,'2014-08-27 09:19:07',0,'','0000-00-00','0000-00-00','0000-00-00'),(34,84,'Supplier 1','ASFD45','comp2345','Kuala Lumpur','','','','',1933,458,'','','','','','','A234-A',6,0,0,0,'0000-00-00',1,'',0,0,'2014-08-05 01:42:24',0,'2014-08-27 09:19:07',0,'','0000-00-00','0000-00-00','0000-00-00'),(35,82,'Mega Biru Sdn Bhd','A1234','x000009-v','no 1 jalan utama','taman industri prima','','','47890',1931,458,'','','','','','','',6,0,0,27658,'0000-00-00',0,'',0,0,'2014-08-08 04:30:32',0,'2014-08-27 09:19:07',0,'','0000-00-00','0000-00-00','0000-00-00'),(36,82,'D mega biru','D1234','200998-v','no 2 jalan 2','taman industri prima','','','47890',1931,458,'','','','','','','0123456789',6,0,0,27658,'0000-00-00',0,'',0,0,'2014-08-08 04:36:30',0,'2014-08-27 09:19:07',0,'','0000-00-00','0000-00-00','0000-00-00'),(37,1,'asaxq','SD','asa','wq','qwq','qwq','','qwpqw',1933,458,'asas wqw','sddd','aq','qwq','awq','qwq','as',6,0,0,35,'2014-08-13',1,'asasx@yahoo.fr',0,0,'2014-08-13 07:32:39',0,'2014-08-27 09:19:07',0,'','0000-00-00','0000-00-00','0000-00-00'),(38,1,'asa','ADA','asa','asa','aa','ad','','wqwqq',1933,458,'asa','asa','asa','as','asa','asa','asa',6,0,0,35,'2014-08-13',1,'asasx@yahoo.fr',0,0,'2014-08-13 07:39:05',0,'2014-08-27 09:19:07',0,'','0000-00-00','0000-00-00','0000-00-00'),(39,87,'Arif Sdn Bhd','001','545455-H','Lot 3434','Jalan ssss','Taman sddd','','54555',1921,458,'','','','','','','23232332',6,0,0,28182,'2014-08-21',1,'',0,0,'2014-08-21 03:41:59',0,'2014-08-27 09:19:07',0,'','0000-00-00','0000-00-00','0000-00-00'),(40,1,'Sambolic','SAM-1234','samblaze1234','Address','Line1111','Line2222','','12291',278,50,'','','','','','General Note','A234-A',6,12345,0,1,'2014-08-20',1,'',5,0,'2014-08-21 08:24:47',0,'2014-08-27 09:19:07',0,'','0000-00-00','0000-00-00','0000-00-00'),(41,90,'APB SDN BHD','S01','123321 P','NO 1 JALAN NIAH 3','TAMAN KENYALANG,','SEMANTAN, SARAWAK','','63210',1930,458,'','','60362565656','60362565656','','','',6,0,0,0,'2014-08-22',1,'',0,0,'2014-08-22 02:34:20',0,'2014-08-27 09:19:07',0,'','0000-00-00','0000-00-00','0000-00-00'),(42,86,'Supplier 01 ','001','56565-T','No.555','Jalan Laksamana','Taman Kobis','','68100',1931,458,'EN.Akmal','www.supplier.com','0664546546','036415665','035645644','','12345666',6,1000000,1,28053,'2013-01-01',1,'akmal@salihin.com.my',5,0,'2014-08-27 07:33:06',0,'2014-08-27 09:19:07',0,'','0000-00-00','0000-00-00','0000-00-00'),(43,86,'SUPPLIER 02 SDN B','S02','3423434-h','NO. 544','JALAN MUTIARA','TAMAN MUTIARA','','53444',1933,458,'EN.AMIR','','','','','','1001000100',0,1,0,28053,'2014-08-22',1,'',5,0,'2014-08-28 01:03:58',0,'2014-08-28 04:13:54',0,'','0000-00-00','0000-00-00','0000-00-00'),(44,1,'SDSDSC','DS','SDS','SDS','SDSD','SDS','','SDSWA',3592,807,'SDS','SDS','SDS','SDS','SDS','SDS','DSD',5,111,0,33,'2014-08-29',8,'DANA@SDS.SD',0,0,'2014-08-29 04:42:41',0,'0000-00-00 00:00:00',0,'','0000-00-00','0000-00-00','0000-00-00'),(45,1,'s','DF','sds','sds','sds','sds','','sdssd',1921,458,'sds','sd','sd','SDS','sd','sd','sdsdd',5,12,1,35,'2014-08-29',1,'sdhhskd@sd.sd',0,0,'2014-08-29 07:01:09',0,'0000-00-00 00:00:00',0,'','0000-00-00','0000-00-00','0000-00-00'),(46,93,'Supplier 01 Sdn Bhd','S01','3432-T','No.444','Jalan laksamana','Tamana Laksamana 4','Gombak','58444',1933,458,'En. Budiman','http://www.fad.com','00000000','11111111111111','33333333333','','',2,11000000,1,28405,'2014-01-01',1,'budi@supplier01.com.my',0,0,'2014-09-03 02:31:48',0,'2014-09-12 08:13:49',0,'','0000-00-00','0000-00-00','0000-00-00'),(47,93,'ABC SDN. BHD.','ABC01','12345-T','NO.222,','JALAN GOMBAK','','','68100',1931,458,'MISS PENNY','','603 6277 9649','603 6099 2402','603 6277 9648','','A2345678',3,1000000,1,28310,'2014-09-03',1,'penny@hotmail.com',0,0,'2014-09-03 02:37:28',0,'2014-09-03 06:41:04',0,'','0000-00-00','0000-00-00','0000-00-00'),(48,93,'AAA Sdn Bhd','A-0001','123456-V','555','Jalan Samudra Utara 1','Taman Samudra','','68100',1931,458,'Amar','www.aaa.com.my','603 61859970','603 61859971','603 61842524','Test','A1312441351212A',2,100000,1,28310,'2014-09-03',1,'amar@aaa.com.my',0,0,'2014-09-03 04:43:32',0,'2014-09-11 01:15:09',0,'','0000-00-00','0000-00-00','0000-00-00'),(49,95,'Syazmil Trading Sdn Bhd','SS-5267','666666-S','7777','Jalan Casmaria Utara 1','Taman Casmaria','Gombak','68200',1931,458,'Syazmil','www.mel.com.my','606 3345094','606 3345095','606 3345096','MMM','S5555555555555S',3,500000,1,28661,'2014-01-01',1,'syazmil@syazmil.com.my',0,0,'2014-09-05 06:48:31',0,'0000-00-00 00:00:00',0,'','0000-00-00','0000-00-00','0000-00-00'),(50,93,'Supplier 03 Berhad','S003','54545-G','No.444','Jalan Bukit bintang','Tamana Laksamana 4','Ampang','68100',1931,458,'En. Budiman','http://www.supplier03.com.my','603-61855444','603-65656566','603-96565653','Test','100020001200',1,1000000,1,28790,'2014-09-12',1,'budi@supplier02.com.my',0,0,'2014-09-12 08:00:39',0,'2014-09-12 08:34:37',0,'','0000-00-00','0000-00-00','0000-00-00'),(51,102,'WAN YATIM RESOURCES','W01','890890 A','LOT 1/2 ','JALAN MAHKOTA 8','SENAI','JOHOR BHARU','67554',1921,458,'','http://darimataerna.blogspot.com','607 56437820','607 56437800','607 56437800','fittings','AZ 000001',3,100000,1,28675,'2014-09-01',1,'wan@yatim.com.my',0,0,'2014-09-12 08:09:27',0,'2014-09-12 08:12:20',0,'','0000-00-00','0000-00-00','0000-00-00'),(52,103,'Sufiyan resources','S 01','232323 S','','','','','',0,458,'','','','','','','123456787654',0,0,0,28825,'2014-09-15',1,'',0,0,'2014-09-15 09:11:28',0,'0000-00-00 00:00:00',0,'','0000-00-00','0000-00-00','0000-00-00'),(53,104,'Supplier 01 Sdn Bhd with GST ','S00001','3434-G','','','','','',0,458,'','','','','','','00010000000',2,100000,1,28951,'2014-09-15',1,'',0,0,'2014-09-15 09:38:54',0,'0000-00-00 00:00:00',0,'','0000-00-00','0000-00-00','0000-00-00'),(54,104,'Supplier 02 Sdn bhd without GST','S0000010','7777-F','','','','','',0,458,'','','','','','','',2,1000000,1,28951,'2014-09-15',1,'',0,0,'2014-09-15 09:40:03',0,'0000-00-00 00:00:00',0,'','0000-00-00','0000-00-00','0000-00-00'),(55,105,'Supplier 01 Sdn Bhd with GST ','001','1123-G','no. 123','Jalan Bukit bintang','Tamana Laksamana 4','Gombak','54333',1931,458,'En. Budiman','http://www.supplier.com','603-61855444','','603-96565653','','000012200332',2,100000,1,29080,'2014-01-01',1,'budi@supplier01.com.my',0,0,'2014-09-16 04:46:17',0,'0000-00-00 00:00:00',0,'','0000-00-00','0000-00-00','0000-00-00'),(56,105,'Supplier 02 Sdn bhd without GST','002','3456-V','No, 543','Jalan Samudra Utara 2','Taman Samudra Utara','Gombak','45555',1931,458,'En.Amin','http://www.supplier02.com.my','603-61855444','','603-96565653','','',3,1000000,0,29080,'2014-01-01',1,'amin@supplier02.com',0,0,'2014-09-16 04:47:37',0,'0000-00-00 00:00:00',0,'','0000-00-00','0000-00-00','0000-00-00'),(57,95,'AIZAT SDN. BHD.','A001','11223-A','NO.222,','Taman Perindustrian Bukit Maluri','TMN MERDEKA','SETAPAK','52000',1933,458,'MR.AIDIL','','','','','','00000456',2,0,0,28441,'2014-09-22',1,'',0,0,'2014-09-22 01:58:34',0,'0000-00-00 00:00:00',0,'','0000-00-00','0000-00-00','0000-00-00'),(58,107,'Supplier 01 Sdn Bhd with GST ','S0001','5566-G','No, 543','Jalan laksamana','Tamana Laksamana 4','Batu Caves','68100',1931,458,'','','','','','','000233362158',2,100000,1,29334,'2014-09-22',1,'',0,0,'2014-09-22 03:06:04',0,'0000-00-00 00:00:00',0,'','0000-00-00','0000-00-00','0000-00-00'),(59,107,'Supplier 02 Sdn bhd without GST','S00002','6633-H','No.444','Jalan Samudra Utara 2','Taman Samudra Utara','Batu Caves','68400',1931,458,'','','','','','','',2,200000,1,29334,'2014-09-22',1,'',0,0,'2014-09-22 03:06:50',0,'0000-00-00 00:00:00',0,'','0000-00-00','0000-00-00','0000-00-00'),(60,95,'PERODUA SALES SDN. BHD.','PSSB','12345-P','NO.222,','JALAN KEBANGSAAN','TMN MERDEKA','SHAH ALAM','48000',1931,458,'MR.IZMIR','http://www.perodua.com.my/','03-6099 2402. ','','03-6099 2403. ','','000000000001',3,3000000,1,29559,'2014-09-24',1,'izmir@yahoo.com',0,0,'2014-09-24 04:27:42',0,'2014-09-25 02:48:48',0,'','0000-00-00','0000-00-00','0000-00-00'),(61,110,'Supplier 01 Sdn Bhd with GST ','S0001','1123-G','No.444','Jalan Bukit bintang','Taman Bukit Bintang','Kuala Lumpur','54777',1933,458,'En. Budiman','http://www.supplier.com.my','60361855444','603-6565656','603 61881213','','000012345678',2,100000,1,29691,'2014-01-01',1,'budi@supplier01.com.my',0,0,'2014-09-29 11:15:55',0,'0000-00-00 00:00:00',0,'','0000-00-00','0000-00-00','0000-00-00'),(62,110,'Supplier 02 Sdn bhd without GST','S0002','3332-T','No. 123','Jalan Berserah','Taman Berserah','Petaling Jaya','80111',1931,458,'En.Amin','http://www.supplier02.com.my','60361855444','60361855444','603 21343423','','',27,500000,1,29692,'2014-01-01',1,'amin@supplier02.com',0,0,'2014-09-29 11:18:38',0,'0000-00-00 00:00:00',0,'','0000-00-00','0000-00-00','0000-00-00'),(63,111,'ZAC SDN. BHD.','Z01','12345-A','LOT 22','JALAN KARNIVAL','TMN PERINDUSTRIAN SS','SHAH ALAM','45200',1931,458,'MISS EDRINNA','','03-6099 2402','012 235 6788','03-6099 2403','','',2,200000,1,29733,'2014-10-13',1,'edrinna22@hotmail.com',0,0,'2014-10-13 08:09:13',0,'0000-00-00 00:00:00',0,'','0000-00-00','0000-00-00','0000-00-00'),(64,111,'SHAF SDN. BHD.','X01','6789-D','LOT 2','TMN PERINDUSTRIAN SHAH ALAM','','SHAH ALAM','40000',1931,458,'','','','','','','123456789012',3,500000,1,29733,'2014-10-13',1,'',0,0,'2014-10-13 09:12:28',0,'2014-11-03 01:14:12',0,'','0000-00-00','0000-00-00','0000-00-00'),(65,111,'EWAL SDN. BHD.','E01','98765D','NO.8','TMN PERINDUSTRIAN PENANG','','BUTTERWORTH','12000',1929,458,'','','','','','','456789012345',3,200000,1,29833,'2014-10-14',1,'',0,0,'2014-10-14 07:47:07',0,'0000-00-00 00:00:00',0,'','0000-00-00','0000-00-00','0000-00-00'),(66,111,'PERODUA SALES SDN. BHD.','P01','8765-A','','','','','',0,458,'','','','','','','678543219876',4,1000000,1,29837,'2014-10-17',1,'',0,0,'2014-10-17 01:09:00',0,'2014-10-31 04:28:34',0,'','0000-00-00','0000-00-00','0000-00-00'),(67,111,'FREDO ENT','F01','34567-S','','','','','',0,458,'','','','','','','234567896543',2,30000,1,29836,'2014-10-17',1,'',0,0,'2014-10-17 01:10:36',0,'0000-00-00 00:00:00',0,'','0000-00-00','0000-00-00','0000-00-00'),(68,111,'Syazmil Hussain Enterprise','SH-5267','885267-S','555','Jalan Samudra Utara 1','Taman Samudra','Gombak','68100',1931,458,'Syazmil','http://www.syazmil.com','606 3345094','012 61851514','603 61842524','Test','123456789101',2,50000,1,29828,'2014-10-30',1,'syazmil@syazmil.com.my',0,0,'2014-10-30 01:55:56',0,'2014-10-30 02:36:12',0,'','0000-00-00','0000-00-00','0000-00-00'),(69,111,'Hussain Mahmud Enterprise','HM-8888','123456-H','111','Jalan Demo 12','Taman Demo','MELAKA','77777',1924,458,'Hussain','http://www.mel.com.my','606 3345094','606 3345095','606 3345096','sdfsdfsf','888888888888',2,100000,1,30215,'2014-10-30',1,'mel_mel1988@yahoo.com',0,0,'2014-10-30 03:25:22',0,'0000-00-00 00:00:00',0,'','0000-00-00','0000-00-00','0000-00-00'),(70,111,'Hussain Mahmud Enterprise','HM-8888','123456-H','111','Jalan Demo 12','Taman Demo','MELAKA','77777',1924,458,'Hussain','http://www.mel.com.my','606 3345094','606 3345095','606 3345096','sdfsdfsf','888888888888',2,100000,1,29733,'2014-10-30',1,'mel_mel1988@yahoo.com',0,0,'2014-10-30 03:27:25',0,'2014-11-03 01:15:09',0,'','0000-00-00','0000-00-00','0000-00-00'),(71,111,'JAKEL SDN. BHD.','J01','98765Q','','','','','',0,458,'','','','','','','345627189087',2,10000,1,30217,'2014-10-31',1,'',0,0,'2014-10-31 02:22:39',0,'0000-00-00 00:00:00',0,'','0000-00-00','0000-00-00','0000-00-00'),(72,111,'Samblaze Ltd','SAM007','Samblaze','Jalan Gombak','IIUM','','Kuala Lumpur','53100',1933,458,'','','+60162393606','+60162393606','','','123456789101',1,0,0,29733,'2014-10-31',1,'sayem@gmail.com',0,0,'2014-10-31 02:34:47',0,'2014-10-31 02:36:32',1,'','0000-00-00','0000-00-00','0000-00-00'),(73,111,'Samblaze Ltd','SAM007','Samblaze','','','','','',0,458,'','','','','','','',0,0,0,29733,'2014-10-31',1,'',0,0,'2014-10-31 03:55:31',0,'2014-10-31 03:56:34',1,'','0000-00-00','0000-00-00','0000-00-00'),(74,111,'Samblaze Ltd','SAM007','Samblaze','','','','','',0,458,'','','','','','','234234234243',0,0,0,29733,'2014-10-31',1,'',0,0,'2014-10-31 04:11:11',0,'2014-10-31 04:11:26',1,'','0000-00-00','0000-00-00','0000-00-00'),(75,111,'SH Sdn Bhd','SSS','666666-P','C-6048','Jalan Samudra Utara 1','Taman Casmaria','Melaka Tengah','77777',1924,458,'Syazmil','http://www.syazmil.com','606 3345094','606 3345095','606 3345096','Test','919191919191',2,10000,1,30218,'2014-11-03',1,'mel_mel1988@yahoo.com',0,0,'2014-11-03 01:21:16',0,'0000-00-00 00:00:00',0,'','0000-00-00','0000-00-00','0000-00-00'),(76,111,'asdfasdf','TEST999','asfasdfasf','','','','','',0,458,'','','','','','','123456789101',0,0,0,29733,'2014-11-03',1,'',0,0,'2014-11-03 08:56:52',0,'2014-11-03 08:57:02',1,'','0000-00-00','0000-00-00','0000-00-00'),(77,116,'Supplier with GST Sdn Bhd','20071-T','T-20089','No, 545','Jalan Ampang 5,','','Wangsamaju','59987',1931,458,'Mr. Lokman','http://www.salihinpemier.com','069788018','','','Thank you.','012345678912',81,1000000,1,30338,'2004-11-09',1,'',0,0,'2014-11-04 08:13:36',0,'2015-04-02 07:41:53',0,'','0000-00-00','0000-00-00','0000-00-00'),(78,116,'Jakel Sdn. Bhd.','J01','78902-S','Wisma Jakel','Jalan Tar','','','50000',1933,458,'','','','','','','345267098121',2,50000,1,30346,'2014-11-04',1,'',0,0,'2014-11-04 08:44:05',0,'2014-11-06 01:59:29',0,'','0000-00-00','0000-00-00','0000-00-00'),(79,116,'Syazmil Selasa Sdn Bhd','SS-11','222222-B','222','Jalan Casmaria Utara 1','Taman Casmaria','Gombak','68100',1931,458,'Amar','http://www.syazmil.com','606 3345094','606 3345095','606 3345096','Test','222222222222',2,500000,1,30339,'2014-11-04',1,'mel_mel1988@yahoo.com',0,0,'2014-11-04 08:44:30',0,'0000-00-00 00:00:00',0,'','0000-00-00','0000-00-00','0000-00-00'),(80,116,'Nagoya Sdn. Bhd.','N01','23456-T','Nagoya Tower','Setiawangsa Business Park','','Setiawangsa','53000',1933,458,'','','','','','','',1,5000,1,30347,'2014-11-04',1,'',0,0,'2014-11-04 09:07:22',0,'2014-11-06 01:58:26',0,'','0000-00-00','0000-00-00','0000-00-00'),(81,117,'Hasan Malek Supplier Sdn Bhd','H-01','121212-A','11111','rrrrrrrrrrrrrrrrrr','eeeeeeeeeeeeeeeeeeeeeeeee','eeeeeeeeeee','68100',1931,458,'Amar','http://www.mel.com.my','603 61859970','603 61859971','603 61842524','qwqweqwe','121212121212',42,30000,1,30994,'2014-11-17',1,'mel_mel1988@yahoo.com',0,0,'2014-11-17 07:53:11',0,'2014-11-17 10:09:53',0,'','0000-00-00','0000-00-00','0000-00-00'),(82,121,'SUPPLIER TELUR Sdn Bhd','CR001','444444','44444, BLOCK 4','MENARA U','','KUANTAN','66666',1926,458,'En. Amin','','603-22233333','603-22233334','603-22233335','','444444444444',48,0,0,31256,'2009-11-16',1,'',0,0,'2014-11-17 09:14:30',0,'2015-08-06 08:19:02',0,'3334444','0000-00-00','0000-00-00','0000-00-00'),(83,121,'SWEETNYE GULA SB','CR002','777777','77, 77','7777777','','SEPANG','77777',1931,458,'','','','','','','777777777777',0,0,0,30902,'2014-11-17',1,'',0,0,'2014-11-17 09:16:46',0,'2015-07-27 01:17:59',0,'111111','2018-04-01','2020-03-31','0000-00-00'),(84,117,'SSS Supplier Sdn Bhd','S-01','444444-B','4353','Jalan Bukit Jalil 12','gggggggg','Gombak','68200',1931,458,'Hussain','http://www.mel.com.my','606 3345094','606 3345095','603 61842524','qwqweqwe','010101010101',46,20000,1,30995,'2014-11-17',1,'julia@salihin.com.my',0,0,'2014-11-17 10:09:39',0,'0000-00-00 00:00:00',0,'','0000-00-00','0000-00-00','0000-00-00'),(85,106,'Samblaze Ltd','SAM007','Samblaze','Unit 2A-1, Level 1,  Tower 2A, Plaza Sentral,','KL','Taman Samudra Utara','Kuala Lumpur','53100',1933,458,'0','http://www.sps.com','+60162393606','+60162393606','603 61881213','','343554534654',51,0,0,0,'2014-11-18',1,'yahaya_abdullah@yahoo.com',0,0,'2014-11-18 04:19:46',0,'2014-11-18 04:20:39',0,'','0000-00-00','0000-00-00','0000-00-00'),(86,117,'Company Curency Sdn Bhd','CC-01','423232-P','ggggggggggggggggggg','cxccccccccccccc','vvvvvvvvvvvvvvvv','Gombak','68100',1936,458,'Hussain','http://www.syazmil.com','606 3345094','606 3345095','603 61842524','isnin','774733857464',46,30000,1,31123,'2014-11-18',2,'mel_mel1988@yahoo.com',0,0,'2014-11-18 07:28:48',0,'0000-00-00 00:00:00',0,'','0000-00-00','0000-00-00','0000-00-00'),(87,120,'Supplier GST Sdn. Bhd.','S01','12345T','No.67','Jalan Kerakyatan 1','Taman Rakyat','Jasin','78600',1924,458,'','','06-234 5678','06-7789 3211','06-7789 3212','','345678765432',53,50000,1,31124,'2014-11-19',1,'supplier@gmail.com',0,0,'2014-11-19 01:12:28',0,'0000-00-00 00:00:00',0,'','0000-00-00','0000-00-00','0000-00-00'),(88,120,'Supplier No GST SB','S02','34562-P','No.45','Jalan 12C/6','Taman Setapak Indah','Setapak','53100',1933,458,'','','03-4488 6778','','03-4468 6777','','',53,100000,1,31125,'2014-11-19',1,'',0,0,'2014-11-19 01:14:32',0,'0000-00-00 00:00:00',0,'','0000-00-00','0000-00-00','0000-00-00'),(89,116,'GULATIS SDN. BHD.','G01','34562-T','','','','','',0,458,'','','','','','','123456787654',47,50000,1,31128,'2014-11-19',1,'',0,0,'2014-11-19 07:22:47',0,'0000-00-00 00:00:00',0,'','0000-00-00','0000-00-00','0000-00-00'),(90,122,'Super Tech Sdn Bhd','SUP01','F-23456','Unit 3U-01','Block 2A, Tingkat 4','Wisma UOA II, Jalan Pinang','Wilayah Persekutuan','50450',1933,458,'MONALISA','http://www.supertech..biz','+603-22614188','+603-22614788','+603-22614677','test','',54,50000,1,31164,'2014-11-27',1,'monalisa@supertech.com',0,0,'2014-11-27 03:13:24',0,'2014-11-27 03:16:33',0,'','0000-00-00','0000-00-00','0000-00-00'),(91,122,'ALAM MEGAH SDN BHD','AM03','AF-56787','NO.30, ','Lorong Perusahaan Tiong 6','TAMAN CAHAYA INDAH','GOMBAK','68100',1931,458,'','','+603-61990989','+603-61990909','+603-61991919','','',54,50000,1,31164,'2014-11-27',1,'azlan@alamm.com',0,0,'2014-11-27 03:16:15',0,'0000-00-00 00:00:00',0,'','0000-00-00','0000-00-00','0000-00-00'),(92,121,'Supplier Beras SB','BER','123431W','3456,HGHG FGFFG','FGFGFG','','FDGFDGFD','54322',1922,458,'','','','','','','123456787756',48,0,0,30902,'2014-12-08',1,'',0,0,'2014-12-08 03:27:51',0,'0000-00-00 00:00:00',0,'','0000-00-00','0000-00-00','0000-00-00'),(93,121,'Tepung Tepung Tepung SB','TEP122','122221S','5, jln suka suka','hati hati','','padang besar','56776',1928,458,'','','23455554','3333333','33354545','','234567890089',49,0,0,30902,'2014-12-08',1,'',0,0,'2014-12-08 03:29:40',0,'0000-00-00 00:00:00',0,'','0000-00-00','0000-00-00','0000-00-00'),(94,124,'Adidas Malaysia Berhad','AMB','111111-A','ggggggggggggggggggg','Jalan Gombak','vvvvvvvvvvvvvvvv','rrrrrrrrrrrrrr','68100',1933,458,'Amar','http://www.mel.com.my','123123123123','1312312312','075555556','qwqweqwe','464646464646',56,100000,1,31388,'2014-12-08',1,'amar@aaa.com.my',0,0,'2014-12-08 06:43:22',0,'2015-07-29 07:01:59',0,'0','0000-00-00','0000-00-00','0000-00-00'),(95,124,'Nike Malaysia Berhad','NMB','222222-N','777','Jalan Gombak','Taman Gombak','Danau Kota','68100',1931,458,'dfsdsdf','http://www.mel.com.my','606 3345094','0125555557','+606-3345 095','sdfsdfs','353535353535',57,100000,1,31389,'2014-12-08',1,'fiesya@salihin.com.my',0,0,'2014-12-08 06:44:47',0,'0000-00-00 00:00:00',0,'','0000-00-00','0000-00-00','0000-00-00'),(96,124,'Reebok Malaysia Berhad','RMB','121212-R','666','cxccccccccccccc','Taman Danau Kota','Bukit Jalil','77777',1925,458,'dfsdsdf','http://www.syazmil.com','606 3345094','603 61859971','603 61842524','sdfsdfs','676767676767',58,100000,1,31390,'2014-12-08',1,'izuwan@testing.com.my',0,0,'2014-12-08 06:47:27',0,'0000-00-00 00:00:00',0,'','0000-00-00','0000-00-00','0000-00-00'),(97,124,'Bata Malaysia Berhad','BMB','565656-B','11111','sadasdasdas','asdasdadasd','asdada','77777',1921,458,'Amar','http://www.mel.com.my','023kl1jl3kl','24124312341234','+606-3345 095','Test','878787878787',59,100000,1,31391,'2014-12-08',1,'aizat@salihin.com.my',0,0,'2014-12-08 06:49:53',0,'0000-00-00 00:00:00',0,'','0000-00-00','0000-00-00','0000-00-00'),(98,124,'Umbro Malaysia Berhad','UMB','363636-U','rrrrrrrrrrrrrrrrr','Jalan Johor Bharu 109','Taman Greenwood','Johor Bharu','68100',1926,458,'Amar','http://www.syazmil.com','023kl1jl3kl','606 3345095','075555556','isnin','545454545465',60,100000,1,31392,'2014-12-08',1,'aizat@salihin.com.my',0,0,'2014-12-08 06:51:45',0,'2014-12-08 06:51:57',0,'','0000-00-00','0000-00-00','0000-00-00'),(99,125,'SUPPLIER CAMERA','SUPP01','SP001','Lot G.1, ','Digital Tech, Lorong Industri 1','Taman Perindustrian','SHAH ALAM','40100',1931,458,'','','','','','','',62,0,0,31463,'2014-12-09',1,'',0,0,'2014-12-09 02:42:39',0,'2014-12-09 02:48:01',0,'','0000-00-00','0000-00-00','0000-00-00'),(100,125,'SUPPLIER MOBILE','SUP02','SP002','Lot 10-A, LEVEL 2,','PLAZA SENTRAL 5','JALAN SENTRAL 5','KL SENTRAL','50470',1933,458,'','','','','','','',62,0,0,31463,'2014-12-09',1,'',0,0,'2014-12-09 02:47:47',0,'0000-00-00 00:00:00',0,'','0000-00-00','0000-00-00','0000-00-00'),(101,125,'SUPPLIER CHIPSET ','SUP03','SP003','DRAGON CHIPSET SDN BHD','UNIT 2A-1, LORONG PERUSAHAAN 1/12,','TAMAN PERUSAHAAN','SHAH ALAM','40100',1931,458,'','','','','','','',62,0,0,31463,'2014-12-09',1,'',0,0,'2014-12-09 02:50:44',0,'0000-00-00 00:00:00',0,'','0000-00-00','0000-00-00','0000-00-00'),(102,126,'SUPPLIER CHIPSET','SUP01','1234-A','UNIT 3A-1-1','LEVEL 3, PLAZA IT SENTRAL','JALAN SENTRAL 3','KL SENTRAL','50470',1933,458,'','','','','','','',65,0,0,31601,'2014-12-09',1,'',0,0,'2014-12-09 07:53:40',0,'0000-00-00 00:00:00',0,'','0000-00-00','0000-00-00','0000-00-00'),(103,128,'Pottery Potter Sdn Bhd','AP1','454322-A','No 88/12, Jalan Utara Barat','Taman Selatan Jaya','','Pengkalan Kubor','43212',1923,458,'','','','','','','765645689876',68,0,0,31739,'2014-12-09',1,'',0,0,'2014-12-09 08:06:30',0,'0000-00-00 00:00:00',0,'','0000-00-00','0000-00-00','0000-00-00'),(104,126,'SUPPLIER CAMERA','SUP02','2345-b','Lot G.2, Tingkat 2,','Plaza Central Market','Pasar Seni','Wilayah Persekutuan','50470',1933,458,'','','','','','','',66,0,0,31601,'2014-12-10',1,'',0,0,'2014-12-10 01:14:59',0,'0000-00-00 00:00:00',0,'','0000-00-00','0000-00-00','0000-00-00'),(105,128,'Syarikat Pinggan Mangkuk SB','AP2','674343-R','765, Jalan Pekaka','Kawasan Perindustrian Tasek','','Ipoh','30987',1927,458,'','','','','','','',67,0,0,31739,'2014-12-10',1,'',0,0,'2014-12-10 01:41:36',0,'0000-00-00 00:00:00',0,'','0000-00-00','0000-00-00','0000-00-00'),(106,126,'SUPPLIER PERFUME','SUP03','2312-AF','LOT 23, LORONG BATU PERMATA','TAMAN BERJAYA RIA 2/3','TAMAN BERJAYA','GOMBAK','68100',1931,458,'','','','','','','',65,0,0,31601,'2014-12-10',1,'',0,0,'2014-12-10 02:34:41',0,'0000-00-00 00:00:00',0,'','0000-00-00','0000-00-00','0000-00-00'),(107,126,'SUPPLIER RAYBAN','SUP04','5656-A','234, LORONG INDUSTRI 2/3','TAMAN PERUSAHAAN BARU','','SHAH ALAM','40100',1931,458,'','','','','','','',65,0,0,31601,'2014-12-10',1,'',0,0,'2014-12-10 02:35:55',0,'0000-00-00 00:00:00',0,'','0000-00-00','0000-00-00','0000-00-00'),(108,124,'NIKON BERHAD','NIKON1','22222-B','LOT G.1, LEVEL 1','PLAZA WANGSA MAS','','BANDAR BARU UDA','80000',1921,458,'NOAH','http://www.nikontech.biz','+607-2345434','','+607-2345656','call noah','243244566488',57,500000,1,31296,'2014-12-15',1,'noah@nikon.com',0,0,'2014-12-15 02:43:51',0,'2014-12-15 03:00:56',0,'','0000-00-00','0000-00-00','0000-00-00'),(109,124,' CANON BERHAD','CANON1','454545-D','LOT 10, TINGKAT 9','BANGUNAN PLAZA DAMAS','','WILAYAH PERSEKUTUAN','50470',1933,458,'AMIR','http://www.canonmy.biz','+603-22614188','','+603-22614790','','121348975445',57,300000,1,31296,'2014-12-15',1,'amir@canonmy.my',0,0,'2014-12-15 02:45:08',0,'2014-12-15 03:01:12',0,'','0000-00-00','0000-00-00','0000-00-00'),(110,124,' SONY BERHAD','SONY1','678987-A','234, BANGUNAN TECH 1','TINGKAT 28, WISMA TECH ','','SHAH ALAM','40100',1931,458,'shima','http://www.sonydigital.biz','+603-61990989','','+603-61990909','call shima','987464848474',57,500000,1,31296,'2014-12-15',1,'shima@sonydigital.biz',0,0,'2014-12-15 02:46:55',0,'2014-12-15 03:01:27',0,'','0000-00-00','0000-00-00','0000-00-00'),(111,124,'Raja Buah Berhad','SUPPD01','12312-A','No.4, Lorong Sawi 1,','Taman Lengang Kangkong','','Ipoh','30610',1927,458,'Hassan','','056177121','','056177125','','456723450978',56,0,0,31296,'2014-12-16',1,'',0,0,'2014-12-16 02:11:23',0,'2015-07-27 01:47:41',0,'1234567','2019-05-01','2019-05-31','0000-00-00'),(112,124,'Supplier Fisha SB','SF1','567765-Q','3, Jalan Pudu','Plaza B','','Kuala Lumpur','87655',1933,458,'','http://www.testingpurpose.com','03-43223456','','03-98765456','','567809877654',57,0,0,31834,'2014-12-16',1,'',0,0,'2014-12-16 02:29:56',0,'0000-00-00 00:00:00',0,'','0000-00-00','0000-00-00','0000-00-00'),(113,124,'Supplier Julia SB','JO1','12345-Z','No.3, Jalan Rambutan','Taman Strawberi','','Cheras','56000',1931,458,'Miss Julia','','03-4226 7788','603 6099 2402','03-6099 2403','','123456789876',59,100000,1,31839,'2014-12-19',1,'julia@salihin.com.my',0,0,'2014-12-19 09:17:47',0,'0000-00-00 00:00:00',0,'','0000-00-00','0000-00-00','0000-00-00'),(114,121,'Testing ','A100','43434-G','','','','','',0,458,'','','','','','','',48,0,0,30902,'2015-01-08',1,'',0,0,'2015-01-08 04:35:07',0,'0000-00-00 00:00:00',0,'','0000-00-00','0000-00-00','0000-00-00'),(115,131,'Supplier 01 Sdn Bhd','S00001','5455-H','No. 258, Jalan Samudra Utara 2','Taman Samudra Utara 2','','Batu Caves','68100',1931,458,'','','','','','','123456789012',72,100000,1,32103,'2014-01-15',1,'',0,0,'2015-01-20 07:10:17',0,'2015-01-20 07:35:03',0,'','0000-00-00','0000-00-00','0000-00-00'),(116,131,'Supplier 02 Sdn Bhd','S0002','9632-H','No. 743, Jalan P. Ramlee 67','Taman P.Ramlee','','Cheras','52210',1933,458,'','','','','','','123456987025',72,0,0,32104,'2014-01-22',1,'',0,0,'2015-01-20 07:12:51',0,'2015-01-20 07:14:47',0,'','0000-00-00','0000-00-00','0000-00-00'),(117,131,'Supplier 3 Sdn Bhd','S0003','8579-k','No-9731, Jalan Pinang Sebatang ','Pinang Sebatang','','Kulim','70042',1922,458,'','','','','','','',72,150000,1,32010,'2014-01-15',1,'',0,0,'2015-01-20 07:19:30',0,'0000-00-00 00:00:00',0,'','0000-00-00','0000-00-00','0000-00-00'),(118,132,'Supplier 01 Sdn Bhd','S0001','3434-G','No. 4334','Jalan Pinang','Pinang','Gong Badak','34343',1933,458,'','','','','','','123456789012',73,100000,0,32237,'2015-01-22',1,'',0,0,'2015-01-22 04:12:34',0,'0000-00-00 00:00:00',0,'','0000-00-00','0000-00-00','0000-00-00'),(119,132,'Supplier 02 Sdn Bhd','S003','3679-G','No. 988, Supplier 02','Jalan Melaka','Melaka','melaka','56566',1921,458,'','','','','','','852454586255',73,0,0,32238,'2015-01-22',1,'',0,0,'2015-01-22 04:13:29',0,'2015-01-22 09:31:21',0,'','0000-00-00','0000-00-00','0000-00-00'),(120,135,'Supplier 01 Sdn. Bhd.','S01','456789-D','No.77','Jalan Ikan Bilis','Plaza Shark','Skudai','85000',1921,458,'Mr. Perfect','','03-7211 3455','','03-7211 3456','','999988765432',74,0,0,32495,'2015-01-26',1,'perfect@yahoo.com',0,0,'2015-01-26 08:19:34',0,'2015-01-26 08:25:57',0,'','0000-00-00','0000-00-00','0000-00-00'),(121,133,'NIKE SALES (MALAYSIA) SDN BHD','NIKE1','123456-T','Lot No. 238 & 239 2nd Floor The Curve 6 ','Jalan PJU 7/3 Mutiara Damansara ','','Petaling Jaya','47800',1931,458,'','http://www.nike.com.my','03-7722 2459','','03-7722 2798','','123456789000',76,100000000,1,32635,'2015-01-27',1,'izaelyana.ishak@nike.com',0,0,'2015-01-27 02:35:21',0,'2015-01-29 03:20:55',0,'','0000-00-00','0000-00-00','0000-00-00'),(122,133,'adidas (Malaysia) Sdn Bhd','ADIDAS1','123456-Y','D-15-03, 15th Floor,','Menara Gamuda PJ Trade Centre No. 8,','Jalan PJU 8/8A Bandar Damansara Perdana, PJU 8 ','Petaling Jaya','47820',1931,458,'','http://www.adidas.com','03 7494 9500','','03 7494 1109','','123456789020',76,100000,1,32634,'2015-01-27',1,'supply@adidas.com',0,0,'2015-01-27 02:43:31',0,'2015-01-29 03:17:22',0,'','0000-00-00','0000-00-00','0000-00-00'),(123,133,'BATA MALAYSIA SDN BHD','BATA1','123456-U','B-17 Menara Bata 8 ','Jalan PJU 8/8A Bandar Damansara Perdana ','','Petaling Jaya','47820',1931,458,'','http://bata.com.my/','03-7493 3333','','','','123456789000',76,100000,1,32636,'2015-01-27',1,'supply@bata.com.my',0,0,'2015-01-27 02:48:23',0,'2015-01-29 03:22:07',0,'','0000-00-00','0000-00-00','0000-00-00'),(124,133,'Polo','POLO1','01938-P','Polo, Menara Polo 10101','Jalan Ampang','','Kuala Lumpur','81019',1933,458,'','','','','','','912898273123',77,100000,1,32402,'2015-01-28',1,'email@polo.com.my',0,0,'2015-01-28 03:01:10',0,'2015-01-28 03:01:50',1,'','0000-00-00','0000-00-00','0000-00-00'),(125,138,'Supplier 01 Sdn. Bhd.','S01','78654-R','','','','','',0,458,'','','','','','','876543678923',0,0,0,32630,'2015-01-28',1,'',0,0,'2015-01-28 08:13:10',0,'0000-00-00 00:00:00',0,'','0000-00-00','0000-00-00','0000-00-00'),(126,116,'sapoki','SDSDSAD1','123456','','','','','',0,458,'','','','','','','',0,0,0,30254,'2015-02-05',1,'',0,0,'2015-02-05 05:24:23',0,'2015-02-05 05:24:49',1,'','0000-00-00','0000-00-00','0000-00-00'),(127,138,'Perodua Sales Sdn. Bhd.','PSSB','12345-R','Level 1','Plaza Rainbow','','Skudai','85000',1921,458,'Mr. Perfect','','0372113455','0374933333','0374933333','','123212343212',83,0,0,32651,'2015-02-10',1,'perfect@yahoo.com',0,0,'2015-02-10 04:00:14',0,'2015-02-11 01:27:03',0,'','0000-00-00','0000-00-00','0000-00-00'),(128,133,'Perodua Sales Sdn. Bhd.','PSSB','98763-Y','NO.888','Lorong Dinasour','Diamond Square','Skudai','85000',1921,458,'Mr. Perfect','http://www.adidas.com','0372113455','0197768765','0374933333','','',77,0,0,32654,'2015-02-11',1,'perfect@yahoo.com',0,0,'2015-02-11 03:33:17',0,'2015-06-09 01:15:15',0,'0','0000-00-00','0000-00-00','0000-00-00'),(129,138,'Tan Chong Motor','T001','8833-K','','','','','',0,458,'','','','','','','123445654566',83,100000,1,32665,'2005-02-08',1,'',0,0,'2015-02-13 06:18:25',0,'0000-00-00 00:00:00',0,'','0000-00-00','0000-00-00','0000-00-00'),(130,135,'Perodua Sales Sdn. Bhd.','PSSB','66332-U','Perodua Automotive Centre','Sg. Choh','Locked Bag 226','Rawang','48009',1931,458,'Mr.Pro','','603-6092 8888','','603-6733 0515 ','','123456789632',74,0,0,32668,'2015-02-24',1,'Pro334@yahoo.com',0,0,'2015-02-24 02:14:22',0,'0000-00-00 00:00:00',0,'','0000-00-00','0000-00-00','0000-00-00'),(131,135,'Salihin IT Solution Sdn Bhd','SIS','929958-P','Unit 2A-1, Level 1,','Tower 2A, Plaza Sentral','Jalan Sentral 5, KL Sentral','Kuala Lumpur','50470',1933,458,'Miss Farhana','','603-2261 4180','','603-2261 4182','','234564321345',74,0,0,32671,'2015-03-04',1,'',0,0,'2015-03-04 06:35:17',0,'2015-03-04 06:37:47',0,'','0000-00-00','0000-00-00','0000-00-00'),(132,136,'1MDB ','S-S-01','011111-R','NO 19','jalan selasih 5','Taman Samudra','Gombak','68100',1931,458,'Daud','http://www.mel.com.my','+603-9999 6543','012 7849493','+603-9999 3456','-','123456789098',85,100000,1,32811,'2015-03-01',1,'daud@ss.com.my',0,0,'2015-03-13 09:24:48',0,'2015-12-03 03:48:52',0,'0','0000-00-00','0000-00-00','0000-00-00'),(133,136,'Trader Holdings Sdn Bhd','S-T-01','896899-L','533','Jalan Melaka','Taman Melaka Jaya','Melaka','76733',1924,458,'herman','http://www.herman.com.my','06 3354733','06 3354734','06 3354738','-','',86,90000,1,32812,'2015-01-02',1,'herman@trader.com.my',0,0,'2015-03-13 09:33:14',0,'2015-03-25 03:12:19',1,'','0000-00-00','0000-00-00','0000-00-00'),(134,116,'Abu','122','12345','no9999','','','SELANGOR','68000',1933,458,'','','','','','','123456789100',81,0,1,30254,'2015-03-20',1,'',0,0,'2015-03-20 03:22:41',0,'2015-03-20 03:22:57',1,'','0000-00-00','0000-00-00','0000-00-00'),(135,136,'WW Sdb Bhd','WW1','22222R2-','Unit 2A-1 Level 1 Tower 2A','Jalan Samudra Utara 1','lembah keramat','Gombak','88888',1933,458,'Ahmad','http://salihinpremier.com/','03-6185 9970','03-6185 9971','03-6185 9972','i','112233445566',85,100000,1,32715,'2015-03-25',1,'info@salihinpremier.com',0,0,'2015-03-25 03:11:49',0,'2015-03-25 03:12:13',1,'','0000-00-00','0000-00-00','0000-00-00'),(136,136,'TENGKU MAHKOTA JOHOR','1234','JOHOR','subang','','','petalling jaya','47810',1931,458,'ah cheng','','0123123111','1020100000','66555555','nothing','123456789012',84,10000,1,32715,'2015-03-25',1,'',0,0,'2015-03-25 03:11:59',0,'2015-12-03 03:55:43',0,'0','0000-00-00','0000-00-00','0000-00-00'),(137,136,'AMRAN FANS','12','AMRAN','no 37','','','kl','51200',1933,458,'chan','http://www.demega.com','03-62531313','','','i','123456789012',85,100000,0,32715,'2015-03-25',1,'chan@demega.com.my',0,0,'2015-03-25 03:12:07',0,'2015-12-03 04:00:37',0,'0','0000-00-00','0000-00-00','0000-00-00'),(138,136,'QUPUTEH KUPUTIH. ','IDSB','OH PUTEHNYE','22-1, ','','','setapak','53300',0,458,'en. shah','http://www.idsb.com.my','','','','','',0,0,0,32715,'2015-03-25',1,'shahm4u@gmail.com',0,0,'2015-03-25 03:12:30',0,'2015-12-03 04:44:26',1,'0','0000-00-00','0000-00-00','0000-00-00'),(139,136,'Chang Zheng Enterprises Sdn Bhd','IDSB.S.0','K109283','No 27 Jalan Melur 1, Kampung Seri Melur','','','Ampang','68000',1931,458,'Miss Ng Yen Yen','http://www.mirasabella.com','0132044290','0132044290','','Nil','123456789012',86,15000,1,32715,'2015-03-25',1,'shahm4u@gmail.com',0,0,'2015-03-25 03:12:30',0,'2015-12-03 04:38:58',1,'','0000-00-00','0000-00-00','0000-00-00'),(140,136,'CiliMaz','WW1','222256','555, Jalan Samudra','','','Gombak','68000',1931,458,'Ali','','0745544555','','','i','123456789987',85,100000,1,32715,'2015-03-25',1,'nurulnadiasatar92@gmail.com',0,0,'2015-03-25 03:12:44',0,'2015-12-03 04:39:03',1,'','0000-00-00','0000-00-00','0000-00-00'),(141,136,'ultiglobal electrical','1','123456-t','tmn bersatu','','','rawang','48000',1933,458,'','','','','','','',0,0,0,32715,'2015-03-25',1,'',0,0,'2015-03-25 03:15:04',0,'2015-12-03 04:39:13',1,'','0000-00-00','0000-00-00','0000-00-00'),(142,121,'Jepun ltd','J001','233XDSD','Street ','yokushima','','','23423',1617,392,'','','','','','','',48,0,0,30902,'2015-03-01',6,'',0,0,'2015-03-25 03:43:58',0,'0000-00-00 00:00:00',0,'','0000-00-00','0000-00-00','0000-00-00'),(143,121,'Toyota Motor Malaysia','T002','3444-G','No, 543','Jalan Bukit bintang','','Bukit Bintang','68444',1933,458,'EN. Micheal','http://www.example.com','+60361855444','','','','023456769012',48,500000,1,30902,'2015-01-01',1,'amin@supplier02.com',0,0,'2015-03-25 04:10:16',0,'2015-07-28 10:13:23',0,'000123456','2018-04-01','2020-03-31','0000-00-00'),(144,136,'Mineyama Construction Sdn Bhd','MINEYAMA','000001','Lot 1234, Jalan Cemerlang, Kawasan Perindustrian Sementa, Kapar','','','Klang','43000',1931,458,'Ahmad Al Madridi','http://www.mineyama.com.my','+603-28051706','+603-28051707','+603-28051708','','110526032808',86,100000,1,32715,'2015-03-25',1,'almadridid@mineyama.com.my',0,0,'2015-03-25 04:12:02',0,'2015-12-03 04:39:38',1,'','0000-00-00','0000-00-00','0000-00-00'),(145,136,'CUBA SATU','CS01','CUBA SATU','','','','','',0,458,'','','','','','','123456789012',84,0,0,32715,'2015-03-31',1,'',0,0,'2015-03-31 03:55:21',0,'2015-12-03 04:39:42',1,'','0000-00-00','0000-00-00','0000-00-00'),(146,136,'frozen','D01','m3000','','','','','',0,458,'','','','','','','123456789012',0,0,0,32715,'2015-03-31',1,'',0,0,'2015-03-31 03:59:30',0,'2015-12-03 04:39:45',1,'','0000-00-00','0000-00-00','0000-00-00'),(147,116,'Hanif Ngarisan Sdn bhd','911110','01920','75 Taman Tangkak Jaya,','84900 Tangkak,','','Tangkak','84900',1921,458,'','http://www.salihinpemier.com','069788018','069788018','0192022435','Thank you.','911110015121',81,1000000,1,30254,'2015-04-02',1,'iwaksepat@yahoo.com',0,0,'2015-04-02 07:24:51',0,'2015-04-02 07:25:27',1,'','0000-00-00','0000-00-00','0000-00-00'),(148,136,'Alam trading Sdn Bhd','Y78','545454-L','775','jalan utara 2','taman kl sentral','gombak','88999',1933,458,'ahmad','','','','','','123456543212',0,0,0,32957,'2015-04-14',1,'',0,0,'2015-04-14 03:35:33',0,'2015-12-03 04:40:05',1,'','0000-00-00','0000-00-00','0000-00-00'),(149,136,'royal canin','RC','11111111','','','','','',0,458,'','','','','','','000001111111',0,0,0,32715,'2015-04-14',1,'',0,0,'2015-04-14 03:53:17',0,'2015-12-03 04:40:11',1,'','0000-00-00','0000-00-00','0000-00-00'),(150,136,'SALIHIN','ADS','885267-S','','','','','',0,458,'','','','','','','000125773474',85,0,0,32959,'2015-04-14',1,'',0,0,'2015-04-14 03:57:07',0,'2015-12-03 04:40:18',1,'','0000-00-00','0000-00-00','0000-00-00'),(151,136,'PUTEHNYEEE KUPUTEH','PD-01','KUPUTEH','555','Jalan Samudra Utara 1','Taman Samudra','Batu Caves','68100',1931,458,'Ahmad','http://www.example.com','03 2323 2323','03 2323 2324','-','','109098765456',85,0,0,32966,'2015-04-23',1,'ahmad@salihin.com.my',0,0,'2015-04-23 03:17:04',0,'2015-12-03 04:45:40',0,'0','0000-00-00','0000-00-00','0000-00-00'),(152,136,'semua sudah tercipta','DEDADW','1234567890','asghjk','asdfg','asdfgh','qwert','12344',1923,458,'puan sadoah','','','','','','123456789012',0,0,0,32715,'2015-04-23',1,'',0,0,'2015-04-23 03:17:18',0,'0000-00-00 00:00:00',0,'','0000-00-00','0000-00-00','0000-00-00'),(153,136,'ANEKA BISTARI','PO-01','273011R','12-1 JLN PP1B','TMN EQUINE','','SERI KEMBANGAN','43300',1931,458,'EN YAZID','','','','','','000725282662',86,0,0,32812,'2015-04-23',1,'',0,0,'2015-04-23 03:18:09',0,'0000-00-00 00:00:00',0,'','0000-00-00','0000-00-00','0000-00-00'),(154,136,'GUDANG CENGKIH','SNP-01','12345','250','TAMAN PERTAMA','','CHERAS','56000',1933,458,'AMINAH','','','','','','123456789000',84,0,0,32715,'2015-04-23',1,'',0,0,'2015-04-23 03:18:57',0,'0000-00-00 00:00:00',0,'','0000-00-00','0000-00-00','0000-00-00'),(155,121,'Fusun Tasty Sdn Bhd','F0001','651619-K','No, 543','Jalan Bukit bintang','','Bukit Bintang','68444',1933,458,'','','','','','','001097728000',48,0,0,30902,'2015-04-28',1,'',0,0,'2015-04-28 08:43:48',0,'2015-09-02 09:23:09',0,'0','0000-00-00','0000-00-00','0000-00-00'),(156,136,'wertyuioiuytre','123456','1246789','','','','','',0,458,'','','','','','','123456789012',0,0,0,32715,'2015-05-05',1,'',0,0,'2015-05-05 03:58:43',0,'0000-00-00 00:00:00',0,'','0000-00-00','0000-00-00','0000-00-00'),(157,136,'KIKO ENTERPRIE','SP KIKO','125634','12','','','31255','',0,458,'','','','','','','123456789123',84,0,0,32715,'2015-05-05',1,'',0,0,'2015-05-05 03:59:29',0,'0000-00-00 00:00:00',0,'','0000-00-00','0000-00-00','0000-00-00'),(158,136,'ABC SDN BHD','00','763686-T','PPP','','','SHAH ALAM','40000',1931,458,'XYZ','','0355443080','0355443080','','','123456789012',0,0,0,32715,'2015-05-05',1,'kasulinsb@yahoo.com',0,0,'2015-05-05 03:59:43',0,'0000-00-00 00:00:00',0,'','0000-00-00','0000-00-00','0000-00-00'),(159,136,'abc sdn bhd','3000-A01','1235456','xxxx','xxxx','','xxxx','',0,458,'','','','','','','',85,5000,1,32811,'2015-05-07',1,'',0,0,'2015-05-07 03:35:59',0,'0000-00-00 00:00:00',0,'','0000-00-00','0000-00-00','0000-00-00'),(160,136,'AZMI ENT AND CONTROL','AP0001AZ','123456-A','','','','','',0,458,'','','','','','','000111114555',0,30,0,32715,'2015-05-07',1,'',0,0,'2015-05-07 03:48:19',0,'0000-00-00 00:00:00',0,'','0000-00-00','0000-00-00','0000-00-00'),(161,136,'FUSUN SDN BHD','FUSUN','7676-F','NO 6 JLN PANGLIMA','PANGLIMA','','GOMBAK','56666',1933,458,'','','','','','','343445677888',85,0,0,32974,'2015-05-07',1,'',0,0,'2015-05-07 03:58:08',0,'0000-00-00 00:00:00',0,'','0000-00-00','0000-00-00','0000-00-00'),(162,136,'RAZA DISTRIBUTORS SDN BHD','QQQQ-QQQ','123456-A','KEPONG','JLN KEPONG','','KEPONG','56440',1933,458,'','','','','','','012345678901',92,0,0,32977,'2015-05-07',1,'',0,0,'2015-05-07 04:06:11',0,'2015-05-07 04:09:43',0,'','0000-00-00','0000-00-00','0000-00-00'),(163,136,'SL NG SDN. BHD.','SL ','3000-R','N0 3, LORONG 3,','PERINDUSTRIAN MENTAKAB','','TEMERLOH','28100',1926,458,'MR. MAZLI','','09-3003600','09-3003601','09-3003602','SL NG SDN BHD','123456789012',85,30000,1,32715,'2015-05-07',1,'MAZLI@YAHOO.COM',0,0,'2015-05-07 04:08:04',0,'0000-00-00 00:00:00',0,'','0000-00-00','0000-00-00','0000-00-00'),(164,136,'THONG THYE SIANG','12345','67767-H','NO3 ','jalan genting klang','','setapak','53100',0,458,'MR.SIM','','','','','','123456789123',0,0,0,32715,'2015-05-07',1,'',0,0,'2015-05-07 04:09:21',0,'0000-00-00 00:00:00',0,'','0000-00-00','0000-00-00','0000-00-00'),(165,136,'COCA-COLA REFRESHMENT MALAYSIA SDN BHD','COCA-COL','0009876-W','LOT 14856 JALAN BANDAR 4','TAMAN MELAWATI','','KUALA LUMPUR','53100',1933,458,'LEE TAN CHONG','http://www.coke.com.my','03-41085416','','03-41085416','','123456789012',85,5000,1,32976,'2015-05-07',1,'',0,0,'2015-05-07 04:13:31',0,'0000-00-00 00:00:00',0,'','0000-00-00','0000-00-00','0000-00-00'),(166,136,'SYARIKAT BAHAGIA SDN BHD','SBSB','456788','','','','','',0,458,'','','','','','','',0,0,0,32715,'2015-05-14',1,'',0,0,'2015-05-14 07:16:10',0,'0000-00-00 00:00:00',0,'','0000-00-00','0000-00-00','0000-00-00'),(167,136,'rs component','RSC','2345678','','','','','',0,458,'','','','','','','123456789101',0,0,0,32715,'2015-05-14',1,'',0,0,'2015-05-14 07:16:25',0,'0000-00-00 00:00:00',0,'','0000-00-00','0000-00-00','0000-00-00'),(168,136,'JALINAN SUCROM','0123','669974K','C-23-1','JALAN 1','MEDAN SELAYANG','BATU CAVES','68100',1931,458,'','','','','','','786543198723',85,0,0,32715,'2015-05-14',1,'',0,0,'2015-05-14 07:16:38',0,'0000-00-00 00:00:00',0,'','0000-00-00','0000-00-00','0000-00-00'),(169,136,'fast track','FT','fhhttrrg','','','','','',0,458,'','','','','','','123456789000',85,0,0,32715,'2015-05-14',1,'',0,0,'2015-05-14 07:16:39',0,'0000-00-00 00:00:00',0,'','0000-00-00','0000-00-00','0000-00-00'),(170,136,'UEM BERHAD','FP01','7007007QSX','159, Jalan Utara','Selayang','','Kuala Lumppur','52000',1934,458,'','','','','','','',0,0,0,32715,'2015-05-14',1,'',0,0,'2015-05-14 07:19:31',0,'0000-00-00 00:00:00',0,'','0000-00-00','0000-00-00','0000-00-00'),(171,136,'TECH-MAL FROZEN FOODS','12','12345','kelana Jaya','','','','',0,458,'','','','','','','098765432109',0,0,0,33116,'2015-05-14',1,'',0,0,'2015-05-14 07:22:53',0,'0000-00-00 00:00:00',0,'','0000-00-00','0000-00-00','0000-00-00'),(172,136,'asd','ABD','12312','','','','','',0,458,'','','','','','','123456789009',0,0,0,32715,'2015-05-14',1,'',0,0,'2015-05-14 08:26:35',0,'0000-00-00 00:00:00',0,'','0000-00-00','0000-00-00','0000-00-00'),(173,136,'GREEN CONCERNS SDN BHD','G001','00235','SUNGAI BULOH','','','SG BULOH','45000',1931,458,'','','','','','','123456789012',85,0,0,32715,'2015-05-21',1,'',0,0,'2015-05-21 06:21:19',0,'0000-00-00 00:00:00',0,'','0000-00-00','0000-00-00','0000-00-00'),(174,136,'Kain ABC','S001','123-A','No 1 Plaza Sentral','','','KUALA LUMPUR','50470',1933,458,'','','03 2222 3333','03 2222 3334','03 2222 3335','','000123456789',0,0,0,32715,'2015-05-21',1,'nana@kainabc.com',0,0,'2015-05-21 06:21:19',0,'0000-00-00 00:00:00',0,'','0000-00-00','0000-00-00','0000-00-00'),(175,136,'CONWAY TERMINALS MANUFACTURER','7890H','66777','NO 40 TAMAN PELANGI','','','SG BULOH','40700',1931,458,'','','','','','','123456789013',85,0,0,32715,'2015-05-21',1,'',0,0,'2015-05-21 06:21:25',0,'0000-00-00 00:00:00',0,'','0000-00-00','0000-00-00','0000-00-00'),(176,136,'FIZA','1234','TIDY1','NO.25 JALAN SAMBANTHAN','','','KUALA LUMPUR','45000',1931,458,'','','0360633809','0360643806','036064590','','012613542999',0,0,0,32715,'2015-05-21',1,'nurhaffizah95@yahoo.com',0,0,'2015-05-21 06:21:39',0,'0000-00-00 00:00:00',0,'','0000-00-00','0000-00-00','0000-00-00'),(177,136,'SHANTY','12345','45987','NO 4 JLN AMPNG INDAH 44000 KUALA KUBU BHARU','','','KUALA KUBU BHARU','44000',1931,458,'','','0360643344','0360645567','0360645567','','123456789123',85,0,0,32715,'2015-05-21',1,'shababy_723@yahoo.com',0,0,'2015-05-21 06:21:57',0,'0000-00-00 00:00:00',0,'','0000-00-00','0000-00-00','0000-00-00'),(178,136,'shanty ','12345','23456','NO 4 JLN AMPNG INDAH 44000 KUALA KUBU BHARU','','','KUALA KUBU BHARU','44000',1931,458,'','','60645567','60645568','60645576','','345676543457',85,0,0,32715,'2015-05-21',1,'shababy_723@yahoo.com',0,0,'2015-05-21 06:24:08',0,'0000-00-00 00:00:00',0,'','0000-00-00','0000-00-00','0000-00-00'),(179,147,'Supplier Local Sdn Bhd','S01','3444-G','No','Jalan Bukit bintang','','Bukit Bintang','68444',1933,458,'En.Rahim','','','','','','000322344332',93,0,0,33127,'2015-05-25',1,'',0,0,'2015-05-25 01:47:29',0,'2015-08-04 06:00:58',0,'0','0000-00-00','0000-00-00','0000-00-00'),(180,147,'Supplier Oversea Ltd.','S02','343443','no.556','Jalan Berserah','','Singapore','33333',0,702,'','','','','','','001097728000',93,0,0,33128,'2015-05-25',1,'',0,0,'2015-05-25 01:49:06',0,'2015-07-23 03:08:05',0,'45645645','0000-00-00','0000-00-00','0000-00-00'),(181,147,'Supplier NR Sdn Bhd','S003','67789-G','','','','','',0,458,'','','','','','','',93,0,0,33129,'2015-06-01',1,'',0,0,'2015-06-01 02:45:42',0,'2015-07-28 10:08:08',0,'544345','2015-08-01','2017-07-31','0000-00-00'),(182,136,'klang li & co','09','10101010','klang lama','','','21200','',0,458,'','','','','','','123456789011',0,0,0,32715,'2015-06-11',1,'',0,0,'2015-06-11 02:45:10',0,'0000-00-00 00:00:00',0,'0','0000-00-00','0000-00-00','0000-00-00'),(183,136,'techniconstruct','TECHIN01','1330168-M','SESE','ESESE','ESE','ESESES','54321',0,458,'','','','','','','',0,0,0,33146,'2015-06-25',1,'',0,0,'2015-06-25 07:51:53',0,'0000-00-00 00:00:00',0,'0','0000-00-00','0000-00-00','0000-00-00'),(184,136,'YINTEK SDN BHD','00002','AC 1089','','','','','',0,458,'','','','','','','123456789012',0,0,0,32715,'2015-06-30',1,'',0,0,'2015-06-30 05:56:34',0,'0000-00-00 00:00:00',0,'0','0000-00-00','0000-00-00','0000-00-00'),(185,136,'SPRITZER MALAYSIA','SP01','12345678-S','','','','','',0,458,'','','','','','','',0,0,0,33161,'2015-07-30',1,'',0,0,'2015-07-30 04:12:21',0,'0000-00-00 00:00:00',0,'0','0000-00-00','0000-00-00','0000-00-00'),(186,136,'Secret Shop','SC01','123456-7','','','','','',0,458,'','','','','','','',0,0,0,33160,'2015-07-30',1,'',0,0,'2015-07-30 04:12:55',0,'0000-00-00 00:00:00',0,'0','0000-00-00','0000-00-00','0000-00-00'),(187,136,'SAPI SDB BHD','SAP1','1234567-P','','','','','',0,458,'','','','','','','',85,0,0,33163,'2015-07-30',1,'',0,0,'2015-07-30 04:13:10',0,'0000-00-00 00:00:00',0,'0','0000-00-00','0000-00-00','0000-00-00'),(188,136,'SASA','22222222','888888888','','','','','',0,458,'','','','','','','',85,0,0,33164,'2015-07-30',1,'',0,0,'2015-07-30 04:13:15',0,'0000-00-00 00:00:00',0,'0','0000-00-00','0000-00-00','0000-00-00'),(189,136,'BESTMAS FURNITURE','B0001','1234567-x','','','','','',0,458,'','','','','','','',85,0,0,33162,'2015-07-30',1,'',0,0,'2015-07-30 04:13:39',0,'0000-00-00 00:00:00',0,'0','0000-00-00','0000-00-00','0000-00-00'),(190,136,'ABC Trading','82364','12345-T','sungai buloh','','','','',0,458,'','','','','','','123456789000',85,0,0,33165,'2015-07-30',1,'',0,0,'2015-07-30 04:14:04',0,'0000-00-00 00:00:00',0,'0','0000-00-00','0000-00-00','0000-00-00'),(191,136,'Konilin','KON01','171819B','','','','','',0,458,'','','','','','','',0,0,0,32715,'2015-07-30',1,'',0,0,'2015-07-30 04:15:24',0,'0000-00-00 00:00:00',0,'0','0000-00-00','0000-00-00','0000-00-00'),(192,136,'SPM Hardware Sdn Bhd','SPM01','791918A','','','','','',0,458,'','','','','','','',85,0,0,33167,'2015-07-30',1,'',0,0,'2015-07-30 04:27:35',0,'2015-08-26 06:09:50',1,'0','0000-00-00','0000-00-00','0000-00-00'),(193,136,'SPS Training Sdn Bhd','0001','12345-W','Tower 2A-1, Level 1,',' Tower 2A Plaza Sentral, Jalan 5 ','KL Sentral','','50470',1933,458,'Ahmad','','03-1234567','','03-2345678','','123456789012',84,0,0,32715,'2015-08-26',1,'accounts@salihin.com.my',0,0,'2015-08-26 04:51:20',0,'2015-12-03 03:44:04',1,'0','0000-00-00','0000-00-00','0000-00-00'),(194,148,'PERABOT BERSATU SDN BHD','AP234','12394-W','KM 80, JALAN BESAR GADUT','SUNGAI GADUT','','SEREMBAN','34600',1925,458,'RAMLI ABAS','','+606-6945 1286','+6017-645 8862','+06-6945 1287','','000123869586',96,0,0,33205,'2015-07-01',1,'ramli@bersatu.com.my',0,0,'2015-09-01 09:04:09',0,'2015-09-01 09:11:41',0,'0','0000-00-00','0000-00-00','0000-00-00'),(195,136,'fahin','ABC','123456','','','','','',0,458,'','','','','','','123456789012',0,0,0,32715,'2015-09-03',1,'',0,0,'2015-09-03 02:57:36',0,'2015-12-03 03:43:59',1,'0','0000-00-00','0000-00-00','0000-00-00'),(196,149,'MILLENIUM COLLECTIONS','M01','112122 A','gombak','','','','',1931,458,'','','','','','','',0,0,0,33336,'2014-01-01',1,'',0,0,'2015-09-07 03:08:17',0,'2015-09-07 09:27:26',0,'0','0000-00-00','0000-00-00','0000-00-00'),(197,149,'MISBAH SDN BHD','M02','133322 A','','','','','',0,458,'','','','','','','002119110656',0,0,0,33336,'2015-09-07',1,'',0,0,'2015-09-07 03:13:32',0,'0000-00-00 00:00:00',0,'0','0000-00-00','0000-00-00','0000-00-00'),(198,136,'KUMA MERAH SDN BHD','KUMA','9999999-P','555, JALAN TENNIS','SEKSYEN 15 SHAH ALAM','','SHAH ALAM','44110',1931,458,'MR LEE','','03-22233224','','03-22233222','','001132324567',85,0,0,32715,'2015-09-10',1,'kumamerah@gmail.com',0,0,'2015-09-10 03:27:22',0,'2015-12-03 03:43:56',1,'0','0000-00-00','0000-00-00','0000-00-00'),(199,149,'IMSHAF TRADING','I01','221122 - T','IPOH','','','IPOH','30594',1927,458,'','','','','','','000012332233',0,0,0,33336,'2015-09-21',1,'',0,0,'2015-09-21 03:51:15',0,'2015-09-21 04:12:57',0,'0','0000-00-00','0000-00-00','0000-00-00'),(200,149,'AL IKHSAN','A01','99389 T ','KEPONG','','','KUALA LUMPUR','52000',1933,458,'','','','','','','099090875532',0,0,0,33336,'2015-09-21',1,'',0,0,'2015-09-21 06:36:59',0,'0000-00-00 00:00:00',0,'0','0000-00-00','0000-00-00','0000-00-00'),(201,149,'ADIDAS (M) SDN BHD','A02','23232 T','','','','PETALING JAYA','55479',1931,458,'','','','','','','000221234432',0,0,0,33336,'2015-10-08',1,'',0,0,'2015-10-08 02:03:51',0,'0000-00-00 00:00:00',0,'0','0000-00-00','0000-00-00','0000-00-00'),(202,147,'Historical Supplier','S0005','82750-G','No, 545','Jalan Ampang','','Ampang','59987',1931,458,'','','','','','','334555839444',93,0,0,33022,'2015-10-22',1,'',0,0,'2015-10-22 03:00:59',0,'0000-00-00 00:00:00',0,'0','0000-00-00','0000-00-00','0000-00-00'),(203,149,'HISTORICAL SUPPLIER','1234','99999999-e','','','','','',0,458,'','','','','','','000786978734',0,0,0,33336,'2015-10-22',1,'',0,0,'2015-10-22 07:32:03',0,'0000-00-00 00:00:00',0,'0','0000-00-00','0000-00-00','0000-00-00'),(204,149,'Ramli Sdn Bhd','R10','89898989-t','','','','','',0,458,'','','','','','','009898989800',97,0,0,33445,'2015-11-05',1,'',0,0,'2015-11-05 04:12:00',0,'0000-00-00 00:00:00',0,'0','0000-00-00','0000-00-00','0000-00-00'),(205,149,'Supplier Aizat','S004','4987-G','','','','','',0,458,'','','','','','','123456789012',97,0,0,33453,'2015-11-19',1,'',0,0,'2015-11-19 05:11:44',0,'0000-00-00 00:00:00',0,'0','0000-00-00','0000-00-00','0000-00-00'),(206,149,'ALAMAKAUKIAI','SUP0012','100092-W','','','','','',0,458,'','','','','','','123456789012',97,0,0,33336,'2015-11-21',1,'',0,0,'2015-11-21 07:58:46',0,'0000-00-00 00:00:00',0,'0','0000-00-00','0000-00-00','0000-00-00'),(207,149,'Testing Izuwan','999R','999r3','','','','','',0,458,'','','','','','','000797345978',0,0,0,33463,'2015-11-23',1,'',0,0,'2015-11-23 02:03:13',0,'0000-00-00 00:00:00',0,'0','0000-00-00','0000-00-00','0000-00-00'),(208,149,'IZUWAN TESTING LAGI','788P','78845P','','','','','',0,458,'','','','','','','000789567890',0,0,0,33464,'2015-11-23',1,'',0,0,'2015-11-23 04:38:35',0,'0000-00-00 00:00:00',0,'0','0000-00-00','0000-00-00','0000-00-00'),(209,149,'TESTING LAGI LAGI','83','89999r','','','','','',0,458,'','','','','','','008979870837',0,0,0,33336,'2015-11-24',1,'',0,0,'2015-11-24 04:20:55',0,'0000-00-00 00:00:00',0,'0','0000-00-00','0000-00-00','0000-00-00'),(210,149,'Aging Testing','34','5776y','','','','','',0,458,'','','','','','','000897878989',0,0,0,33336,'2015-11-24',1,'',0,0,'2015-11-24 05:10:46',0,'0000-00-00 00:00:00',0,'0','0000-00-00','0000-00-00','0000-00-00'),(211,149,'Cuba Lagi ','545','65757t','','','','','',0,458,'','','','','','','958693745865',0,0,0,33336,'2015-11-24',1,'',0,0,'2015-11-24 07:16:22',0,'0000-00-00 00:00:00',0,'0','0000-00-00','0000-00-00','0000-00-00'),(212,149,'Cuba Aging Lagi','55','89746y','','','','','',0,458,'','','','','','','000989712345',0,0,0,33336,'2015-11-25',1,'',0,0,'2015-11-25 01:18:17',0,'0000-00-00 00:00:00',0,'0','0000-00-00','0000-00-00','0000-00-00'),(213,149,'testing kali ke berapa dah ni','67','67565676j','','','','','',0,458,'','','','','','','008976478678',0,0,0,33336,'2015-11-25',1,'',0,0,'2015-11-25 07:18:29',0,'0000-00-00 00:00:00',0,'0','0000-00-00','0000-00-00','0000-00-00'),(214,136,'test boy kejap','SUPP01','123456','','','','','',0,458,'','','','','','','',0,0,0,32715,'2015-12-03',1,'',0,0,'2015-12-03 03:36:12',0,'2015-12-03 03:43:52',1,'0','0000-00-00','0000-00-00','0000-00-00'),(215,136,'NIMI SDN. BHD.','2628','237654-X','','','','','',0,458,'','','','','','','',0,0,0,32715,'2015-12-03',1,'nimi891@gmail.com',0,0,'2015-12-03 03:37:47',0,'2015-12-03 03:43:48',1,'0','0000-00-00','0000-00-00','0000-00-00'),(216,136,'Muhaimin','123123','12435435','','','','','',0,458,'','','','','','','001232112312',94,1000000,0,32715,'2015-12-03',1,'',0,0,'2015-12-03 03:39:38',0,'2015-12-03 03:43:44',1,'0','0000-00-00','0000-00-00','0000-00-00'),(217,136,'testing','12334T','9098834t','','','','','',0,0,'','','','','','','001234567864',0,0,0,33469,'1970-01-01',0,'',0,0,'2015-12-03 03:39:41',0,'2015-12-03 03:42:21',1,'0','0000-00-00','0000-00-00','0000-00-00'),(218,160,'AIZALLUDIN SDN BHD','SUPP01','01221-P','No. 48, Lorong Kerayong 5A','Taman Seri Kerayong','Klang','Klang','42200',1931,458,'','','0129020146','0199020146','','','012345678998',0,0,0,34505,'2015-12-10',1,'hijrahrahmat@gmail.com',0,0,'2015-12-10 03:40:54',0,'2015-12-10 03:43:48',0,'0','0000-00-00','0000-00-00','0000-00-00'),(219,165,'SENTOSA ENTERPRISE','S0001','1234567H','','','','','',0,458,'','','','','','','123456789120',103,10000,1,34503,'2015-12-10',1,'',0,0,'2015-12-10 03:41:17',0,'2015-12-10 03:44:30',0,'0','0000-00-00','0000-00-00','0000-00-00'),(220,158,'SUpariman S/B','S001','S002-2','KL Plaza','','','KL','',1933,458,'','','','','','','123456789012',104,30,1,34504,'2015-12-10',1,'',0,0,'2015-12-10 03:44:03',0,'2015-12-10 03:47:19',0,'0','0000-00-00','0000-00-00','0000-00-00'),(221,167,'Supplier B Sdn Bhd','S001','3233-G','No, 543','Jalan Samudra Utara 2','Gombak','Gombak','45555',1931,458,'','','+60361855444','61855444','','','345677656789',101,0,0,34634,'2015-12-10',1,'amin@supplier02.com',0,0,'2015-12-10 03:46:54',0,'0000-00-00 00:00:00',0,'0','0000-00-00','0000-00-00','0000-00-00'),(222,161,'Fal-Ikhsan Sdn Bhd','S001','1123-F','KL Fest','Danau Kota','','','',0,458,'','','','','','','123456789102',102,0,0,34499,'2015-12-10',1,'',0,0,'2015-12-10 03:46:55',0,'0000-00-00 00:00:00',0,'0','0000-00-00','0000-00-00','0000-00-00'),(223,163,'Supplier 1234 KL','001','3547-45','No 444 Jalan Golf Damai 1','Taman Damai  Sejahtera','','Ampang','65558',1933,458,'En. Norman','','0367899088','0398879666','0398889666','','001857028096',0,0,0,34542,'2015-12-10',1,'norman@yahoo.com',0,0,'2015-12-10 03:47:16',0,'0000-00-00 00:00:00',0,'0','0000-00-00','0000-00-00','0000-00-00'),(224,157,'SUPPLIER A','S01','12345','Bangi Sentral','','','','',0,458,'','','','','','','123456789012',107,0,0,34500,'2015-12-10',1,'',0,0,'2015-12-10 03:47:18',0,'2015-12-10 04:04:03',0,'0','0000-00-00','0000-00-00','0000-00-00'),(225,167,'Supplier A Sdn Bhd','S0002','5466-V','No, 543','Jalan Bukit bintang','','Bukit Bintang','68444',1933,458,'','','','','','','344567656788',101,0,0,34498,'2015-12-10',1,'',0,0,'2015-12-10 03:47:55',0,'0000-00-00 00:00:00',0,'0','0000-00-00','0000-00-00','0000-00-00'),(226,156,'Jom Sdn Bhd','S001','3333-M','Jalan SP 1/2','','','Batu Caves','53100',1931,458,'','','','','','','444444444444',0,0,0,34142,'2015-12-10',1,'',0,0,'2015-12-10 03:49:13',0,'0000-00-00 00:00:00',0,'0','0000-00-00','0000-00-00','0000-00-00'),(227,158,'Coffe S/B','S004','S004-01','','','','','',0,458,'','','45678909876','','','Supplier','234567890112',104,30,1,34015,'2015-12-10',1,'',0,0,'2015-12-10 03:49:22',0,'0000-00-00 00:00:00',0,'0','0000-00-00','0000-00-00','0000-00-00'),(228,163,'Norman Limited','6798-78','616299','Norman Limited','No. 56 Wisma Norman Limited','Jalan Wangsa Maju 3','Wangsa Maju','54990',1933,458,'Puan Nirmala','','03456809878','03589877744','','','679899009780',0,0,0,34542,'2015-12-10',1,'nirmala@yahoo.com',0,0,'2015-12-10 03:49:33',0,'0000-00-00 00:00:00',0,'0','0000-00-00','0000-00-00','0000-00-00'),(229,156,'Dot Sdn Bhd','S0011','3222-M','Batu 4','','','Gombak','53100',1931,458,'','','','','','','999999999999',0,0,0,34142,'2015-12-10',1,'',0,0,'2015-12-10 03:50:14',0,'0000-00-00 00:00:00',0,'0','0000-00-00','0000-00-00','0000-00-00'),(230,161,'Euro Sports Sdn Bhd','S002','1123-E','Gombak','','','','',0,458,'','','','','','','123456789103',102,0,0,34636,'2015-12-10',1,'',0,0,'2015-12-10 03:52:45',0,'0000-00-00 00:00:00',0,'0','0000-00-00','0000-00-00','0000-00-00'),(231,159,'AhmadMaslanAljibbiz','987','22056','','','','','',0,458,'','','','','','','798522589741',0,0,0,34637,'2015-12-10',1,'',0,0,'2015-12-10 03:53:20',0,'0000-00-00 00:00:00',0,'0','0000-00-00','0000-00-00','0000-00-00'),(232,157,'SUPPLIER B','S002','12345','','','','','',0,458,'','','','','','','123456789012',107,0,0,34635,'2015-12-10',1,'',0,0,'2015-12-10 03:55:21',0,'2015-12-10 04:04:41',0,'0','0000-00-00','0000-00-00','0000-00-00'),(233,163,'Great Day Berhad','78666','Y8O0877','No. 2 Jalan Utara Selatan 10','Taman Utara Selatan','','Bandar Tasik Selatan','67770',1921,458,'En. Justin','','6045558889','6033655676','','','734729347923',110,0,0,34541,'2015-12-10',1,'justin@greatday.com.my',0,0,'2015-12-10 04:35:02',0,'0000-00-00 00:00:00',0,'0','0000-00-00','0000-00-00','0000-00-00'),(234,149,'sekolah','WQWQW','sekolah','','','','','',0,458,'','','','','','','',0,0,0,33336,'2015-12-16',1,'',0,0,'2015-12-16 01:54:36',0,'2015-12-21 05:05:25',1,'0','0000-00-00','0000-00-00','0000-00-00'),(235,149,'AL-IWAJIZI SDN BHD','SUPP001','123456-T','No. 48, Lorong Kerayong 5A','Taman Seri Kerayong','Klang','Klang','42200',1931,458,'','','0129020146','0129020146','','','000198733356',97,0,0,34779,'2015-12-21',1,'hijrahrahmat@gmail.com',0,0,'2015-12-21 05:17:22',0,'0000-00-00 00:00:00',0,'0','0000-00-00','0000-00-00','0000-00-00'),(236,149,'FR Collections','F01','42323T','','','','','',0,458,'','','','','','','000012345676',97,0,0,34781,'2016-01-20',1,'',0,0,'2016-01-20 06:22:42',0,'0000-00-00 00:00:00',0,'0','0000-00-00','0000-00-00','0000-00-00'),(237,85,'smtcbiz.com','SMTCBIZ','12345','','','','','',0,458,'','','','','','','',0,0,0,34686,'2016-01-27',1,'',0,0,'2016-01-27 03:26:44',0,'2016-01-27 03:37:03',0,'0','0000-00-00','0000-00-00','2016-01-27');
DELIMITER ;;
/*!50003 CREATE*/ /*!50017 DEFINER=`root`@`localhost`*/ /*!50003 TRIGGER `trigger_default_created_date` BEFORE INSERT ON `supplier` FOR EACH ROW if ( isnull(new.createddate) ) then
 set new.createddate=curdate();
end if */;;
DELIMITER ;

--
