--
-- Host: localhost    Database: salihin_user
-- ------------------------------------------------------


--
-- Table structure for table `branch_main`
--

CREATE TABLE `branch_main` (
  `ID` int(11) NOT NULL AUTO_INCREMENT,
  `entityID` int(11) NOT NULL,
  `type` varchar(10) DEFAULT 'BRANCH',
  `name` varchar(255) DEFAULT NULL,
  `line1` varchar(255) DEFAULT NULL,
  `line2` varchar(255) DEFAULT NULL,
  `line3` varchar(255) DEFAULT NULL,
  `line4` varchar(255) DEFAULT NULL,
  `latitude` varchar(20) DEFAULT NULL,
  `longitude` varchar(20) DEFAULT NULL,
  `phone` varchar(255) DEFAULT NULL,
  `fax` varchar(255) DEFAULT NULL,
  `email` varchar(255) DEFAULT NULL,
  `status` varchar(20) DEFAULT 'ACTIVE',
  `publishDT` datetime DEFAULT NULL,
  `publishBy` int(11) DEFAULT NULL,
  `deletedDT` datetime DEFAULT NULL,
  `deletedBy` int(11) DEFAULT NULL,
  `createdDT` datetime DEFAULT NULL,
  `updatedDT` datetime DEFAULT NULL,
  `createdBy` int(11) DEFAULT NULL,
  `updatedBy` int(11) DEFAULT NULL,
  PRIMARY KEY (`ID`),
  KEY `type` (`type`),
  KEY `name` (`name`),
  KEY `status` (`status`)
) ENGINE=InnoDB AUTO_INCREMENT=5 DEFAULT CHARSET=latin1;

--
-- Dumping data for table `branch_main`
--

INSERT INTO `branch_main` VALUES (1,1,'HQ','Corporate Center','555, Jalan Samudra Utara 1,','Taman Samudra,','68100 Batu Caves,','Selangor Darul Ehsan.','3.2356587','101.6985819','603-6185 9970','603-6184 2524','info@salihin.com.my','ACTIVE',NULL,NULL,NULL,NULL,NULL,'2017-01-24 09:45:13',NULL,1),(2,1,'BRANCH','Johor ','No. 17-02, Jalan Kolam Air 1, ','Taman Nong Chik Heights, ','80100 Johor Bahru, ','Johor Darul Takzim. ',NULL,NULL,'607-207 1728','607-207 1729','info@salihin.com.my','ACTIVE',NULL,NULL,NULL,NULL,NULL,NULL,NULL,NULL),(3,1,'BRANCH','Terengganu','School of Maritime Business & Management','Universiti Malaysia Terengganu (UMT), ','Kuala Terengganu,','Terengganu Darul Iman.',NULL,NULL,'609-668 3674','609-668 3498','info@salihin.com.my','ACTIVE',NULL,NULL,NULL,NULL,NULL,NULL,NULL,NULL),(4,1,'BRANCH','Sarawak ',' Lot 506,1st Floor Section 1,','KTLD Jalan Kulas Tengah,','93400 Kuching,','Sarawak.',NULL,NULL,'6082-240 378','6082-240 359','salihinkuching@salihin.com.my','ACTIVE',NULL,NULL,NULL,NULL,NULL,NULL,NULL,NULL);

--
-- Table structure for table `business_entity`
--

CREATE TABLE `business_entity` (
  `ID` int(11) NOT NULL AUTO_INCREMENT,
  `name` varchar(128) NOT NULL,
  `desc` text NOT NULL,
  `peopleID` int(11) NOT NULL,
  `groupID` int(11) NOT NULL,
  `status` varchar(20) DEFAULT 'DRAFT',
  `publishDT` datetime DEFAULT NULL,
  `publishBy` int(11) DEFAULT NULL,
  `deletedDT` datetime DEFAULT NULL,
  `deletedBy` int(11) DEFAULT NULL,
  `createdDT` datetime DEFAULT NULL,
  `createdBy` int(11) NOT NULL,
  `updatedDT` timestamp NULL DEFAULT CURRENT_TIMESTAMP,
  `updatedBy` int(11) NOT NULL,
  PRIMARY KEY (`ID`),
  KEY `name` (`name`),
  KEY `peopleID` (`peopleID`),
  KEY `groupID` (`groupID`),
  KEY `status` (`status`)
) ENGINE=InnoDB AUTO_INCREMENT=14 DEFAULT CHARSET=latin1;

--
-- Dumping data for table `business_entity`
--

INSERT INTO `business_entity` VALUES (1,'SALIHIN Consulting Group Sdn Bhd','Business consultancy',0,0,'ACTIVE',NULL,NULL,NULL,NULL,'2017-01-12 10:50:59',0,'2017-02-13 04:27:22',3),(2,'SALIHIN (AF1426)','Auditing and assurance services',0,0,'ACTIVE',NULL,NULL,NULL,NULL,'2017-01-12 10:50:59',0,'2017-02-13 04:27:09',3),(3,'Aljafree Salihin Kuzaimi (AF1522)','Auditing and assurance services',0,0,'ACTIVE',NULL,NULL,NULL,NULL,'2017-01-12 10:50:59',0,'2017-02-17 03:31:21',1),(4,'SALIHIN Tax Advisory Sdn Bhd','Tax planning and consultation, direct and indirect tax services',0,0,'DRAFT',NULL,NULL,NULL,NULL,'2017-01-12 10:50:59',0,'2017-01-12 02:50:59',0),(5,'SALIHIN Shariah Advisory Sdn Bhd','Advising on Shariah compliant transactions/products',0,0,'DRAFT',NULL,NULL,NULL,NULL,'2017-01-12 10:50:59',0,'2017-01-12 02:50:59',0),(6,'SALIHIN Corporate Advisory Sdn Bhd','Corporate finance and transactions services',0,0,'DRAFT',NULL,NULL,NULL,NULL,'2017-01-12 10:50:59',0,'2017-01-12 02:50:59',0),(7,'SALIHIN Business Management Sdn Bhd','Accounting, corporate, secretarial services and business advisory',0,0,'DRAFT',NULL,NULL,NULL,NULL,'2017-01-12 10:50:59',0,'2017-01-12 02:50:59',0),(8,'SALIHIN Training and Consultancy Sdn Bhd','Training, seminars, exhibitions and consultations',0,0,'DRAFT',NULL,NULL,NULL,NULL,'2017-01-12 10:50:59',0,'2017-01-12 02:50:59',0),(9,'SALIHIN Asset Management Sdn Bhd','Management of investment assets',0,0,'DRAFT',NULL,NULL,NULL,NULL,'2017-01-12 10:50:59',0,'2017-01-12 02:50:59',0),(10,'SALIHIN GST Services Sdn Bhd','GST Services and consultancy',0,0,'DRAFT',NULL,NULL,NULL,NULL,'2017-01-12 10:50:59',0,'2017-01-12 02:50:59',0),(11,'SALIHIN Capital Sdn Bhd','Corporate finance services',0,0,'DRAFT',NULL,NULL,NULL,NULL,'2017-01-12 10:52:43',0,'2017-01-12 02:52:43',0),(12,'SALIHIN INNOVA Tax Free Sdn Bhd','Tourist Refund Scheme / Tax Free services',0,0,'DRAFT',NULL,NULL,NULL,NULL,'2017-01-12 10:52:43',0,'2017-01-12 02:52:43',0),(13,'SALIHIN IT Solution Sdn Bhd','IT consultancy services',0,0,'DRAFT',NULL,NULL,NULL,NULL,'2017-01-12 10:53:19',0,'2017-01-12 02:53:19',0);

--
-- Table structure for table `company`
--

CREATE TABLE `company` (
  `id` int(11) NOT NULL AUTO_INCREMENT,
  `category_id` int(11) NOT NULL,
  `name` varchar(255) NOT NULL,
  `reg_no` varchar(255) DEFAULT NULL,
  `description` text NOT NULL,
  `logo` varchar(255) NOT NULL,
  `website` varchar(255) NOT NULL,
  `address` text NOT NULL,
  `state_id` int(11) NOT NULL,
  `country_id` int(11) NOT NULL,
  `office_no` varchar(255) NOT NULL,
  `office_email` varchar(255) NOT NULL,
  `PIC_name` varchar(255) NOT NULL,
  `PIC_position` varchar(255) NOT NULL,
  `PIC_phone_no` varchar(255) NOT NULL,
  `PIC_email` varchar(255) NOT NULL,
  `added_by` int(11) NOT NULL,
  `added_ts` timestamp NOT NULL DEFAULT CURRENT_TIMESTAMP,
  `updated_by` int(11) DEFAULT NULL,
  `updated_ts` timestamp NULL DEFAULT NULL,
  `deleted` int(11) NOT NULL DEFAULT '0',
  `deleted_by` int(11) DEFAULT NULL,
  `deleted_ts` timestamp NULL DEFAULT NULL,
  `status` int(11) NOT NULL DEFAULT '0' COMMENT '0 = active, 1 = dormant',
  PRIMARY KEY (`id`)
) ENGINE=InnoDB AUTO_INCREMENT=726 DEFAULT CHARSET=latin1;

--
-- Dumping data for table `company`
--

INSERT INTO `company` VALUES (1,0,'Ahmad Sdn Bhd','12345','','','','',0,0,'','','','','','',10,'2017-10-12 06:44:01',NULL,NULL,0,NULL,NULL,0),(2,0,'SALIHIN CORPORATE ADVISORY SDN. BHD.','642615-U','','','','',0,0,'','','','','','',9,'2017-10-26 04:34:57',NULL,NULL,0,NULL,NULL,0),(3,0,'RISDA (TS) TANAMAN SEMULA','','','','','',0,0,'','','','','','',12,'2018-03-30 02:31:17',NULL,NULL,0,NULL,NULL,0),(4,0,'FELDA (CPM) CROP PROTECTION MALAYSIA','','','','','',0,0,'','','','','','',12,'2018-03-30 02:37:40',NULL,NULL,0,NULL,NULL,0),(5,0,'AUCMS RESOURCES SDN BHD','','','','','',0,0,'','','','','','',12,'2018-03-30 02:43:30',NULL,NULL,0,NULL,NULL,0),(7,0,'CROP PROTECTION SDN BHD','','','','','',0,0,'','','','','','',12,'2018-03-30 02:45:03',NULL,NULL,0,NULL,NULL,0),(8,0,'MGV INDUSTRY SDN BHD','','','','','',0,0,'','','','','','',12,'2018-03-30 02:49:01',NULL,NULL,0,NULL,NULL,0),(9,0,'SDEB','','','','','',0,0,'','','','','','',12,'2018-03-30 02:50:27',NULL,NULL,0,NULL,NULL,0),(10,0,'IKATAN','','','','','',0,0,'','','','','','',12,'2018-03-30 02:50:45',NULL,NULL,0,NULL,NULL,0),(11,0,'GLENMARK','','','','','',0,0,'','','','','','',12,'2018-03-30 02:50:55',NULL,NULL,0,NULL,NULL,0),(12,0,'MAJESTIC OFFSHORE SDN BHD','','','','','',0,0,'','','','','','',12,'2018-03-30 02:51:09',NULL,NULL,0,NULL,NULL,0),(13,0,'SCIENTGATE BIOTECH SDN BHD','','','','','',0,0,'','','','','','',12,'2018-03-30 02:51:31',NULL,NULL,0,NULL,NULL,0),(14,0,'BIONESTRO SDN BHD','','','','','',0,0,'','','','','','',12,'2018-03-30 02:51:50',NULL,NULL,0,NULL,NULL,0),(15,0,'SIGNIFICANT TECHNOLOGY SDN BHD','','','','','',0,0,'','','','','','',12,'2018-03-30 02:52:07',NULL,NULL,0,NULL,NULL,0),(16,0,'BINTULU PORT HOLDING SDN BHD','','','','','',0,0,'','','','','','',12,'2018-03-30 02:52:30',NULL,NULL,0,NULL,NULL,0),(17,0,'SPNB','','','','','',0,0,'','','','','','',12,'2018-03-30 02:52:41',NULL,NULL,0,NULL,NULL,0),(18,0,'RISDA (BANCI)','','','','','',0,0,'','','','','','',12,'2018-03-30 02:52:54',NULL,NULL,0,NULL,NULL,0),(19,0,'TMM ENGINEERING','','','','','',0,0,'','','','','','',12,'2018-03-30 02:53:06',NULL,NULL,0,NULL,NULL,0),(20,0,'TERAJU YAYASAN KELAN','','','','','',0,0,'','','','','','',12,'2018-03-30 02:53:27',NULL,NULL,0,NULL,NULL,0),(21,0,'YAYASAN KELANA','','','','','',0,0,'','','','','','',12,'2018-03-30 02:54:15',NULL,NULL,0,NULL,NULL,0),(22,0,'PNMB','','','','','',0,0,'','','','','','',12,'2018-03-30 02:54:28',NULL,NULL,0,NULL,NULL,0),(23,0,'RANGKAIAN HOTEL SERI MALAYSIA','','','','','',0,0,'','','','','','',12,'2018-03-30 02:55:04',NULL,NULL,0,NULL,NULL,0),(24,0,'GIGALINK SOLUTIONS SDN BHD','','','','','',0,0,'','','','','','',12,'2018-03-30 02:55:22',NULL,NULL,0,NULL,NULL,0),(25,0,'BUROQOIL','','','','','',0,0,'','','','','','',12,'2018-03-30 02:55:34',NULL,NULL,0,NULL,NULL,0),(26,0,'BANK PERSATUAN','','','','','',0,0,'','','','','','',12,'2018-03-30 02:55:45',NULL,NULL,0,NULL,NULL,0),(27,0,'TERAJU SUPERB COPY FOR APPLICATION FORM Q2 2015','','','','','',0,0,'','','','','','',12,'2018-03-30 02:56:51',NULL,NULL,0,NULL,NULL,0),(28,0,'SKALA GROUP OF COMPANIES','','','','','',0,0,'','','','','','',12,'2018-03-30 02:57:12',NULL,NULL,0,NULL,NULL,0),(29,0,'KOPERASI PERMODALAN FELDA','','','','','',0,0,'','','','','','',12,'2018-03-30 02:57:34',NULL,NULL,0,NULL,NULL,0),(30,0,'DOMINANT MOTOR SDN BHD','','','','','',0,0,'','','','','','',12,'2018-03-30 02:57:51',NULL,NULL,0,NULL,NULL,0),(31,0,'HALAL INDUSTRY DEVELOPMENT CORPORATION SDN BHD','','','','','',0,0,'','','','','','',12,'2018-03-30 02:58:29',NULL,NULL,0,NULL,NULL,0),(32,0,'LACE MOTOR SDN BHD','','','','','',0,0,'','','','','','',12,'2018-03-30 02:58:57',NULL,NULL,0,NULL,NULL,0),(33,0,'TRANSEAWAYS SHIPPING SDN BHD','','','','','',0,0,'','','','','','',12,'2018-03-30 02:59:22',NULL,NULL,0,NULL,NULL,0),(34,0,'TERAJU SUPERB Q2 2015','','','','','',0,0,'','','','','','',12,'2018-03-30 03:00:04',NULL,NULL,0,NULL,NULL,0),(35,0,'TERAJU SUPERB Q1 2015','','','','','',0,0,'','','','','','',12,'2018-03-30 03:00:33',NULL,NULL,0,NULL,NULL,0),(36,0,'TERAJU SUPERB Q4 2014','','','','','',0,0,'','','','','','',12,'2018-03-30 03:00:52',NULL,NULL,0,NULL,NULL,0),(37,0,'I-SERVE TECHNOLOGY SDN BHD','','','','','',0,0,'','','','','','',12,'2018-03-30 03:01:22',NULL,NULL,0,NULL,NULL,0),(38,0,'PETRONESA SDN BHD','','','','','',0,0,'','','','','','',12,'2018-03-30 03:01:35',NULL,NULL,0,NULL,NULL,0),(39,0,'SENAI DESARU EXPRESSWAY SDN BHD','','','','','',0,0,'','','','','','',12,'2018-03-30 03:01:53',NULL,NULL,0,NULL,NULL,0),(40,0,'KPF AR RAHNU','','','','','',0,0,'','','','','','',12,'2018-03-30 03:02:10',NULL,NULL,0,NULL,NULL,0),(41,0,'WINTONI','','','','','',0,0,'','','','','','',12,'2018-03-30 03:02:24',NULL,NULL,0,NULL,NULL,0),(42,0,'KPF AGRO PROPERTIES SDN BHD','','','','','',0,0,'','','','','','',12,'2018-03-30 03:02:56',NULL,NULL,0,NULL,NULL,0),(43,0,'PERCETAKAN NASIONAL MALAYSIA BERHAD','','','','','',0,0,'','','','','','',12,'2018-03-30 03:03:34',NULL,NULL,0,NULL,NULL,0),(44,0,'BANK PERSATUAN','','','','','',0,0,'','','','','','',12,'2018-03-30 03:03:44',NULL,NULL,0,NULL,NULL,0),(45,0,'TERAJU SUPERB SOP','','','','','',0,0,'','','','','','',12,'2018-03-30 03:03:59',NULL,NULL,0,NULL,NULL,0),(46,0,'SAR INDUSTRIES (M) SDN BHD','','','','','',0,0,'','','','','','',12,'2018-03-30 03:04:32',NULL,NULL,0,NULL,NULL,0),(47,0,'TERAJU SUPERB Q3 2015 SEMI FINAL & FINAL','','','','','',0,0,'','','','','','',12,'2018-03-30 03:05:03',NULL,NULL,0,NULL,NULL,0),(48,0,'TERAJU SUPERB Q3 2015 INITIAL PITCHING & APPLICATION FORM','','','','','',0,0,'','','','','','',12,'2018-03-30 03:05:45',NULL,NULL,0,NULL,NULL,0),(49,0,'BERMUDA SUBSEA (M) SDN BHD','','','','','',0,0,'','','','','','',12,'2018-03-30 03:06:13',NULL,NULL,0,NULL,NULL,0),(50,0,'HUB TECHNOLOGIES (M) SDN BHD ','','','','','',0,0,'','','','','','',12,'2018-03-30 03:06:37',NULL,NULL,0,NULL,NULL,0),(51,0,'D\'BUMI WATER SDN BHD','','','','','',0,0,'','','','','','',12,'2018-03-30 03:06:53',NULL,NULL,0,NULL,NULL,0),(52,0,'JRB CAPITAL SDB BHD','','','','','',0,0,'','','','','','',12,'2018-03-30 03:07:10',NULL,NULL,0,NULL,NULL,0),(53,0,'TECH CAPITAL RESOURCES SDN BHD','','','','','',0,0,'','','','','','',12,'2018-03-30 03:07:30',NULL,NULL,0,NULL,NULL,0),(54,0,'LOANSTREET SDN BHD','','','','','',0,0,'','','','','','',12,'2018-03-30 03:07:48',NULL,NULL,0,NULL,NULL,0),(55,0,'AFJETS SDN BHD','','','','','',0,0,'','','','','','',12,'2018-03-30 03:08:03',NULL,NULL,0,NULL,NULL,0),(56,0,'KB ENGINEERING COATING SDN BHD','','','','','',0,0,'','','','','','',12,'2018-03-30 03:08:34',NULL,NULL,0,NULL,NULL,0),(57,0,'SERUNAI COMMERCE SDN BHD','','','','','',0,0,'','','','','','',12,'2018-03-30 03:08:46',NULL,NULL,0,NULL,NULL,0),(58,0,'PERBADANAN KOTA BUKU','','','','','',0,0,'','','','','','',12,'2018-03-30 03:08:59',NULL,NULL,0,NULL,NULL,0),(59,0,'CIDB HOLDING SDN BHD','','','','','',0,0,'','','','','','',12,'2018-03-30 03:09:43',NULL,NULL,0,NULL,NULL,0),(60,0,'SERBA DINAMIK HOLDING BERHAD (BOARD PAPER)','','','','','',0,0,'','','','','','',12,'2018-03-30 03:10:18',NULL,NULL,0,NULL,NULL,0),(61,0,'CELL TISSUE','','','','','',0,0,'','','','','','',12,'2018-03-30 03:10:26',NULL,NULL,0,NULL,NULL,0),(62,0,'LINEAR DMS SOLUTIONS SDN BHD','','','','','',0,0,'','','','','','',12,'2018-03-30 03:10:44',NULL,NULL,0,NULL,NULL,0),(63,0,'DISPOMED SDN BHD','','','','','',0,0,'','','','','','',12,'2018-03-30 03:10:57',NULL,NULL,0,NULL,NULL,0),(64,0,'BERNAS','','','','','',0,0,'','','','','','',12,'2018-03-30 03:11:07',NULL,NULL,0,NULL,NULL,0),(65,0,'SUPERB SERIES 1','','','','','',0,0,'','','','','','',12,'2018-03-30 03:13:10',NULL,NULL,0,NULL,NULL,0),(66,0,'ECLIMO SDN BHD','','','','','',0,0,'','','','','','',12,'2018-03-30 03:13:27',NULL,NULL,0,NULL,NULL,0),(67,0,'SUPERB SERIES 2','','','','','',0,0,'','','','','','',12,'2018-03-30 03:13:39',NULL,NULL,0,NULL,NULL,0),(68,0,'KREATIF APPS SDN BHD','','','','','',0,0,'','','','','','',12,'2018-03-30 03:13:56',NULL,NULL,0,NULL,NULL,0),(69,0,'DAGANG ASIA NET','','','','','',0,0,'','','','','','',12,'2018-03-30 03:14:15',NULL,NULL,0,NULL,NULL,0),(70,0,'TAIACE ENGINEERING SDN BHD','','','','','',0,0,'','','','','','',12,'2018-03-30 03:14:44',NULL,NULL,0,NULL,NULL,0),(71,0,'AL-MAESWAK MUKMIN','','','','','',0,0,'','','','','','',12,'2018-03-30 03:14:59',NULL,NULL,0,NULL,NULL,0),(72,0,'KEJURUTERAAN EMAS SDN BHD','','','','','',0,0,'','','','','','',12,'2018-03-30 03:15:17',NULL,NULL,0,NULL,NULL,0),(73,0,'FELDA TRAVEL SDN BHD','','','','','',0,0,'','','','','','',12,'2018-03-30 03:15:31',NULL,NULL,0,NULL,NULL,0),(74,0,'TWISTCODE TECHNOLOGIES SDN BHD','','','','','',0,0,'','','','','','',12,'2018-03-30 03:15:53',NULL,NULL,0,NULL,NULL,0),(75,0,'LGMPC','','','','','',0,0,'','','','','','',12,'2018-03-30 03:16:03',NULL,NULL,0,NULL,NULL,0),(76,0,'FORESIGHT INDUSTRIES SDN BHD','','','','','',0,0,'','','','','','',12,'2018-03-30 03:16:31',NULL,NULL,0,NULL,NULL,0),(77,0,'NOVAPAVE ','','','','','',0,0,'','','','','','',12,'2018-03-30 03:16:45',NULL,NULL,0,NULL,NULL,0),(78,0,'STRAND AEROSPACE','','','','','',0,0,'','','','','','',12,'2018-03-30 03:17:01',NULL,NULL,0,NULL,NULL,0),(79,0,'FARMASIA SDN BHD','','','','','',0,0,'','','','','','',12,'2018-03-30 03:17:14',NULL,NULL,0,NULL,NULL,0),(80,0,'XENTRAL METHOD SDN BHD','','','','','',0,0,'','','','','','',12,'2018-03-30 03:18:11',NULL,NULL,0,NULL,NULL,0),(81,0,'INTEGRATED TRAINING & SERVICES (APMM)','','','','','',0,0,'','','','','','',12,'2018-03-30 03:18:40',NULL,NULL,0,NULL,NULL,0),(82,0,'SENTINEXT THEUREUPECTICS','','','','','',0,0,'','','','','','',12,'2018-03-30 03:19:04',NULL,NULL,0,NULL,NULL,0),(83,0,'ATTIN PRESS SDN BHD','','','','','',0,0,'','','','','','',12,'2018-03-30 03:19:20',NULL,NULL,0,NULL,NULL,0),(84,0,'SN MOBILE DIGITAL SDN. BHD.','','','','','',0,0,'','','','','','',16,'2018-04-03 02:24:39',NULL,NULL,0,NULL,NULL,0),(85,0,'MNE RESOURCES SDN BHD','','','','','',0,0,'','','','','','',16,'2018-04-03 02:29:41',NULL,NULL,0,NULL,NULL,0),(86,0,'L-EFFE CORPORATION SDN BHD ','','','','','',0,0,'','','','','','',16,'2018-04-03 02:32:58',NULL,NULL,0,NULL,NULL,0),(87,0,'DESA RINGGIT SDN BHD','','','','','',0,0,'','','','','','',16,'2018-04-03 02:35:26',NULL,NULL,0,NULL,NULL,0),(88,0,'PROLANDER RESOURCES SDN BHD','','','','','',0,0,'','','','','','',16,'2018-04-03 02:37:46',NULL,NULL,0,NULL,NULL,0),(89,0,'RAHMAT DAGANGAN SDN BHD','','','','','',0,0,'','','','','','',16,'2018-04-03 02:39:45',NULL,NULL,0,NULL,NULL,0),(90,0,'KOPETRO RETAIL SDN BHD ','','','','','',0,0,'','','','','','',16,'2018-04-03 02:42:02',NULL,NULL,0,NULL,NULL,0),(91,0,'PB SUMURTEK SDN BHD ','','','','','',0,0,'','','','','','',16,'2018-04-03 02:43:58',NULL,NULL,0,NULL,NULL,0),(92,0,'PERANAN MURNI SDN BHD','','','','','',0,0,'','','','','','',16,'2018-04-03 02:48:38',NULL,NULL,0,NULL,NULL,0),(93,0,'THP TIMUR SDN BHD','','','','','',0,0,'','','','','','',16,'2018-04-03 02:48:51',NULL,NULL,0,NULL,NULL,0),(94,0,'AF MUTIARA HOLDINGS (M) SDN BHD ','','','','','',0,0,'','','','','','',16,'2018-04-03 02:52:39',NULL,NULL,0,NULL,NULL,0),(95,0,'ASIATRAL SDN BHD ','','','','','',0,0,'','','','','','',16,'2018-04-03 02:53:05',NULL,NULL,0,NULL,NULL,0),(96,0,'XC- COMMAND CLEANING SERVICES S/B','','','','','',0,0,'','','','','','',16,'2018-04-03 02:56:53',NULL,NULL,0,NULL,NULL,0),(97,0,'IU X ENGINEERING SDN BHD','','','','','',0,0,'','','','','','',16,'2018-04-03 02:58:59',NULL,NULL,0,NULL,NULL,0),(98,0,'JBB FOOD INDUSTRIES','','','','','',0,0,'','','','','','',16,'2018-04-03 02:59:27',NULL,NULL,0,NULL,NULL,0),(99,0,'THP PERLIS SDN BHD','','','','','',0,0,'','','','','','',16,'2018-04-03 03:02:28',NULL,NULL,0,NULL,NULL,0),(100,0,'THP PELINDUNG SDN BHD','','','','','',0,0,'','','','','','',16,'2018-04-03 03:02:48',NULL,NULL,0,NULL,NULL,0),(101,0,'VORTEX PLATINUM SDN BHD ','','','','','',0,0,'','','','','','',16,'2018-04-03 03:05:43',NULL,NULL,0,NULL,NULL,0),(102,0,'ACE DUAL SDN BHD ','','','','','',0,0,'','','','','','',16,'2018-04-03 03:06:20',NULL,NULL,0,NULL,NULL,0),(103,0,'ULTIMATE BUILDING MACHINE (THP) S/B','','','','','',0,0,'','','','','','',16,'2018-04-03 03:09:54',NULL,NULL,0,NULL,NULL,0),(104,0,'MSR RICH SDN BHD','','','','','',0,0,'','','','','','',16,'2018-04-03 03:10:30',NULL,NULL,0,NULL,NULL,0),(105,0,'YAYASAN SALIM ','','','','','',0,0,'','','','','','',16,'2018-04-03 03:10:39',NULL,NULL,0,NULL,NULL,0),(106,0,'VISTA PUSPA SDN BHD ','','','','','',0,0,'','','','','','',16,'2018-04-03 03:14:41',NULL,NULL,0,NULL,NULL,0),(107,0,'GEMALI ENGINEERING SDN BHD','','','','','',0,0,'','','','','','',16,'2018-04-03 03:15:01',NULL,NULL,0,NULL,NULL,0),(108,0,'CERAGEM MALAYSIA SH SDN BHD','','','','','',0,0,'','','','','','',16,'2018-04-03 03:18:05',NULL,NULL,0,NULL,NULL,0),(109,0,'RS MEKAR SDN BHD','','','','','',0,0,'','','','','','',16,'2018-04-03 03:18:18',NULL,NULL,0,NULL,NULL,0),(110,0,'ONE STOP DOTCOM SDN BHD','','','','','',0,0,'','','','','','',16,'2018-04-03 03:21:03',NULL,NULL,0,NULL,NULL,0),(111,0,'SRI JAHAR (M) SDN BHD','','','','','',0,0,'','','','','','',16,'2018-04-03 03:21:22',NULL,NULL,0,NULL,NULL,0),(112,0,'SPM MEMBRANCE SWITCH SDN BHD','','','','','',0,0,'','','','','','',16,'2018-04-03 03:25:05',NULL,NULL,0,NULL,NULL,0),(113,0,'MYHYVA IT SOLUTION SDN BHD','','','','','',0,0,'','','','','','',16,'2018-04-03 03:25:40',NULL,NULL,0,NULL,NULL,0),(114,0,'KUALA LUMPUR AND SELANGOR MULTIRACIAL REVERTED MUSLIMS','','','','','',0,0,'','','','','','',16,'2018-04-03 03:25:57',NULL,NULL,0,NULL,NULL,0),(115,0,'WQ MEDIC SDN BHD','','','','','',0,0,'','','','','','',16,'2018-04-03 03:29:48',NULL,NULL,0,NULL,NULL,0),(116,0,'AGA MATRIC TECH SDN BHD','','','','','',0,0,'','','','','','',16,'2018-04-03 03:30:07',NULL,NULL,0,NULL,NULL,0),(117,0,'NORTH BORNEO SECURITY SERVICES SDN BHD','','','','','',0,0,'','','','','','',16,'2018-04-03 03:33:42',NULL,NULL,0,NULL,NULL,0),(118,0,'CRAVEN F&B SDN BHD','','','','','',0,0,'','','','','','',16,'2018-04-03 03:34:03',NULL,NULL,0,NULL,NULL,0),(119,0,'DAGANGAN RAKYAT SDN BHD','','','','','',0,0,'','','','','','',16,'2018-04-03 03:34:21',NULL,NULL,0,NULL,NULL,0),(120,0,'FELTECH GLOBAL VENTURES SDN BHD','','','','','',0,0,'','','','','','',16,'2018-04-03 03:34:38',NULL,NULL,0,NULL,NULL,0),(121,0,'THP CITAGLOBAL SDN BHD','','','','','',0,0,'','','','','','',16,'2018-04-03 03:40:24',NULL,NULL,0,NULL,NULL,0),(122,0,'THP MUTIARA SDN BHD','','','','','',0,0,'','','','','','',16,'2018-04-03 03:40:44',NULL,NULL,0,NULL,NULL,0),(123,0,'INTERBIO (M) SDN BHD','','','','','',0,0,'','','','','','',16,'2018-04-03 03:43:20',NULL,NULL,0,NULL,NULL,0),(124,0,'THP-SBB JV SDN BHD','','','','','',0,0,'','','','','','',16,'2018-04-03 03:43:38',NULL,NULL,0,NULL,NULL,0),(125,0,'KSKI TRAVEL & TOURS SDN BHD','','','','','',0,0,'','','','','','',16,'2018-04-03 03:43:53',NULL,NULL,0,NULL,NULL,0),(126,0,'THP BAYAN SDN BHD','','','','','',0,0,'','','','','','',16,'2018-04-03 03:47:51',NULL,NULL,0,NULL,NULL,0),(127,0,'ZBK CONSTRUCTION SDN BHD','','','','','',0,0,'','','','','','',16,'2018-04-03 03:48:11',NULL,NULL,0,NULL,NULL,0),(128,0,'TH CONNECTIVITY SDN BHD','','','','','',0,0,'','','','','','',16,'2018-04-03 03:52:10',NULL,NULL,0,NULL,NULL,0),(129,0,'KERAMAT GREEN DEVELOPMENT SDN BHD','','','','','',0,0,'','','','','','',16,'2018-04-03 03:52:26',NULL,NULL,0,NULL,NULL,0),(130,0,'JTS PRIMA SDN BHD','','','','','',0,0,'','','','','','',16,'2018-04-03 03:52:50',NULL,NULL,0,NULL,NULL,0),(131,0,'NIB TECHNOLOGIES SDN BHD','','','','','',0,0,'','','','','','',16,'2018-04-03 03:57:05',NULL,NULL,0,NULL,NULL,0),(132,0,'THPS CAPITAL SDN BHD','','','','','',0,0,'','','','','','',16,'2018-04-03 03:57:23',NULL,NULL,0,NULL,NULL,0),(133,0,'SIGMA SETIA PETROLEUM SDN BHD','','','','','',0,0,'','','','','','',16,'2018-04-03 03:57:40',NULL,NULL,0,NULL,NULL,0),(134,0,'ARKITEK EKHWAN SDN BHD','','','','','',0,0,'','','','','','',16,'2018-04-03 04:01:04',NULL,NULL,0,NULL,NULL,0),(135,0,'TURASHA SDN BHD','','','','','',0,0,'','','','','','',16,'2018-04-03 04:01:21',NULL,NULL,0,NULL,NULL,0),(136,0,'AMRUS MEDIK SDN BHD','','','','','',0,0,'','','','','','',16,'2018-04-03 04:04:51',NULL,NULL,0,NULL,NULL,0),(137,0,'DOUBLE TEN ENGINEERING SDN BHD','','','','','',0,0,'','','','','','',16,'2018-04-03 04:05:06',NULL,NULL,0,NULL,NULL,0),(138,0,'GRAND COMMERCE NETWORK SDN BHD','','','','','',0,0,'','','','','','',16,'2018-04-03 04:05:26',NULL,NULL,0,NULL,NULL,0),(139,0,'DE APEX FORCE SECURITY & CONSULTANCY SDN BHD','','','','','',0,0,'','','','','','',16,'2018-04-03 04:10:04',NULL,NULL,0,NULL,NULL,0),(140,0,'TAFF HOTELS SDN BHD','','','','','',0,0,'','','','','','',16,'2018-04-03 04:10:24',NULL,NULL,0,NULL,NULL,0),(141,0,'TROY CITY SDN BHD','','','','','',0,0,'','','','','','',16,'2018-04-03 04:10:46',NULL,NULL,0,NULL,NULL,0),(142,0,'WANGSA MAJU MOTOR SDN BHD','','','','','',0,0,'','','','','','',16,'2018-04-03 04:14:58',NULL,NULL,0,NULL,NULL,0),(143,0,'TH UNIVERSAL BUILDER SDN BHD','','','','','',0,0,'','','','','','',16,'2018-04-03 04:15:15',NULL,NULL,0,NULL,NULL,0),(144,0,'DOTW TRAVELS SDN BHD','','','','','',0,0,'','','','','','',16,'2018-04-03 04:18:24',NULL,NULL,0,NULL,NULL,0),(145,0,'THP AUSTRALIA CAPITAL SDN BHD','','','','','',0,0,'','','','','','',16,'2018-04-03 04:18:50',NULL,NULL,0,NULL,NULL,0),(146,0,'IJMAK SDN BHD','','','','','',0,0,'','','','','','',16,'2018-04-03 04:23:00',NULL,NULL,0,NULL,NULL,0),(147,0,'SEMANGAT MOTOR SDN BHD','','','','','',0,0,'','','','','','',16,'2018-04-03 04:23:20',NULL,NULL,0,NULL,NULL,0),(148,0,'FOURPLUS SDN BHD','','','','','',0,0,'','','','','','',16,'2018-04-03 04:26:43',NULL,NULL,0,NULL,NULL,0),(149,0,'TRIMIA RESOURCES SDN BHD','','','','','',0,0,'','','','','','',16,'2018-04-03 04:26:59',NULL,NULL,0,NULL,NULL,0),(150,0,'I READ ELITE SDN BHD','','','','','',0,0,'','','','','','',16,'2018-04-03 04:30:06',NULL,NULL,0,NULL,NULL,0),(151,0,'SITI SOUND SDN BHD','','','','','',0,0,'','','','','','',16,'2018-04-03 04:30:22',NULL,NULL,0,NULL,NULL,0),(152,0,'THP SYDNEY BAY VIEWS SDN BHD','','','','','',0,0,'','','','','','',16,'2018-04-03 04:30:45',NULL,NULL,0,NULL,NULL,0),(153,0,'INSTITUT KEUSAHAWANAN NEGARA BERHAD','','','','','',0,0,'','','','','','',16,'2018-04-03 04:34:18',NULL,NULL,0,NULL,NULL,0),(154,0,'AL FAJR TRAVEL & TOURS SDN BHD','','','','','',0,0,'','','','','','',16,'2018-04-03 04:34:37',NULL,NULL,0,NULL,NULL,0),(155,0,'TH UNIVERSAL BUILDER SDN. BHD./ BINA DARUL AMAN JV','','','','','',0,0,'','','','','','',16,'2018-04-03 04:39:16',NULL,NULL,0,NULL,NULL,0),(156,0,'NEW SKILLS TRAINING CENTRE SDN. BHD.','','','','','',0,0,'','','','','','',16,'2018-04-03 04:39:30',NULL,NULL,0,NULL,NULL,0),(157,0,'SRI BINAMAN SDN BHD','','','','','',0,0,'','','','','','',16,'2018-04-03 04:42:08',NULL,NULL,0,NULL,NULL,0),(158,0,'ABA GAS TECHNOLOGIES','','','','','',0,0,'','','','','','',16,'2018-04-03 04:43:35',NULL,NULL,0,NULL,NULL,0),(159,0,'TERAJU BUMIPUTRA CORPORATION','','','','','',0,0,'','','','','','',16,'2018-04-03 04:45:08',NULL,NULL,0,NULL,NULL,0),(160,0,'CLARITY OSS (M) SDN BHD','','','','','',0,0,'','','','','','',16,'2018-04-03 04:47:57',NULL,NULL,0,NULL,NULL,0),(161,0,'DIAGNOSTIC SYSTEMS (M) SDN BHD','','','','','',0,0,'','','','','','',16,'2018-04-03 04:50:18',NULL,NULL,0,NULL,NULL,0),(162,0,'KOPETRO TRAVEL & TOURS SDN BHD','','','','','',0,0,'','','','','','',16,'2018-04-03 04:55:31',NULL,NULL,0,NULL,NULL,0),(163,0,'AGA TOUCH (M) SDN BHD','','','','','',0,0,'','','','','','',16,'2018-04-03 04:57:46',NULL,NULL,0,NULL,NULL,0),(164,0,'DELTA PERDANA SDN BHD','','','','','',0,0,'','','','','','',16,'2018-04-03 05:01:16',NULL,NULL,0,NULL,NULL,0),(165,0,'DAMAI GOLF & COUNTRY CLUB BERHAD ','','','','','',0,0,'','','','','','',16,'2018-04-03 06:24:16',NULL,NULL,0,NULL,NULL,0),(166,0,'KOPETRO TRADING & SERVICES SDN BHD','','','','','',0,0,'','','','','','',16,'2018-04-03 06:26:24',NULL,NULL,0,NULL,NULL,0),(167,0,'QUALITY MANAGEMENT CONSULTANT SDN BHD','','','','','',0,0,'','','','','','',16,'2018-04-03 06:28:30',NULL,NULL,0,NULL,NULL,0),(168,0,'YAYASAN MURNI AQIDAH','','','','','',0,0,'','','','','','',16,'2018-04-03 06:28:47',NULL,NULL,0,NULL,NULL,0),(169,0,'NNS ASSOCIATES SDN BHD','','','','','',0,0,'','','','','','',16,'2018-04-03 06:31:39',NULL,NULL,0,NULL,NULL,0),(170,0,'AMNI CORPORATION (M) SDN BHD','','','','','',0,0,'','','','','','',16,'2018-04-03 06:31:54',NULL,NULL,0,NULL,NULL,0),(171,0,'KENYALANG PETRO TECH SDN BHD','','','','','',0,0,'','','','','','',16,'2018-04-03 06:32:10',NULL,NULL,0,NULL,NULL,0),(172,0,'SALIHIN SHARIAH ADVISORY SDN BHD','','','','','',0,0,'','','','','','',16,'2018-04-03 06:36:08',NULL,NULL,0,NULL,NULL,0),(173,0,'OILFIELD PARTS MAKER SDN BHD','','','','','',0,0,'','','','','','',16,'2018-04-03 06:36:28',NULL,NULL,0,NULL,NULL,0),(174,0,'SYAABAN RESOURCES SDN BHD','','','','','',0,0,'','','','','','',16,'2018-04-03 06:36:50',NULL,NULL,0,NULL,NULL,0),(175,0,'SERASI MURNI SDN BHD','','','','','',0,0,'','','','','','',16,'2018-04-03 06:40:01',NULL,NULL,0,NULL,NULL,0),(176,0,'ESHIA & ASSOCIATES SDN BHD','','','','','',0,0,'','','','','','',16,'2018-04-03 06:42:39',NULL,NULL,0,NULL,NULL,0),(177,0,'MYCBP SERVICES (M) SDN BHD','','','','','',0,0,'','','','','','',16,'2018-04-03 06:43:01',NULL,NULL,0,NULL,NULL,0),(178,0,'GCT ENGINEERING & CONSTRUCTION SDN BHD','','','','','',0,0,'','','','','','',16,'2018-04-03 06:45:43',NULL,NULL,0,NULL,NULL,0),(179,0,'ALIANZA DISTRIBUTION SDN BHD','','','','','',0,0,'','','','','','',16,'2018-04-03 06:45:57',NULL,NULL,0,NULL,NULL,0),(180,0,'SMR HOLIDAYS SDN BHD','','','','','',0,0,'','','','','','',16,'2018-04-03 06:48:44',NULL,NULL,0,NULL,NULL,0),(181,0,'AGA GLOBAL ASSOCIATE SDN BHD','','','','','',0,0,'','','','','','',16,'2018-04-03 06:49:03',NULL,NULL,0,NULL,NULL,0),(182,0,'OBM TECHNIC SDN BHD','','','','','',0,0,'','','','','','',16,'2018-04-03 06:49:21',NULL,NULL,0,NULL,NULL,0),(183,0,'MALAYSIAN ORTHOPAEDIC ASSOCIATION','','','','','',0,0,'','','','','','',16,'2018-04-03 08:18:15',NULL,NULL,0,NULL,NULL,0),(184,0,'MDZ DEVELOPMENT SDN BHD','','','','','',0,0,'','','','','','',16,'2018-04-03 08:18:31',NULL,NULL,0,NULL,NULL,0),(185,0,'AL-MURTADHA TRAVEL & TOURS SDN BHD','','','','','',0,0,'','','','','','',16,'2018-04-03 08:21:54',NULL,NULL,0,NULL,NULL,0),(186,0,'SALIHIN ASSET MANAGEMENT SDN BHD','','','','','',0,0,'','','','','','',16,'2018-04-03 08:22:24',NULL,NULL,0,NULL,NULL,0),(187,0,'K&K GRAND RESOURCES SDN BHD','','','','','',0,0,'','','','','','',16,'2018-04-03 08:25:06',NULL,NULL,0,NULL,NULL,0),(188,0,'MYSA CORPORATE SERVICES SDN BHD','','','','','',0,0,'','','','','','',16,'2018-04-03 08:25:22',NULL,NULL,0,NULL,NULL,0),(189,0,'I-CREATIONS SDN BHD','','','','','',0,0,'','','','','','',16,'2018-04-03 08:29:00',NULL,NULL,0,NULL,NULL,0),(190,0,'BIO CHEM ASIA PACIFIC SDN BHD','','','','','',0,0,'','','','','','',16,'2018-04-03 08:29:14',NULL,NULL,0,NULL,NULL,0),(191,0,'INKF FAMILY SDN BHD','','','','','',0,0,'','','','','','',16,'2018-04-03 08:31:45',NULL,NULL,0,NULL,NULL,0),(192,0,'XM CORPORATE SERVICES SDN BHD','','','','','',0,0,'','','','','','',16,'2018-04-03 08:34:11',NULL,NULL,0,NULL,NULL,0),(193,0,'JIBBY FOOD OUTLET SDN BHD','','','','','',0,0,'','','','','','',16,'2018-04-03 08:34:25',NULL,NULL,0,NULL,NULL,0),(194,0,'TAFF HOLDINGS SDN BHD','','','','','',0,0,'','','','','','',16,'2018-04-03 08:37:08',NULL,NULL,0,NULL,NULL,0),(195,0,'SABARUDIN OTHMAN & HO RECEIVABLES SDN BHD','','','','','',0,0,'','','','','','',16,'2018-04-03 08:38:42',NULL,NULL,0,NULL,NULL,0),(196,0,'BUCKINGHAM BY THE SEA SDN BHD','','','','','',0,0,'','','','','','',16,'2018-04-03 08:39:21',NULL,NULL,0,NULL,NULL,0),(197,0,'VAIKEEN OUTDOOR MEDIA SDN BHD','','','','','',0,0,'','','','','','',16,'2018-04-03 08:39:37',NULL,NULL,0,NULL,NULL,0),(198,0,'STSB CONSULT SDN BHD','','','','','',0,0,'','','','','','',16,'2018-04-03 08:43:16',NULL,NULL,0,NULL,NULL,0),(199,0,'CNH ADVANTECH SDN BHD','','','','','',0,0,'','','','','','',16,'2018-04-03 08:43:41',NULL,NULL,0,NULL,NULL,0),(200,0,'CAKARA EQUITY HOLDING SDN BHD','','','','','',0,0,'','','','','','',16,'2018-04-03 08:44:01',NULL,NULL,0,NULL,NULL,0),(201,0,'KIWI MUHIBBAH SDN BHD','','','','','',0,0,'','','','','','',16,'2018-04-03 08:47:18',NULL,NULL,0,NULL,NULL,0),(202,0,'CLARITY AX SDN BHD','','','','','',0,0,'','','','','','',16,'2018-04-03 08:47:52',NULL,NULL,0,NULL,NULL,0),(203,0,'DAMAI BEACH RESORT SDN BHD','','','','','',0,0,'','','','','','',16,'2018-04-03 08:51:08',NULL,NULL,0,NULL,NULL,0),(204,0,'AGA DIGITAL TRAVEL SDN BHD','','','','','',0,0,'','','','','','',16,'2018-04-03 08:51:28',NULL,NULL,0,NULL,NULL,0),(205,0,'SARA GREAT HORIZON SDN BHD','','','','','',0,0,'','','','','','',16,'2018-04-03 08:51:46',NULL,NULL,0,NULL,NULL,0),(206,0,'DELTA PRIMA METERING SDN BHD','','','','','',0,0,'','','','','','',16,'2018-04-03 08:54:41',NULL,NULL,0,NULL,NULL,0),(207,0,'QUATRIZ MINDA SDN BHD','','','','','',0,0,'','','','','','',16,'2018-04-03 08:56:22',NULL,NULL,0,NULL,NULL,0),(208,0,'BSH CONSULTANCY SDN BHD','','','','','',0,0,'','','','','','',16,'2018-04-03 08:56:50',NULL,NULL,0,NULL,NULL,0),(209,0,'ZAMAN WARTA SDN BHD','','','','','',0,0,'','','','','','',16,'2018-04-03 08:57:17',NULL,NULL,0,NULL,NULL,0),(210,0,'AMAN RESMI (M) SDN BHD','','','','','',0,0,'','','','','','',16,'2018-04-03 09:00:36',NULL,NULL,0,NULL,NULL,0),(211,0,'YAYASAN 1 SURIA','','','','','',0,0,'','','','','','',16,'2018-04-03 09:05:33',NULL,NULL,0,NULL,NULL,0),(212,0,'TAMA ABU ENGINEERING SDN BHD','','','','','',0,0,'','','','','','',16,'2018-04-03 09:05:51',NULL,NULL,0,NULL,NULL,0),(213,0,'MREZAD RESOURCES SDN BHD','','','','','',0,0,'','','','','','',16,'2018-04-03 09:06:26',NULL,NULL,0,NULL,NULL,0),(214,0,'SARA RESORT HOLDING SDN BHD','','','','','',0,0,'','','','','','',16,'2018-04-03 09:09:54',NULL,NULL,0,NULL,NULL,0),(215,0,'ASIA VACATION CLUB SDN BHD','','','','','',0,0,'','','','','','',16,'2018-04-03 09:10:11',NULL,NULL,0,NULL,NULL,0),(216,0,'DAMAI BEACH GOLF COURSE BERHAD','','','','','',0,0,'','','','','','',16,'2018-04-03 09:16:43',NULL,NULL,0,NULL,NULL,0),(217,0,'ALAM FOOD INDUSTRIES (M) SDN BHD','','','','','',0,0,'','','','','','',16,'2018-04-03 09:17:01',NULL,NULL,0,NULL,NULL,0),(218,0,'DEWMEDIC SDN BHD','','','','','',0,0,'','','','','','',16,'2018-04-03 09:19:20',NULL,NULL,0,NULL,NULL,0),(219,0,'WBH SYSTEM SDN BHD','','','','','',0,0,'','','','','','',16,'2018-04-03 09:19:43',NULL,NULL,0,NULL,NULL,0),(220,0,'DIGIONE (M) SDN BHD','','','','','',0,0,'','','','','','',16,'2018-04-03 09:20:05',NULL,NULL,0,NULL,NULL,0),(221,0,'SATU HATI SEMAKIN DI DEPAN SDN BHD','','','','','',0,0,'','','','','','',16,'2018-04-03 09:23:24',NULL,NULL,0,NULL,NULL,0),(222,0,'DWIRESTU CONSULTANTS (DRC) SDN BHD','','','','','',0,0,'','','','','','',16,'2018-04-03 09:25:00',NULL,NULL,0,NULL,NULL,0),(223,0,'NJ BISTARI SDN BHD','','','','','',0,0,'','','','','','',16,'2018-04-03 09:25:21',NULL,NULL,0,NULL,NULL,0),(224,0,'KL GASTRO & MEDICAL SPECIALIST CENTRE SDN BHD','','','','','',0,0,'','','','','','',16,'2018-04-03 09:27:50',NULL,NULL,0,NULL,NULL,0),(225,0,'BAYU PRESTIJ SDN BHD','','','','','',0,0,'','','','','','',16,'2018-04-03 09:30:54',NULL,NULL,0,NULL,NULL,0),(226,0,'SAZEAN AGRO SDN BHD','','','','','',0,0,'','','','','','',16,'2018-04-03 09:31:13',NULL,NULL,0,NULL,NULL,0),(227,0,'FR ATELIER SDN BHD','','','','','',0,0,'','','','','','',16,'2018-04-03 09:33:17',NULL,NULL,0,NULL,NULL,0),(228,0,'TERASAING HOLDING SDN BHD','','','','','',0,0,'','','','','','',16,'2018-04-03 09:33:37',NULL,NULL,0,NULL,NULL,0),(229,0,'ECO TOWN (M) SDN BHD','','','','','',0,0,'','','','','','',16,'2018-04-03 09:33:56',NULL,NULL,0,NULL,NULL,0),(230,0,'XI-PROLOGISTICS (M) SDN BHD','','','','','',0,0,'','','','','','',16,'2018-04-03 09:36:53',NULL,NULL,0,NULL,NULL,0),(231,0,'ANTAMAHIR SDN BHD','','','','','',0,0,'','','','','','',16,'2018-04-03 09:38:20',NULL,NULL,0,NULL,NULL,0),(232,0,'CAKARA MARITIME SDN. BHD.','','','','','',0,0,'','','','','','',16,'2018-04-03 09:39:39',NULL,NULL,0,NULL,NULL,0),(233,0,'MUTIARA ATS SDN BHD','','','','','',0,0,'','','','','','',16,'2018-04-03 09:41:07',NULL,NULL,0,NULL,NULL,0),(234,0,'AGA GEMILANG AUTOMOBIL SDN BHD','','','','','',0,0,'','','','','','',16,'2018-04-04 00:31:51',NULL,NULL,0,NULL,NULL,0),(235,0,'RANGKAIAN BEKALAN SDN BHD','','','','','',0,0,'','','','','','',16,'2018-04-04 00:34:16',NULL,NULL,0,NULL,NULL,0),(236,0,'THT-HCM JV SDN BHD','','','','','',0,0,'','','','','','',16,'2018-04-04 00:36:22',NULL,NULL,0,NULL,NULL,0),(237,0,'TAFF RECIPE SDN BHD','','','','','',0,0,'','','','','','',16,'2018-04-04 00:36:42',NULL,NULL,0,NULL,NULL,0),(238,0,'INSTITUT PROFESIONAL BAITULMAL SDN BHD','','','','','',0,0,'','','','','','',16,'2018-04-04 00:39:02',NULL,NULL,0,NULL,NULL,0),(239,0,'INSTITUT INTEGRITY MALAYSIA','','','','','',0,0,'','','','','','',16,'2018-04-04 00:42:09',NULL,NULL,0,NULL,NULL,0),(240,0,'MAJLIS DAERAH KAPIT','','','','','',0,0,'','','','','','',16,'2018-04-04 00:48:14',NULL,NULL,0,NULL,NULL,0),(241,0,'AGENSI KELAYAKAN MALAYSIA','','','','','',0,0,'','','','','','',16,'2018-04-04 00:48:38',NULL,NULL,0,NULL,NULL,0),(242,0,'NOSCO ASIA SDN BHD','','','','','',0,0,'','','','','','',16,'2018-04-04 00:50:52',NULL,NULL,0,NULL,NULL,0),(243,0,'MATTS HOLDING (M) SDN BHD','','','','','',0,0,'','','','','','',16,'2018-04-04 02:50:26',NULL,NULL,0,NULL,NULL,0),(244,0,'NUR KASIH MARKETING SDN BHD','','','','','',0,0,'','','','','','',16,'2018-04-04 02:50:55',NULL,NULL,0,NULL,NULL,0),(245,0,'IMTIYAZ DESIGN SDN BHD','','','','','',0,0,'','','','','','',16,'2018-04-04 02:58:47',NULL,NULL,0,NULL,NULL,0),(246,0,'YAYASAN PEMBANGUNAN PONDOK MALAYSIA','','','','','',0,0,'','','','','','',16,'2018-04-04 03:07:15',NULL,NULL,0,NULL,NULL,0),(247,0,'JITU ARIF SDN BHD','','','','','',0,0,'','','','','','',16,'2018-04-04 03:07:44',NULL,NULL,0,NULL,NULL,0),(248,0,'I-READ ELITE SDN BHD','','','','','',0,0,'','','','','','',16,'2018-04-04 03:25:31',NULL,NULL,0,NULL,NULL,0),(249,0,'PUBLIC COURIER (M) SDN BHD','','','','','',0,0,'','','','','','',16,'2018-04-04 03:33:12',NULL,NULL,0,NULL,NULL,0),(250,0,'MASRA CORPORATION SDN BHD','','','','','',0,0,'','','','','','',16,'2018-04-04 03:33:27',NULL,NULL,0,NULL,NULL,0),(251,0,'VIPER FORCE SDN BHD','','','','','',0,0,'','','','','','',16,'2018-04-04 03:36:39',NULL,NULL,0,NULL,NULL,0),(252,0,'YAYASAN KEMANUSIAAN MUSLIM AID MALAYSIA','','','','','',0,0,'','','','','','',16,'2018-04-04 03:36:51',NULL,NULL,0,NULL,NULL,0),(253,0,'LEESA FORMULA SDN BHD','','','','','',0,0,'','','','','','',16,'2018-04-04 03:40:12',NULL,NULL,0,NULL,NULL,0),(254,0,'KFM ORTHOPAEDICS SDN BHD','','','','','',0,0,'','','','','','',16,'2018-04-04 03:40:29',NULL,NULL,0,NULL,NULL,0),(255,0,'GCT ENGINEERING & CONSTRUCTION SDN BHD','','','','','',0,0,'','','','','','',16,'2018-04-04 03:44:34',NULL,NULL,0,NULL,NULL,0),(256,0,'RJ LEGACY SDN BHD','','','','','',0,0,'','','','','','',16,'2018-04-04 03:44:52',NULL,NULL,0,NULL,NULL,0),(257,0,'ALAM OFFSHORE LOGISTICS & SERVICES SDN BHD','','','','','',0,0,'','','','','','',16,'2018-04-04 03:50:11',NULL,NULL,0,NULL,NULL,0),(258,0,'PENERBIT TERAS SDN BHD','','','','','',0,0,'','','','','','',16,'2018-04-04 03:52:17',NULL,NULL,0,NULL,NULL,0),(259,0,'WHOFFAL ENERGY SERVICES SDN BHD','','','','','',0,0,'','','','','','',16,'2018-04-04 03:54:14',NULL,NULL,0,NULL,NULL,0),(260,0,'PROGRAM SENAMROBIKTHON JUBLI EMAS SMTKL','','','','','',0,0,'','','','','','',16,'2018-04-04 03:54:29',NULL,NULL,0,NULL,NULL,0),(261,0,'YSS ALAM ENERGY (M) SDN BHD','','','','','',0,0,'','','','','','',16,'2018-04-04 03:56:52',NULL,NULL,0,NULL,NULL,0),(262,0,'JENTRIK PERUNDING SDN BHD','','','','','',0,0,'','','','','','',16,'2018-04-04 03:57:15',NULL,NULL,0,NULL,NULL,0),(263,0,'ORANGE GARAGE SDN BHD','','','','','',0,0,'','','','','','',16,'2018-04-04 03:57:36',NULL,NULL,0,NULL,NULL,0),(264,0,'ABA RESOURCES SDN BHD','','','','','',0,0,'','','','','','',16,'2018-04-04 04:00:52',NULL,NULL,0,NULL,NULL,0),(265,0,'MAG BUILDERS SDN BHD','','','','','',0,0,'','','','','','',16,'2018-04-04 04:01:13',NULL,NULL,0,NULL,NULL,0),(266,0,'TYM DAGANG SDN BHD','','','','','',0,0,'','','','','','',16,'2018-04-04 04:03:04',NULL,NULL,0,NULL,NULL,0),(267,0,'AL-WARISEEN TRUST','','','','','',0,0,'','','','','','',16,'2018-04-04 04:03:23',NULL,NULL,0,NULL,NULL,0),(268,0,'ZAIDA GEMILANG MANAGEMENT SDN BHD','','','','','',0,0,'','','','','','',16,'2018-04-04 04:06:44',NULL,NULL,0,NULL,NULL,0),(269,0,'SALIHIN TRAINING & CONSULTANCY SDN BHD','','','','','',0,0,'','','','','','',16,'2018-04-04 04:07:12',NULL,NULL,0,NULL,NULL,0),(270,0,'FERARICH SDN BHD','','','','','',0,0,'','','','','','',16,'2018-04-04 04:10:22',NULL,NULL,0,NULL,NULL,0),(271,0,'MUSLIM AID ASIA SDN BHD','','','','','',0,0,'','','','','','',16,'2018-04-04 04:13:47',NULL,NULL,0,NULL,NULL,0),(272,0,'BUMI BANGI SDN BHD','','','','','',0,0,'','','','','','',16,'2018-04-04 04:14:07',NULL,NULL,0,NULL,NULL,0),(273,0,'PERTUBUHAN CIRED MALAYSIA','','','','','',0,0,'','','','','','',16,'2018-04-04 04:14:27',NULL,NULL,0,NULL,NULL,0),(274,0,'SAZEAN BUSINESS SDN BHD','','','','','',0,0,'','','','','','',16,'2018-04-04 04:16:58',NULL,NULL,0,NULL,NULL,0),(275,0,'FT ONE CONSTRUCTION SDN BHD','','','','','',0,0,'','','','','','',16,'2018-04-04 04:17:18',NULL,NULL,0,NULL,NULL,0),(276,0,'SALIHIN GST SERVICES SDN BHD','','','','','',0,0,'','','','','','',16,'2018-04-04 04:17:37',NULL,NULL,0,NULL,NULL,0),(277,0,'YAUMAN AUTO SDN BHD','','','','','',0,0,'','','','','','',16,'2018-04-04 04:20:07',NULL,NULL,0,NULL,NULL,0),(278,0,'MARLIK ABU HOLDING SDN BHD','','','','','',0,0,'','','','','','',16,'2018-04-04 04:23:01',NULL,NULL,0,NULL,NULL,0),(279,0,'ABA MANUFACTURING SDN BHD','','','','','',0,0,'','','','','','',16,'2018-04-04 04:27:59',NULL,NULL,0,NULL,NULL,0),(280,0,'SRINUANSA (M) SDN BHD','','','','','',0,0,'','','','','','',16,'2018-04-04 04:28:19',NULL,NULL,0,NULL,NULL,0),(281,0,'ABM-TECH RESOURCES SDN BHD','','','','','',0,0,'','','','','','',16,'2018-04-04 04:31:48',NULL,NULL,0,NULL,NULL,0),(282,0,'NEW HEMISPHERE SECURITY SDN BHD','','','','','',0,0,'','','','','','',16,'2018-04-04 04:32:11',NULL,NULL,0,NULL,NULL,0),(283,0,'FERRARI OWNERS CLUB MALAYSIA','','','','','',0,0,'','','','','','',16,'2018-04-04 04:40:10',NULL,NULL,0,NULL,NULL,0),(284,0,'YAYASAN MURNI AQIDAH BERDAFTAR','','','','','',0,0,'','','','','','',16,'2018-04-04 04:40:29',NULL,NULL,0,NULL,NULL,0),(285,0,'SPM MEMBRANE SOLUTION SDN BHD','','','','','',0,0,'','','','','','',16,'2018-04-04 04:41:06',NULL,NULL,0,NULL,NULL,0),(286,0,'SWIFT LOQ SDN BHD','','','','','',0,0,'','','','','','',16,'2018-04-04 04:44:07',NULL,NULL,0,NULL,NULL,0),(287,0,'AGENSI PERNIAGAAN QUANTUM SERVICES SDN BHD','','','','','',0,0,'','','','','','',16,'2018-04-04 04:45:35',NULL,NULL,0,NULL,NULL,0),(288,0,'LANDASAN INOVATIF SDN BHD','','','','','',0,0,'','','','','','',16,'2018-04-04 04:45:56',NULL,NULL,0,NULL,NULL,0),(289,0,'SERENE SPA SOLUTIONS SDN BHD','','','','','',0,0,'','','','','','',16,'2018-04-04 04:46:20',NULL,NULL,0,NULL,NULL,0),(290,0,'ARMERIA SDN BHD','','','','','',0,0,'','','','','','',16,'2018-04-04 04:52:06',NULL,NULL,0,NULL,NULL,0),(291,0,'SIGMA SETIA SDN BHD','','','','','',0,0,'','','','','','',16,'2018-04-04 04:52:38',NULL,NULL,0,NULL,NULL,0),(292,0,'KOPERASI MEGA MAJU SELANGOR BERHAD','','','','','',0,0,'','','','','','',16,'2018-04-04 04:55:00',NULL,NULL,0,NULL,NULL,0),(293,0,'WBH MANAGEMENT SDN BHD','','','','','',0,0,'','','','','','',16,'2018-04-04 04:57:33',NULL,NULL,0,NULL,NULL,0),(294,0,'MUTIARA MOTORSPORTS SDN BHD','','','','','',0,0,'','','','','','',16,'2018-04-04 04:59:32',NULL,NULL,0,NULL,NULL,0),(295,0,'SAZEAN ENGINEERING & CONSTRUCTION','','','','','',0,0,'','','','','','',16,'2018-04-04 05:03:25',NULL,NULL,0,NULL,NULL,0),(296,0,'SOFTLABS TECH SDN BHD','','','','','',0,0,'','','','','','',16,'2018-04-04 05:03:42',NULL,NULL,0,NULL,NULL,0),(297,0,'AGA ZONE SDN BHD','','','','','',0,0,'','','','','','',16,'2018-04-04 06:08:44',NULL,NULL,0,NULL,NULL,0),(298,0,'SALIHIN IT SOLUTION SDN BHD','','','','','',0,0,'','','','','','',16,'2018-04-04 06:09:20',NULL,NULL,0,NULL,NULL,0),(299,0,'YAYASAN DARLING','','','','','',0,0,'','','','','','',16,'2018-04-04 06:09:43',NULL,NULL,0,NULL,NULL,0),(300,0,'INFOMATIC POWER SDN BHD','','','','','',0,0,'','','','','','',16,'2018-04-04 06:13:00',NULL,NULL,0,NULL,NULL,0),(301,0,'MISBAH TRAVEL & TOURS','','','','','',0,0,'','','','','','',16,'2018-04-04 06:18:43',NULL,NULL,0,NULL,NULL,0),(302,0,'XC-COMMAND SECURITY SERVICES SDN BHD','','','','','',0,0,'','','','','','',16,'2018-04-04 06:20:44',NULL,NULL,0,NULL,NULL,0),(303,0,'HEALWELL PHARMACEUTICALS SDN BHD','','','','','',0,0,'','','','','','',16,'2018-04-04 06:22:21',NULL,NULL,0,NULL,NULL,0),(304,0,'SAAKA NILAI SDN BHD','','','','','',0,0,'','','','','','',16,'2018-04-04 06:23:49',NULL,NULL,0,NULL,NULL,0),(305,0,'JITU HARTA SDN BHD','','','','','',0,0,'','','','','','',16,'2018-04-04 06:24:08',NULL,NULL,0,NULL,NULL,0),(306,0,'VAS AERO MALAYSIA SDN BHD','','','','','',0,0,'','','','','','',16,'2018-04-04 06:27:21',NULL,NULL,0,NULL,NULL,0),(307,0,'KOPERASI UNIVERSITI TEKNOLOGI MARA BERHAD','','','','','',0,0,'','','','','','',16,'2018-04-04 06:28:52',NULL,NULL,0,NULL,NULL,0),(308,0,'ABA VENTURES SDN BHD','','','','','',0,0,'','','','','','',16,'2018-04-04 06:31:51',NULL,NULL,0,NULL,NULL,0),(309,0,'EASTERN BIOTECH RESOURCES SDN BHD','','','','','',0,0,'','','','','','',16,'2018-04-04 06:36:09',NULL,NULL,0,NULL,NULL,0),(310,0,'ACTGREEN VENTURES SDN BHD','','','','','',0,0,'','','','','','',16,'2018-04-04 06:42:53',NULL,NULL,0,NULL,NULL,0),(311,0,'KOPERASI BELIA NASIONAL BERHAD','','','','','',0,0,'','','','','','',16,'2018-04-04 06:46:44',NULL,NULL,0,NULL,NULL,0),(312,0,'OSA MEDICAL SDN BHD','','','','','',0,0,'','','','','','',16,'2018-04-04 06:52:22',NULL,NULL,0,NULL,NULL,0),(313,0,'DEWAN BAHASA DAN PUSTAKA','','','','','',0,0,'','','','','','',16,'2018-04-04 07:03:28',NULL,NULL,0,NULL,NULL,0),(314,0,'ITEM INDUTRIAL ENGINEERING SDN BHD','','','','','',0,0,'','','','','','',16,'2018-04-04 07:07:45',NULL,NULL,0,NULL,NULL,0),(315,0,'KOPERASI UITM BERHAD','','','','','',0,0,'','','','','','',16,'2018-04-04 07:13:04',NULL,NULL,0,NULL,NULL,0),(316,0,'MURNI PLUS SDN BHD','','','','','',0,0,'','','','','','',16,'2018-04-04 07:20:09',NULL,NULL,0,NULL,NULL,0),(317,0,'SAZEAN HOLDINGS SDN BHD','','','','','',0,0,'','','','','','',16,'2018-04-04 07:20:44',NULL,NULL,0,NULL,NULL,0),(318,0,'PERBADANAN PENGURUSAN SISA PEPEJAL DAN PEMBERSIHAN AWAM','','','','','',0,0,'','','','','','',16,'2018-04-04 07:23:46',NULL,NULL,0,NULL,NULL,0),(319,0,'MERBAH PERKASA SDN BHD','','','','','',0,0,'','','','','','',16,'2018-04-04 07:30:42',NULL,NULL,0,NULL,NULL,0),(320,0,'ZIRKONIA SDN BHD','','','','','',0,0,'','','','','','',16,'2018-04-04 07:31:04',NULL,NULL,0,NULL,NULL,0),(321,0,'LITTLE CASH (M) SDN BHD','','','','','',0,0,'','','','','','',16,'2018-04-04 07:33:34',NULL,NULL,0,NULL,NULL,0),(322,0,'YAYASAN ALLAMIYYAH','','','','','',0,0,'','','','','','',16,'2018-04-04 07:36:12',NULL,NULL,0,NULL,NULL,0),(323,0,'DONUT HQ SDN BHD','','','','','',0,0,'','','','','','',16,'2018-04-04 07:39:21',NULL,NULL,0,NULL,NULL,0),(324,0,'YAYASAN TAN SRI KADIR SHEIKH FADZIR','','','','','',0,0,'','','','','','',16,'2018-04-04 08:14:58',NULL,NULL,0,NULL,NULL,0),(325,0,'BONAPRIMO RESOURCES SDN BHD','','','','','',0,0,'','','','','','',16,'2018-04-04 08:15:16',NULL,NULL,0,NULL,NULL,0),(326,0,'MKN MOTORSPORT SDN BHD','','','','','',0,0,'','','','','','',16,'2018-04-04 08:15:33',NULL,NULL,0,NULL,NULL,0),(327,0,'TERAS INTEGRASI SDN BHD','','','','','',0,0,'','','','','','',16,'2018-04-04 08:18:32',NULL,NULL,0,NULL,NULL,0),(328,0,'EASTERN BIOTECH MARKETING SDN BHD','','','','','',0,0,'','','','','','',16,'2018-04-04 08:27:26',NULL,NULL,0,NULL,NULL,0),(329,0,'JEY & AEY TEGUH (M) SDN BHD','','','','','',0,0,'','','','','','',16,'2018-04-04 08:30:50',NULL,NULL,0,NULL,NULL,0),(330,0,'ESHA & ASSOCIATES SDN BHD','','','','','',0,0,'','','','','','',16,'2018-04-04 08:37:35',NULL,NULL,0,NULL,NULL,0),(331,0,'OTAI FRANCHISE SDN BHD','','','','','',0,0,'','','','','','',16,'2018-04-04 08:38:00',NULL,NULL,0,NULL,NULL,0),(332,0,'YAYASAN LACE DATO ROKIAH','','','','','',0,0,'','','','','','',16,'2018-04-04 08:41:16',NULL,NULL,0,NULL,NULL,0),(333,0,'MOSCORP SDN BHD','','','','','',0,0,'','','','','','',16,'2018-04-04 08:41:43',NULL,NULL,0,NULL,NULL,0),(334,0,'MARLIK ABU & ASSOCIATES SDN BHD','','','','','',0,0,'','','','','','',16,'2018-04-04 08:45:30',NULL,NULL,0,NULL,NULL,0),(335,0,'ERP TWO ONE TECHNOLOGIES & INNOVATIONS SDN BHD','','','','','',0,0,'','','','','','',16,'2018-04-04 08:48:28',NULL,NULL,0,NULL,NULL,0),(336,0,'GAH GEMILANG SDN BHD','','','','','',0,0,'','','','','','',16,'2018-04-04 08:48:48',NULL,NULL,0,NULL,NULL,0),(337,0,'ZAINAL DIN DEVELOPMENT SDN BHD','','','','','',0,0,'','','','','','',16,'2018-04-04 08:53:15',NULL,NULL,0,NULL,NULL,0),(338,0,'CENTRE FOR GLOCAL CONCERN','','','','','',0,0,'','','','','','',16,'2018-04-04 08:56:40',NULL,NULL,0,NULL,NULL,0),(339,0,'DONE MOTORSPORT SDN BHD','','','','','',0,0,'','','','','','',16,'2018-04-04 08:57:20',NULL,NULL,0,NULL,NULL,0),(340,0,'ZAINAL DIN CONSTRUCTION SDN BHD','','','','','',0,0,'','','','','','',16,'2018-04-04 09:00:43',NULL,NULL,0,NULL,NULL,0),(341,0,'GLOBAL COMBINE TECHNOLOGIES SDN BHD','','','','','',0,0,'','','','','','',16,'2018-04-04 09:03:39',NULL,NULL,0,NULL,NULL,0),(342,0,'FLIT (M) SDN BHD','','','','','',0,0,'','','','','','',16,'2018-04-04 09:06:27',NULL,NULL,0,NULL,NULL,0),(343,0,'MDZ CONSTRUCTION SDN BHD','','','','','',0,0,'','','','','','',16,'2018-04-04 09:10:16',NULL,NULL,0,NULL,NULL,0),(344,0,'PUBLIC COURIER SERVICES SDN BHD','','','','','',0,0,'','','','','','',16,'2018-04-04 09:11:16',NULL,NULL,0,NULL,NULL,0),(345,0,'YAYASAN SUKARELAWAN SISWA','','','','','',0,0,'','','','','','',16,'2018-04-04 09:18:04',NULL,NULL,0,NULL,NULL,0),(346,0,'GRAND MARGHERITA HOTEL','','','','','',0,0,'','','','','','',16,'2018-04-04 09:21:11',NULL,NULL,0,NULL,NULL,0),(347,0,'STAR MEDIK SDN BHD','','','','','',0,0,'','','','','','',16,'2018-04-04 09:23:00',NULL,NULL,0,NULL,NULL,0),(348,0,'K-SHAH ENERGY RESOURCES SDN BHD','','','','','',0,0,'','','','','','',16,'2018-04-04 09:24:32',NULL,NULL,0,NULL,NULL,0),(349,0,'DIGITAL TECHNOLOGIES SDN BHD','','','','','',0,0,'','','','','','',16,'2018-04-04 09:24:52',NULL,NULL,0,NULL,NULL,0),(350,0,'BV MALLS (M) SDN BHD','','','','','',0,0,'','','','','','',16,'2018-04-04 09:27:26',NULL,NULL,0,NULL,NULL,0),(351,0,'DEKAD JITU SDN BHD','','','','','',0,0,'','','','','','',16,'2018-04-04 09:32:01',NULL,NULL,0,NULL,NULL,0),(352,0,'MALAYSIAN ASSCOCIATION OF HOTEL OWNERS','','','','','',0,0,'','','','','','',16,'2018-04-04 09:40:11',NULL,NULL,0,NULL,NULL,0),(353,0,'SHUKOR ORTHOPAEDIC SDN BHD','','','','','',0,0,'','','','','','',16,'2018-04-04 09:40:28',NULL,NULL,0,NULL,NULL,0),(354,0,'PENUMBRA COMMUNICATIONS SDN BHD','','','','','',0,0,'','','','','','',16,'2018-04-04 09:44:05',NULL,NULL,0,NULL,NULL,0),(355,0,'SECRETLEAF INTERNATIONAL SDN BHD','','','','','',0,0,'','','','','','',16,'2018-04-04 09:47:23',NULL,NULL,0,NULL,NULL,0),(356,0,'CATATONIC FABRICATORS SDN BHD','','','','','',0,0,'','','','','','',16,'2018-04-04 09:47:41',NULL,NULL,0,NULL,NULL,0),(357,0,'E-SMARTCAB (M) SDN BHD','','','','','',0,0,'','','','','','',16,'2018-04-05 00:43:00',NULL,NULL,0,NULL,NULL,0),(358,0,'YAYASAN 1 BIRU SDN BHD','','','','','',0,0,'','','','','','',16,'2018-04-05 02:30:19',NULL,NULL,0,NULL,NULL,0),(359,0,'ABA MAINTENANCE SERVICES SDN BHD','','','','','',0,0,'','','','','','',16,'2018-04-05 02:32:43',NULL,NULL,0,NULL,NULL,0),(360,0,'SYSTEM CANVAS (M) SDN BHD','','','','','',0,0,'','','','','','',16,'2018-04-05 02:34:49',NULL,NULL,0,NULL,NULL,0),(361,0,'STOR TAWAKAL SDN BHD','','','','','',0,0,'','','','','','',16,'2018-04-05 02:41:35',NULL,NULL,0,NULL,NULL,0),(362,0,'KOPERASI KAKITANGAN PETRONAS BERHAD','','','','','',0,0,'','','','','','',16,'2018-04-05 02:42:53',NULL,NULL,0,NULL,NULL,0),(363,0,'AMSAC TECHNOLOGIES SDN BHD','','','','','',0,0,'','','','','','',16,'2018-04-05 02:47:48',NULL,NULL,0,NULL,NULL,0),(364,0,'KUB MAJU MILL SDN BHD','','','','','',0,0,'','','','','','',16,'2018-04-05 02:50:58',NULL,NULL,0,NULL,NULL,0),(365,0,'LUVSTYLISTA APPAREL SDN BHD','','','','','',0,0,'','','','','','',16,'2018-04-05 02:54:08',NULL,NULL,0,NULL,NULL,0),(366,0,'ZULQEF MEDIC SDN BHD','','','','','',0,0,'','','','','','',16,'2018-04-05 03:01:00',NULL,NULL,0,NULL,NULL,0),(367,0,'YAYASAN KELANA EHSAN','','','','','',0,0,'','','','','','',16,'2018-04-05 03:04:35',NULL,NULL,0,NULL,NULL,0),(368,0,'LAVAND SDN BHD','','','','','',0,0,'','','','','','',16,'2018-04-05 03:09:44',NULL,NULL,0,NULL,NULL,0),(369,0,'THE POH TEIK & COMPANY','','','','','',0,0,'','','','','','',16,'2018-04-05 03:35:05',NULL,NULL,0,NULL,NULL,0),(370,0,'NADA IKRAR SDN BHD','','','','','',0,0,'','','','','','',16,'2018-04-05 03:54:14',NULL,NULL,0,NULL,NULL,0),(371,0,'LARAS MARKETING & SERVICES SDN BHD','','','','','',0,0,'','','','','','',16,'2018-04-05 03:58:17',NULL,NULL,0,NULL,NULL,0),(372,0,'ALMAAZ CONFECTIONERY SDN BHD','','','','','',0,0,'','','','','','',16,'2018-04-05 03:59:06',NULL,NULL,0,NULL,NULL,0),(373,0,'ORGANIC QUEST SDN BHD','','','','','',0,0,'','','','','','',16,'2018-04-05 03:59:54',NULL,NULL,0,NULL,NULL,0),(374,0,'DIAMOND STAR SDN BHD','','','','','',0,0,'','','','','','',16,'2018-04-05 04:00:40',NULL,NULL,0,NULL,NULL,0),(375,0,'JALINAN SEJAGAT SDN BHD','','','','','',0,0,'','','','','','',16,'2018-04-05 04:02:30',NULL,NULL,0,NULL,NULL,0),(376,0,'KAS JURUUKUR BAHAN SDN BHD','','','','','',0,0,'','','','','','',16,'2018-04-05 04:03:19',NULL,NULL,0,NULL,NULL,0),(377,0,'AGENSI PEKERJAAN ALFAJR SDN BHD','','','','','',0,0,'','','','','','',16,'2018-04-05 04:04:40',NULL,NULL,0,NULL,NULL,0),(378,0,'ABA ENGINEERING SDN BHD','','','','','',0,0,'','','','','','',16,'2018-04-05 04:06:19',NULL,NULL,0,NULL,NULL,0),(379,0,'VARIATION SERVICES SDN BHD','','','','','',0,0,'','','','','','',16,'2018-04-05 04:07:05',NULL,NULL,0,NULL,NULL,0),(380,0,'FIVE STAR VALLEY SDN BHD','','','','','',0,0,'','','','','','',16,'2018-04-05 04:08:09',NULL,NULL,0,NULL,NULL,0),(381,0,'MN ASSOCIATES (JOHOR) SDN BHD','','','','','',0,0,'','','','','','',16,'2018-04-05 04:10:54',NULL,NULL,0,NULL,NULL,0),(382,0,'KFM ORTHOPEDICS SDN BHD','','','','','',0,0,'','','','','','',16,'2018-04-05 04:12:28',NULL,NULL,0,NULL,NULL,0),(383,0,'KUKUH BESTARI TRADINGS SDN BHD','','','','','',0,0,'','','','','','',16,'2018-04-05 04:13:53',NULL,NULL,0,NULL,NULL,0),(384,0,'SYARIKAT BINAAN CERAH AUTOMOBILE SDN BHD','','','','','',0,0,'','','','','','',16,'2018-04-05 04:15:10',NULL,NULL,0,NULL,NULL,0),(385,0,'GARDEN EQUITY SDN BHD','','','','','',0,0,'','','','','','',16,'2018-04-05 04:15:56',NULL,NULL,0,NULL,NULL,0),(386,0,'JOYFISH FOOD INDUSTRIES SDN BHD','','','','','',0,0,'','','','','','',16,'2018-04-05 04:16:38',NULL,NULL,0,NULL,NULL,0),(387,0,'GROUP COMPONENTS AUTOMOTIVE SDN BHD','','','','','',0,0,'','','','','','',16,'2018-04-05 04:20:11',NULL,NULL,0,NULL,NULL,0),(388,0,'DARUSSALAM KUKUH (M) SDN BHD','','','','','',0,0,'','','','','','',16,'2018-04-05 04:21:00',NULL,NULL,0,NULL,NULL,0),(389,0,'PERDANA ENVIRONMENTAL TECHNOLOGY & SERVICES','','','','','',0,0,'','','','','','',16,'2018-04-05 04:22:20',NULL,NULL,0,NULL,NULL,0),(390,0,'SALIHIN CONSULTING GROUP','','','','','',0,0,'','','','','','',16,'2018-04-05 04:23:36',NULL,NULL,0,NULL,NULL,0),(391,0,'DTM TYRE & AUTO SERVICE SDN BHD','','','','','',0,0,'','','','','','',16,'2018-04-05 04:24:24',NULL,NULL,0,NULL,NULL,0),(392,0,'DESTINATION MASTER TRAVEL & TOURS','','','','','',0,0,'','','','','','',16,'2018-04-05 04:25:11',NULL,NULL,0,NULL,NULL,0),(393,0,'HIDAYAH TRAVEL & TOURS SDN BHD','','','','','',0,0,'','','','','','',16,'2018-04-05 04:26:12',NULL,NULL,0,NULL,NULL,0),(394,0,'EXXERGY RESOURCES SDN BHD','','','','','',0,0,'','','','','','',16,'2018-04-05 04:26:58',NULL,NULL,0,NULL,NULL,0),(395,0,'HAIROL AZMAN HARDWARE SDN BHD','','','','','',0,0,'','','','','','',16,'2018-04-05 04:27:45',NULL,NULL,0,NULL,NULL,0),(396,0,'FLEXIRATE SYSTEM SDN BHD','','','','','',0,0,'','','','','','',16,'2018-04-05 04:28:41',NULL,NULL,0,NULL,NULL,0),(397,0,'MISI WAWASAN SDN BHD','','','','','',0,0,'','','','','','',16,'2018-04-05 04:31:27',NULL,NULL,0,NULL,NULL,0),(398,0,'FAR FRONTIER ENERGY SERVICES SDN BHD','','','','','',0,0,'','','','','','',16,'2018-04-05 04:32:25',NULL,NULL,0,NULL,NULL,0),(399,0,'MATAHATI WORLDWIDE SDN BHD','','','','','',0,0,'','','','','','',16,'2018-04-05 04:34:03',NULL,NULL,0,NULL,NULL,0),(400,0,'FLEET CHANNEL (M) SDN BHD','','','','','',0,0,'','','','','','',16,'2018-04-05 04:36:08',NULL,NULL,0,NULL,NULL,0),(401,0,'LIGHTTEC SDN BHD','','','','','',0,0,'','','','','','',16,'2018-04-05 04:37:07',NULL,NULL,0,NULL,NULL,0),(402,0,'DARJAT IKHLAS SDN BHD','','','','','',0,0,'','','','','','',16,'2018-04-05 04:40:34',NULL,NULL,0,NULL,NULL,0),(403,0,'ESTHALON (M) SDN BHD','','','','','',0,0,'','','','','','',16,'2018-04-05 04:41:56',NULL,NULL,0,NULL,NULL,0),(404,0,'KAMARUZAINI & COMPANY SDN BHD','','','','','',0,0,'','','','','','',16,'2018-04-05 04:46:47',NULL,NULL,0,NULL,NULL,0),(405,0,'INISIATIF USAHA SDN BHD','','','','','',0,0,'','','','','','',16,'2018-04-05 04:49:18',NULL,NULL,0,NULL,NULL,0),(406,0,'IMEJ ELEKTRA SDN BHD','','','','','',0,0,'','','','','','',16,'2018-04-05 04:51:48',NULL,NULL,0,NULL,NULL,0),(407,0,'GRAFILM (MALAYSIA) SDN BHD','','','','','',0,0,'','','','','','',16,'2018-04-05 04:53:47',NULL,NULL,0,NULL,NULL,0),(408,0,'JUIN SDN BHD','','','','','',0,0,'','','','','','',16,'2018-04-05 04:55:34',NULL,NULL,0,NULL,NULL,0),(409,0,'HEXMANN LOGISTIC SDN BHD','','','','','',0,0,'','','','','','',16,'2018-04-05 04:56:18',NULL,NULL,0,NULL,NULL,0),(410,0,'KONSORTIUM PEMBANGUNAN WILAYAH SELATAN SDN BHD','','','','','',0,0,'','','','','','',16,'2018-04-05 04:58:22',NULL,NULL,0,NULL,NULL,0),(411,0,'EDISI GAGAH SDN BHD','','','','','',0,0,'','','','','','',16,'2018-04-05 04:59:15',NULL,NULL,0,NULL,NULL,0),(412,0,'GLOBAL MEGAMAJU SDN BHD','','','','','',0,0,'','','','','','',16,'2018-04-05 05:00:48',NULL,NULL,0,NULL,NULL,0),(413,0,'ARAH MAHIR SDN BHD','','','','','',0,0,'','','','','','',16,'2018-04-05 06:16:38',NULL,NULL,0,NULL,NULL,0),(414,0,'EDARAN ARIF MEDIK SDN BHD','','','','','',0,0,'','','','','','',16,'2018-04-05 06:18:54',NULL,NULL,0,NULL,NULL,0),(415,0,'CIPTA ASIA WORLDWIDE SDN BHD','','','','','',0,0,'','','','','','',16,'2018-04-05 06:22:30',NULL,NULL,0,NULL,NULL,0),(416,0,'SYARIKAT USAHASAMA MAJUKITA SDN BHD','','','','','',0,0,'','','','','','',16,'2018-04-05 06:23:10',NULL,NULL,0,NULL,NULL,0),(417,0,'NALURIAN SDN BHD','','','','','',0,0,'','','','','','',16,'2018-04-05 06:25:52',NULL,NULL,0,NULL,NULL,0),(418,0,'JENTRIK SDN BHD','','','','','',0,0,'','','','','','',16,'2018-04-05 06:30:34',NULL,NULL,0,NULL,NULL,0),(419,0,'NAMIDA HOLDINGS SDN BHD','','','','','',0,0,'','','','','','',16,'2018-04-05 06:31:41',NULL,NULL,0,NULL,NULL,0),(420,0,'HYT SAWIT SDN BHD','','','','','',0,0,'','','','','','',16,'2018-04-05 06:32:34',NULL,NULL,0,NULL,NULL,0),(421,0,'UNIFIED CONSULT SDN BHD','','','','','',0,0,'','','','','','',16,'2018-04-05 06:34:05',NULL,NULL,0,NULL,NULL,0),(422,0,'EAM SALES AND MARKETING SDN BHD','','','','','',0,0,'','','','','','',16,'2018-04-05 06:35:54',NULL,NULL,0,NULL,NULL,0),(423,0,'AIDIL ENGINEERING SERVICES SDN BHD','','','','','',0,0,'','','','','','',16,'2018-04-05 06:36:32',NULL,NULL,0,NULL,NULL,0),(424,0,'BUMIRESTU CREATIVE SDN BHD','','','','','',0,0,'','','','','','',16,'2018-04-05 06:37:17',NULL,NULL,0,NULL,NULL,0),(425,0,'ANEKA GEAR ENGINEERING SUPPLIERS SDN BHD','','','','','',0,0,'','','','','','',16,'2018-04-05 06:38:48',NULL,NULL,0,NULL,NULL,0),(426,0,'DESTINATION MASTER SDN BHD','','','','','',0,0,'','','','','','',16,'2018-04-05 06:40:55',NULL,NULL,0,NULL,NULL,0),(427,0,'BILLENIUM ASSET SDN BHD','','','','','',0,0,'','','','','','',16,'2018-04-05 06:42:13',NULL,NULL,0,NULL,NULL,0),(428,0,'BETA SYNERGY RESOURCES SDN BHD','','','','','',0,0,'','','','','','',16,'2018-04-05 06:46:02',NULL,NULL,0,NULL,NULL,0),(429,0,'TNJ TEAMWORK SDN BHD','','','','','',0,0,'','','','','','',16,'2018-04-05 06:46:42',NULL,NULL,0,NULL,NULL,0),(430,0,'SITI NURHALIZA PRODUCTIONS (M) SDN BHD','','','','','',0,0,'','','','','','',16,'2018-04-05 06:47:58',NULL,NULL,0,NULL,NULL,0),(431,0,'DEWAN USAHAWAN INDUSTRI DESA MALAYSIA','','','','','',0,0,'','','','','','',16,'2018-04-05 06:49:36',NULL,NULL,0,NULL,NULL,0),(432,0,'CASHFLOW HORIZON SDN BHD','','','','','',0,0,'','','','','','',16,'2018-04-05 06:51:45',NULL,NULL,0,NULL,NULL,0),(433,0,'LITE SOURCES SDN BHD','','','','','',0,0,'','','','','','',16,'2018-04-05 06:54:46',NULL,NULL,0,NULL,NULL,0),(434,0,'ERA PUNCAKBUMI SDN BHD','','','','','',0,0,'','','','','','',16,'2018-04-05 06:55:56',NULL,NULL,0,NULL,NULL,0),(435,0,'OMAL WORLDWIDE CONNECTION SDN BHD','','','','','',0,0,'','','','','','',16,'2018-04-05 07:01:31',NULL,NULL,0,NULL,NULL,0),(436,0,'PERSATUAN PEDAGANG DAN PENGUSAHA MELAYU MALAYSIA','','','','','',0,0,'','','','','','',16,'2018-04-05 07:03:57',NULL,NULL,0,NULL,NULL,0),(437,0,'PASADENA TECHNOLOGY SDN BHD','','','','','',0,0,'','','','','','',16,'2018-04-05 07:04:50',NULL,NULL,0,NULL,NULL,0),(438,0,'IZ-AN CORPORATION (M) SDN BHD','','','','','',0,0,'','','','','','',16,'2018-04-05 07:07:17',NULL,NULL,0,NULL,NULL,0),(439,0,'MYVITISDOTCOM (M) SDN BHD','','','','','',0,0,'','','','','','',16,'2018-04-05 07:08:10',NULL,NULL,0,NULL,NULL,0),(440,0,'PUTRA BINABANGUN SDN BHD','','','','','',0,0,'','','','','','',16,'2018-04-05 07:08:54',NULL,NULL,0,NULL,NULL,0),(441,0,'MELATI EDAR SDN BHD','','','','','',0,0,'','','','','','',16,'2018-04-05 07:09:44',NULL,NULL,0,NULL,NULL,0),(442,0,'PERFECT VISION INTERNATIONAL MANPOWER SDN BHD','','','','','',0,0,'','','','','','',16,'2018-04-05 07:10:32',NULL,NULL,0,NULL,NULL,0),(443,0,'PERUNDING ARIZ SDN BHD','','','','','',0,0,'','','','','','',16,'2018-04-05 07:11:23',NULL,NULL,0,NULL,NULL,0),(444,0,'PLANET POINT SDN BHD','','','','','',0,0,'','','','','','',16,'2018-04-05 07:12:42',NULL,NULL,0,NULL,NULL,0),(445,0,'MERIT EZY SDN BHD','','','','','',0,0,'','','','','','',16,'2018-04-05 07:13:36',NULL,NULL,0,NULL,NULL,0),(446,0,'SMART GUIDE PUBLICATIONS SDN BHD','','','','','',0,0,'','','','','','',16,'2018-04-05 07:15:09',NULL,NULL,0,NULL,NULL,0),(447,0,'SELEKSI ANGSANA SDN BHD','','','','','',0,0,'','','','','','',16,'2018-04-05 07:16:46',NULL,NULL,0,NULL,NULL,0),(448,0,'SITI NURHALIZA MARKETING SDN BHD','','','','','',0,0,'','','','','','',16,'2018-04-05 07:19:08',NULL,NULL,0,NULL,NULL,0),(449,0,'ZALTRADE CORPORATION SDN BHD','','','','','',0,0,'','','','','','',16,'2018-04-05 07:20:01',NULL,NULL,0,NULL,NULL,0),(450,0,'ZULEYCO RESOURCES SDN BHD','','','','','',0,0,'','','','','','',16,'2018-04-05 07:20:57',NULL,NULL,0,NULL,NULL,0),(451,0,'ZN RESOURCES SDN BHD','','','','','',0,0,'','','','','','',16,'2018-04-05 07:21:51',NULL,NULL,0,NULL,NULL,0),(452,0,'SAZEAN TRADING SDN BHD','','','','','',0,0,'','','','','','',16,'2018-04-05 07:25:33',NULL,NULL,0,NULL,NULL,0),(453,0,'MALBAJAYA (M) SDN BHD','','','','','',0,0,'','','','','','',16,'2018-04-05 07:27:09',NULL,NULL,0,NULL,NULL,0),(454,0,'MUTIARA MOTORS RESORT SDN BHD','','','','','',0,0,'','','','','','',16,'2018-04-05 07:27:59',NULL,NULL,0,NULL,NULL,0),(455,0,'MAGICDREAMS MEDIA SDN BHD','','','','','',0,0,'','','','','','',16,'2018-04-05 07:28:54',NULL,NULL,0,NULL,NULL,0),(456,0,'MALAYSIAN ASSOCIATION OF HOTEL OWNERS','','','','','',0,0,'','','','','','',16,'2018-04-05 07:29:41',NULL,NULL,0,NULL,NULL,0),(457,0,'MAJU JAYA METALS SDN BHD','','','','','',0,0,'','','','','','',16,'2018-04-05 07:30:29',NULL,NULL,0,NULL,NULL,0),(458,0,'PIN JUNCTION SDN BHD','','','','','',0,0,'','','','','','',16,'2018-04-05 07:31:26',NULL,NULL,0,NULL,NULL,0),(459,0,'MAJU PUNCAK BUMI SDN BHD','','','','','',0,0,'','','','','','',16,'2018-04-05 07:33:15',NULL,NULL,0,NULL,NULL,0),(460,0,'STRATEGI TENAGA KERJA CEMERLANG (M) SDN BHD','','','','','',0,0,'','','','','','',16,'2018-04-05 07:34:55',NULL,NULL,0,NULL,NULL,0),(461,0,'SAZEAN HUMAN RESOURCES SDN BHD','','','','','',0,0,'','','','','','',16,'2018-04-05 07:36:12',NULL,NULL,0,NULL,NULL,0),(462,0,'PERMATA WAJAR SDN BHD','','','','','',0,0,'','','','','','',16,'2018-04-05 07:38:48',NULL,NULL,0,NULL,NULL,0),(463,0,'PROLANDER PROPERTY DEVELOPMENT SDN BHD','','','','','',0,0,'','','','','','',16,'2018-04-05 07:39:39',NULL,NULL,0,NULL,NULL,0),(464,0,'TERATAS DAGANG SDN BHD','','','','','',0,0,'','','','','','',16,'2018-04-05 07:40:41',NULL,NULL,0,NULL,NULL,0),(465,0,'SERENE SERENITY SDN BHD','','','','','',0,0,'','','','','','',16,'2018-04-05 07:41:28',NULL,NULL,0,NULL,NULL,0),(466,0,'FAJAR SINARMAS SDN BHD','','','','','',0,0,'','','','','','',16,'2018-04-05 07:45:28',NULL,NULL,0,NULL,NULL,0),(467,0,'MN AGENCIES SDN BHD','','','','','',0,0,'','','','','','',16,'2018-04-05 07:46:18',NULL,NULL,0,NULL,NULL,0),(468,0,'SHENVIRO HALL SDN BHD','','','','','',0,0,'','','','','','',16,'2018-04-05 07:49:06',NULL,NULL,0,NULL,NULL,0),(469,0,'FARMASI MEDIPOINT SDN BHD','','','','','',0,0,'','','','','','',16,'2018-04-05 07:49:51',NULL,NULL,0,NULL,NULL,0),(470,0,'SYAREX SDN BHD','','','','','',0,0,'','','','','','',16,'2018-04-05 07:51:31',NULL,NULL,0,NULL,NULL,0),(471,0,'SPRING VALLEY WELLNESS SDN BHD','','','','','',0,0,'','','','','','',16,'2018-04-05 07:53:56',NULL,NULL,0,NULL,NULL,0),(472,0,'SERAMA CORPORATION SDN BHD','','','','','',0,0,'','','','','','',16,'2018-04-05 07:55:37',NULL,NULL,0,NULL,NULL,0),(473,0,'TRAIL NETWORK SDN BHD','','','','','',0,0,'','','','','','',16,'2018-04-05 07:58:41',NULL,NULL,0,NULL,NULL,0),(474,0,'M-CHANNEL SDN BHD','','','','','',0,0,'','','','','','',16,'2018-04-05 08:01:48',NULL,NULL,0,NULL,NULL,0),(475,0,'I.M. COMMUNICATION SDN BHD','','','','','',0,0,'','','','','','',16,'2018-04-05 08:05:12',NULL,NULL,0,NULL,NULL,0),(476,0,'VARIATION MANAGEMENT SDN BHD','','','','','',0,0,'','','','','','',16,'2018-04-05 08:06:08',NULL,NULL,0,NULL,NULL,0),(477,0,'VM BUILDERS SDN BHD','','','','','',0,0,'','','','','','',16,'2018-04-05 08:07:07',NULL,NULL,0,NULL,NULL,0),(478,0,'SAZEAN CONSULT SDN BHD','','','','','',0,0,'','','','','','',16,'2018-04-05 08:09:31',NULL,NULL,0,NULL,NULL,0),(479,0,'SOFIMAS SDN BHD','','','','','',0,0,'','','','','','',16,'2018-04-05 08:12:45',NULL,NULL,0,NULL,NULL,0),(480,0,'PENUMBRA INTEGRATED (M) SDN BHD','','','','','',0,0,'','','','','','',16,'2018-04-05 08:15:46',NULL,NULL,0,NULL,NULL,0),(481,0,'TEMASEK SHIPPING AND FORWARDING AGENCY SDN BHD','','','','','',0,0,'','','','','','',16,'2018-04-05 08:17:16',NULL,NULL,0,NULL,NULL,0),(482,0,'TUJUSAMA HARDWARE SDN BHD','','','','','',0,0,'','','','','','',16,'2018-04-05 08:19:28',NULL,NULL,0,NULL,NULL,0),(483,0,'SAZALI GOLD (M) SDN BHD','','','','','',0,0,'','','','','','',16,'2018-04-05 08:24:17',NULL,NULL,0,NULL,NULL,0),(484,0,'SPECTRA QUEST SDN BHD (FORMERLY KNOWN AS PREDICT PRO SDN BHD','','','','','',0,0,'','','','','','',16,'2018-04-05 08:27:42',NULL,NULL,0,NULL,NULL,0),(485,0,'TANJUNG SEJAHTERA AGRO SDN BHD','','','','','',0,0,'','','','','','',16,'2018-04-05 08:30:45',NULL,NULL,0,NULL,NULL,0),(486,0,'ZEN DINAMIK SDN BHD','','','','','',0,0,'','','','','','',16,'2018-04-05 08:43:45',NULL,NULL,0,NULL,NULL,0),(487,0,'ZH BUILDERS SDN BHD','','','','','',0,0,'','','','','','',16,'2018-04-05 08:45:12',NULL,NULL,0,NULL,NULL,0),(488,0,'TABUNG PEMBINAAN SURAU AL-IKHWAN TAMAN SAMUDRA','','','','','',0,0,'','','','','','',16,'2018-04-05 08:47:13',NULL,NULL,0,NULL,NULL,0),(489,0,'ABA ALTERNATIVE FUELS SDN BHD','','','','','',0,0,'','','','','','',16,'2018-04-05 08:48:48',NULL,NULL,0,NULL,NULL,0),(490,0,'TEKNIK GLOBAL RESOURCES SDN BHD','','','','','',0,0,'','','','','','',16,'2018-04-05 08:49:42',NULL,NULL,0,NULL,NULL,0),(491,0,'TAMPAK MANTAP (M) SDN BHD','','','','','',0,0,'','','','','','',16,'2018-04-05 09:00:57',NULL,NULL,0,NULL,NULL,0),(492,0,'ISIANPADU SYSTEMS SDN BHD','','','','','',0,0,'','','','','','',16,'2018-04-05 09:07:37',NULL,NULL,0,NULL,NULL,0),(493,0,'GREEN NAVITUS CORPORATION SDN BHD','','','','','',0,0,'','','','','','',16,'2018-04-05 09:13:30',NULL,NULL,0,NULL,NULL,0),(494,0,'SALURAN PEDOMAN SDN BHD','','','','','',0,0,'','','','','','',16,'2018-04-05 09:14:34',NULL,NULL,0,NULL,NULL,0),(495,0,'RESTU CATERING AND CANOPY SDN BHD','','','','','',0,0,'','','','','','',16,'2018-04-05 09:22:16',NULL,NULL,0,NULL,NULL,0),(496,0,'QUATRIZ SYSTEM SDN BHD','','','','','',0,0,'','','','','','',16,'2018-04-30 02:49:55',NULL,NULL,0,NULL,NULL,0),(497,0,'AKADEMI AIDIT SDN BHD','','','','','',0,0,'','','','','','',16,'2018-04-30 02:52:48',NULL,NULL,0,NULL,NULL,0),(498,0,'BERESTU RESOURCES (M) SDN BHD','','','','','',0,0,'','','','','','',16,'2018-04-30 02:55:13',NULL,NULL,0,NULL,NULL,0),(499,0,'SALIHIN INNOVA TAX FREE SDN BHD','','','','','',0,0,'','','','','','',16,'2018-04-30 03:00:35',NULL,NULL,0,NULL,NULL,0),(500,0,'BINTARA SOLUTIONS SDN BHD','','','','','',0,0,'','','','','','',16,'2018-04-30 03:03:15',NULL,NULL,0,NULL,NULL,0),(501,0,'FAMILY FOREVER HOLDING SDN BHD','','','','','',0,0,'','','','','','',16,'2018-04-30 03:04:34',NULL,NULL,0,NULL,NULL,0),(502,0,'NUS ENTERPRISE (M) SDN BHD','','','','','',0,0,'','','','','','',16,'2018-04-30 03:04:52',NULL,NULL,0,NULL,NULL,0),(503,0,'YAYASAN DARUL AFIAH','','','','','',0,0,'','','','','','',16,'2018-04-30 03:06:53',NULL,NULL,0,NULL,NULL,0),(504,0,'YAYASAN JAZNAN ','','','','','',0,0,'','','','','','',16,'2018-04-30 03:07:08',NULL,NULL,0,NULL,NULL,0),(505,0,'LACE BOUTIQUE HOTEL SDN BHD','','','','','',0,0,'','','','','','',16,'2018-04-30 03:07:27',NULL,NULL,0,NULL,NULL,0),(506,0,'FT DIMENSIONS SDN BHD','','','','','',0,0,'','','','','','',16,'2018-04-30 03:09:57',NULL,NULL,0,NULL,NULL,0),(507,0,'KENCANA SECURITY SDN BHD','','','','','',0,0,'','','','','','',16,'2018-04-30 03:29:25',NULL,NULL,0,NULL,NULL,0),(508,0,'ALMITRA ENERGY SERVICES SDN BHD','','','','','',0,0,'','','','','','',16,'2018-04-30 03:33:01',NULL,NULL,0,NULL,NULL,0),(509,0,'CUISINE INSPIRE SDN BHD','','','','','',0,0,'','','','','','',16,'2018-04-30 03:33:20',NULL,NULL,0,NULL,NULL,0),(510,0,'KOPETRO CATERING SDN BHD','','','','','',0,0,'','','','','','',16,'2018-04-30 03:36:26',NULL,NULL,0,NULL,NULL,0),(511,0,'KOPETRO MARINE & LOGISTICS SDN BHD','','','','','',0,0,'','','','','','',16,'2018-04-30 07:04:29',NULL,NULL,0,NULL,NULL,0),(512,0,'CENTRE FOR GLOCAL CONCERNS','','','','','',0,0,'','','','','','',16,'2018-04-30 07:04:39',NULL,NULL,0,NULL,NULL,0),(513,0,'SEAGULL FORCE SDN BHD','','','','','',0,0,'','','','','','',16,'2018-04-30 07:19:05',NULL,NULL,0,NULL,NULL,0),(514,0,'EXPITRIS WORLDWIDE SDN BHD','','','','','',0,0,'','','','','','',16,'2018-04-30 07:19:20',NULL,NULL,0,NULL,NULL,0),(515,0,'DATO\' HAJI KAMARUZAINI & COMPANY SDN BHD','','','','','',0,0,'','','','','','',16,'2018-04-30 07:38:13',NULL,NULL,0,NULL,NULL,0),(516,0,'AZURA HOLIDAYS TRAVEL & TOURS SDN BHD','','','','','',0,0,'','','','','','',16,'2018-04-30 07:48:33',NULL,NULL,0,NULL,NULL,0),(517,0,'YAYASAN KUIS','','','','','',0,0,'','','','','','',16,'2018-04-30 07:53:51',NULL,NULL,0,NULL,NULL,0),(518,0,'MIFTAH RESOURCES SDN BHD','','','','','',0,0,'','','','','','',16,'2018-04-30 08:00:14',NULL,NULL,0,NULL,NULL,0),(519,0,'EL BOUSFOUR SDN BHD','','','','','',0,0,'','','','','','',16,'2018-04-30 08:04:59',NULL,NULL,0,NULL,NULL,0),(520,0,'ALAF SELIA HOLDINGS SDN BHD','','','','','',0,0,'','','','','','',16,'2018-04-30 08:05:17',NULL,NULL,0,NULL,NULL,0),(521,0,'JL SPITZE SDN BHD','','','','','',0,0,'','','','','','',16,'2018-04-30 08:05:34',NULL,NULL,0,NULL,NULL,0),(522,0,'CASH DEAL SDN BHD','','','','','',0,0,'','','','','','',16,'2018-04-30 08:15:07',NULL,NULL,0,NULL,NULL,0),(523,0,'ANGKAGRAF SDN BHD','','','','','',0,0,'','','','','','',16,'2018-04-30 08:20:54',NULL,NULL,0,NULL,NULL,0),(524,0,'BAKOM TECH SDN BHD','','','','','',0,0,'','','','','','',16,'2018-04-30 08:23:19',NULL,NULL,0,NULL,NULL,0),(525,0,'SKYLINE DUAL SDN BHD','','','','','',0,0,'','','','','','',16,'2018-04-30 08:32:18',NULL,NULL,0,NULL,NULL,0),(526,0,'',NULL,'','','','',0,0,'','','','','','',16,'2018-04-30 08:37:33',NULL,NULL,0,NULL,NULL,0),(527,0,'ESHOUT SDN BHD','','','','','',0,0,'','','','','','',16,'2018-04-30 08:38:04',NULL,NULL,0,NULL,NULL,0),(528,0,'ZEDON INDUSRTIES SDN BHD','','','','','',0,0,'','','','','','',16,'2018-04-30 08:49:36',NULL,NULL,0,NULL,NULL,0),(529,0,'MAJU GLOBAL TRADING SDN BHD','','','','','',0,0,'','','','','','',16,'2018-04-30 09:05:46',NULL,NULL,0,NULL,NULL,0),(530,0,'WG SIMULATION SDN BHD','','','','','',0,0,'','','','','','',16,'2018-04-30 09:10:49',NULL,NULL,0,NULL,NULL,0),(531,0,'TECHNO ANALYSIS SDN BHD','','','','','',0,0,'','','','','','',16,'2018-04-30 09:13:14',NULL,NULL,0,NULL,NULL,0),(532,0,'GREEN PARADISE SDN BHD','','','','','',0,0,'','','','','','',16,'2018-04-30 09:13:28',NULL,NULL,0,NULL,NULL,0),(533,0,'VO2 CARDIOLAB SDN BHD','','','','','',0,0,'','','','','','',16,'2018-04-30 09:29:54',NULL,NULL,0,NULL,NULL,0),(534,0,'',NULL,'','','','',0,0,'','','','','','',16,'2018-04-30 09:34:45',NULL,NULL,0,NULL,NULL,0),(535,0,'PERSEKUTUAN SILAT KEBANGSAAN MALAYSIA (PESAKA)','','','','','',0,0,'','','','','','',16,'2018-04-30 09:35:14',NULL,NULL,0,NULL,NULL,0),(536,0,'ESF-TEC (M) SDN BHD','','','','','',0,0,'','','','','','',16,'2018-05-02 01:33:17',NULL,NULL,0,NULL,NULL,0),(537,0,'17 SELIA SDN BHD','','','','','',0,0,'','','','','','',16,'2018-05-02 01:33:35',NULL,NULL,0,NULL,NULL,0),(538,0,'AA VEHICLES MART SDN BHD','','','','','',0,0,'','','','','','',16,'2018-05-02 01:33:57',NULL,NULL,0,NULL,NULL,0),(539,0,'ENERGY HALLMARK SDN BHD','','','','','',0,0,'','','','','','',16,'2018-05-02 01:36:05',NULL,NULL,0,NULL,NULL,0),(540,0,'MIBU CONSULTING SDN BHD','','','','','',0,0,'','','','','','',16,'2018-05-02 01:36:23',NULL,NULL,0,NULL,NULL,0),(541,0,'E TO E RAIL SDN BHD','','','','','',0,0,'','','','','','',16,'2018-05-02 01:39:23',NULL,NULL,0,NULL,NULL,0),(542,0,'EKUITI TIASA SDN BHD','','','','','',0,0,'','','','','','',16,'2018-05-02 01:39:40',NULL,NULL,0,NULL,NULL,0),(543,0,'VIRTUAL AIRLINES','','','','','',0,0,'','','','','','',16,'2018-05-02 01:41:50',NULL,NULL,0,NULL,NULL,0),(544,0,'CANDID WEALTH SDN  BHD','','','','','',0,0,'','','','','','',16,'2018-05-02 01:42:05',NULL,NULL,0,NULL,NULL,0),(545,0,'MAHYUDIN ZAINAL & PUTERI','','','','','',0,0,'','','','','','',16,'2018-05-02 01:44:38',NULL,NULL,0,NULL,NULL,0),(546,0,'DAMAI COVE RESORTS SDN BHD','','','','','',0,0,'','','','','','',16,'2018-05-02 01:45:02',NULL,NULL,0,NULL,NULL,0),(547,0,'ASPIRASI MAKSIMA SDN BHD','','','','','',0,0,'','','','','','',16,'2018-05-02 01:50:04',NULL,NULL,0,NULL,NULL,0),(548,0,'SURUHANJAYA PENGANGKUTAN AWAM DARAT','','','','','',0,0,'','','','','','',16,'2018-05-02 01:52:12',NULL,NULL,0,NULL,NULL,0),(549,0,'J.LEE & ASSOCIATES ','','','','','',0,0,'','','','','','',16,'2018-05-02 01:56:22',NULL,NULL,0,NULL,NULL,0),(550,0,'TRANSIT ACQUIRER SDN BHD','','','','','',0,0,'','','','','','',16,'2018-05-02 01:58:38',NULL,NULL,0,NULL,NULL,0),(551,0,'SAL-DIN CORPORATION SND BHD','','','','','',0,0,'','','','','','',16,'2018-05-02 02:00:53',NULL,NULL,0,NULL,NULL,0),(552,0,'EQUAL WEIGHING SYSTEM SDN BHD','','','','','',0,0,'','','','','','',16,'2018-05-02 02:14:21',NULL,NULL,0,NULL,NULL,0),(553,0,'FOCUS ILLIYIN SDN BHD','','','','','',0,0,'','','','','','',16,'2018-05-02 02:19:06',NULL,NULL,0,NULL,NULL,0),(554,0,'FOCUS ILLIYIN SDN BHD','','','','','',0,0,'','','','','','',16,'2018-05-02 02:23:37',NULL,NULL,0,NULL,NULL,0),(555,0,'SOL VENTURE & INTERIOR SDN BHD','','','','','',0,0,'','','','','','',16,'2018-05-02 02:38:07',NULL,NULL,0,NULL,NULL,0),(556,0,'AYJASMI MEDIC SDN BHD','','','','','',0,0,'','','','','','',16,'2018-05-02 02:40:55',NULL,NULL,0,NULL,NULL,0),(557,0,'RICCOCLAN SDN BHD','','','','','',0,0,'','','','','','',16,'2018-05-02 03:05:51',NULL,NULL,0,NULL,NULL,0),(558,0,'APARTMENT BUKIT SRI BINTANG SDN BHD','','','','','',0,0,'','','','','','',16,'2018-05-02 03:14:49',NULL,NULL,0,NULL,NULL,0),(559,0,'AIMFORA MULTIMEDIA SDN BHD','','','','','',0,0,'','','','','','',16,'2018-05-02 03:15:04',NULL,NULL,0,NULL,NULL,0),(560,0,'LEMON 9 SDN BHD','','','','','',0,0,'','','','','','',16,'2018-05-02 03:19:35',NULL,NULL,0,NULL,NULL,0),(561,0,'PROVINCA LANDSCAPE DESIGN SDN BHD','','','','','',0,0,'','','','','','',16,'2018-05-02 03:22:55',NULL,NULL,0,NULL,NULL,0),(562,0,'KJ WAJA SERVICES SDN BHD','','','','','',0,0,'','','','','','',16,'2018-05-02 03:26:35',NULL,NULL,0,NULL,NULL,0),(563,0,'KJ WAJA ENGINEERING (M) SDN BHD','','','','','',0,0,'','','','','','',16,'2018-05-02 03:26:53',NULL,NULL,0,NULL,NULL,0),(564,0,'SAU PAULO COFFEE SDN BHD','','','','','',0,0,'','','','','','',16,'2018-05-02 03:29:29',NULL,NULL,0,NULL,NULL,0),(565,0,'ROSAMI ELECTRICAL SDN BHD','','','','','',0,0,'','','','','','',16,'2018-05-02 03:34:17',NULL,NULL,0,NULL,NULL,0),(566,0,'ANR TRAVEL & TOURS SDN BHD','','','','','',0,0,'','','','','','',16,'2018-05-02 03:40:47',NULL,NULL,0,NULL,NULL,0),(567,0,'17 ANUGERAH SDN BHD','','','','','',0,0,'','','','','','',16,'2018-05-02 03:43:15',NULL,NULL,0,NULL,NULL,0),(568,0,'NFE TECHNOLOGY SDN BHD','','','','','',0,0,'','','','','','',16,'2018-05-02 03:47:02',NULL,NULL,0,NULL,NULL,0),(569,0,'SAM08 SDN BHD','','','','','',0,0,'','','','','','',16,'2018-05-02 03:49:51',NULL,NULL,0,NULL,NULL,0),(570,0,'ALLIED AERO RESOURCES SDN BHD','','','','','',0,0,'','','','','','',16,'2018-05-02 03:52:50',NULL,NULL,0,NULL,NULL,0),(571,0,'SYARIKAT LACE MOTOR SDN BHD','','','','','',0,0,'','','','','','',16,'2018-05-02 03:55:06',NULL,NULL,0,NULL,NULL,0),(572,0,'AKHBARSHAM CONSTRUCTION SDN BHD','','','','','',0,0,'','','','','','',16,'2018-05-02 03:58:48',NULL,NULL,0,NULL,NULL,0),(573,0,'MIRHA EXPORTS (M) SDN BHD','','','','','',0,0,'','','','','','',16,'2018-05-02 04:11:44',NULL,NULL,0,NULL,NULL,0),(574,0,'D\'SAJI VENTURES SDN BHD','','','','','',0,0,'','','','','','',16,'2018-05-02 04:25:10',NULL,NULL,0,NULL,NULL,0),(575,0,'CABARAN WAWASAN SDN BHD','','','','','',0,0,'','','','','','',16,'2018-05-02 04:27:59',NULL,NULL,0,NULL,NULL,0),(576,0,'KOPETRO VENTURES SDN BHD','','','','','',0,0,'','','','','','',16,'2018-05-02 04:29:06',NULL,NULL,0,NULL,NULL,0),(577,0,'MYSALIHIN HYVA SDN BHD','','','','','',0,0,'','','','','','',16,'2018-05-02 04:37:05',NULL,NULL,0,NULL,NULL,0),(578,0,'SAYWON SDN BHD','','','','','',0,0,'','','','','','',16,'2018-05-02 04:45:11',NULL,NULL,0,NULL,NULL,0),(579,0,'AEZECH CORPORATION SDN BHD','','','','','',0,0,'','','','','','',16,'2018-05-02 04:46:49',NULL,NULL,0,NULL,NULL,0),(580,0,'SIGMA SETIA TELECOMMUNICATION','','','','','',0,0,'','','','','','',16,'2018-05-02 04:55:53',NULL,NULL,0,NULL,NULL,0),(581,0,'REGAL SAND SDN BHD','','','','','',0,0,'','','','','','',16,'2018-05-02 04:57:02',NULL,NULL,0,NULL,NULL,0),(582,0,'NFE CONSULTING SDN BHD','','','','','',0,0,'','','','','','',16,'2018-05-02 06:24:35',NULL,NULL,0,NULL,NULL,0),(583,0,'HYT SERVICE & SUPPLY SDN BHD','','','','','',0,0,'','','','','','',16,'2018-05-02 06:24:57',NULL,NULL,0,NULL,NULL,0),(584,0,'NEWLINECO SDN BHD','','','','','',0,0,'','','','','','',16,'2018-05-02 06:27:32',NULL,NULL,0,NULL,NULL,0),(585,0,'ATLANTIC COMMODITY TRADING SDN BHD','','','','','',0,0,'','','','','','',16,'2018-05-02 06:29:39',NULL,NULL,0,NULL,NULL,0),(586,0,'BRILLIANT MARINE SERVICES SDN BHD','','','','','',0,0,'','','','','','',16,'2018-05-02 06:34:51',NULL,NULL,0,NULL,NULL,0),(587,0,'ROZLYNN ENTERPRISE SDN BHD','','','','','',0,0,'','','','','','',16,'2018-05-02 06:37:15',NULL,NULL,0,NULL,NULL,0),(588,0,'DP EXPERT RESOURCES SDN BHD','','','','','',0,0,'','','','','','',16,'2018-05-02 06:40:14',NULL,NULL,0,NULL,NULL,0),(589,0,'TUNAS OFFSHORE SDN BHD','','','','','',0,0,'','','','','','',16,'2018-05-02 06:42:49',NULL,NULL,0,NULL,NULL,0),(590,0,'BOWLYWOOD LANES SDN BHD','','','','','',0,0,'','','','','','',16,'2018-05-02 06:46:55',NULL,NULL,0,NULL,NULL,0),(591,0,'COMPACT CABIN SDN BHD','','','','','',0,0,'','','','','','',16,'2018-05-02 06:49:25',NULL,NULL,0,NULL,NULL,0),(592,0,'DIFFERMIX EMPIRE SDN BHD','','','','','',0,0,'','','','','','',16,'2018-05-02 06:51:03',NULL,NULL,0,NULL,NULL,0),(593,0,'KRISTAL HEIGHT BLOCK C MANAGEMENT CORPORATION ','','','','','',0,0,'','','','','','',16,'2018-05-02 06:53:02',NULL,NULL,0,NULL,NULL,0),(594,0,'AXISAIM INC','','','','','',0,0,'','','','','','',16,'2018-05-02 06:54:56',NULL,NULL,0,NULL,NULL,0),(595,0,'POWER QUANTUM ENERGY SDN BHD','','','','','',0,0,'','','','','','',16,'2018-05-02 06:57:10',NULL,NULL,0,NULL,NULL,0),(596,0,'DFF INDUSTRIES SDN BHD','','','','','',0,0,'','','','','','',16,'2018-05-02 06:57:27',NULL,NULL,0,NULL,NULL,0),(597,0,'DWIJAWA (M) SDN BHD','','','','','',0,0,'','','','','','',16,'2018-05-02 07:03:07',NULL,NULL,0,NULL,NULL,0),(598,0,'FOURDEAL RESOURCES SDN BHD','','','','','',0,0,'','','','','','',16,'2018-05-02 07:11:22',NULL,NULL,0,NULL,NULL,0),(599,0,'SALIHIN TAX ADVISORY SDN BHD','','','','','',0,0,'','','','','','',16,'2018-05-02 07:14:01',NULL,NULL,0,NULL,NULL,0),(600,0,'DRS KAMAL & HAMIDAH CONSULTANCY SDN BHD','','','','','',0,0,'','','','','','',16,'2018-05-02 07:18:57',NULL,NULL,0,NULL,NULL,0),(601,0,'LACE (R.O) HOLDING SDN BHD','','','','','',0,0,'','','','','','',16,'2018-05-02 07:19:14',NULL,NULL,0,NULL,NULL,0),(602,0,'MEGA ENIGMA SDN BHD','','','','','',0,0,'','','','','','',16,'2018-05-02 07:21:08',NULL,NULL,0,NULL,NULL,0),(603,0,'HB VILLAGE RESORT SDN BHD','','','','','',0,0,'','','','','','',16,'2018-05-02 07:21:23',NULL,NULL,0,NULL,NULL,0),(604,0,'ULTIMATE LEGACY SDN BHD','','','','','',0,0,'','','','','','',16,'2018-05-02 07:23:36',NULL,NULL,0,NULL,NULL,0),(605,0,'SUMBANG BITARA SDN BHD','','','','','',0,0,'','','','','','',16,'2018-05-02 07:25:34',NULL,NULL,0,NULL,NULL,0),(606,0,'HIASAN MAKMUR SDN BHD','','','','','',0,0,'','','','','','',16,'2018-05-02 07:27:23',NULL,NULL,0,NULL,NULL,0),(607,0,'HIJRAH TIMEPIECE SDN BHD','','','','','',0,0,'','','','','','',16,'2018-05-02 07:29:49',NULL,NULL,0,NULL,NULL,0),(608,0,'WADAH REZEKI SDN BHD','','','','','',0,0,'','','','','','',16,'2018-05-02 07:33:02',NULL,NULL,0,NULL,NULL,0),(609,0,'YANIMAS JAYA SDN BHD','','','','','',0,0,'','','','','','',16,'2018-05-02 07:33:23',NULL,NULL,0,NULL,NULL,0),(610,0,'KLINIK KANAK-KANAK RUZINI SDN BHD','','','','','',0,0,'','','','','','',16,'2018-05-02 07:38:24',NULL,NULL,0,NULL,NULL,0),(611,0,'AGENSI PEKERJAAN QUANTUM SERVICE SDN BHD','','','','','',0,0,'','','','','','',16,'2018-05-02 07:45:31',NULL,NULL,0,NULL,NULL,0),(612,0,'SARAWAK LAND DEVELOPMENT BOARD','','','','','',0,0,'','','','','','',16,'2018-05-02 07:47:14',NULL,NULL,0,NULL,NULL,0),(613,0,'EXA MARKETING & SERVICES (M) SDN BHD','','','','','',0,0,'','','','','','',16,'2018-05-02 07:47:35',NULL,NULL,0,NULL,NULL,0),(614,0,'YAYASAN PELAJARAN JOHOR','','','','','',0,0,'','','','','','',16,'2018-05-02 07:49:57',NULL,NULL,0,NULL,NULL,0),(615,0,'FERRY MEDIA OUTDOOR SDN BHD','','','','','',0,0,'','','','','','',16,'2018-05-02 07:57:17',NULL,NULL,0,NULL,NULL,0),(616,0,'AWASIAPI (M) SDN BHD','','','','','',0,0,'','','','','','',16,'2018-05-02 07:57:53',NULL,NULL,0,NULL,NULL,0),(617,0,'SAZEAN MANAGEMENT SDN BHD','','','','','',0,0,'','','','','','',16,'2018-05-02 08:06:09',NULL,NULL,0,NULL,NULL,0),(618,0,'EGNATIA CORPORATION (L) LTD ','','','','','',0,0,'','','','','','',16,'2018-05-02 08:33:38',NULL,NULL,0,NULL,NULL,0),(619,0,'BUMI BIO NIAGA SDN BHD','','','','','',0,0,'','','','','','',16,'2018-05-02 08:33:56',NULL,NULL,0,NULL,NULL,0),(620,0,'HAS APPAREL SDN BHD','','','','','',0,0,'','','','','','',16,'2018-05-02 08:40:26',NULL,NULL,0,NULL,NULL,0),(621,0,'HUSSEIN KHAMIS SDN BHD','','','','','',0,0,'','','','','','',16,'2018-05-02 08:41:45',NULL,NULL,0,NULL,NULL,0),(622,0,'TROPIKA BAHAGIA DEVELOPMENT SDN BHD','','','','','',0,0,'','','','','','',16,'2018-05-02 08:47:47',NULL,NULL,0,NULL,NULL,0),(623,0,'UDAT MARINE SDN BHD','','','','','',0,0,'','','','','','',16,'2018-05-02 08:51:25',NULL,NULL,0,NULL,NULL,0),(624,0,'JMB-PV6','','','','','',0,0,'','','','','','',16,'2018-05-02 08:53:55',NULL,NULL,0,NULL,NULL,0),(625,0,'KOPERASI KELUARGA ABDUL AZIZ & MAIMUNAH (JB) S/B','','','','','',0,0,'','','','','','',16,'2018-05-02 08:57:59',NULL,NULL,0,NULL,NULL,0),(626,0,'HAZ SYNERGY SDN BHD','','','','','',0,0,'','','','','','',16,'2018-05-02 08:58:14',NULL,NULL,0,NULL,NULL,0),(627,0,'HJ SAMURI INDUSTRIES (M) SDN BHD','','','','','',0,0,'','','','','','',16,'2018-05-02 09:00:38',NULL,NULL,0,NULL,NULL,0),(628,0,'COTRADE SDN BHD','','','','','',0,0,'','','','','','',16,'2018-05-02 09:04:34',NULL,NULL,0,NULL,NULL,0),(629,0,'CEMARA APARTMENT MANAGEMENT CORPORATION ','','','','','',0,0,'','','','','','',16,'2018-05-02 09:06:42',NULL,NULL,0,NULL,NULL,0),(630,0,'DWIWAJA (M)SDN BHD','','','','','',0,0,'','','','','','',16,'2018-05-02 09:18:31',NULL,NULL,0,NULL,NULL,0),(631,0,'K.H GOLDEN SDN BHD','','','','','',0,0,'','','','','','',16,'2018-05-02 09:20:47',NULL,NULL,0,NULL,NULL,0),(632,0,'AA FARM FRESCO SDN BHD','','','','','',0,0,'','','','','','',16,'2018-05-02 09:22:23',NULL,NULL,0,NULL,NULL,0),(633,0,'KOBENA MALAYSIA SDN BHD','','','','','',0,0,'','','','','','',16,'2018-05-03 01:46:29',NULL,NULL,0,NULL,NULL,0),(634,0,'HARTA ANGSANA SDN BHD','','','','','',0,0,'','','','','','',16,'2018-05-03 02:02:39',NULL,NULL,0,NULL,NULL,0),(635,0,'TWO THOUSAND EVENT SDN BHD','','','','','',0,0,'','','','','','',16,'2018-05-03 02:07:42',NULL,NULL,0,NULL,NULL,0),(636,0,'SEGAR RAMPAI (M) SDN BHD','','','','','',0,0,'','','','','','',16,'2018-05-03 02:28:49',NULL,NULL,0,NULL,NULL,0),(637,0,'FAZ ILTIZAM NETWORK SDN BHD','','','','','',0,0,'','','','','','',16,'2018-05-03 02:34:31',NULL,NULL,0,NULL,NULL,0),(638,0,'ORIFIX SDN BHD','','','','','',0,0,'','','','','','',16,'2018-05-03 02:37:20',NULL,NULL,0,NULL,NULL,0),(639,0,'A2 SERVICES (M) SDN BHD','','','','','',0,0,'','','','','','',16,'2018-05-03 02:39:04',NULL,NULL,0,NULL,NULL,0),(640,0,'GLOKAL ETIKA JAYA SDN BHD','','','','','',0,0,'','','','','','',16,'2018-05-03 02:41:05',NULL,NULL,0,NULL,NULL,0),(641,0,'SEER VALLEY SDN BHD','','','','','',0,0,'','','','','','',16,'2018-05-03 02:44:28',NULL,NULL,0,NULL,NULL,0),(642,0,'ISMETA NEXT SDN BHD','','','','','',0,0,'','','','','','',16,'2018-05-03 02:49:09',NULL,NULL,0,NULL,NULL,0),(643,0,'JADELINE APPROACH SDN BHD','','','','','',0,0,'','','','','','',16,'2018-05-03 02:51:09',NULL,NULL,0,NULL,NULL,0),(644,0,'YAYASAN KOBENA BERHAD','','','','','',0,0,'','','','','','',16,'2018-05-03 02:54:58',NULL,NULL,0,NULL,NULL,0),(645,0,'STRATEGIC CAFÉ SDN BHD','','','','','',0,0,'','','','','','',16,'2018-05-03 02:55:49',NULL,NULL,0,NULL,NULL,0),(646,0,'A&A WORLD VACATION SDN BHD','','','','','',0,0,'','','','','','',16,'2018-05-03 02:58:08',NULL,NULL,0,NULL,NULL,0),(647,0,'EARNESTCOM SDN BHD','','','','','',0,0,'','','','','','',16,'2018-05-03 03:14:32',NULL,NULL,0,NULL,NULL,0),(648,0,'TEMASIK SHIPPING & FORWARDING AGENCY SDN BHD','','','','','',0,0,'','','','','','',16,'2018-05-03 03:17:10',NULL,NULL,0,NULL,NULL,0),(649,0,'ALTORABA INDUSTRIES SDN BHD','','','','','',0,0,'','','','','','',16,'2018-05-03 03:20:55',NULL,NULL,0,NULL,NULL,0),(650,0,'PRINCIPAL SAFWA (M) SDN BHD','','','','','',0,0,'','','','','','',16,'2018-05-03 03:21:20',NULL,NULL,0,NULL,NULL,0),(651,0,'JAIDON MOTOR SDN BHD','','','','','',0,0,'','','','','','',16,'2018-05-03 03:29:48',NULL,NULL,0,NULL,NULL,0),(652,0,'BRAVE ABLUTIONS SDN BHD','','','','','',0,0,'','','','','','',16,'2018-05-03 03:31:11',NULL,NULL,0,NULL,NULL,0),(653,0,'NESRIN MARKETING & CONSULTING SDN BHD','','','','','',0,0,'','','','','','',16,'2018-05-03 03:39:21',NULL,NULL,0,NULL,NULL,0),(654,0,'YAYASAN SYAWAL','','','','','',0,0,'','','','','','',16,'2018-05-03 03:43:28',NULL,NULL,0,NULL,NULL,0),(655,0,'DWI ALAM LMS SDN BHD','','','','','',0,0,'','','','','','',16,'2018-05-03 03:43:45',NULL,NULL,0,NULL,NULL,0),(656,0,'KESATUAN PENYELIA-PENYELIA ALAM FLORA SDN BHD','','','','','',0,0,'','','','','','',16,'2018-05-03 03:47:43',NULL,NULL,0,NULL,NULL,0),(657,0,'KOLEJ SAINS PERUBATAN ANTARABANGSA PUSRAWI SDN BHD','','','','','',0,0,'','','','','','',16,'2018-05-03 03:53:16',NULL,NULL,0,NULL,NULL,0),(658,0,'FIVE STAR TYRE SDN BHD','','','','','',0,0,'','','','','','',16,'2018-05-03 03:58:39',NULL,NULL,0,NULL,NULL,0),(659,0,'AMBER SKYHEIGHT RESOURCES SDN BHD','','','','','',0,0,'','','','','','',16,'2018-05-03 04:14:20',NULL,NULL,0,NULL,NULL,0),(660,0,'KRISTAL KUKUH SDN BHD','','','','','',0,0,'','','','','','',16,'2018-05-03 04:24:20',NULL,NULL,0,NULL,NULL,0),(661,0,'KM PROPERTY DEVELOPMENT SDN BHD','','','','','',0,0,'','','','','','',16,'2018-05-03 04:28:11',NULL,NULL,0,NULL,NULL,0),(662,0,'JURUS SEJAGAT SDN BHD','','','','','',0,0,'','','','','','',16,'2018-05-03 04:31:44',NULL,NULL,0,NULL,NULL,0),(663,0,'LEMBAGA AMANAH YAYASAN SARAWAK','','','','','',0,0,'','','','','','',16,'2018-05-03 04:34:47',NULL,NULL,0,NULL,NULL,0),(664,0,'PERBADANAN STADIUM JOHOR','','','','','',0,0,'','','','','','',16,'2018-05-03 04:35:02',NULL,NULL,0,NULL,NULL,0),(665,0,'ZZ PROPERTIES SDN BHD','','','','','',0,0,'','','','','','',16,'2018-05-03 04:45:20',NULL,NULL,0,NULL,NULL,0),(666,0,'PERBADANAN PENGURUSAN PANGSAPURI SRI TANJUNG','','','','','',0,0,'','','','','','',16,'2018-05-03 04:47:19',NULL,NULL,0,NULL,NULL,0),(667,0,'SJ TIJANI SDN BHD','','','','','',0,0,'','','','','','',16,'2018-05-03 04:51:57',NULL,NULL,0,NULL,NULL,0),(668,0,'UNI CHERISH SDN BHD','','','','','',0,0,'','','','','','',16,'2018-05-03 06:46:44',NULL,NULL,0,NULL,NULL,0),(669,0,'LUGHATY SDN BHD','','','','','',0,0,'','','','','','',16,'2018-05-03 07:07:11',NULL,NULL,0,NULL,NULL,0),(670,0,'CASA HAVANA SDN BHD','','','','','',0,0,'','','','','','',16,'2018-05-03 07:07:31',NULL,NULL,0,NULL,NULL,0),(671,0,'MS AZAM HOLDING SDN BHD','','','','','',0,0,'','','','','','',16,'2018-05-03 07:10:07',NULL,NULL,0,NULL,NULL,0),(672,0,'S3A TECHNOLOGY SDN BHD','','','','','',0,0,'','','','','','',16,'2018-05-03 07:14:09',NULL,NULL,0,NULL,NULL,0),(673,0,'INTEGRATED ENVIROTECH SDN BHD ','','','','','',0,0,'','','','','','',16,'2018-05-03 07:22:38',NULL,NULL,0,NULL,NULL,0),(674,0,'SIGMA SETIA OILFIELD SERVICES SDN BHD','','','','','',0,0,'','','','','','',16,'2018-05-03 07:26:14',NULL,NULL,0,NULL,NULL,0),(675,0,'SABA CAPITAL INC','','','','','',0,0,'','','','','','',16,'2018-05-03 07:27:37',NULL,NULL,0,NULL,NULL,0),(676,0,'J.C SMALE ENGINEERING SDN BHD','','','','','',0,0,'','','','','','',16,'2018-05-03 07:29:58',NULL,NULL,0,NULL,NULL,0),(677,0,'NAZRI & CO','','','','','',0,0,'','','','','','',16,'2018-05-03 07:36:22',NULL,NULL,0,NULL,NULL,0),(678,0,'BENUALINK TRADING SDN BHD','','','','','',0,0,'','','','','','',16,'2018-05-03 07:39:24',NULL,NULL,0,NULL,NULL,0),(679,0,'IMP INFRA ICT SDN BHD','','','','','',0,0,'','','','','','',16,'2018-05-03 07:45:45',NULL,NULL,0,NULL,NULL,0),(680,0,'PAKSI PINTAR SDN BHD','','','','','',0,0,'','','','','','',16,'2018-05-03 07:48:15',NULL,NULL,0,NULL,NULL,0),(681,0,'TWO ON SEVEN MANAGEMENT SDN BHD','','','','','',0,0,'','','','','','',16,'2018-05-03 07:48:38',NULL,NULL,0,NULL,NULL,0),(682,0,'GREY GARAGE SDN BHD','','','','','',0,0,'','','','','','',16,'2018-05-03 07:51:10',NULL,NULL,0,NULL,NULL,0),(683,0,'AURA TEGUH SDN BHD','','','','','',0,0,'','','','','','',16,'2018-05-03 07:56:15',NULL,NULL,0,NULL,NULL,0),(684,0,'INFOTECH LINK SDN BHD','','','','','',0,0,'','','','','','',16,'2018-05-03 07:58:54',NULL,NULL,0,NULL,NULL,0),(685,0,'DEMI IMPIAN DEVELOPMENT SDN BHD','','','','','',0,0,'','','','','','',16,'2018-05-03 08:12:44',NULL,NULL,0,NULL,NULL,0),(686,0,'EDIQA MAJU SDN BHD','','','','','',0,0,'','','','','','',16,'2018-05-03 08:21:43',NULL,NULL,0,NULL,NULL,0),(687,0,'NIK MEGA & PARTNERS (M) SDN BHD','','','','','',0,0,'','','','','','',16,'2018-05-03 08:27:58',NULL,NULL,0,NULL,NULL,0),(688,0,'NORHAYATI, LATIFAH & CO','','','','','',0,0,'','','','','','',16,'2018-05-03 08:32:51',NULL,NULL,0,NULL,NULL,0),(689,0,'SALIHIN BUSINESS MANAGEMENT SDN BHD','','','','','',0,0,'','','','','','',16,'2018-05-03 09:12:19',NULL,NULL,0,NULL,NULL,0),(690,0,'YAYASAN TAQWA WILAYAH PERSEKUTUAN ','','','','','',0,0,'','','','','','',16,'2018-05-03 09:13:59',NULL,NULL,0,NULL,NULL,0),(691,0,'KZ WARNAMAS (M) SDN BHD','','','','','',0,0,'','','','','','',16,'2018-05-03 09:16:17',NULL,NULL,0,NULL,NULL,0),(692,0,'KOLEJ SAIN & KEJURURAWATAN PUSRAWI SDN BHD','','','','','',0,0,'','','','','','',16,'2018-05-03 09:17:05',NULL,NULL,0,NULL,NULL,0),(693,0,'ILMIAH BERJAYA SDN BHD','','','','','',0,0,'','','','','','',16,'2018-05-03 09:20:47',NULL,NULL,0,NULL,NULL,0),(694,0,'ASTANA WATAN SDN BHD','','','','','',0,0,'','','','','','',16,'2018-05-03 09:25:28',NULL,NULL,0,NULL,NULL,0),(695,0,'MJ MOTORS SDN BHD','','','','','',0,0,'','','','','','',16,'2018-05-04 01:47:46',NULL,NULL,0,NULL,NULL,0),(696,0,'ASFARINA ENTERPRISE SDN BHD','','','','','',0,0,'','','','','','',16,'2018-05-04 01:48:42',NULL,NULL,0,NULL,NULL,0),(697,0,'RAG CREST HOLDINGS SDN BHD','','','','','',0,0,'','','','','','',16,'2018-05-04 01:58:40',NULL,NULL,0,NULL,NULL,0),(698,0,'HARTASUCI SDN BHD','','','','','',0,0,'','','','','','',16,'2018-05-04 02:03:49',NULL,NULL,0,NULL,NULL,0),(699,0,'ARCA KLASIK SDN BHD','','','','','',0,0,'','','','','','',16,'2018-05-04 02:08:21',NULL,NULL,0,NULL,NULL,0),(700,0,'COSMO TEGAS SDN BHD','','','','','',0,0,'','','','','','',16,'2018-05-04 02:19:11',NULL,NULL,0,NULL,NULL,0),(701,0,'LMG CAR LIM SDN BHD','','','','','',0,0,'','','','','','',16,'2018-05-04 02:21:15',NULL,NULL,0,NULL,NULL,0),(702,0,'WHITE QUEST SDN BHD','','','','','',0,0,'','','','','','',16,'2018-05-04 02:21:48',NULL,NULL,0,NULL,NULL,0),(703,0,'KONSORTIUM SAJIAN JOHOR SDN BHD','','','','','',0,0,'','','','','','',16,'2018-05-04 02:23:56',NULL,NULL,0,NULL,NULL,0),(704,0,'BADAN PENGURUSAN BERSAMA PANGSAPURI CENDANA','','','','','',0,0,'','','','','','',16,'2018-05-04 02:29:44',NULL,NULL,0,NULL,NULL,0),(705,0,'LEMBAGA PELABUHAN JOHOR','','','','','',0,0,'','','','','','',16,'2018-05-04 02:32:08',NULL,NULL,0,NULL,NULL,0),(706,0,'SAZEAN DEVELOPMENT SDN BHD','','','','','',0,0,'','','','','','',16,'2018-05-04 02:34:00',NULL,NULL,0,NULL,NULL,0),(707,0,'Y US SDN BHD','','','','','',0,0,'','','','','','',16,'2018-05-04 02:35:42',NULL,NULL,0,NULL,NULL,0),(708,0,'PUSAT PAKAR DIALYSIS TRAKTIF SDN BHD','','','','','',0,0,'','','','','','',16,'2018-05-04 02:37:14',NULL,NULL,0,NULL,NULL,0),(709,0,'MAJLIS PERBANDARAN KULAI','','','','','',0,0,'','','','','','',16,'2018-05-04 02:38:52',NULL,NULL,0,NULL,NULL,0),(710,0,'PUSTAKA NEGERI SERAWAK ','','','','','',0,0,'','','','','','',16,'2018-05-04 02:41:07',NULL,NULL,0,NULL,NULL,0),(711,0,'SARAWAK BIODIVERSITY CENTRE','','','','','',0,0,'','','','','','',16,'2018-05-04 02:41:22',NULL,NULL,0,NULL,NULL,0),(712,0,'INNOVEDGE MINERAL ASIA SDN BHD','','','','','',0,0,'','','','','','',16,'2018-05-04 02:45:27',NULL,NULL,0,NULL,NULL,0),(713,0,'FAR FRONTIER (M) SDN. BHD.','306899-D','','','','',0,0,'','','','','','',16,'2018-08-06 07:28:48',NULL,NULL,0,NULL,NULL,0),(714,0,'EL HEBAT SDN. BHD.','1167187-D','','','','',0,0,'','','','','','',16,'2018-08-06 07:34:23',NULL,NULL,0,NULL,NULL,0),(715,0,'DATA EQUATION TECHNOLOGY SDN. BHD.','651841-M','','','','',0,0,'','','','','','',16,'2018-08-06 07:42:21',NULL,NULL,0,NULL,NULL,0),(716,0,'NURKASIH MARKETING SDN. BHD.','890616-T','','','','',0,0,'','','','','','',16,'2018-08-06 08:44:36',NULL,NULL,0,NULL,NULL,0),(717,0,'ECO TOWN (MALAYSIA) SDN. BHD.','946122-W','','','','',0,0,'','','','','','',16,'2018-08-06 08:45:24',NULL,NULL,0,NULL,NULL,0),(718,0,'KOPETRO TRAVEL & TOURS SDN. BHD.','150892-K','','','','',0,0,'','','','','','',16,'2018-08-06 08:46:13',NULL,NULL,0,NULL,NULL,0),(719,0,'KOPETRO FOOD SDN. BHD.','1202476-H','','','','',0,0,'','','','','','',16,'2018-08-06 09:05:34',NULL,NULL,0,NULL,NULL,0),(720,0,'KFM FAMILY SDN. BHD.','1183821-X','','','','',0,0,'','','','','','',16,'2018-08-06 22:56:57',NULL,NULL,0,NULL,NULL,0),(721,0,'INSPIRE CASTLE SDN. BHD.','1183877-M','','','','',0,0,'','','','','','',16,'2018-08-06 22:58:30',NULL,NULL,0,NULL,NULL,0),(722,0,'CAKARA HOLDINGS SDN. BHD.','701370-W','','','','',0,0,'','','','','','',16,'2018-08-07 06:40:47',NULL,NULL,0,NULL,NULL,0),(723,0,'PLATINUM GESTURE TRAVEL & TOURS SDN. BHD.','560010-X','','','','',0,0,'','','','','','',16,'2018-08-07 06:41:46',NULL,NULL,0,NULL,NULL,0),(724,0,'AMF FAMILY SDN. BHD.','1186663-A','','','','',0,0,'','','','','','',16,'2018-09-20 03:52:37',NULL,NULL,0,NULL,NULL,0),(725,0,'AKADEMI MAGNET SUKSES SDN. BHD.','1160234-W','','','','',0,0,'','','','','','',16,'2018-09-20 06:36:48',NULL,NULL,0,NULL,NULL,0);

--
-- Table structure for table `company_category`
--

CREATE TABLE `company_category` (
  `id` int(11) NOT NULL AUTO_INCREMENT,
  `name` varchar(255) NOT NULL,
  PRIMARY KEY (`id`)
) ENGINE=InnoDB DEFAULT CHARSET=latin1;

--
-- Dumping data for table `company_category`
--


--
-- Table structure for table `department`
--

CREATE TABLE `department` (
  `ID` int(11) NOT NULL AUTO_INCREMENT,
  `entityID` int(11) NOT NULL,
  `branchID` int(11) NOT NULL,
  `name` varchar(128) NOT NULL,
  `desc` text NOT NULL,
  `peopleID` int(11) NOT NULL,
  `groupID` int(11) NOT NULL,
  `status` varchar(20) DEFAULT 'DRAFT',
  `publishDT` datetime DEFAULT NULL,
  `publishBy` int(11) DEFAULT NULL,
  `deletedDT` datetime DEFAULT NULL,
  `deletedBy` int(11) DEFAULT NULL,
  `createdDT` datetime DEFAULT NULL,
  `createdBy` int(11) NOT NULL,
  `updatedDT` timestamp NULL DEFAULT CURRENT_TIMESTAMP,
  `updatedBy` int(11) NOT NULL,
  PRIMARY KEY (`ID`),
  KEY `name` (`name`),
  KEY `peopleID` (`peopleID`),
  KEY `groupID` (`groupID`),
  KEY `status` (`status`)
) ENGINE=InnoDB AUTO_INCREMENT=11 DEFAULT CHARSET=latin1;

--
-- Dumping data for table `department`
--

INSERT INTO `department` VALUES (1,1,1,'SPS IT ','IT Solution',18,0,'ACTIVE',NULL,NULL,NULL,NULL,'2017-02-08 10:03:20',3,'2017-02-08 02:03:20',3),(2,1,1,'Kitchen','Cooks food',0,0,'DRAFT',NULL,NULL,NULL,NULL,'2017-02-08 10:12:52',3,'2017-02-08 02:12:52',3),(3,1,1,'Shared Services','',0,0,'ACTIVE',NULL,NULL,NULL,NULL,NULL,0,'2017-03-27 06:23:44',0),(4,1,1,'Taxation','',0,0,'ACTIVE',NULL,NULL,NULL,NULL,NULL,0,'2017-03-27 06:23:44',0),(5,1,1,'Company Secretary','',0,0,'ACTIVE',NULL,NULL,NULL,NULL,NULL,0,'2017-03-27 06:24:47',0),(6,1,1,'Accounting','',0,0,'ACTIVE',NULL,NULL,NULL,NULL,NULL,0,'2017-03-27 06:24:47',0),(7,1,1,'Goods and Services Tax','',0,0,'ACTIVE',NULL,NULL,NULL,NULL,NULL,0,'2017-03-27 06:25:36',0),(8,1,1,'Transaction and Corporate Finance','',0,0,'ACTIVE',NULL,NULL,NULL,NULL,NULL,0,'2017-03-27 06:25:36',0),(9,1,1,'Audit and Assurance','',0,0,'ACTIVE',NULL,NULL,NULL,NULL,NULL,0,'2017-03-27 06:30:04',0),(10,1,1,'Partners Office','',0,0,'ACTIVE',NULL,NULL,NULL,NULL,NULL,0,'2017-10-12 04:32:23',0);

--
-- Table structure for table `module_access`
--

CREATE TABLE `module_access` (
  `id` int(11) NOT NULL AUTO_INCREMENT,
  `module_id` int(11) NOT NULL,
  `user_id` int(11) NOT NULL,
  `access_lvl` varchar(255) NOT NULL,
  `created_ts` timestamp NOT NULL DEFAULT CURRENT_TIMESTAMP,
  `updated_ts` timestamp NULL DEFAULT NULL,
  `updated_by` int(11) DEFAULT NULL,
  `status` int(11) NOT NULL DEFAULT '0',
  PRIMARY KEY (`id`)
) ENGINE=InnoDB AUTO_INCREMENT=13 DEFAULT CHARSET=latin1;

--
-- Dumping data for table `module_access`
--

INSERT INTO `module_access` VALUES (1,1,1,'admin','2017-10-04 06:37:48',NULL,NULL,0),(2,2,1,'admin','2017-10-04 06:38:34',NULL,NULL,0),(3,2,6,'manager','2017-10-12 04:38:25',NULL,NULL,0),(4,2,7,'manager','2017-10-12 04:38:25',NULL,NULL,0),(5,2,8,'manager','2017-10-12 04:38:25',NULL,NULL,0),(6,2,9,'manager','2017-10-12 04:38:25',NULL,NULL,0),(7,2,10,'manager','2017-10-12 04:38:25',NULL,NULL,0),(8,2,11,'manager','2017-10-12 04:39:12',NULL,NULL,0),(9,2,12,'manager','2017-10-12 04:39:12',NULL,NULL,0),(10,2,13,'manager','2017-10-12 04:39:12',NULL,NULL,0),(11,2,16,'user','2018-04-02 02:40:49',NULL,NULL,0),(12,2,17,'user','2018-04-02 02:40:49',NULL,NULL,0);

--
-- Table structure for table `user`
--

CREATE TABLE `user` (
  `id` int(11) NOT NULL AUTO_INCREMENT,
  `name` varchar(255) NOT NULL,
  `email` varchar(255) NOT NULL,
  `title` varchar(255) NOT NULL,
  `position` varchar(255) NOT NULL,
  `department_id` int(11) NOT NULL,
  `business_entity_id` int(11) NOT NULL,
  `branch_id` int(11) NOT NULL,
  `group_id` int(11) NOT NULL,
  `profile` text NOT NULL,
  `profile_picture` varchar(255) NOT NULL,
  `extension_no` int(11) NOT NULL,
  `personal_no` int(11) NOT NULL,
  `address` text NOT NULL,
  `joined_ts` timestamp NOT NULL DEFAULT CURRENT_TIMESTAMP,
  `created_ts` timestamp NOT NULL DEFAULT CURRENT_TIMESTAMP,
  `updated_ts` int(11) NOT NULL,
  `deleted` int(11) NOT NULL,
  `deleted_ts` timestamp NOT NULL DEFAULT '0000-00-00 00:00:00',
  PRIMARY KEY (`id`)
) ENGINE=InnoDB AUTO_INCREMENT=19 DEFAULT CHARSET=latin1;

--
-- Dumping data for table `user`
--

INSERT INTO `user` VALUES (1,'Admin','admin@salihin.com.my','Master of The Universe','Point Guard',1,0,0,0,'','https://vignette2.wikia.nocookie.net/filthy-frank/images/9/98/Salamander_Man2.png/revision/latest?cb=20160814195253',191,0,'','2017-07-04 06:34:21','2017-07-04 06:34:21',0,0,'0000-00-00 00:00:00'),(6,'Zhafri','zhafri@gmail.com','','',6,0,0,0,'','',0,0,'','2017-10-12 04:25:41','2017-10-12 04:25:41',0,0,'0000-00-00 00:00:00'),(7,'Iqbal','iqbal@salihin.com.my','','',9,0,0,0,'','',0,0,'','2017-10-12 04:26:11','2017-10-12 04:26:11',0,0,'0000-00-00 00:00:00'),(8,'Myna','myna@salihin.com.my','','',5,0,0,0,'','',0,0,'','2017-10-12 04:26:55','2017-10-12 04:26:55',0,0,'0000-00-00 00:00:00'),(9,'Aswad','aswad@salihin.com.my','','',7,0,0,0,'','',0,0,'','2017-10-12 04:28:36','2017-10-12 04:28:36',0,0,'0000-00-00 00:00:00'),(10,'Hijrah','hijrah@salihin.com.my','','',1,0,0,0,'','',0,0,'','2017-10-12 04:29:16','2017-10-12 04:29:16',0,0,'0000-00-00 00:00:00'),(11,'Nazif','nazif@salihin.com.my','','',4,0,0,0,'','',0,0,'','2017-10-12 04:30:08','2017-10-12 04:30:08',0,0,'0000-00-00 00:00:00'),(12,'Nur Fazreen','reen@salihin.com.my','','',8,0,0,0,'','',0,0,'','2017-10-12 04:31:20','2017-10-12 04:31:20',0,0,'0000-00-00 00:00:00'),(13,'Muntaka','muntaka@salihin.com.my','','',10,0,0,0,'','',0,0,'','2017-10-12 04:33:20','2017-10-12 04:33:20',0,0,'0000-00-00 00:00:00'),(14,'akmal','akmaluddin@salihin.com.my','','',0,0,0,0,'','',0,0,'','2017-11-06 04:15:22','2017-11-06 04:15:22',0,0,'0000-00-00 00:00:00'),(15,'tscf','tscf@gmail.com','','',1,0,0,0,'','',0,0,'','2017-11-10 08:19:15','2017-11-10 08:19:15',0,0,'0000-00-00 00:00:00'),(16,'Audit 1','audit1@salihin.com.my','','',9,0,0,0,'','',0,0,'','2018-04-02 02:38:42','2018-04-02 02:38:42',0,0,'0000-00-00 00:00:00'),(17,'Audit 2','audit2@salihin.com.my','','',9,0,0,0,'','',0,0,'','2018-04-02 02:39:16','2018-04-02 02:39:16',0,0,'0000-00-00 00:00:00'),(18,'Test','admin@salihin.com.my','','',0,0,0,0,'','',0,0,'','2018-06-25 04:14:51','2018-06-25 04:14:51',0,0,'0000-00-00 00:00:00');


