-- Table structure for table `_log__user_session`
--

CREATE TABLE `_log__user_session` (
  `id` int(11) NOT NULL AUTO_INCREMENT,
  `user_id` int(11) NOT NULL,
  `ip_address` varchar(128) NOT NULL,
  `login_ts` timestamp NOT NULL DEFAULT CURRENT_TIMESTAMP,
  `logout_ts` timestamp NULL DEFAULT NULL,
  `url_last` varchar(128) NOT NULL,
  PRIMARY KEY (`id`)
) ENGINE=InnoDB AUTO_INCREMENT=2 DEFAULT CHARSET=latin1;

--
-- Dumping data for table `_log__user_session`
--

INSERT INTO `_log__user_session` VALUES (1,557,'192.168.1.254','2019-10-08 09:00:40',NULL,'');

--
-- Table structure for table `_ref__academic`
--

CREATE TABLE `_ref__academic` (
  `id` int(11) NOT NULL AUTO_INCREMENT,
  `level` varchar(144) NOT NULL,
  `seq` int(11) NOT NULL,
  PRIMARY KEY (`id`)
) ENGINE=InnoDB AUTO_INCREMENT=8 DEFAULT CHARSET=latin1;

--
-- Dumping data for table `_ref__academic`
--

INSERT INTO `_ref__academic` VALUES (1,'SPM',10),(2,'Certificate',10),(3,'Diploma',10),(4,'Bachelors Degree',10),(5,'Masters Degree',10),(6,'Doctoral Degree',10),(7,'Others',10);

--
-- Table structure for table `_ref__action_type`
--

CREATE TABLE `_ref__action_type` (
  `id` int(11) NOT NULL AUTO_INCREMENT,
  `icon` varchar(68) NOT NULL,
  `color` varchar(68) NOT NULL,
  `type` varchar(68) NOT NULL,
  `is_delete` int(1) NOT NULL DEFAULT '0',
  PRIMARY KEY (`id`)
) ENGINE=InnoDB AUTO_INCREMENT=35 DEFAULT CHARSET=latin1;

--
-- Dumping data for table `_ref__action_type`
--

INSERT INTO `_ref__action_type` VALUES (0,'fab fa-500px','#FFD700','Hiring',0),(1,'fab fa-accessible-icon','#00FF00','Re-entry into company',0),(2,'fab fa-accessible-icon','#48D1CC','Promotion',0),(3,'fab fa-accusoft','#008080','Change of Pay',0),(4,'fas fa-ad','#87CEFA','Change of Grade',0),(5,'fas fa-address-book','#00BFFF','Secondment',0),(6,'fas fa-address-card','#4682B4','Transfer Interdepartmental',0),(7,'fas fa-adjust','#000080','Transfer Intradepartmental',0),(8,'fab fa-adn','#EE82EE','Long Term Absence',0),(9,'fab fa-adn','#8A2BE2','Resume Work',0),(10,'fab fa-adn','#800080','Suspension',0),(11,'fab fa-adn','#2F4F4F','Renewal Contract',0),(12,'fab fa-adn','#59596B','Resignation',0),(13,'fab fa-adn','#4A5970','Termination',0),(14,'fab fa-adn','#58476A','Retirement',0),(15,'fas fa-search','#4286f4','new action type',0),(16,'','#00aabb','Personal Details',0),(34,'far fa-hand-pointer','#40ddec','update basic pay',0);

--
-- Table structure for table `_ref__alphabet`
--

CREATE TABLE `_ref__alphabet` (
  `id` int(11) NOT NULL,
  `alphabet` varchar(128) NOT NULL
) ENGINE=InnoDB DEFAULT CHARSET=latin1;

--
-- Dumping data for table `_ref__alphabet`
--

INSERT INTO `_ref__alphabet` VALUES (1,'A'),(2,'B'),(3,'C'),(4,'D'),(5,'E'),(6,'F'),(7,'G'),(8,'H'),(9,'I'),(10,'J'),(11,'K'),(12,'L'),(13,'M'),(14,'N'),(15,'O'),(16,'P'),(17,'Q'),(18,'R'),(19,'S'),(20,'T'),(21,'U'),(22,'V'),(23,'W'),(24,'X'),(25,'Y'),(26,'Z');

--
-- Table structure for table `_ref__bank`
--

CREATE TABLE `_ref__bank` (
  `id` int(11) NOT NULL AUTO_INCREMENT,
  `name` varchar(144) NOT NULL,
  `shortcode` varchar(144) NOT NULL,
  PRIMARY KEY (`id`)
) ENGINE=InnoDB AUTO_INCREMENT=18 DEFAULT CHARSET=latin1;

--
-- Dumping data for table `_ref__bank`
--

INSERT INTO `_ref__bank` VALUES (1,'Malayan Banking Berhad','MBB'),(2,'Public Bank Berhad','PBB'),(3,'Bank Islam Malaysia Berhad','BIMB'),(4,'CIMB Bank Berhad','CIMB'),(5,'Bank Kerjasama Rakyat Malaysia Berhad','BKRM'),(6,'CITIbank Berhad','CITI'),(7,'Deutsche Bank Malaysia Berhad','DBB'),(8,'Hong Leon Bank Berhad','HLBB'),(9,'HSBC Bank Malaysia Berhad','HSBC'),(10,'OCBC Bank Malaysia Berhad','OCBC'),(11,'RHB Bank Berhad','RHB'),(12,'Stadndard Chartered Bank Malaysia Berhad','SCB'),(16,'Ambank Berhad','AMB'),(17,'Bank Muamalat Malaysia','BMMB');

--
-- Table structure for table `_ref__contract_confirmation`
--

CREATE TABLE `_ref__contract_confirmation` (
  `id` int(11) NOT NULL AUTO_INCREMENT,
  `type` varchar(144) NOT NULL,
  `is_delete` int(1) NOT NULL DEFAULT '0',
  PRIMARY KEY (`id`)
) ENGINE=InnoDB AUTO_INCREMENT=4 DEFAULT CHARSET=latin1;

--
-- Dumping data for table `_ref__contract_confirmation`
--

INSERT INTO `_ref__contract_confirmation` VALUES (1,'Under Probation',0),(2,'Extension Probation',0),(3,'Confirmation',0);

--
-- Table structure for table `_ref__contract_type`
--

CREATE TABLE `_ref__contract_type` (
  `id` int(11) NOT NULL AUTO_INCREMENT,
  `type` varchar(144) NOT NULL,
  `is_delete` int(1) NOT NULL DEFAULT '0',
  PRIMARY KEY (`id`)
) ENGINE=InnoDB AUTO_INCREMENT=4 DEFAULT CHARSET=latin1;

--
-- Dumping data for table `_ref__contract_type`
--

INSERT INTO `_ref__contract_type` VALUES (1,'Permanent',0),(2,'Contract',0),(3,'probation',0);

--
-- Table structure for table `_ref__country`
--

CREATE TABLE `_ref__country` (
  `id` int(10) unsigned NOT NULL AUTO_INCREMENT,
  `country` varchar(45) DEFAULT NULL,
  `fldcontinent` varchar(45) DEFAULT NULL,
  `phone_code` varchar(64) NOT NULL,
  PRIMARY KEY (`id`)
) ENGINE=InnoDB AUTO_INCREMENT=895 DEFAULT CHARSET=utf8 ROW_FORMAT=COMPACT;

--
-- Dumping data for table `_ref__country`
--

INSERT INTO `_ref__country` VALUES (4,'AFGHANISTAN','AS','93'),(8,'ALBANIA','EU','355'),(10,'ANTARCTICA','AN','672'),(12,'ALGERIA','AF','213'),(16,'AMERICAN SAMOA','OC','1-684'),(20,'ANDORRA','EU','376'),(24,'ANGOLA','AF','244'),(28,'ANTIGUA AND BARBUDA','NA','1-264'),(31,'AZERBAIJAN','AS','994'),(32,'ARGENTINA','SA','54'),(36,'AUSTRALIA','OC','61'),(40,'AUSTRIA','EU','43'),(44,'BAHAMAS','NA','1-242'),(48,'BAHRAIN','AS','973'),(50,'BANGLADESH','AS','880'),(51,'ARMENIA','AS','374'),(52,'BARBADOS','NA','1-246'),(56,'BELGIUM','EU','32'),(60,'BERMUDA','NA','1-441'),(64,'BHUTAN','AS','975'),(68,'BOLIVIA','SA','591'),(70,'BOSNIA AND HERZEGOVINA','EU','387'),(72,'BOTSWANA','AF','267'),(74,'BOUVET ISLAND','AN',''),(76,'BRAZIL','SA','55'),(84,'BELIZE','NA','501'),(86,'BRITISH INDIAN OCEAN TERRITORY','AS','246'),(90,'SOLOMON ISLANDS','OC','677'),(92,'BRITISH VIRGIN ISLANDS','NA','1-284'),(96,'BRUNEI','AS','673'),(100,'BULGARIA','EU','359'),(104,'MYANMAR','AS','95'),(108,'BURUNDI','AF','257'),(112,'BELARUS','EU','375'),(116,'CAMBODIA','AS','855'),(120,'CAMEROON','AF','237'),(124,'CANADA','NA','1'),(132,'CAPE VERDE','AF','238'),(136,'CAYMAN ISLANDS','NA','1-345'),(140,'CENTRAL AFRICAN REPUBLIC','AF','236'),(144,'SRI LANKA','AS','94'),(148,'CHAD','AF','235'),(152,'CHILE','SA','56'),(156,'CHINA','AS','86'),(158,'TAIWAN','AS','886'),(162,'CHRISTMAS ISLAND','AS','61'),(166,'COCOS ISLANDS','AS','61'),(170,'COLOMBIA','SA','57'),(174,'COMOROS','AF','269'),(175,'MAYOTTE','AF','262'),(178,'REPUBLIC OF THE CONGO','AF','242'),(180,'DEMOCRATIC REPUBLIC OF THE CONGO','AF','243'),(184,'COOK ISLANDS','OC','682'),(188,'COSTA RICA','NA','506'),(191,'CROATIA','EU','385'),(192,'CUBA','NA','53'),(196,'CYPRUS','EU','357'),(203,'CZECH REPUBLIC','EU','420'),(204,'BENIN','AF','229'),(208,'DENMARK','EU','45'),(212,'DOMINICA','NA','1-767'),(214,'DOMINICAN REPUBLIC','NA','1-809,1-829,1-849'),(218,'ECUADOR','SA','593'),(222,'EL SALVADOR','NA','503'),(226,'EQUATORIAL GUINEA','AF','240'),(231,'ETHIOPIA','AF','251'),(232,'ERITREA','AF','291'),(233,'ESTONIA','EU','372'),(234,'FAROE ISLANDS','EU','298'),(238,'FALKLAND ISLANDS','SA','500'),(239,'SOUTH GEORGIA AND THE SOUTH SANDWICH ISLANDS','AN',''),(242,'FIJI','OC','679'),(246,'FINLAND','EU','358'),(248,'ALAND ISLANDS','EU',''),(250,'FRANCE','EU','33'),(254,'FRENCH GUIANA','SA',''),(258,'FRENCH POLYNESIA','OC','689'),(260,'FRENCH SOUTHERN TERRITORIES','AN',''),(262,'DJIBOUTI','AF','253'),(266,'GABON','AF','241'),(268,'GEORGIA','AS','995'),(270,'GAMBIA','AF','220'),(275,'PALESTINIAN TERRITORY','AS','970'),(276,'GERMANY','EU','49'),(288,'GHANA','AF','233'),(292,'GIBRALTAR','EU','350'),(296,'KIRIBATI','OC','686'),(300,'GREECE','EU','30'),(304,'GREENLAND','NA','299'),(308,'GRENADA','NA','1-473'),(312,'GUADELOUPE','NA',''),(316,'GUAM','OC','1-671'),(320,'GUATEMALA','NA','502'),(324,'GUINEA','AF','224'),(328,'GUYANA','SA','592'),(332,'HAITI','NA','509'),(334,'HEARD ISLAND AND MCDONALD ISLANDS','AN',''),(336,'VATICAN','EU','379'),(340,'HONDURAS','NA','504'),(344,'HONG KONG','AS','852'),(348,'HUNGARY','EU','36'),(352,'ICELAND','EU','354'),(356,'INDIA','AS','91'),(360,'INDONESIA','AS','62'),(364,'IRAN','AS','98'),(368,'IRAQ','AS','964'),(372,'IRELAND','EU','353'),(376,'ISRAEL','AS','972'),(380,'ITALY','EU','39'),(384,'IVORY COAST','AF','225'),(388,'JAMAICA','NA','1-876'),(392,'JAPAN','AS','81'),(398,'KAZAKHSTAN','AS','7'),(400,'JORDAN','AS','962'),(404,'KENYA','AF','254'),(408,'NORTH KOREA','AS','850'),(410,'SOUTH KOREA','AS','82'),(414,'KUWAIT','AS','965'),(417,'KYRGYZSTAN','AS','996'),(418,'LAOS','AS','856'),(422,'LEBANON','AS','961'),(426,'LESOTHO','AF','266'),(428,'LATVIA','EU','371'),(430,'LIBERIA','AF','231'),(434,'LIBYA','AF','218'),(438,'LIECHTENSTEIN','EU','423'),(440,'LITHUANIA','EU','370'),(442,'LUXEMBOURG','EU','352'),(446,'MACAO','AS','853'),(450,'MADAGASCAR','AF','261'),(454,'MALAWI','AF','265'),(458,'MALAYSIA','AS','60'),(462,'MALDIVES','AS','960'),(466,'MALI','AF','223'),(470,'MALTA','EU','356'),(474,'MARTINIQUE','NA',''),(478,'MAURITANIA','AF','222'),(480,'MAURITIUS','AF','230'),(484,'MEXICO','NA','52'),(492,'MONACO','EU','377'),(496,'MONGOLIA','AS','976'),(498,'MOLDOVA','EU','373'),(499,'MONTENEGRO','EU','382'),(500,'MONTSERRAT','NA','1-664'),(504,'MOROCCO','AF','212'),(508,'MOZAMBIQUE','AF','258'),(512,'OMAN','AS','968'),(516,'NAMIBIA','AF','264'),(520,'NAURU','OC','674'),(524,'NEPAL','AS','977'),(528,'NETHERLANDS','EU','31'),(530,'NETHERLANDS ANTILLES','NA','599'),(533,'ARUBA','NA','297'),(540,'NEW CALEDONIA','OC','687'),(548,'VANUATU','OC','678'),(554,'NEW ZEALAND','OC','64'),(558,'NICARAGUA','NA','505'),(562,'NIGER','AF','227'),(566,'NIGERIA','AF','234'),(570,'NIUE','OC','683'),(574,'NORFOLK ISLAND','OC',''),(578,'NORWAY','EU','47'),(580,'NORTHERN MARIANA ISLANDS','OC','1-670'),(581,'UNITED STATES MINOR OUTLYING ISLANDS','OC',''),(583,'MICRONESIA','OC','691'),(584,'MARSHALL ISLANDS','OC','692'),(585,'PALAU','OC','680'),(586,'PAKISTAN','AS','92'),(591,'PANAMA','NA','507'),(598,'PAPUA NEW GUINEA','OC','675'),(600,'PARAGUAY','SA','595'),(604,'PERU','SA','51'),(608,'PHILIPPINES','AS','63'),(612,'PITCAIRN','OC','64'),(616,'POLAND','EU','48'),(620,'PORTUGAL','EU','351'),(624,'GUINEA-BISSAU','AF','245'),(626,'EAST TIMOR','OC','670'),(630,'PUERTO RICO','NA','1-787,1-939'),(634,'QATAR','AS','974'),(638,'REUNION','AF','262'),(642,'ROMANIA','EU','40'),(643,'RUSSIA','EU','7'),(646,'RWANDA','AF','250'),(652,'SAINT BARTHELEMY','NA','590'),(654,'SAINT HELENA','AF','290'),(659,'SAINT KITTS AND NEVIS','NA','1-869'),(660,'ANGUILLA','NA','1-264'),(662,'SAINT LUCIA','NA','1-758'),(663,'SAINT MARTIN','NA','590'),(666,'SAINT PIERRE AND MIQUELON','NA','508'),(670,'SAINT VINCENT AND THE GRENADINES','NA','1-784'),(674,'SAN MARINO','EU','378'),(678,'SAO TOME AND PRINCIPE','AF','239'),(682,'SAUDI ARABIA','AS','966'),(686,'SENEGAL','AF','221'),(688,'SERBIA','EU','381'),(690,'SEYCHELLES','AF','248'),(694,'SIERRA LEONE','AF','232'),(702,'SINGAPORE','AS','65'),(703,'SLOVAKIA','EU','421'),(704,'VIETNAM','AS','84'),(705,'SLOVENIA','EU','386'),(706,'SOMALIA','AF','252'),(710,'SOUTH AFRICA','AF','27'),(716,'ZIMBABWE','AF','263'),(724,'SPAIN','EU','34'),(732,'WESTERN SAHARA','AF','212'),(736,'SUDAN','AF','249'),(740,'SURINAME','SA','597'),(744,'SVALBARD AND JAN MAYEN','EU','47'),(748,'SWAZILAND','AF','268'),(752,'SWEDEN','EU','46'),(756,'SWITZERLAND','EU','41'),(760,'SYRIA','AS','963'),(762,'TAJIKISTAN','AS','992'),(764,'THAILAND','AS','66'),(768,'TOGO','AF','228'),(772,'TOKELAU','OC','690'),(776,'TONGA','OC','676'),(780,'TRINIDAD AND TOBAGO','NA','1-868'),(784,'UNITED ARAB EMIRATES','AS','971'),(788,'TUNISIA','AF','216'),(792,'TURKEY','AS','90'),(795,'TURKMENISTAN','AS','993'),(796,'TURKS AND CAICOS ISLANDS','NA','1-649'),(798,'TUVALU','OC','688'),(800,'UGANDA','AF','256'),(804,'UKRAINE','EU','380'),(807,'MACEDONIA','EU','389'),(818,'EGYPT','AF','20'),(826,'UNITED KINGDOM','EU','44'),(831,'GUERNSEY','EU','44-1481'),(832,'JERSEY','EU','44-1534'),(833,'ISLE OF MAN','EU','44-1624'),(834,'TANZANIA','AF','255'),(840,'UNITED STATES','NA','1'),(850,'U.S. VIRGIN ISLANDS','NA','1-340'),(854,'BURKINA FASO','AF','226'),(855,'KOSOVO','EU','383'),(858,'URUGUAY','SA','598'),(860,'UZBEKISTAN','AS','998'),(862,'VENEZUELA','SA','58'),(876,'WALLIS AND FUTUNA','OC','681'),(882,'SAMOA','OC','685'),(887,'YEMEN','AS','967'),(891,'SERBIA AND MONTENEGRO','EU','381,382'),(894,'ZAMBIA','AF','260');

--
-- Table structure for table `_ref__dashboard_type`
--

CREATE TABLE `_ref__dashboard_type` (
  `ID` int(11) NOT NULL AUTO_INCREMENT,
  `type` varchar(32) NOT NULL,
  `seq` int(11) NOT NULL,
  PRIMARY KEY (`ID`)
) ENGINE=InnoDB AUTO_INCREMENT=5 DEFAULT CHARSET=latin1;

--
-- Dumping data for table `_ref__dashboard_type`
--

INSERT INTO `_ref__dashboard_type` VALUES (1,'widget_one',10),(2,'graph',100),(3,'widget_two',20),(4,'widget_three',30);

--
-- Table structure for table `_ref__designation`
--

CREATE TABLE `_ref__designation` (
  `id` int(11) NOT NULL AUTO_INCREMENT,
  `position_id` int(11) NOT NULL,
  `designation` varchar(64) NOT NULL,
  `is_delete` int(1) NOT NULL,
  PRIMARY KEY (`id`)
) ENGINE=InnoDB AUTO_INCREMENT=22 DEFAULT CHARSET=latin1;

--
-- Dumping data for table `_ref__designation`
--

INSERT INTO `_ref__designation` VALUES (1,16,'Admin & HR Executive',0),(2,16,'Analyst',0),(3,16,'GST Executive',0),(4,16,'Administrative & Marketing Executive',0),(5,21,'Trainee',0),(6,16,'Audit Associate',0),(7,6,'Personal Assistant',0),(8,16,'Personal Assistant',0),(9,16,'Admin & IT Executive',0),(10,15,'Senior Audit',0),(11,16,'Junior Programmer',0),(12,13,'Assistant Manager Shariah Advisory',0),(13,17,'Admin Assistant',0),(14,13,'Assistant Manager HR',0),(15,16,'Shariah Associate',0),(16,16,'Indirect Tax',0),(17,16,'Account & Finance',0),(18,24,'',0),(19,21,'Account Assistant',0),(20,23,'',0),(21,23,'',0);

--
-- Table structure for table `_ref__employee_contract_type`
--

CREATE TABLE `_ref__employee_contract_type` (
  `id` int(11) NOT NULL AUTO_INCREMENT,
  `type` varchar(144) NOT NULL,
  `is_delete` int(1) NOT NULL,
  PRIMARY KEY (`id`)
) ENGINE=InnoDB AUTO_INCREMENT=7 DEFAULT CHARSET=latin1;

--
-- Dumping data for table `_ref__employee_contract_type`
--

INSERT INTO `_ref__employee_contract_type` VALUES (1,'Local Permanent',0),(2,'Non Local Permanent',0),(3,'Fixed Term Contract',0),(4,'Daily rate Contract',0),(5,'Hourly Rate Contract',0),(6,'Additional Contract Malaysia',0);

--
-- Table structure for table `_ref__employee_group`
--

CREATE TABLE `_ref__employee_group` (
  `id` int(11) NOT NULL AUTO_INCREMENT,
  `type` varchar(144) NOT NULL,
  `is_delete` int(1) NOT NULL,
  PRIMARY KEY (`id`)
) ENGINE=InnoDB AUTO_INCREMENT=4 DEFAULT CHARSET=latin1;

--
-- Dumping data for table `_ref__employee_group`
--

INSERT INTO `_ref__employee_group` VALUES (1,'Regular',0),(2,'Contract',0),(3,'Temporary',0);

--
-- Table structure for table `_ref__gender`
--

CREATE TABLE `_ref__gender` (
  `id` int(11) NOT NULL AUTO_INCREMENT,
  `gender` varchar(16) NOT NULL,
  PRIMARY KEY (`id`)
) ENGINE=InnoDB AUTO_INCREMENT=3 DEFAULT CHARSET=latin1;

--
-- Dumping data for table `_ref__gender`
--

INSERT INTO `_ref__gender` VALUES (1,'Male'),(2,'Female');

--
-- Table structure for table `_ref__hiring_reason`
--

CREATE TABLE `_ref__hiring_reason` (
  `id` int(11) NOT NULL AUTO_INCREMENT,
  `type` varchar(144) NOT NULL,
  `is_delete` int(11) NOT NULL,
  PRIMARY KEY (`id`)
) ENGINE=InnoDB AUTO_INCREMENT=4 DEFAULT CHARSET=latin1;

--
-- Dumping data for table `_ref__hiring_reason`
--

INSERT INTO `_ref__hiring_reason` VALUES (1,'New Position',0),(2,'Replacement',0),(3,'Hiring Secondment',0);

--
-- Table structure for table `_ref__job`
--

CREATE TABLE `_ref__job` (
  `id` int(11) NOT NULL,
  `service_id` int(11) NOT NULL,
  `job` varchar(128) NOT NULL,
  PRIMARY KEY (`id`)
) ENGINE=InnoDB DEFAULT CHARSET=latin1;

--
-- Dumping data for table `_ref__job`
--

INSERT INTO `_ref__job` VALUES (1,1,'Financial Statement Audit'),(2,1,'Forensic Audit'),(3,1,'Compliance Audit'),(4,1,'Operational Audit'),(5,1,'Others'),(6,2,'Raising Seed/Start-up'),(7,2,'Management Buy-In (MBI)'),(8,2,'Merger and Acquisition (M&A)'),(9,2,'Project and Infrastructure Finance'),(10,2,'Demerging'),(11,2,'Secondary Equity Issues'),(12,2,'Management Buy-Out (MBO)'),(13,2,'Raising and Restructuring of Debt.'),(14,2,'Pre/Post Acquisition Due Diligence'),(15,2,'Enterprise Risk Management (ERM)'),(16,2,'Due Diligence Review & Business Valuation'),(17,2,'Governance and Compliance Assessment'),(18,2,'Project Valuation'),(19,2,'Internal Auditing'),(20,2,'Pre and Post Merger and Demerger Advisory'),(21,2,'Financial statement analysis'),(22,2,'Forensic Accounting Services'),(23,2,'Pre and Post Acquisition advisory'),(24,2,'Advisory Support on Public-Private Partnership (PPP)'),(25,2,'Pre IPO Advisory'),(26,2,'Business Planning and Modeling'),(27,2,'Strategic Management Advisory'),(28,2,'Restructuring Distressed Corporations'),(29,2,'Grant and Account Monitoring'),(30,2,'Others'),(31,3,'Accounting and Bookkeeping'),(32,3,'Financial Statements'),(33,3,'GST-03 Filling and Submission'),(34,3,'Review and Advisory'),(35,3,'Others'),(36,4,'GST Compliance'),(37,4,'GST Advisory and Consultancy'),(38,4,'GST Training'),(39,4,'GST Ruling and Appeal'),(40,4,'GST Compliance Audit'),(41,4,'Others'),(42,5,'Advisory Islamic Fund, wealth or asset management'),(43,5,'Advisory Islamic Private Equity'),(44,5,'Advisory Takaaful'),(45,5,'Advisory Fintech'),(46,5,'Islamic'),(47,5,'Islamic Banking Products Structuring'),(48,5,'Islamic Securities: Sukuk Structuring'),(49,5,'Establishment of Islamic Banks'),(50,5,'Shariah Research and Development'),(51,5,'Shariah Training and Education'),(52,5,'Shariah Review'),(53,5,'Shariah Screening'),(54,5,'Shariah Internal Audit'),(55,5,'Shariah External Audit'),(56,5,'Shariah Risk Management'),(57,5,'Shariah Legal Documental'),(58,5,'Shariah Governance and Supervision'),(59,5,'Shariah Accounting'),(60,5,'Others'),(61,6,'Enterprise Resource Planning (ERP)'),(62,6,'IT Strategy and assessment'),(63,6,'IT Governance and Planning'),(64,6,'IT Project Management and Advisory'),(65,6,'Data Management'),(66,6,'Personal Data Protection'),(67,6,'IT Sourcing/Outsourcing'),(68,6,'Business Intelligence'),(69,6,'IT Internal Audit'),(70,6,'IT Risk Management and Assurance'),(71,6,'Software Development and Customisation'),(72,6,'Website Design and Development'),(73,6,'Others'),(74,7,'Tax Compliance'),(75,7,'Corporate Tax Advisory'),(76,7,'Indirect Tax'),(77,7,'Tax Audit'),(78,7,'Tax Investigation'),(79,7,'Real Property Gain Tax (RPGT)'),(80,7,'Transfer Pricing'),(81,7,'Tax Planning'),(82,7,'Tax Appeal'),(83,7,'Documentation Review'),(84,7,'Capital Statement'),(85,7,'Employer'),(86,7,'Others'),(87,7,'Application of Tax Exemption'),(88,7,'Withholding Tax'),(89,8,'Company Incorporation'),(90,8,'Legal Due Diligence'),(91,8,'Secretarial Audit'),(92,8,'Compliance Management'),(93,8,'Corporate Governance Advisory'),(94,8,'Registration with Relevant Government Agencies');

--
-- Table structure for table `_ref__month`
--

CREATE TABLE `_ref__month` (
  `id` int(11) NOT NULL AUTO_INCREMENT,
  `month` varchar(32) NOT NULL,
  `is_delete` smallint(6) NOT NULL,
  PRIMARY KEY (`id`)
) ENGINE=InnoDB AUTO_INCREMENT=13 DEFAULT CHARSET=latin1;

--
-- Dumping data for table `_ref__month`
--

INSERT INTO `_ref__month` VALUES (1,'JANUARY',0),(2,'FEBRUARY',0),(3,'MARCH',0),(4,'APRIL',0),(5,'MAY',0),(6,'JUNE',0),(7,'JULY',0),(8,'AUGUST',0),(9,'SEPTEMBER',0),(10,'OCTOBER',0),(11,'NOVEMBER',0),(12,'DECEMBER',0);

--
-- Table structure for table `_ref__race`
--

CREATE TABLE `_ref__race` (
  `id` int(11) NOT NULL AUTO_INCREMENT,
  `race` varchar(144) NOT NULL,
  PRIMARY KEY (`id`)
) ENGINE=InnoDB AUTO_INCREMENT=5 DEFAULT CHARSET=latin1;

--
-- Dumping data for table `_ref__race`
--

INSERT INTO `_ref__race` VALUES (1,'Malay'),(2,'Chinese'),(3,'Indian'),(4,'Other races');

--
-- Table structure for table `_ref__relationship`
--

CREATE TABLE `_ref__relationship` (
  `id` int(11) NOT NULL AUTO_INCREMENT,
  `relations` varchar(144) NOT NULL,
  PRIMARY KEY (`id`)
) ENGINE=InnoDB AUTO_INCREMENT=7 DEFAULT CHARSET=latin1;

--
-- Dumping data for table `_ref__relationship`
--

INSERT INTO `_ref__relationship` VALUES (1,'Parent'),(2,'Child'),(3,'Spouse'),(4,'Siblings'),(5,'Grandparents'),(6,'Next of Kin');

--
-- Table structure for table `_ref__religion`
--

CREATE TABLE `_ref__religion` (
  `id` int(11) NOT NULL AUTO_INCREMENT,
  `name` varchar(144) NOT NULL,
  PRIMARY KEY (`id`)
) ENGINE=InnoDB AUTO_INCREMENT=6 DEFAULT CHARSET=latin1;

--
-- Dumping data for table `_ref__religion`
--

INSERT INTO `_ref__religion` VALUES (1,'Islam'),(2,'Hinduism'),(3,'Buddhism'),(4,'Christianity'),(5,'Others');

--
-- Table structure for table `_ref__residence_type`
--

CREATE TABLE `_ref__residence_type` (
  `id` int(11) NOT NULL AUTO_INCREMENT,
  `type` varchar(144) NOT NULL,
  `is_delete` int(1) NOT NULL,
  PRIMARY KEY (`id`)
) ENGINE=InnoDB AUTO_INCREMENT=4 DEFAULT CHARSET=latin1;

--
-- Dumping data for table `_ref__residence_type`
--

INSERT INTO `_ref__residence_type` VALUES (1,'Permanent Residence',0),(2,'Temporary Residence',0),(3,'Correspondence Residence',0);

--
-- Table structure for table `_ref__salary_scale`
--

CREATE TABLE `_ref__salary_scale` (
  `id` int(11) NOT NULL AUTO_INCREMENT,
  `level` varchar(144) NOT NULL,
  `grade` int(11) NOT NULL,
  `indicator` varchar(144) NOT NULL,
  `designation` varchar(144) NOT NULL,
  `seq` int(11) NOT NULL,
  PRIMARY KEY (`id`)
) ENGINE=InnoDB AUTO_INCREMENT=30 DEFAULT CHARSET=latin1;

--
-- Dumping data for table `_ref__salary_scale`
--

INSERT INTO `_ref__salary_scale` VALUES (1,'Top Management',24,'MP','Managing Partner',100),(2,'Top Management',23,'P','Partner',100),(3,'Management',22,'JP','Junior Partner',90),(4,'Mangement',22,'D','Director',90),(5,'Management',21,'AD','Associate Director',80),(6,'Management',20,'SMI','Senior Manager',80),(7,'Management',19,'SMII','Senior Manager',80),(8,'Management',18,'MI','Manager',80),(9,'Management',17,'MII','Manager',80),(10,'Middle Management',16,'AMI','Assistant Manager',70),(11,'Middle Management',15,'AMII','Assistant Manager',70),(12,'Middle Management',14,'SI','Supervisor',70),(13,'Middle Management',13,'SII','Supervisor',70),(14,'Executive',12,'SEI','Senior Executive',60),(15,'Executive',10,'SEII','Senior Executive',60),(16,'Executive',11,'EIA','Executive / Associate',60),(17,'Executive',8,'EIIA','Executive / Associate',60),(18,'Executive',9,'EIB','Executive / Associate',60),(19,'Executive',7,'EIIB','Executive / Associate',60),(20,'Executive',6,'EIIAA','Executive / Associate',60),(21,'Non Executive',5,'IAA','Admin Assistant',50),(22,'Non Executive',3,'IIAA','Admin Assistant',50),(23,'Non Executive',4,'IOA','Office Assistant',50),(24,'Non Executive',2,'IIOA','Despatch & Driver',50),(25,'Non Executive',1,'IIOA','Office Assistant',50),(27,'1',1,'','',0),(28,'20',1,'','Trainee ',0),(29,'20',1,'','Account Assistant',0);

--
-- Table structure for table `_ref__services`
--

CREATE TABLE `_ref__services` (
  `id` int(11) NOT NULL,
  `service` varchar(128) NOT NULL,
  PRIMARY KEY (`id`)
) ENGINE=InnoDB DEFAULT CHARSET=latin1;

--
-- Dumping data for table `_ref__services`
--

INSERT INTO `_ref__services` VALUES (1,'Auditing and Assurance'),(2,'Corporate Finance and Transaction Services'),(3,'GST and Business Accounting Solutions'),(4,'Goods and Services Tax'),(5,'Shariah Advisory & Auditing'),(6,'IT Consultancy'),(7,'Taxation Services'),(8,'Company Secretary');

--
-- Table structure for table `_ref__staff_action_type`
--

CREATE TABLE `_ref__staff_action_type` (
  `id` int(11) NOT NULL,
  `page_view` varchar(144) NOT NULL,
  `code` varchar(144) NOT NULL,
  `type` varchar(144) NOT NULL,
  `modal_id` varchar(128) NOT NULL,
  `component_type` int(11) NOT NULL DEFAULT '0',
  PRIMARY KEY (`id`)
) ENGINE=InnoDB DEFAULT CHARSET=latin1;

--
-- Dumping data for table `_ref__staff_action_type`
--

INSERT INTO `_ref__staff_action_type` VALUES (1,'hr/staff-profiling/components/action/form/D1','D1','Join Group / Hiring','#d1_form',0),(2,'hr/staff-profiling/components/action/form/D2','D2','Current Position','#d2_form',0),(3,'hr/staff-profiling/components/action/form/D3','D3','Promotion','#d3_form',0),(4,'hr/staff-profiling/components/action/form/D4','D4','Change Of Pay','#d4_form',0),(5,'hr/staff-profiling/components/action/form/D5','D5','Change Of Grade','#d5_form',0),(6,'hr/staff-profiling/components/action/form/D6','D6','Secondment','#d6_form',0),(7,'hr/staff-profiling/components/action/form/D7','D7','Transfer Interderpartmental','#d7_form',0),(8,'hr/staff-profiling/components/action/form/D8','D8','Transfer Intradepartmental','#d8_form',0),(9,'hr/staff-profiling/components/action/form/D9','D9','Long Term Absence','#d9_form',0),(10,'hr/staff-profiling/components/action/form/D10','D10','Resume Work','#d10_form',0),(11,'hr/staff-profiling/components/action/form/D11','D11','Suspension','#d11_form',0),(12,'hr/staff-profiling/components/action/form/D12','D12','Renewal Contract','#d12_form',0),(13,'hr/staff-profiling/components/action/form/D13','D13','Resignation','#d13_form',0),(14,'hr/staff-profiling/components/action/form/D14','D14','Termination','#d14_form',0),(15,'hr/staff-profiling/components/action/form/D15','D15','Retirement','#d15_form',0),(16,'hr/staff-profiling/components/action/form/D16','D16','Re-Entry Into Company','#d16_form',0);

--
-- Table structure for table `_ref__state`
--

CREATE TABLE `_ref__state` (
  `id` int(10) NOT NULL AUTO_INCREMENT,
  `country_id` int(10) unsigned DEFAULT NULL,
  `state` varchar(45) DEFAULT NULL,
  PRIMARY KEY (`id`),
  KEY `subregion_region_id` (`country_id`)
) ENGINE=InnoDB AUTO_INCREMENT=3880 DEFAULT CHARSET=utf8 ROW_FORMAT=COMPACT;

--
-- Dumping data for table `_ref__state`
--

INSERT INTO `_ref__state` VALUES (1,4,'BADAKHSHAN'),(2,4,'BADGHIS PROVINCE'),(3,4,'BAGHLĀN'),(4,4,'BĀMĪĀN'),(5,4,'FARAH'),(6,4,'FARYAB PROVINCE'),(7,4,'GHAZNĪ'),(8,4,'GHOWR'),(9,4,'HELMAND PROVINCE'),(10,4,'HERAT PROVINCE'),(11,4,'KABUL'),(12,4,'KĀPĪSĀ'),(13,4,'LOWGAR'),(14,4,'NANGARHĀR'),(15,4,'NĪMRŪZ'),(16,4,'ORŪZGĀN'),(17,4,'KANDAHĀR'),(18,4,'KUNDUZ PROVINCE'),(19,4,'TAKHĀR'),(20,4,'VARDAK'),(21,4,'ZABUL PROVINCE'),(22,4,'PAKTĪKĀ'),(23,4,'BALKH'),(24,4,'JOWZJĀN'),(25,4,'SAMANGĀN'),(26,4,'SAR-E POL'),(27,4,'KONAR'),(28,4,'LAGHMĀN'),(29,4,'PAKTIA PROVINCE'),(30,4,'KHOWST'),(31,4,'NŪRESTĀN'),(32,4,'PARVĀN'),(33,4,'DĀYKONDĪ'),(34,4,'PANJSHĪR'),(35,8,'BERAT'),(36,8,'DIBËR'),(37,8,'DURRËS'),(38,8,'ELBASAN'),(39,8,'FIER'),(40,8,'GJIROKASTËR'),(41,8,'KORÇË'),(42,8,'KUKËS'),(43,8,'LEZHË'),(44,8,'SHKODËR'),(45,8,'TIRANË'),(46,8,'VLORË'),(47,12,'ALGER'),(48,12,'BATNA'),(49,12,'CONSTANTINE'),(50,12,'MÉDÉA'),(51,12,'MOSTAGANEM'),(52,12,'ORAN'),(53,12,'SAÃDA'),(54,12,'SÉTIF'),(55,12,'TIARET'),(56,12,'TIZI OUZOU'),(57,12,'TLEMCEN'),(58,12,'BEJAÃA'),(59,12,'BISKRA'),(60,12,'BLIDA'),(61,12,'BOUIRA'),(62,12,'DJELFA'),(63,12,'GUELMA'),(64,12,'JIJEL'),(65,12,'LAGHOUAT'),(66,12,'MASCARA'),(67,12,'MʼSILA'),(68,12,'OUM EL BOUAGHI'),(69,12,'SIDI BEL ABBÈS'),(70,12,'SKIKDA'),(71,12,'TÉBESSA'),(72,12,'ADRAR'),(73,12,'AÃN DEFLA'),(74,12,'AÃN TEMOUCHENT'),(75,12,'ANNABA'),(76,12,'BÉCHAR'),(77,12,'BORDJ BOU ARRÉRIDJ'),(78,12,'BOUMERDES'),(79,12,'CHLEF'),(80,12,'EL BAYADH'),(81,12,'EL OUED'),(82,12,'EL TARF'),(83,12,'GHARDAÃA'),(84,12,'ILLIZI'),(85,12,'KHENCHELA'),(86,12,'MILA'),(87,12,'NAAMA النعامة'),(88,12,'OUARGLA'),(89,12,'RELIZANE'),(90,12,'SOUK AHRAS'),(91,12,'TAMANGHASSET'),(92,12,'TINDOUF'),(93,12,'TIPAZA'),(94,12,'TISSEMSILT'),(95,16,'AMERICAN SAMOA'),(96,20,'PARRÒQUIA DE CANILLO'),(97,20,'PARRÒQUIA DʼENCAMP'),(98,20,'PARRÒQUIA DE LA MASSANA'),(99,20,'PARRÒQUIA DʼORDINO'),(100,20,'PARRÒQUIA DE SANT JULIÀ DE LÒRIA'),(101,20,'PARRÒQUIA DʼANDORRA LA VELLA'),(102,20,'PARRÒQUIA DʼESCALDES-ENGORDANY'),(103,24,'BENGUELA'),(104,24,'BIÉ'),(105,24,'CABINDA'),(106,24,'CUANDO CUBANGO'),(107,24,'CUANZA NORTE'),(108,24,'CUANZA SUL'),(109,24,'CUNENE'),(110,24,'HUAMBO'),(111,24,'HUÃLA'),(112,24,'LUANDA'),(113,24,'MALANJE'),(114,24,'NAMIBE'),(115,24,'MOXICO'),(116,24,'UÃGE'),(117,24,'ZAIRE'),(118,24,'LUNDA NORTE'),(119,24,'LUNDA SUL'),(120,24,'BENGO'),(121,28,'REDONDA'),(122,28,'BARBUDA'),(123,28,'SAINT GEORGE'),(124,28,'SAINT JOHN'),(125,28,'SAINT MARY'),(126,28,'SAINT PAUL'),(127,28,'SAINT PETER'),(128,28,'SAINT PHILIP'),(129,31,'ABŞERON'),(130,31,'AĞCABƎDI'),(131,31,'AĞDAM'),(132,31,'AĞDAŞ'),(133,31,'AĞSTAFA'),(134,31,'AĞSU'),(135,31,'ÆLI BAYRAMLI'),(136,31,'ASTARA'),(137,31,'BAKI'),(138,31,'BALAKƎN'),(139,31,'BƎRDƎ'),(140,31,'BEYLƎQAN'),(141,31,'BILƎSUVAR'),(142,31,'CƎBRAYIL'),(143,31,'CƎLILABAD'),(144,31,'DAŞKƎSƎN'),(145,31,'DƎVƎÇI'),(146,31,'FÜZULI'),(147,31,'GƎDƎBƎY'),(148,31,'GƎNCƎ'),(149,31,'GORANBOY'),(150,31,'GÖYÇAY'),(151,31,'HACIQABUL'),(152,31,'İMIŞLI'),(153,31,'İSMAYILLI'),(154,31,'KƎLBƎCƎR'),(155,31,'KÜRDƎMIR'),(156,31,'LAÇIN'),(157,31,'LƎNKƎRAN'),(158,31,'LƎNKƎRAN ŞƎHƎRI'),(159,31,'LERIK'),(160,31,'MASALLI'),(161,31,'MINGƎCEVIR'),(162,31,'NAFTALAN'),(163,31,'NAKHICHEVAN'),(164,31,'NEFTÇALA'),(165,31,'OĞUZ'),(166,31,'QƎBƎLƎ'),(167,31,'QƎX'),(168,31,'QAZAX'),(169,31,'QOBUSTAN'),(170,31,'QUBA'),(171,31,'QUBADLI'),(172,31,'QUSAR'),(173,31,'SAATLI'),(174,31,'SABIRABAD'),(175,31,'ŞƎKI'),(176,31,'ŞƎKI'),(177,31,'SALYAN'),(178,31,'ŞAMAXI'),(179,31,'ŞƎMKIR'),(180,31,'SAMUX'),(181,31,'SIYƎZƎN'),(182,31,'SUMQAYIT'),(183,31,'ŞUŞA'),(184,31,'ŞUŞA ŞÆHÆRI'),(185,31,'TƎRTƎR'),(186,31,'TOVUZ'),(187,31,'UCAR'),(188,31,'XAÇMAZ'),(189,31,'XANKƎNDI'),(190,31,'XANLAR'),(191,31,'XIZI'),(192,31,'XOCALI'),(193,31,'XOCAVƎND'),(194,31,'YARDIMLI'),(195,31,'YEVLAX'),(196,31,'YEVLAX'),(197,31,'ZƎNGILAN'),(198,31,'ZAQATALA'),(199,31,'ZƎRDAB'),(200,32,'BUENOS AIRES'),(201,32,'CATAMARCA'),(202,32,'CHACO'),(203,32,'CHUBUT'),(204,32,'CÓRDOBA'),(205,32,'CORRIENTES'),(206,32,'DISTRITO FEDERAL'),(207,32,'ENTRE RÃOS'),(208,32,'FORMOSA'),(209,32,'JUJUY'),(210,32,'LA PAMPA'),(211,32,'LA RIOJA'),(212,32,'MENDOZA'),(213,32,'MISIONES'),(214,32,'NEUQUÉN'),(215,32,'RÃO NEGRO'),(216,32,'SALTA'),(217,32,'SAN JUAN'),(218,32,'SAN LUIS'),(219,32,'SANTA CRUZ'),(220,32,'SANTA FE'),(221,32,'SANTIAGO DEL ESTERO'),(222,32,'TIERRA DEL FUEGO, ANTÃRTIDA E ISLAS DEL ATLÃ'),(223,32,'TUCUMÃN'),(224,36,'AUSTRALIAN CAPITAL TERRITORY'),(225,36,'NEW SOUTH WALES'),(226,36,'NORTHERN TERRITORY'),(227,36,'QUEENSLAND'),(228,36,'SOUTH AUSTRALIA'),(229,36,'TASMANIA'),(230,36,'VICTORIA'),(231,36,'WESTERN AUSTRALIA'),(232,40,'BURGENLAND'),(233,40,'CARINTHIA'),(234,40,'LOWER AUSTRIA'),(235,40,'UPPER AUSTRIA'),(236,40,'SALZBURG'),(237,40,'STYRIA'),(238,40,'TYROL'),(239,40,'VORARLBERG'),(240,40,'VIENNA'),(241,44,'BIMINI'),(242,44,'CAT ISLAND'),(243,44,'INAGUA'),(244,44,'LONG ISLAND'),(245,44,'MAYAGUANA'),(246,44,'RAGGED ISLAND'),(247,44,'HARBOUR ISLAND, ELEUTHERA'),(248,44,'NORTH ABACO'),(249,44,'ACKLINS'),(250,44,'CITY OF FREEPORT, GRAND BAHAMA'),(251,44,'SOUTH ANDROS'),(252,44,'HOPE TOWN, ABACO'),(253,44,'MANGROVE CAY, ANDROS'),(254,44,'MOOREʼS ISLAND, ABACO'),(255,44,'RUM CAY'),(256,44,'NORTH ANDROS'),(257,44,'NORTH ELEUTHERA'),(258,44,'SOUTH ELEUTHERA'),(259,44,'SOUTH ABACO'),(260,44,'SAN SALVADOR'),(261,44,'BERRY ISLANDS'),(262,44,'BLACK POINT, EXUMA'),(263,44,'CENTRAL ABACO'),(264,44,'CENTRAL ANDROS'),(265,44,'CENTRAL ELEUTHERA'),(266,44,'CROOKED ISLAND'),(267,44,'EAST GRAND BAHAMA'),(268,44,'EXUMA'),(269,44,'GRAND CAY, ABACO'),(270,44,'SPANISH WELLS, ELEUTHERA'),(271,44,'WEST GRAND BAHAMA'),(272,48,'SOUTHERN GOVERNATE'),(273,48,'NORTHERN GOVERNATE'),(274,48,'CAPITAL GOVERNATE'),(275,48,'CENTRAL GOVERNATE'),(276,48,'MUHARRAQ GOVERNATE'),(277,50,'BG80'),(278,50,'DHAKA'),(279,50,'KHULNA'),(280,50,'RĀJSHĀHI'),(281,50,'CHITTAGONG'),(282,50,'BARISĀL'),(283,50,'SYLHET'),(284,51,'ARAGATSOTN'),(285,51,'ARARAT'),(286,51,'ARMAVIR'),(287,51,'GEGHARKʼUNIKʼ'),(288,51,'KOTAYKʼ'),(289,51,'LORRI'),(290,51,'SHIRAK'),(291,51,'SYUNIKʼ'),(292,51,'TAVUSH'),(293,51,'VAYOTSʼ DZOR'),(294,51,'YEREVAN'),(295,52,'CHRIST CHURCH'),(296,52,'SAINT ANDREW'),(297,52,'SAINT GEORGE'),(298,52,'SAINT JAMES'),(299,52,'SAINT JOHN'),(300,52,'SAINT JOSEPH'),(301,52,'SAINT LUCY'),(302,52,'SAINT MICHAEL'),(303,52,'SAINT PETER'),(304,52,'SAINT PHILIP'),(305,52,'SAINT THOMAS'),(306,56,'BRUXELLES-CAPITALE'),(307,56,'FLANDERS'),(308,56,'WALLONIA'),(309,60,'DEVONSHIRE'),(310,60,'HAMILTON (PARISH)'),(311,60,'HAMILTON (CITY)'),(312,60,'PAGET'),(313,60,'PEMBROKE'),(314,60,'SAINT GEORGEʼS (PARISH)'),(315,60,'SAINT GEORGEʼS (CITY)'),(316,60,'SANDYS'),(317,60,'SMITHʼS'),(318,60,'SOUTHAMPTON'),(319,60,'WARWICK'),(320,64,'BUMTHANG'),(321,64,'CHHUKHA'),(322,64,'CHIRANG'),(323,64,'DAGA'),(324,64,'GEYLEGPHUG'),(325,64,'HA'),(326,64,'LHUNTSHI'),(327,64,'MONGAR'),(328,64,'PARO DISTRICT'),(329,64,'PEMAGATSEL'),(330,64,'SAMCHI'),(331,64,'SAMDRUP JONGKHAR DISTRICT'),(332,64,'SHEMGANG'),(333,64,'TASHIGANG'),(334,64,'THIMPHU'),(335,64,'TONGSA'),(336,64,'WANGDI PHODRANG'),(337,68,'CHUQUISACA'),(338,68,'COCHABAMBA'),(339,68,'EL BENI'),(340,68,'LA PAZ'),(341,68,'ORURO'),(342,68,'PANDO'),(343,68,'POTOSÃ'),(344,68,'SANTA CRUZ'),(345,68,'TARIJA'),(346,70,'FEDERATION OF BOSNIA AND HERZEGOVINA'),(347,70,'REPUBLIKA SRPSKA'),(348,70,'BRČKO'),(349,72,'CENTRAL'),(350,72,'CHOBE'),(351,72,'GHANZI'),(352,72,'KGALAGADI'),(353,72,'KGATLENG'),(354,72,'KWENENG'),(355,72,'NGAMILAND'),(356,72,'NORTH EAST'),(357,72,'SOUTH EAST'),(358,72,'SOUTHERN'),(359,72,'NORTH WEST'),(360,76,'ACRE'),(361,76,'ALAGOAS'),(362,76,'AMAPÃ'),(363,76,'ESTADO DO AMAZONAS'),(364,76,'BAHIA'),(365,76,'CEARÃ'),(366,76,'DISTRITO FEDERAL'),(367,76,'ESPÃRITO SANTO'),(368,76,'FERNANDO DE NORONHA'),(369,76,'GOIAS'),(370,76,'MATO GROSSO DO SUL'),(371,76,'MARANHÃO'),(372,76,'MATO GROSSO'),(373,76,'MINAS GERAIS'),(374,76,'PARÃ'),(375,76,'PARAÃBA'),(376,76,'PARANÃ'),(377,76,'PERNAMBUCO'),(378,76,'PIAUÃ'),(379,76,'STATE OF RIO DE JANEIRO'),(380,76,'RIO GRANDE DO NORTE'),(381,76,'RIO GRANDE DO SUL'),(382,76,'RONDÔNIA'),(383,76,'RORAIMA'),(384,76,'SANTA CATARINA'),(385,76,'SÃO PAULO'),(386,76,'SERGIPE'),(387,76,'ESTADO DE GOIÃS'),(388,76,'PERNAMBUCO'),(389,76,'TOCANTINS'),(390,84,'BELIZE'),(391,84,'CAYO'),(392,84,'COROZAL'),(393,84,'ORANGE WALK'),(394,84,'STANN CREEK'),(395,84,'TOLEDO'),(396,86,'BRITISH INDIAN OCEAN TERRITORY'),(397,90,'MALAITA'),(398,90,'WESTERN'),(399,90,'CENTRAL'),(400,90,'GUADALCANAL'),(401,90,'ISABEL'),(402,90,'MAKIRA'),(403,90,'TEMOTU'),(404,90,'CENTRAL PROVINCE'),(405,90,'CHOISEUL'),(406,90,'RENNELL AND BELLONA'),(407,90,'RENNELL AND BELLONA'),(408,92,'BRITISH VIRGIN ISLANDS'),(409,96,'BELAIT'),(410,96,'BRUNEI AND MUARA'),(411,96,'TEMBURONG'),(412,96,'TUTONG'),(413,100,'BURGAS'),(414,100,'GRAD'),(415,100,'KHASKOVO'),(416,100,'LOVECH'),(417,100,'MIKHAYLOVGRAD'),(418,100,'PLOVDIV'),(419,100,'RAZGRAD'),(420,100,'SOFIYA'),(421,100,'VARNA'),(422,100,'BLAGOEVGRAD'),(423,100,'BURGAS'),(424,100,'DOBRICH'),(425,100,'GABROVO'),(426,100,'OBLAST SOFIYA-GRAD'),(427,100,'KHASKOVO'),(428,100,'KŬRDZHALI'),(429,100,'KYUSTENDIL'),(430,100,'LOVECH'),(431,100,'MONTANA'),(432,100,'PAZARDZHIT'),(433,100,'PERNIK'),(434,100,'PLEVEN'),(435,100,'PLOVDIV'),(436,100,'RAZGRAD'),(437,100,'RUSE'),(438,100,'SHUMEN'),(439,100,'SILISTRA'),(440,100,'SLIVEN'),(441,100,'SMOLYAN'),(442,100,'SOFIYA'),(443,100,'STARA ZAGORA'),(444,100,'TŬRGOVISHTE'),(445,100,'VARNA'),(446,100,'VELIKO TŬRNOVO'),(447,100,'VIDIN'),(448,100,'VRATSA'),(449,100,'YAMBOL'),(450,104,'RAKHINE STATE'),(451,104,'CHIN STATE'),(452,104,'AYEYARWADY'),(453,104,'KACHIN STATE'),(454,104,'KAYIN STATE'),(455,104,'KAYAH STATE'),(456,104,'MAGWE'),(457,104,'MANDALAY'),(458,104,'PEGU'),(459,104,'SAGAIN'),(460,104,'SHAN STATE'),(461,104,'TANINTHARYI'),(462,104,'MON STATE'),(463,104,'RANGOON'),(464,104,'MAGWAY'),(465,104,'BAGO'),(466,104,'YANGON'),(467,108,'BUJUMBURA'),(468,108,'BUBANZA'),(469,108,'BURURI'),(470,108,'CANKUZO'),(471,108,'CIBITOKE'),(472,108,'GITEGA'),(473,108,'KARUZI'),(474,108,'KAYANZA'),(475,108,'KIRUNDO'),(476,108,'MAKAMBA'),(477,108,'MUYINGA'),(478,108,'NGOZI'),(479,108,'RUTANA'),(480,108,'RUYIGI'),(481,108,'MURAMVYA'),(482,108,'MWARO'),(483,112,'BRESTSKAYA VOBLASTSʼ'),(484,112,'HOMYELʼSKAYA VOBLASTSʼ'),(485,112,'HRODZYENSKAYA VOBLASTSʼ'),(486,112,'MAHILYOWSKAYA VOBLASTSʼ'),(487,112,'HORAD MINSK'),(488,112,'MINSKAYA VOBLASTSʼ'),(489,112,'VITSYEBSKAYA VOBLASTSʼ'),(490,116,'KRŎNG PREĂH SEIHÂNŬ'),(491,116,'KÂMPÓNG CHAM'),(492,116,'KÂMPÓNG CHHNĂNG'),(493,116,'KHÉTT KÂMPÓNG SPŒ'),(494,116,'KÂMPÓNG THUM'),(495,116,'KÂNDAL'),(496,116,'KAÔH KŎNG'),(497,116,'KRÂCHÉH'),(498,116,'MÔNDÓL KIRI'),(499,116,'PHNUM PENH'),(500,116,'POŬTHĬSĂT'),(501,116,'PREĂH VIHÉAR'),(502,116,'PREY VÊNG'),(503,116,'STŒ̆NG TRÊNG'),(504,116,'SVAY RIĔNG'),(505,116,'TAKÊV'),(506,116,'KÂMPÔT'),(507,116,'PHNUM PÉNH'),(508,116,'RÔTÂNĂH KIRI'),(509,116,'SIĔM RÉAB'),(510,116,'BANTÉAY MÉAN CHEĂY'),(511,116,'KÊB'),(512,116,'ŎTDÂR MÉAN CHEĂY'),(513,116,'PREĂH SEIHÂNŬ'),(514,116,'BĂTDÂMBÂNG'),(515,116,'PALĬN'),(516,120,'EST'),(517,120,'LITTORAL'),(518,120,'NORTH-WEST PROVINCE'),(519,120,'OUEST'),(520,120,'SOUTH-WEST PROVINCE'),(521,120,'ADAMAOUA'),(522,120,'CENTRE'),(523,120,'EXTREME-NORD'),(524,120,'NORTH PROVINCE'),(525,120,'SOUTH PROVINCE'),(526,124,'ALBERTA'),(527,124,'BRITISH COLUMBIA'),(528,124,'MANITOBA'),(529,124,'NEW BRUNSWICK'),(530,124,'NEWFOUNDLAND AND LABRADOR'),(531,124,'NOVA SCOTIA'),(532,124,'ONTARIO'),(533,124,'PRINCE EDWARD ISLAND'),(534,124,'QUEBEC'),(535,124,'SASKATCHEWAN'),(536,124,'YUKON'),(537,124,'NORTHWEST TERRITORIES'),(538,124,'NUNAVUT'),(539,132,'BOA VISTA'),(540,132,'BRAVA'),(541,132,'MAIO'),(542,132,'PAUL'),(543,132,'PRAIA'),(544,132,'RIBEIRA GRANDE'),(545,132,'SAL'),(546,132,'SANTA CATARINA   '),(547,132,'SÃO NICOLAU'),(548,132,'SÃO VICENTE'),(549,132,'TARRAFAL '),(550,132,'MOSTEIROS'),(551,132,'PRAIA'),(552,132,'SANTA CATARINA'),(553,132,'SANTA CRUZ'),(554,132,'SÃO DOMINGOS'),(555,132,'SÃO FILIPE'),(556,132,'SÃO MIGUEL'),(557,132,'TARRAFAL'),(558,136,'CREEK'),(559,136,'EASTERN'),(560,136,'MIDLAND'),(561,136,'SOUTH TOWN'),(562,136,'SPOT BAY'),(563,136,'STAKE BAY'),(564,136,'WEST END'),(565,136,'WESTERN'),(566,140,'BAMINGUI-BANGORAN'),(567,140,'BASSE-KOTTO'),(568,140,'HAUTE-KOTTO'),(569,140,'MAMBÉRÉ-KADÉÃ'),(570,140,'HAUT-MBOMOU'),(571,140,'KÉMO'),(572,140,'LOBAYE'),(573,140,'MBOMOU'),(574,140,'NANA-MAMBÉRÉ'),(575,140,'OUAKA'),(576,140,'OUHAM'),(577,140,'OUHAM-PENDÉ'),(578,140,'VAKAGA'),(579,140,'NANA-GRÉBIZI'),(580,140,'SANGHA-MBAÉRÉ'),(581,140,'OMBELLA-MPOKO'),(582,140,'BANGUI'),(583,144,'CENTRAL'),(584,144,'NORTH CENTRAL'),(585,144,'NORTH EASTERN'),(586,144,'NORTH WESTERN'),(587,144,'SABARAGAMUWA'),(588,144,'SOUTHERN'),(589,144,'UVA'),(590,144,'WESTERN'),(591,148,'BATHA'),(592,148,'BILTINE'),(593,148,'BORKOU-ENNEDI-TIBESTI'),(594,148,'CHARI-BAGUIRMI'),(595,148,'GUÉRA'),(596,148,'KANEM'),(597,148,'LAC'),(598,148,'LOGONE OCCIDENTAL'),(599,148,'LOGONE ORIENTAL'),(600,148,'MAYO-KÉBBI'),(601,148,'MOYEN-CHARI'),(602,148,'OUADDAÃ'),(603,148,'SALAMAT'),(604,148,'TANDJILÉ'),(605,152,'VALPARAÃSO'),(606,152,'AISÉN DEL GENERAL CARLOS IBÃÑEZ DEL CAMPO'),(607,152,'ANTOFAGASTA'),(608,152,'ARAUCANÃA'),(609,152,'ATACAMA'),(610,152,'BÃO-BÃO'),(611,152,'COQUIMBO'),(612,152,'LIBERTADOR GENERAL BERNARDO OʼHIGGINS'),(613,152,'LOS LAGOS'),(614,152,'MAGALLANES Y ANTÃRTICA CHILENA'),(615,152,'MAULE'),(616,152,'REGIÓN METROPOLITANA'),(617,152,'TARAPACA'),(618,152,'LOS LAGOS'),(619,152,'TARAPACÃ'),(620,152,'REGIÓN DE ARICA Y PARINACOTA'),(621,152,'REGIÓN DE LOS RÃOS'),(622,156,'ANHUI'),(623,156,'ZHEJIANG'),(624,156,'JIANGXI'),(625,156,'JIANGSU'),(626,156,'JILIN'),(627,156,'QINGHAI'),(628,156,'FUJIAN'),(629,156,'HEILONGJIANG'),(630,156,'HENAN'),(631,156,'DISPUTED'),(632,156,'HEBEI'),(633,156,'HUNAN PROVINCE'),(634,156,'HUBEI'),(635,156,'XINJIANG'),(636,156,'XIZANG'),(637,156,'GANSU'),(638,156,'GUANGXI'),(639,156,'GUIZHOU'),(640,156,'LIAONING PROVINCE'),(641,156,'INNER MONGOLIA'),(642,156,'NINGXIA'),(643,156,'BEIJING'),(644,156,'SHANGHAI'),(645,156,'SHANXI'),(646,156,'SHANDONG'),(647,156,'SHAANXI'),(648,156,'TIANJIN'),(649,156,'YUNNAN PROVINCE'),(650,156,'GUANGDONG'),(651,156,'HAINAN PROVINCE'),(652,156,'SICHUAN'),(653,156,'CHONGQING'),(654,156,'PF99'),(655,158,'FUKIEN'),(656,158,'KAOHSIUNG'),(657,158,'TAIPEI'),(658,158,'TAIWAN'),(659,162,'CHRISTMAS ISLAND'),(660,166,'COCOS (KEELING) ISLANDS'),(661,170,'AMAZONAS'),(662,170,'ANTIOQUIA'),(663,170,'ARAUCA'),(664,170,'ATLÃNTICO'),(665,170,'BOLÃVAR'),(666,170,'BOYACÃ'),(667,170,'CALDAS'),(668,170,'CAQUETÃ'),(669,170,'CAUCA'),(670,170,'CESAR'),(671,170,'CHOCÓ'),(672,170,'CÓRDOBA'),(673,170,'GUAVIARE'),(674,170,'GUAINÃA'),(675,170,'HUILA'),(676,170,'LA GUAJIRA'),(677,170,'MAGDALENA'),(678,170,'META'),(679,170,'NARIÑO'),(680,170,'NORTE DE SANTANDER'),(681,170,'PUTUMAYO'),(682,170,'QUINDÃO'),(683,170,'RISARALDA'),(684,170,'ARCHIPIÉLAGO DE SAN ANDRÉS, PROVIDENCIA Y S'),(685,170,'SANTANDER'),(686,170,'SUCRE'),(687,170,'TOLIMA'),(688,170,'VALLE DEL CAUCA'),(689,170,'VAUPÉS'),(690,170,'VICHADA'),(691,170,'CASANARE'),(692,170,'CUNDINAMARCA'),(693,170,'BOGOTA D.C.'),(694,170,'BOLÃVAR'),(695,170,'BOYACÃ'),(696,170,'CALDAS'),(697,170,'MAGDALENA'),(698,174,'ANJOUAN'),(699,174,'GRANDE COMORE'),(700,174,'MOHÉLI'),(701,175,'MAYOTTE'),(702,178,'BOUENZA'),(703,178,'CF03'),(704,178,'KOUILOU'),(705,178,'LÉKOUMOU'),(706,178,'LIKOUALA'),(707,178,'NIARI'),(708,178,'PLATEAUX'),(709,178,'SANGHA'),(710,178,'POOL'),(711,178,'BRAZZAVILLE'),(712,178,'CUVETTE'),(713,178,'CUVETTE-OUEST'),(714,178,'POINTE-NOIRE'),(715,180,'BANDUNDU'),(716,180,'ÉQUATEUR'),(717,180,'KASAÃ-OCCIDENTAL'),(718,180,'KASAÃ-ORIENTAL'),(719,180,'KATANGA'),(720,180,'KINSHASA'),(721,180,'BAS-CONGO'),(722,180,'ORIENTALE'),(723,180,'MANIEMA'),(724,180,'NORD-KIVU'),(725,180,'SUD-KIVU'),(726,184,'COOK ISLANDS'),(727,188,'ALAJUELA'),(728,188,'CARTAGO'),(729,188,'GUANACASTE'),(730,188,'HEREDIA'),(731,188,'LIMÓN'),(732,188,'PUNTARENAS'),(733,188,'SAN JOSÉ'),(734,191,'BJELOVARSKO-BILOGORSKA'),(735,191,'BRODSKO-POSAVSKA'),(736,191,'DUBROVAČKO-NERETVANSKA'),(737,191,'ISTARSKA'),(738,191,'KARLOVAČKA'),(739,191,'KOPRIVNIČKO-KRIŽEVAČKA'),(740,191,'KRAPINSKO-ZAGORSKA'),(741,191,'LIČKO-SENJSKA'),(742,191,'MEÄIMURSKA'),(743,191,'OSJEČKO-BARANJSKA'),(744,191,'POŽEŠKO-SLAVONSKA'),(745,191,'PRIMORSKO-GORANSKA'),(746,191,'ŠIBENSKO-KNINISKA'),(747,191,'SISAČKO-MOSLAVAČKA'),(748,191,'SPLITSKO-DALMATINSKA'),(749,191,'VARAŽDINSKA'),(750,191,'VIROVITIČK-PODRAVSKA'),(751,191,'VUKOVARSKO-SRIJEMSKA'),(752,191,'ZADARSKA'),(753,191,'ZAGREBAČKA'),(754,191,'GRAD ZAGREB'),(755,192,'PINAR DEL RÃO'),(756,192,'CIUDAD DE LA HABANA'),(757,192,'MATANZAS'),(758,192,'ISLA DE LA JUVENTUD'),(759,192,'CAMAGÜEY'),(760,192,'CIEGO DE ÃVILA'),(761,192,'CIENFUEGOS'),(762,192,'GRANMA'),(763,192,'GUANTÃNAMO'),(764,192,'LA HABANA'),(765,192,'HOLGUÃN'),(766,192,'LAS TUNAS'),(767,192,'SANCTI SPÃRITUS'),(768,192,'SANTIAGO DE CUBA'),(769,192,'VILLA CLARA'),(770,196,'FAMAGUSTA'),(771,196,'KYRENIA'),(772,196,'LARNACA'),(773,196,'NICOSIA'),(774,196,'LIMASSOL'),(775,196,'PAPHOS'),(776,203,'HRADEC KRALOVE'),(777,203,'JABLONEC NAD NISOU'),(778,203,'JIEIN'),(779,203,'JIHLAVA'),(780,203,'KOLIN'),(781,203,'LIBEREC'),(782,203,'MELNIK'),(783,203,'MLADA BOLESLAV'),(784,203,'NACHOD'),(785,203,'NYMBURK'),(786,203,'PARDUBICE'),(787,203,'HLAVNÃ MESTO PRAHA'),(788,203,'SEMILY'),(789,203,'TRUTNOV'),(790,203,'SOUTH MORAVIAN REGION'),(791,203,'JIHOČESKÃ KRAJ'),(792,203,'VYSOČINA'),(793,203,'KARLOVARSKÃ KRAJ'),(794,203,'KRÃLOVÉHRADECKÃ KRAJ'),(795,203,'LIBERECKÃ KRAJ'),(796,203,'OLOMOUCKÃ KRAJ'),(797,203,'MORAVSKOSLEZSKÃ KRAJ'),(798,203,'PARDUBICKÃ KRAJ'),(799,203,'PLZEŇSKÃ KRAJ'),(800,203,'STŘEDOČESKÃ KRAJ'),(801,203,'ÚSTECKÃ KRAJ'),(802,203,'ZLÃNSKÃ KRAJ'),(803,204,'ATAKORA'),(804,204,'ATLANTIQUE'),(805,204,'ALIBORI'),(806,204,'BORGOU'),(807,204,'COLLINES'),(808,204,'KOUFFO'),(809,204,'DONGA'),(810,204,'LITTORAL'),(811,204,'MONO'),(812,204,'OUÉMÉ'),(813,204,'PLATEAU'),(814,204,'ZOU'),(815,208,'ÅRHUS'),(816,208,'BORNHOLM'),(817,208,'FREDERIKSBORG'),(818,208,'FYN'),(819,208,'COPENHAGEN CITY'),(820,208,'KØBENHAVN'),(821,208,'NORDJYLLAND'),(822,208,'RIBE'),(823,208,'RINGKØBING'),(824,208,'ROSKILDE'),(825,208,'SØNDERJYLLAND'),(826,208,'STORSTRØM'),(827,208,'VEJLE'),(828,208,'VESTSJÆLLAND'),(829,208,'VIBORG'),(830,208,'FREDRIKSBERG'),(831,208,'CAPITAL REGION'),(832,208,'CENTRAL JUTLAND'),(833,208,'NORTH JUTLAND'),(834,208,'REGION ZEALAND'),(835,208,'REGION SOUTH DENMARK'),(836,212,'SAINT ANDREW'),(837,212,'SAINT DAVID'),(838,212,'SAINT GEORGE'),(839,212,'SAINT JOHN'),(840,212,'SAINT JOSEPH'),(841,212,'SAINT LUKE'),(842,212,'SAINT MARK'),(843,212,'SAINT PATRICK'),(844,212,'SAINT PAUL'),(845,212,'SAINT PETER'),(846,214,'AZUA'),(847,214,'BAORUCO'),(848,214,'BARAHONA'),(849,214,'DAJABÓN'),(850,214,'DUARTE'),(851,214,'ESPAILLAT'),(852,214,'INDEPENDENCIA'),(853,214,'LA ALTAGRACIA'),(854,214,'ELÃAS PIÑA'),(855,214,'LA ROMANA'),(856,214,'MARÃA TRINIDAD SÃNCHEZ'),(857,214,'MONTE CRISTI'),(858,214,'PEDERNALES'),(859,214,'PUERTO PLATA'),(860,214,'SALCEDO'),(861,214,'SAMANÃ'),(862,214,'SÃNCHEZ RAMÃREZ'),(863,214,'SAN JUAN'),(864,214,'SAN PEDRO DE MACORÃS'),(865,214,'SANTIAGO'),(866,214,'SANTIAGO RODRÃGUEZ'),(867,214,'VALVERDE'),(868,214,'EL SEÃBO'),(869,214,'HATO MAYOR'),(870,214,'LA VEGA'),(871,214,'MONSEÑOR NOUEL'),(872,214,'MONTE PLATA'),(873,214,'SAN CRISTÓBAL'),(874,214,'DISTRITO NACIONAL'),(875,214,'PERAVIA'),(876,214,'SAN JOSÉ DE OCOA'),(877,214,'SANTO DOMINGO'),(878,218,'GALÃPAGOS'),(879,218,'AZUAY'),(880,218,'BOLÃVAR'),(881,218,'CAÑAR'),(882,218,'CARCHI'),(883,218,'CHIMBORAZO'),(884,218,'COTOPAXI'),(885,218,'EL ORO'),(886,218,'ESMERALDAS'),(887,218,'GUAYAS'),(888,218,'IMBABURA'),(889,218,'LOJA'),(890,218,'LOS RÃOS'),(891,218,'MANABÃ'),(892,218,'MORONA-SANTIAGO'),(893,218,'NAPO'),(894,218,'PASTAZA'),(895,218,'PICHINCHA'),(896,218,'TUNGURAHUA'),(897,218,'ZAMORA-CHINCHIPE'),(898,218,'SUCUMBIOS'),(899,218,'NAPO'),(900,218,'ORELLANA'),(901,218,'PROVINCIA DE SANTA ELENA'),(902,218,'PROVINCIA DE SANTO DOMINGO DE LOS TSÃCHILAS'),(903,222,'AHUACHAPÃN'),(904,222,'CABAÑAS'),(905,222,'CHALATENANGO'),(906,222,'CUSCATLÃN'),(907,222,'LA LIBERTAD'),(908,222,'LA PAZ'),(909,222,'LA UNIÓN'),(910,222,'MORAZÃN'),(911,222,'SAN MIGUEL'),(912,222,'SAN SALVADOR'),(913,222,'SANTA ANA'),(914,222,'SAN VICENTE'),(915,222,'SONSONATE'),(916,222,'USULUTÃN'),(917,226,'ANNOBÓN'),(918,226,'BIOKO NORTE'),(919,226,'BIOKO SUR'),(920,226,'CENTRO SUR'),(921,226,'KIÉ-NTEM'),(922,226,'LITORAL'),(923,226,'WELE-NZAS'),(924,231,'ARSI'),(925,231,'GONDER'),(926,231,'BALE'),(927,231,'ERITREA'),(928,231,'GAMO GOFA'),(929,231,'GOJAM'),(930,231,'HARERGE'),(931,231,'ILUBABOR'),(932,231,'KEFA'),(933,231,'ADDIS ABEBA'),(934,231,'SIDAMO'),(935,231,'TIGRAY'),(936,231,'WELEGA KIFLE HAGER'),(937,231,'WELO'),(938,231,'ADIS ABEBA'),(939,231,'ASOSA'),(940,231,'BORENA '),(941,231,'DEBUB GONDER'),(942,231,'DEBUB SHEWA'),(943,231,'DEBUB WELO'),(944,231,'DIRE DAWA'),(945,231,'GAMBELA'),(946,231,'METEKEL'),(947,231,'MIRAB GOJAM'),(948,231,'MIRAB HARERGE'),(949,231,'MIRAB SHEWA'),(950,231,'MISRAK GOJAM'),(951,231,'MISRAK HARERGE'),(952,231,'NAZRET'),(953,231,'OGADEN'),(954,231,'OMO'),(955,231,'SEMEN GONDER'),(956,231,'SEMEN SHEWA'),(957,231,'SEMEN WELO'),(958,231,'TIGRAY'),(959,231,'BALE'),(960,231,'GAMO GOFA'),(961,231,'ILUBABOR'),(962,231,'KEFA'),(963,231,'SIDAMO'),(964,231,'WELEGA'),(965,231,'ĀDĪS ĀBEBA'),(966,231,'ĀFAR'),(967,231,'ĀMARA'),(968,231,'BĪNSHANGUL GUMUZ'),(969,231,'DIRĒ DAWA'),(970,231,'GAMBĒLA HIZBOCH'),(971,231,'HĀRERĪ HIZB'),(972,231,'OROMĪYA'),(973,231,'SUMALĒ'),(974,231,'TIGRAY'),(975,231,'YEDEBUB BIHĒROCH BIHĒRESEBOCH NA HIZBOCH'),(976,232,'ĀNSEBA'),(977,232,'DEBUB'),(978,232,'DEBUBAWĪ KʼEYIH BAHRĪ'),(979,232,'GASH BARKA'),(980,232,'MAʼĀKEL'),(981,232,'SEMĒNAWĪ KʼEYIH BAHRĪ'),(982,233,'HARJUMAA'),(983,233,'HIIUMAA'),(984,233,'IDA-VIRUMAA'),(985,233,'JÄRVAMAA'),(986,233,'JÕGEVAMAA'),(987,233,'LÄÄNEMAA'),(988,233,'LÄÄNE-VIRUMAA'),(989,233,'PÄRNUMAA'),(990,233,'PÕLVAMAA'),(991,233,'RAPLAMAA'),(992,233,'SAAREMAA'),(993,233,'TARTUMAA'),(994,233,'VALGAMAA'),(995,233,'VILJANDIMAA'),(996,233,'VÕRUMAA'),(997,234,'NORÃOYAR REGION'),(998,234,'EYSTUROY REGION'),(999,234,'SANDOY REGION'),(1000,234,'STREYMOY REGION'),(1001,234,'SUÃUROY REGION'),(1002,234,'VÃGAR REGION'),(1003,238,'FALKLAND ISLANDS (ISLAS MALVINAS)'),(1004,239,'SOUTH GEORGIA AND THE SOUTH SANDWICH ISLANDS '),(1005,242,'CENTRAL'),(1006,242,'EASTERN'),(1007,242,'NORTHERN'),(1008,242,'ROTUMA'),(1009,242,'WESTERN'),(1010,246,'ÅLAND'),(1011,246,'HAME'),(1012,246,'KESKI-SUOMI'),(1013,246,'KUOPIO'),(1014,246,'KYMI'),(1015,246,'LAPPONIA'),(1016,246,'MIKKELI'),(1017,246,'OULU'),(1018,246,'POHJOIS-KARJALA'),(1019,246,'TURKU JA PORI'),(1020,246,'UUSIMAA'),(1021,246,'VAASA'),(1022,246,'SOUTHERN FINLAND'),(1023,246,'EASTERN FINLAND'),(1024,246,'WESTERN FINLAND'),(1025,250,'AQUITAINE'),(1026,250,'AUVERGNE'),(1027,250,'BASSE-NORMANDIE'),(1028,250,'BOURGOGNE'),(1029,250,'BRITTANY'),(1030,250,'CENTRE'),(1031,250,'CHAMPAGNE-ARDENNE'),(1032,250,'CORSICA'),(1033,250,'FRANCHE-COMTÉ'),(1034,250,'HAUTE-NORMANDIE'),(1035,250,'ÎLE-DE-FRANCE'),(1036,250,'LANGUEDOC-ROUSSILLON'),(1037,250,'LIMOUSIN'),(1038,250,'LORRAINE'),(1039,250,'MIDI-PYRÉNÉES'),(1040,250,'NORD-PAS-DE-CALAIS'),(1041,250,'PAYS DE LA LOIRE'),(1042,250,'PICARDIE'),(1043,250,'POITOU-CHARENTES'),(1044,250,'PROVENCE-ALPES-CÔTE DʼAZUR'),(1045,250,'RHÔNE-ALPES'),(1046,250,'ALSACE'),(1047,254,'GUYANE'),(1048,260,'SAINT-PAUL-ET-AMSTERDAM'),(1049,260,'CROZET'),(1050,260,'KERGUELEN'),(1051,260,'TERRE ADÉLIE'),(1052,260,'ÎLES ÉPARSES'),(1053,262,'ALI SABIEH'),(1054,262,'DIKHIL   '),(1055,262,'DJIBOUTI  '),(1056,262,'OBOCK'),(1057,262,'TADJOURAH'),(1058,262,'DIKHIL'),(1059,262,'DJIBOUTI'),(1060,262,'ARTA'),(1061,266,'ESTUAIRE'),(1062,266,'HAUT-OGOOUÉ'),(1063,266,'MOYEN-OGOOUÉ'),(1064,266,'NGOUNIÉ'),(1065,266,'NYANGA'),(1066,266,'OGOOUÉ-IVINDO'),(1067,266,'OGOOUÉ-LOLO'),(1068,266,'OGOOUÉ-MARITIME'),(1069,266,'WOLEU-NTEM'),(1070,268,'AJARIA'),(1071,268,'TʼBILISI'),(1072,268,'ABKHAZIA'),(1073,268,'KVEMO KARTLI'),(1074,268,'KAKHETI'),(1075,268,'GURIA'),(1076,268,'IMERETI'),(1077,268,'SHIDA KARTLI'),(1078,268,'MTSKHETA-MTIANETI'),(1079,268,'RACHA-LECHKHUMI AND KVEMO SVANETI'),(1080,268,'SAMEGRELO AND ZEMO SVANETI'),(1081,268,'SAMTSKHE-JAVAKHETI'),(1082,270,'BANJUL'),(1083,270,'LOWER RIVER'),(1084,270,'CENTRAL RIVER'),(1085,270,'UPPER RIVER'),(1086,270,'WESTERN'),(1087,270,'NORTH BANK'),(1088,275,'GAZA STRIP'),(1089,275,'WEST BANK'),(1090,276,'BADEN-WÜRTTEMBERG'),(1091,276,'BAVARIA'),(1092,276,'BREMEN'),(1093,276,'HAMBURG'),(1094,276,'HESSE'),(1095,276,'LOWER SAXONY'),(1096,276,'NORTH RHINE-WESTPHALIA'),(1097,276,'RHINELAND-PALATINATE'),(1098,276,'SAARLAND'),(1099,276,'SCHLESWIG-HOLSTEIN'),(1100,276,'BRANDENBURG'),(1101,276,'MECKLENBURG-VORPOMMERN'),(1102,276,'SAXONY'),(1103,276,'SAXONY-ANHALT'),(1104,276,'THURINGIA'),(1105,276,'BERLIN'),(1106,288,'GREATER ACCRA'),(1107,288,'ASHANTI'),(1108,288,'BRONG-AHAFO REGION'),(1109,288,'CENTRAL'),(1110,288,'EASTERN'),(1111,288,'NORTHERN'),(1112,288,'VOLTA'),(1113,288,'WESTERN'),(1114,288,'UPPER EAST'),(1115,288,'UPPER WEST'),(1116,292,'GIBRALTAR'),(1117,296,'LINE ISLANDS'),(1118,296,'GILBERT ISLANDS'),(1119,296,'PHOENIX ISLANDS'),(1120,300,'MOUNT ATHOS'),(1121,300,'EAST MACEDONIA AND THRACE'),(1122,300,'CENTRAL MACEDONIA'),(1123,300,'WEST MACEDONIA'),(1124,300,'THESSALY'),(1125,300,'EPIRUS'),(1126,300,'IONIAN ISLANDS'),(1127,300,'WEST GREECE'),(1128,300,'CENTRAL GREECE'),(1129,300,'PELOPONNESE'),(1130,300,'ATTICA'),(1131,300,'NORTH AEGEAN'),(1132,300,'SOUTH AEGEAN'),(1133,300,'CRETE'),(1134,304,'NORDGRØNLAND'),(1135,304,'ØSTGRØNLAND'),(1136,304,'VESTGRØNLAND'),(1137,308,'SAINT ANDREW'),(1138,308,'SAINT DAVID'),(1139,308,'SAINT GEORGE'),(1140,308,'SAINT JOHN'),(1141,308,'SAINT MARK'),(1142,308,'SAINT PATRICK'),(1143,312,'GUADELOUPE'),(1144,316,'GUAM'),(1145,320,'ALTA VERAPAZ'),(1146,320,'BAJA VERAPAZ'),(1147,320,'CHIMALTENANGO'),(1148,320,'CHIQUIMULA'),(1149,320,'EL PROGRESO'),(1150,320,'ESCUINTLA'),(1151,320,'GUATEMALA'),(1152,320,'HUEHUETENANGO'),(1153,320,'IZABAL'),(1154,320,'JALAPA'),(1155,320,'JUTIAPA'),(1156,320,'PETÉN'),(1157,320,'QUETZALTENANGO'),(1158,320,'QUICHÉ'),(1159,320,'RETALHULEU'),(1160,320,'SACATEPÉQUEZ'),(1161,320,'SAN MARCOS'),(1162,320,'SANTA ROSA'),(1163,320,'SOLOLÃ'),(1164,320,'SUCHITEPÉQUEZ'),(1165,320,'TOTONICAPÃN'),(1166,320,'ZACAPA'),(1167,324,'BEYLA'),(1168,324,'BOFFA'),(1169,324,'BOKÉ'),(1170,324,'CONAKRY'),(1171,324,'DABOLA'),(1172,324,'DALABA'),(1173,324,'DINGUIRAYE'),(1174,324,'FARANAH'),(1175,324,'FORÉCARIAH'),(1176,324,'FRIA'),(1177,324,'GAOUAL'),(1178,324,'GUÉCKÉDOU'),(1179,324,'KANKAN'),(1180,324,'KÉROUANÉ'),(1181,324,'KINDIA'),(1182,324,'KISSIDOUGOU'),(1183,324,'KOUNDARA'),(1184,324,'KOUROUSSA'),(1185,324,'MACENTA'),(1186,324,'MALI'),(1187,324,'MAMOU'),(1188,324,'PITA'),(1189,324,'SIGUIRI'),(1190,324,'TÉLIMÉLÉ'),(1191,324,'TOUGUÉ'),(1192,324,'YOMOU'),(1193,324,'COYAH'),(1194,324,'DUBRÉKA'),(1195,324,'KANKAN'),(1196,324,'KOUBIA'),(1197,324,'LABÉ'),(1198,324,'LÉLOUMA'),(1199,324,'LOLA'),(1200,324,'MANDIANA'),(1201,324,'NZÉRÉKORÉ'),(1202,324,'SIGUIRI'),(1203,328,'BARIMA-WAINI'),(1204,328,'CUYUNI-MAZARUNI'),(1205,328,'DEMERARA-MAHAICA'),(1206,328,'EAST BERBICE-CORENTYNE'),(1207,328,'ESSEQUIBO ISLANDS-WEST DEMERARA'),(1208,328,'MAHAICA-BERBICE'),(1209,328,'POMEROON-SUPENAAM'),(1210,328,'POTARO-SIPARUNI'),(1211,328,'UPPER DEMERARA-BERBICE'),(1212,328,'UPPER TAKUTU-UPPER ESSEQUIBO'),(1213,332,'NORD-OUEST'),(1214,332,'ARTIBONITE'),(1215,332,'CENTRE'),(1216,332,'NORD'),(1217,332,'NORD-EST'),(1218,332,'OUEST'),(1219,332,'SUD'),(1220,332,'SUD-EST'),(1221,332,'GRANDʼANSE'),(1222,332,'NIPPES'),(1223,336,'VATICAN CITY'),(1224,340,'ATLÃNTIDA'),(1225,340,'CHOLUTECA'),(1226,340,'COLÓN'),(1227,340,'COMAYAGUA'),(1228,340,'COPÃN'),(1229,340,'CORTÉS'),(1230,340,'EL PARAÃSO'),(1231,340,'FRANCISCO MORAZÃN'),(1232,340,'GRACIAS A DIOS'),(1233,340,'INTIBUCÃ'),(1234,340,'ISLAS DE LA BAHÃA'),(1235,340,'LA PAZ'),(1236,340,'LEMPIRA'),(1237,340,'OCOTEPEQUE'),(1238,340,'OLANCHO'),(1239,340,'SANTA BÃRBARA'),(1240,340,'VALLE'),(1241,340,'YORO'),(1242,344,'HONG KONG'),(1243,348,'BÃCS-KISKUN'),(1244,348,'BARANYA'),(1245,348,'BÉKÉS'),(1246,348,'BORSOD-ABAÚJ-ZEMPLÉN'),(1247,348,'BUDAPEST'),(1248,348,'CSONGRÃD'),(1249,348,'FEJÉR'),(1250,348,'GYÅR-MOSON-SOPRON'),(1251,348,'HAJDÚ-BIHAR'),(1252,348,'HEVES'),(1253,348,'KOMÃROM-ESZTERGOM'),(1254,348,'NÓGRÃD'),(1255,348,'PEST'),(1256,348,'SOMOGY'),(1257,348,'SZABOLCS-SZATMÃR-BEREG'),(1258,348,'JÃSZ-NAGYKUN-SZOLNOK'),(1259,348,'TOLNA'),(1260,348,'VAS'),(1261,348,'VESZPRÉM'),(1262,348,'ZALA'),(1263,352,'BORGARFJARDARSYSLA'),(1264,352,'DALASYSLA'),(1265,352,'EYJAFJARDARSYSLA'),(1266,352,'GULLBRINGUSYSLA'),(1267,352,'HAFNARFJÖRDUR'),(1268,352,'HUSAVIK'),(1269,352,'ISAFJÖRDUR'),(1270,352,'KEFLAVIK'),(1271,352,'KJOSARSYSLA'),(1272,352,'KOPAVOGUR'),(1273,352,'MYRASYSLA'),(1274,352,'NESKAUPSTADUR'),(1275,352,'NORDUR-ISAFJARDARSYSLA'),(1276,352,'NORDUR-MULASYSLA'),(1277,352,'NORDUR-TINGEYJARSYSLA'),(1278,352,'OLAFSFJÖRDUR'),(1279,352,'RANGARVALLASYSLA'),(1280,352,'REYKJAVÃK'),(1281,352,'SAUDARKROKUR'),(1282,352,'SEYDISFJORDUR'),(1283,352,'SIGLUFJORDUR'),(1284,352,'SKAGAFJARDARSYSLA'),(1285,352,'SNAFELLSNES- OG HNAPPADALSSYSLA'),(1286,352,'STRANDASYSLA'),(1287,352,'SUDUR-MULASYSLA'),(1288,352,'SUDUR-TINGEYJARSYSLA'),(1289,352,'VESTMANNAEYJAR'),(1290,352,'VESTUR-BARDASTRANDARSYSLA'),(1291,352,'VESTUR-HUNAVATNSSYSLA'),(1292,352,'VESTUR-ISAFJARDARSYSLA'),(1293,352,'VESTUR-SKAFTAFELLSSYSLA'),(1294,352,'EAST'),(1295,352,'CAPITAL REGION'),(1296,352,'NORTHEAST'),(1297,352,'NORTHWEST'),(1298,352,'SOUTH'),(1299,352,'SOUTHERN PENINSULA'),(1300,352,'WESTFJORDS'),(1301,352,'WEST'),(1302,356,'ANDAMAN AND NICOBAR ISLANDS'),(1303,356,'ANDHRA PRADESH'),(1304,356,'ASSAM'),(1305,356,'BIHAR'),(1306,356,'CHANDĪGARH'),(1307,356,'DĀDRA AND NAGAR HAVELI'),(1308,356,'NCT'),(1309,356,'GUJARĀT'),(1310,356,'HARYANA'),(1311,356,'HIMĀCHAL PRADESH'),(1312,356,'KASHMIR'),(1313,356,'KERALA'),(1314,356,'LACCADIVES'),(1315,356,'MADHYA PRADESH '),(1316,356,'MAHĀRĀSHTRA'),(1317,356,'MANIPUR'),(1318,356,'MEGHĀLAYA'),(1319,356,'KARNĀTAKA'),(1320,356,'NĀGĀLAND'),(1321,356,'ORISSA'),(1322,356,'PONDICHERRY'),(1323,356,'PUNJAB'),(1324,356,'STATE OF RĀJASTHĀN'),(1325,356,'TAMIL NĀDU'),(1326,356,'TRIPURA'),(1327,356,'UTTAR PRADESH'),(1328,356,'BENGAL'),(1329,356,'SIKKIM'),(1330,356,'ARUNĀCHAL PRADESH'),(1331,356,'MIZORAM'),(1332,356,'DAMAN AND DIU'),(1333,356,'GOA'),(1334,356,'BIHĀR'),(1335,356,'MADHYA PRADESH'),(1336,356,'UTTAR PRADESH'),(1337,356,'CHHATTISGARH'),(1338,356,'JHARKHAND'),(1339,356,'UTTARAKHAND'),(1340,360,'ACEH'),(1341,360,'BALI'),(1342,360,'BENGKULU'),(1343,360,'JAKARTA RAYA'),(1344,360,'JAMBI'),(1345,360,'JAWA BARAT'),(1346,360,'CENTRAL JAVA'),(1347,360,'EAST JAVA'),(1348,360,'YOGYAKARTA '),(1349,360,'WEST KALIMANTAN'),(1350,360,'SOUTH KALIMANTAN'),(1351,360,'KALIMANTAN TENGAH'),(1352,360,'EAST KALIMANTAN'),(1353,360,'LAMPUNG'),(1354,360,'NUSA TENGGARA BARAT'),(1355,360,'EAST NUSA TENGGARA'),(1356,360,'CENTRAL SULAWESI'),(1357,360,'SULAWESI TENGGARA'),(1358,360,'SULAWESI UTARA'),(1359,360,'WEST SUMATRA'),(1360,360,'SUMATERA SELATAN'),(1361,360,'NORTH SUMATRA'),(1362,360,'TIMOR TIMUR'),(1363,360,'MALUKU '),(1364,360,'MALUKU UTARA'),(1365,360,'WEST JAVA'),(1366,360,'NORTH SULAWESI'),(1367,360,'SOUTH SUMATRA'),(1368,360,'BANTEN'),(1369,360,'GORONTALO'),(1370,360,'BANGKA-BELITUNG'),(1371,360,'PAPUA'),(1372,360,'RIAU'),(1373,360,'SOUTH SULAWESI'),(1374,360,'IRIAN JAYA BARAT'),(1375,360,'RIAU ISLANDS'),(1376,360,'SULAWESI BARAT'),(1377,364,'ĀZ̄ĀRBĀYJĀN-E GHARBĪ'),(1378,364,'CHAHĀR MAḨĀLL VA BAKHTĪĀRĪ'),(1379,364,'SĪSTĀN VA BALŪCHESTĀN'),(1380,364,'KOHGĪLŪYEH VA BŪYER AḨMAD'),(1381,364,'FĀRS PROVINCE'),(1382,364,'GĪLĀN'),(1383,364,'HAMADĀN'),(1384,364,'ĪLĀM'),(1385,364,'HORMOZGĀN PROVINCE'),(1386,364,'KERMAN'),(1387,364,'KERMĀNSHĀH'),(1388,364,'KHŪZESTĀN'),(1389,364,'KORDESTĀN'),(1390,364,'MAZANDARAN'),(1391,364,'MARKAZI'),(1392,364,'ZANJAN'),(1393,364,'BUSHEHR PROVINCE'),(1394,364,'LORESTĀN'),(1395,364,'MARKAZI'),(1396,364,'SEMNĀN PROVINCE'),(1397,364,'TEHRĀN'),(1398,364,'ZANJAN'),(1399,364,'EŞFAHĀN'),(1400,364,'KERMĀN'),(1401,364,'OSTAN-E KHORASAN-E RAZAVI'),(1402,364,'YAZD'),(1403,364,'ARDABĪL'),(1404,364,'ĀZ̄ĀRBĀYJĀN-E SHARQĪ'),(1405,364,'MARKAZI PROVINCE'),(1406,364,'MĀZANDARĀN PROVINCE'),(1407,364,'ZANJAN PROVINCE'),(1408,364,'GOLESTĀN'),(1409,364,'QAZVĪN'),(1410,364,'QOM'),(1411,364,'YAZD'),(1412,364,'KHORĀSĀN-E JONŪBĪ'),(1413,364,'RAZAVI KHORASAN PROVINCE'),(1414,364,'KHORĀSĀN-E SHOMĀLĪ'),(1415,368,'ANBAR'),(1416,368,'AL BAŞRAH'),(1417,368,'AL MUTHANNÃ'),(1418,368,'AL QĀDISĪYAH'),(1419,368,'AS SULAYMĀNĪYAH'),(1420,368,'BĀBIL'),(1421,368,'BAGHDĀD'),(1422,368,'DAHŪK'),(1423,368,'DHI QAR'),(1424,368,'DIYALA'),(1425,368,'ARBĪL'),(1426,368,'KARBALĀʼ'),(1427,368,'AT TAʼMĪM'),(1428,368,'MAYSAN'),(1429,368,'NĪNAWÃ'),(1430,368,'WĀSIŢ'),(1431,368,'AN NAJAF'),(1432,368,'ŞALĀḨ AD DĪN'),(1433,372,'CARLOW'),(1434,372,'CAVAN'),(1435,372,'COUNTY CLARE'),(1436,372,'CORK'),(1437,372,'DONEGAL'),(1438,372,'GALWAY'),(1439,372,'COUNTY KERRY'),(1440,372,'COUNTY KILDARE'),(1441,372,'COUNTY KILKENNY'),(1442,372,'LEITRIM'),(1443,372,'LAOIS'),(1444,372,'LIMERICK'),(1445,372,'COUNTY LONGFORD'),(1446,372,'COUNTY LOUTH'),(1447,372,'COUNTY MAYO'),(1448,372,'COUNTY MEATH'),(1449,372,'MONAGHAN'),(1450,372,'COUNTY OFFALY'),(1451,372,'COUNTY ROSCOMMON'),(1452,372,'COUNTY SLIGO'),(1453,372,'COUNTY WATERFORD'),(1454,372,'COUNTY WESTMEATH'),(1455,372,'COUNTY WEXFORD'),(1456,372,'COUNTY WICKLOW'),(1457,372,'DÚN LAOGHAIRE-RATHDOWN'),(1458,372,'FINGAL COUNTY'),(1459,372,'TIPPERARY NORTH RIDING'),(1460,372,'SOUTH DUBLIN'),(1461,372,'TIPPERARY SOUTH RIDING'),(1462,376,'HADAROM'),(1463,376,'HAMERKAZ'),(1464,376,'NORTHERN DISTRICT'),(1465,376,'H̱EFA'),(1466,376,'TEL AVIV'),(1467,376,'YERUSHALAYIM'),(1468,380,'ABRUZZO'),(1469,380,'BASILICATE'),(1470,380,'CALABRIA'),(1471,380,'CAMPANIA'),(1472,380,'EMILIA-ROMAGNA'),(1473,380,'FRIULI'),(1474,380,'LAZIO'),(1475,380,'LIGURIA'),(1476,380,'LOMBARDY'),(1477,380,'THE MARCHES'),(1478,380,'MOLISE'),(1479,380,'PIEDMONT'),(1480,380,'APULIA'),(1481,380,'SARDINIA'),(1482,380,'SICILY'),(1483,380,'TUSCANY'),(1484,380,'TRENTINO-ALTO ADIGE'),(1485,380,'UMBRIA'),(1486,380,'AOSTA VALLEY'),(1487,380,'VENETO'),(1488,384,'VALPARAÃSO REGION'),(1489,384,'ANTOFAGASTA REGION'),(1490,384,'ARAUCANÃA REGION'),(1491,384,'ATACAMA REGION'),(1492,384,'BIOBÃO REGION'),(1493,384,'COQUIMBO REGION'),(1494,384,'MAULE REGION'),(1495,384,'SANTIAGO METROPOLITAN REGION'),(1496,384,'DANANE'),(1497,384,'DIVO'),(1498,384,'FERKESSEDOUGOU'),(1499,384,'GAGNOA'),(1500,384,'KATIOLA'),(1501,384,'KORHOGO'),(1502,384,'ODIENNE'),(1503,384,'SEGUELA'),(1504,384,'TOUBA'),(1505,384,'BONGOUANOU'),(1506,384,'ISSIA'),(1507,384,'LAKOTA'),(1508,384,'MANKONO'),(1509,384,'OUME'),(1510,384,'SOUBRE'),(1511,384,'TINGRELA'),(1512,384,'ZUENOULA'),(1513,384,'BANGOLO'),(1514,384,'BEOUMI'),(1515,384,'BONDOUKOU'),(1516,384,'BOUAFLE'),(1517,384,'BOUAKE'),(1518,384,'DALOA'),(1519,384,'DAOUKRO'),(1520,384,'DUEKOUE'),(1521,384,'GRAND-LAHOU'),(1522,384,'MAN'),(1523,384,'MBAHIAKRO'),(1524,384,'SAKASSOU'),(1525,384,'SAN PEDRO'),(1526,384,'SASSANDRA'),(1527,384,'SINFRA'),(1528,384,'TABOU'),(1529,384,'TANDA'),(1530,384,'TIASSALE'),(1531,384,'TOUMODI'),(1532,384,'VAVOUA'),(1533,384,'ABIDJAN'),(1534,384,'ABOISSO'),(1535,384,'ADIAKE'),(1536,384,'ALEPE'),(1537,384,'BOCANDA'),(1538,384,'DABOU'),(1539,384,'DIMBOKRO'),(1540,384,'GRAND-BASSAM'),(1541,384,'GUIGLO'),(1542,384,'JACQUEVILLE'),(1543,384,'TIEBISSOU'),(1544,384,'TOULEPLEU'),(1545,384,'YAMOUSSOUKRO'),(1546,384,'AGNÉBY'),(1547,384,'BAFING'),(1548,384,'BAS-SASSANDRA'),(1549,384,'DENGUÉLÉ'),(1550,384,'DIX-HUIT MONTAGNES'),(1551,384,'FROMAGER'),(1552,384,'HAUT-SASSANDRA'),(1553,384,'LACS'),(1554,384,'LAGUNES'),(1555,384,'MARAHOUÉ'),(1556,384,'MOYEN-CAVALLY'),(1557,384,'MOYEN-COMOÉ'),(1558,384,'NʼZI-COMOÉ'),(1559,384,'SAVANES'),(1560,384,'SUD-BANDAMA'),(1561,384,'SUD-COMOÉ'),(1562,384,'VALLÉE DU BANDAMA'),(1563,384,'WORODOUGOU'),(1564,384,'ZANZAN'),(1565,388,'CLARENDON'),(1566,388,'HANOVER PARISH'),(1567,388,'MANCHESTER'),(1568,388,'PORTLAND'),(1569,388,'SAINT ANDREW'),(1570,388,'SAINT ANN'),(1571,388,'SAINT CATHERINE'),(1572,388,'ST. ELIZABETH'),(1573,388,'SAINT JAMES'),(1574,388,'SAINT MARY'),(1575,388,'SAINT THOMAS'),(1576,388,'TRELAWNY'),(1577,388,'WESTMORELAND'),(1578,388,'KINGSTON'),(1579,392,'AICHI'),(1580,392,'AKITA'),(1581,392,'AOMORI'),(1582,392,'CHIBA'),(1583,392,'EHIME'),(1584,392,'FUKUI'),(1585,392,'FUKUOKA'),(1586,392,'FUKUSHIMA'),(1587,392,'GIFU'),(1588,392,'GUMMA'),(1589,392,'HIROSHIMA'),(1590,392,'HOKKAIDŌ'),(1591,392,'HYŌGO'),(1592,392,'IBARAKI'),(1593,392,'ISHIKAWA'),(1594,392,'IWATE'),(1595,392,'KAGAWA'),(1596,392,'KAGOSHIMA'),(1597,392,'KANAGAWA'),(1598,392,'KŌCHI'),(1599,392,'KUMAMOTO'),(1600,392,'KYŌTO'),(1601,392,'MIE'),(1602,392,'MIYAGI'),(1603,392,'MIYAZAKI'),(1604,392,'NAGANO'),(1605,392,'NAGASAKI'),(1606,392,'NARA'),(1607,392,'NIIGATA'),(1608,392,'ŌITA'),(1609,392,'OKAYAMA'),(1610,392,'ŌSAKA'),(1611,392,'SAGA'),(1612,392,'SAITAMA'),(1613,392,'SHIGA'),(1614,392,'SHIMANE'),(1615,392,'SHIZUOKA'),(1616,392,'TOCHIGI'),(1617,392,'TOKUSHIMA'),(1618,392,'TŌKYŌ'),(1619,392,'TOTTORI'),(1620,392,'TOYAMA'),(1621,392,'WAKAYAMA'),(1622,392,'YAMAGATA'),(1623,392,'YAMAGUCHI'),(1624,392,'YAMANASHI'),(1625,392,'OKINAWA'),(1626,398,'ALMATY'),(1627,398,'ALMATY QALASY'),(1628,398,'AQMOLA'),(1629,398,'AQTÖBE'),(1630,398,'ASTANA QALASY'),(1631,398,'ATYRAŪ'),(1632,398,'BATYS QAZAQSTAN'),(1633,398,'BAYQONGYR QALASY'),(1634,398,'MANGGHYSTAŪ'),(1635,398,'ONGTÜSTIK QAZAQSTAN'),(1636,398,'PAVLODAR'),(1637,398,'QARAGHANDY'),(1638,398,'QOSTANAY'),(1639,398,'QYZYLORDA'),(1640,398,'EAST KAZAKHSTAN'),(1641,398,'SOLTÜSTIK QAZAQSTAN'),(1642,398,'ZHAMBYL'),(1643,400,'BALQA'),(1644,400,'MA’AN'),(1645,400,'KARAK'),(1646,400,'AL MAFRAQ'),(1647,400,'TAFIELAH'),(1648,400,'AZ ZARQA'),(1649,400,'IRBID'),(1650,400,'MAFRAQ'),(1651,400,'AMMAN'),(1652,400,'ZARQA'),(1653,400,'IRBID'),(1654,400,'MA’AN'),(1655,400,'AJLUN'),(1656,400,'AQABA'),(1657,400,'JERASH'),(1658,400,'MADABA'),(1659,404,'CENTRAL'),(1660,404,'COAST'),(1661,404,'EASTERN'),(1662,404,'NAIROBI AREA'),(1663,404,'NORTH-EASTERN'),(1664,404,'NYANZA'),(1665,404,'RIFT VALLEY'),(1666,404,'WESTERN'),(1667,408,'CHAGANG-DO'),(1668,408,'HAMGYŎNG-NAMDO'),(1669,408,'HWANGHAE-NAMDO'),(1670,408,'HWANGHAE-BUKTO'),(1671,408,'KAESŎNG-SI'),(1672,408,'GANGWON'),(1673,408,'PʼYŎNGAN-BUKTO'),(1674,408,'PʼYŎNGYANG-SI'),(1675,408,'YANGGANG-DO'),(1676,408,'NAMPʼO-SI'),(1677,408,'PʼYŎNGAN-NAMDO'),(1678,408,'HAMGYŎNG-BUKTO'),(1679,408,'NAJIN SŎNBONG-SI'),(1680,410,'JEJU'),(1681,410,'NORTH JEOLLA'),(1682,410,'NORTH CHUNGCHEONG'),(1683,410,'GANGWON'),(1684,410,'BUSAN'),(1685,410,'SEOUL'),(1686,410,'INCHEON'),(1687,410,'GYEONGGI'),(1688,410,'NORTH GYEONGSANG'),(1689,410,'DAEGU'),(1690,410,'SOUTH JEOLLA'),(1691,410,'SOUTH CHUNGCHEONG'),(1692,410,'GWANGJU'),(1693,410,'DAEJEON'),(1694,410,'SOUTH GYEONGSANG'),(1695,410,'ULSAN'),(1696,414,'MUḨĀFAZ̧ATALWAFRAH'),(1697,414,'AL ‘ĀŞIMAH'),(1698,414,'AL AḨMADĪ'),(1699,414,'AL JAHRĀʼ'),(1700,414,'AL FARWANIYAH'),(1701,414,'ḨAWALLĪ'),(1702,417,'BISHKEK'),(1703,417,'CHÜY'),(1704,417,'JALAL-ABAD'),(1705,417,'NARYN'),(1706,417,'TALAS'),(1707,417,'YSYK-KÖL'),(1708,417,'OSH'),(1709,417,'BATKEN'),(1710,418,'ATTAPU'),(1711,418,'CHAMPASAK'),(1712,418,'HOUAPHAN'),(1713,418,'KHAMMOUAN'),(1714,418,'LOUANG NAMTHA'),(1715,418,'LOUANGPHRABANG'),(1716,418,'OUDÔMXAI'),(1717,418,'PHONGSALI'),(1718,418,'SARAVAN'),(1719,418,'SAVANNAKHET'),(1720,418,'VIENTIANE'),(1721,418,'XIAGNABOULI'),(1722,418,'XIANGKHOANG'),(1723,418,'KHAMMOUAN'),(1724,418,'LOUNGNAMTHA'),(1725,418,'LOUANGPHABANG'),(1726,418,'PHÔNGSALI'),(1727,418,'SALAVAN'),(1728,418,'SAVANNAHKHÉT'),(1729,418,'BOKÈO'),(1730,418,'BOLIKHAMXAI'),(1731,418,'VIANGCHAN'),(1732,418,'XÉKONG'),(1733,418,'VIANGCHAN'),(1734,422,'BÉQAA'),(1735,422,'LIBAN-NORD'),(1736,422,'BEYROUTH'),(1737,422,'MONT-LIBAN'),(1738,422,'LIBAN-SUD'),(1739,422,'NABATÎYÉ'),(1740,422,'BÉQAA'),(1741,422,'LIBAN-NORD'),(1742,422,'AAKKÂR'),(1743,422,'BAALBEK-HERMEL'),(1744,426,'BALZERS COMMUNE'),(1745,426,'ESCHEN COMMUNE'),(1746,426,'GAMPRIN COMMUNE'),(1747,426,'MAUREN COMMUNE'),(1748,426,'PLANKEN COMMUNE'),(1749,426,'RUGGELL COMMUNE'),(1750,426,'BEREA DISTRICT'),(1751,426,'BUTHA-BUTHE DISTRICT'),(1752,426,'LERIBE DISTRICT'),(1753,426,'MAFETENG'),(1754,426,'MASERU'),(1755,426,'MOHALEʼS HOEK'),(1756,426,'MOKHOTLONG'),(1757,426,'QACHAʼS NEK'),(1758,426,'QUTHING DISTRICT'),(1759,426,'THABA-TSEKA DISTRICT'),(1760,428,'DOBELES RAJONS'),(1761,428,'AIZKRAUKLES RAJONS'),(1762,428,'ALŪKSNES RAJONS'),(1763,428,'BALVU RAJONS'),(1764,428,'BAUSKAS RAJONS'),(1765,428,'CĒSU RAJONS'),(1766,428,'DAUGAVPILS'),(1767,428,'DAUGAVPILS RAJONS'),(1768,428,'DOBELES RAJONS'),(1769,428,'GULBENES RAJONS'),(1770,428,'JĒKABPILS RAJONS'),(1771,428,'JELGAVA'),(1772,428,'JELGAVAS RAJONS'),(1773,428,'JŪRMALA'),(1774,428,'KRĀSLAVAS RAJONS'),(1775,428,'KULDĪGAS RAJONS'),(1776,428,'LIEPĀJA'),(1777,428,'LIEPĀJAS RAJONS'),(1778,428,'LIMBAŽU RAJONS'),(1779,428,'LUDZAS RAJONS'),(1780,428,'MADONAS RAJONS'),(1781,428,'OGRES RAJONS'),(1782,428,'PREIĻU RAJONS'),(1783,428,'RĒZEKNE'),(1784,428,'RĒZEKNES RAJONS'),(1785,428,'RĪGA'),(1786,428,'RĪGAS RAJONS'),(1787,428,'SALDUS RAJONS'),(1788,428,'TALSU RAJONS'),(1789,428,'TUKUMA RAJONS'),(1790,428,'VALKAS RAJONS'),(1791,428,'VALMIERAS RAJONS'),(1792,428,'VENTSPILS'),(1793,428,'VENTSPILS RAJONS'),(1794,430,'BONG'),(1795,430,'GRAND JIDE'),(1796,430,'GRAND CAPE MOUNT'),(1797,430,'LOFA'),(1798,430,'NIMBA'),(1799,430,'SINOE'),(1800,430,'GRAND BASSA COUNTY'),(1801,430,'GRAND CAPE MOUNT'),(1802,430,'MARYLAND'),(1803,430,'MONTSERRADO'),(1804,430,'BOMI'),(1805,430,'GRAND KRU'),(1806,430,'MARGIBI'),(1807,430,'RIVER CESS'),(1808,430,'GRAND GEDEH'),(1809,430,'LOFA'),(1810,430,'GBARPOLU'),(1811,430,'RIVER GEE'),(1812,434,'AL ABYĀR'),(1813,434,'AL ‘AZĪZĪYAH'),(1814,434,'AL BAYá¸Ā’'),(1815,434,'AL JUFRAH'),(1816,434,'AL JUMAYL'),(1817,434,'AL KUFRAH'),(1818,434,'AL MARJ'),(1819,434,'AL QARĀBŪLL'),(1820,434,'AL QUBBAH'),(1821,434,'AL AJAYLĀT'),(1822,434,'ASH SHĀŢIʼ'),(1823,434,'AZ ZAHRA’'),(1824,434,'BANĪ WALĪD'),(1825,434,'BIN JAWWĀD'),(1826,434,'GHĀT'),(1827,434,'JĀDŪ'),(1828,434,'JĀLŪ'),(1829,434,'JANZŪR'),(1830,434,'MASALLATAH'),(1831,434,'MIZDAH'),(1832,434,'MURZUQ'),(1833,434,'NĀLŪT'),(1834,434,'QAMĪNIS'),(1835,434,'QAŞR BIN GHASHĪR'),(1836,434,'SABHĀ'),(1837,434,'ŞABRĀTAH'),(1838,434,'SHAḨḨĀT'),(1839,434,'ŞURMĀN'),(1840,434,'TAJURA’ '),(1841,434,'TARHŪNAH'),(1842,434,'ŢUBRUQ'),(1843,434,'TŪKRAH'),(1844,434,'ZLĪŢAN'),(1845,434,'ZUWĀRAH'),(1846,434,'AJDĀBIYĀ'),(1847,434,'AL FĀTIḨ'),(1848,434,'AL JABAL AL AKHá¸AR'),(1849,434,'AL KHUMS'),(1850,434,'AN NUQĀŢ AL KHAMS'),(1851,434,'AWBĀRĪ'),(1852,434,'AZ ZĀWIYAH'),(1853,434,'BANGHĀZĪ'),(1854,434,'DARNAH'),(1855,434,'GHADĀMIS'),(1856,434,'GHARYĀN'),(1857,434,'MIŞRĀTAH'),(1858,434,'SAWFAJJĪN'),(1859,434,'SURT'),(1860,434,'ŢARĀBULUS'),(1861,434,'YAFRAN'),(1862,438,'BALZERS'),(1863,438,'ESCHEN'),(1864,438,'GAMPRIN'),(1865,438,'MAUREN'),(1866,438,'PLANKEN'),(1867,438,'RUGGELL'),(1868,438,'SCHAAN'),(1869,438,'SCHELLENBERG'),(1870,438,'TRIESEN'),(1871,438,'TRIESENBERG'),(1872,438,'VADUZ'),(1873,440,'ALYTAUS APSKRITIS'),(1874,440,'KAUNO APSKRITIS'),(1875,440,'KLAIPĖDOS APSKRITIS'),(1876,440,'MARIJAMPOLĖS APSKRITIS'),(1877,440,'PANEVĖŽIO APSKRITIS'),(1878,440,'ŠIAULIŲ APSKRITIS'),(1879,440,'TAURAGĖS APSKRITIS'),(1880,440,'TELŠIŲ APSKRITIS'),(1881,440,'UTENOS APSKRITIS'),(1882,440,'VILNIAUS APSKRITIS'),(1883,442,'DIEKIRCH'),(1884,442,'GREVENMACHER'),(1885,442,'LUXEMBOURG'),(1886,446,'ILHAS'),(1887,446,'MACAU'),(1888,450,'ANTSIRANANA'),(1889,450,'FIANARANTSOA'),(1890,450,'MAHAJANGA'),(1891,450,'TOAMASINA'),(1892,450,'ANTANANARIVO'),(1893,450,'TOLIARA'),(1894,454,'CHIKWAWA'),(1895,454,'CHIRADZULU'),(1896,454,'CHITIPA'),(1897,454,'THYOLO'),(1898,454,'DEDZA'),(1899,454,'DOWA'),(1900,454,'KARONGA'),(1901,454,'KASUNGU'),(1902,454,'LILONGWE'),(1903,454,'MANGOCHI'),(1904,454,'MCHINJI'),(1905,454,'MZIMBA'),(1906,454,'NTCHEU'),(1907,454,'NKHATA BAY'),(1908,454,'NKHOTAKOTA'),(1909,454,'NSANJE'),(1910,454,'NTCHISI'),(1911,454,'RUMPHI'),(1912,454,'SALIMA'),(1913,454,'ZOMBA'),(1914,454,'BLANTYRE'),(1915,454,'MWANZA'),(1916,454,'BALAKA'),(1917,454,'LIKOMA'),(1918,454,'MACHINGA'),(1919,454,'MULANJE'),(1920,454,'PHALOMBE'),(1921,458,'JOHOR'),(1922,458,'KEDAH'),(1923,458,'KELANTAN'),(1924,458,'MELAKA'),(1925,458,'NEGERI SEMBILAN'),(1926,458,'PAHANG'),(1927,458,'PERAK'),(1928,458,'PERLIS'),(1929,458,'PULAU PINANG'),(1930,458,'SARAWAK'),(1931,458,'SELANGOR'),(1932,458,'TERENGGANU'),(1933,458,'KUALA LUMPUR'),(1934,458,'FEDERAL TERRITORY OF LABUAN'),(1935,458,'SABAH'),(1936,458,'PUTRAJAYA'),(1937,462,'MAALE'),(1938,462,'SEENU'),(1939,462,'ALIFU ATHOLHU'),(1940,462,'LHAVIYANI ATHOLHU'),(1941,462,'VAAVU ATHOLHU'),(1942,462,'LAAMU'),(1943,462,'HAA ALIFU ATHOLHU'),(1944,462,'THAA ATHOLHU'),(1945,462,'MEEMU ATHOLHU'),(1946,462,'RAA ATHOLHU'),(1947,462,'FAAFU ATHOLHU'),(1948,462,'DHAALU ATHOLHU'),(1949,462,'BAA ATHOLHU'),(1950,462,'HAA DHAALU ATHOLHU'),(1951,462,'SHAVIYANI ATHOLHU'),(1952,462,'NOONU ATHOLHU'),(1953,462,'KAAFU ATHOLHU'),(1954,462,'GAAFU ALIFU ATHOLHU'),(1955,462,'GAAFU DHAALU ATHOLHU'),(1956,462,'GNYAVIYANI ATOLL'),(1957,462,'ALIFU'),(1958,462,'BAA'),(1959,462,'DHAALU'),(1960,462,'FAAFU'),(1961,462,'GAAFU ALIFU'),(1962,462,'GAAFU DHAALU'),(1963,462,'HAA ALIFU'),(1964,462,'HAA DHAALU'),(1965,462,'KAAFU'),(1966,462,'LHAVIYANI'),(1967,462,'MAALE'),(1968,462,'MEEMU'),(1969,462,'GNAVIYANI'),(1970,462,'NOONU'),(1971,462,'RAA'),(1972,462,'SHAVIYANI'),(1973,462,'THAA'),(1974,462,'VAAVU'),(1975,466,'BAMAKO'),(1976,466,'GAO'),(1977,466,'KAYES'),(1978,466,'MOPTI'),(1979,466,'SÉGOU'),(1980,466,'SIKASSO'),(1981,466,'KOULIKORO'),(1982,466,'TOMBOUCTOU'),(1983,466,'GAO'),(1984,466,'KIDAL'),(1985,470,'MALTA'),(1986,474,'MARTINIQUE'),(1987,478,'NOUAKCHOTT'),(1988,478,'HODH ECH CHARGUI'),(1989,478,'HODH EL GHARBI'),(1990,478,'ASSABA'),(1991,478,'GORGOL'),(1992,478,'BRAKNA'),(1993,478,'TRARZA'),(1994,478,'ADRAR'),(1995,478,'DAKHLET NOUADHIBOU'),(1996,478,'TAGANT'),(1997,478,'GUIDIMAKA'),(1998,478,'TIRIS ZEMMOUR'),(1999,478,'INCHIRI'),(2000,480,'BLACK RIVER'),(2001,480,'FLACQ'),(2002,480,'GRAND PORT'),(2003,480,'MOKA'),(2004,480,'PAMPLEMOUSSES'),(2005,480,'PLAINES WILHEMS'),(2006,480,'PORT LOUIS'),(2007,480,'RIVIÈRE DU REMPART'),(2008,480,'SAVANNE'),(2009,480,'AGALEGA ISLANDS'),(2010,480,'CARGADOS CARAJOS'),(2011,480,'RODRIGUES'),(2012,484,'AGUASCALIENTES'),(2013,484,'BAJA CALIFORNIA'),(2014,484,'BAJA CALIFORNIA SUR'),(2015,484,'CAMPECHE'),(2016,484,'CHIAPAS'),(2017,484,'CHIHUAHUA'),(2018,484,'COAHUILA'),(2019,484,'COLIMA'),(2020,484,'THE FEDERAL DISTRICT'),(2021,484,'DURANGO'),(2022,484,'GUANAJUATO'),(2023,484,'GUERRERO'),(2024,484,'HIDALGO'),(2025,484,'JALISCO'),(2026,484,'MÉXICO'),(2027,484,'MICHOACÃN'),(2028,484,'MORELOS'),(2029,484,'NAYARIT'),(2030,484,'NUEVO LEÓN'),(2031,484,'OAXACA'),(2032,484,'PUEBLA'),(2033,484,'QUERÉTARO'),(2034,484,'QUINTANA ROO'),(2035,484,'SAN LUIS POTOSÃ'),(2036,484,'SINALOA'),(2037,484,'SONORA'),(2038,484,'TABASCO'),(2039,484,'TAMAULIPAS'),(2040,484,'TLAXCALA'),(2041,484,'VERACRUZ-LLAVE'),(2042,484,'YUCATÃN'),(2043,484,'ZACATECAS'),(2044,492,'MONACO'),(2045,496,'ARHANGAY'),(2046,496,'BAYANHONGOR'),(2047,496,'BAYAN-ÖLGIY'),(2048,496,'EAST AIMAK'),(2049,496,'EAST GOBI AYMAG'),(2050,496,'MIDDLE GOVĬ'),(2051,496,'DZAVHAN'),(2052,496,'GOVĬ-ALTAY'),(2053,496,'HENTIY'),(2054,496,'HOVD'),(2055,496,'HÖVSGÖL'),(2056,496,'SOUTH GOBI AIMAK'),(2057,496,'SOUTH HANGAY'),(2058,496,'SELENGE'),(2059,496,'SÜHBAATAR'),(2060,496,'CENTRAL AIMAK'),(2061,496,'UVS'),(2062,496,'ULAANBAATAR'),(2063,496,'BULGAN'),(2064,496,'DARHAN UUL'),(2065,496,'GOVĬ-SUMBER'),(2066,496,'ORHON'),(2067,498,'UNGHENI JUDETUL'),(2068,498,'BALTI'),(2069,498,'CAHUL'),(2070,498,'STINGA NISTRULUI'),(2071,498,'EDINET'),(2072,498,'GĂGĂUZIA'),(2073,498,'LAPUSNA'),(2074,498,'ORHEI'),(2075,498,'SOROCA'),(2076,498,'TIGHINA'),(2077,498,'UNGHENI'),(2078,498,'CHIŞINĂU'),(2079,498,'STÎNGA NISTRULUI'),(2080,498,'RAIONUL ANENII NOI'),(2081,498,'BĂLŢI'),(2082,498,'RAIONUL BASARABEASCA'),(2083,498,'BENDER'),(2084,498,'RAIONUL BRICENI'),(2085,498,'RAIONUL CAHUL'),(2086,498,'RAIONUL CANTEMIR'),(2087,498,'CĂLĂRAŞI'),(2088,498,'CĂUŞENI'),(2089,498,'RAIONUL CIMIŞLIA'),(2090,498,'RAIONUL CRIULENI'),(2091,498,'RAIONUL DONDUŞENI'),(2092,498,'RAIONUL DROCHIA'),(2093,498,'DUBĂSARI'),(2094,498,'RAIONUL EDINEŢ'),(2095,498,'RAIONUL FĂLEŞTI'),(2096,498,'RAIONUL FLOREŞTI'),(2097,498,'RAIONUL GLODENI'),(2098,498,'RAIONUL HÎNCEŞTI'),(2099,498,'RAIONUL IALOVENI'),(2100,498,'RAIONUL LEOVA'),(2101,498,'RAIONUL NISPORENI'),(2102,498,'RAIONUL OCNIŢA'),(2103,498,'RAIONUL ORHEI'),(2104,498,'RAIONUL REZINA'),(2105,498,'RAIONUL RÎŞCANI'),(2106,498,'RAIONUL SÎNGEREI'),(2107,498,'RAIONUL ŞOLDĂNEŞTI'),(2108,498,'RAIONUL SOROCA'),(2109,498,'ŞTEFAN-VODĂ'),(2110,498,'RAIONUL STRĂŞENI'),(2111,498,'RAIONUL TARACLIA'),(2112,498,'RAIONUL TELENEŞTI'),(2113,498,'RAIONUL UNGHENI'),(2114,499,'OPŠTINA ANDRIJEVICA'),(2115,499,'OPŠTINA BAR'),(2116,499,'OPŠTINA BERANE'),(2117,499,'OPŠTINA BIJELO POLJE'),(2118,499,'OPŠTINA BUDVA'),(2119,499,'OPŠTINA CETINJE'),(2120,499,'OPŠTINA DANILOVGRAD'),(2121,499,'OPŠTINA HERCEG NOVI'),(2122,499,'OPŠTINA KOLAŠIN'),(2123,499,'OPŠTINA KOTOR'),(2124,499,'OPŠTINA MOJKOVAC'),(2125,499,'OPŠTINA NIKŠIĆ'),(2126,499,'OPŠTINA PLAV'),(2127,499,'OPŠTINA PLJEVLJA'),(2128,499,'OPŠTINA PLUŽINE'),(2129,499,'OPŠTINA PODGORICA'),(2130,499,'OPŠTINA ROŽAJE'),(2131,499,'OPŠTINA ŠAVNIK'),(2132,499,'OPŠTINA TIVAT'),(2133,499,'OPŠTINA ULCINJ'),(2134,499,'OPŠTINA ŽABLJAK'),(2135,500,'SAINT ANTHONY'),(2136,500,'SAINT GEORGES'),(2137,500,'SAINT PETER'),(2138,504,'AGADIR'),(2139,504,'AL HOCEÃMA'),(2140,504,'AZIZAL'),(2141,504,'BEN SLIMANE'),(2142,504,'BENI MELLAL'),(2143,504,'BOULEMANE'),(2144,504,'CASABLANCA'),(2145,504,'CHAOUEN'),(2146,504,'EL JADIDA'),(2147,504,'EL KELAA DES SRARHNA'),(2148,504,'ER RACHIDIA'),(2149,504,'ESSAOUIRA'),(2150,504,'FES'),(2151,504,'FIGUIG'),(2152,504,'KENITRA'),(2153,504,'KHEMISSET'),(2154,504,'KHENIFRA'),(2155,504,'KHOURIBGA'),(2156,504,'MARRAKECH'),(2157,504,'MEKNES'),(2158,504,'NADOR'),(2159,504,'OUARZAZATE'),(2160,504,'OUJDA'),(2161,504,'RABAT-SALE'),(2162,504,'SAFI'),(2163,504,'SETTAT'),(2164,504,'TANGER'),(2165,504,'TATA'),(2166,504,'TAZA'),(2167,504,'TIZNIT'),(2168,504,'GUELMIM'),(2169,504,'IFRANE'),(2170,504,'LAAYOUNE'),(2171,504,'TAN-TAN'),(2172,504,'TAOUNATE'),(2173,504,'SIDI KACEM'),(2174,504,'TAROUDANNT'),(2175,504,'TETOUAN'),(2176,504,'LARACHE'),(2177,504,'GRAND CASABLANCA'),(2178,504,'FÈS-BOULEMANE'),(2179,504,'MARRAKECH-TENSIFT-AL HAOUZ'),(2180,504,'MEKNÈS-TAFILALET'),(2181,504,'RABAT-SALÉ-ZEMMOUR-ZAËR'),(2182,504,'CHAOUIA-OUARDIGHA'),(2183,504,'DOUKKALA-ABDA'),(2184,504,'GHARB-CHRARDA-BENI HSSEN'),(2185,504,'GUELMIM-ES SMARA'),(2186,504,'ORIENTAL'),(2187,504,'SOUSS-MASSA-DRÂA'),(2188,504,'TADLA-AZILAL'),(2189,504,'TANGER-TÉTOUAN'),(2190,504,'TAZA-AL HOCEIMA-TAOUNATE'),(2191,504,'LAÂYOUNE-BOUJDOUR-SAKIA EL HAMRA'),(2192,508,'CABO DELGADO'),(2193,508,'GAZA'),(2194,508,'INHAMBANE'),(2195,508,'MAPUTO PROVINCE'),(2196,508,'SOFALA'),(2197,508,'NAMPULA'),(2198,508,'NIASSA'),(2199,508,'TETE'),(2200,508,'ZAMBÉZIA'),(2201,508,'MANICA'),(2202,508,'MAPUTO'),(2203,512,'AD DĀKHILĪYAH'),(2204,512,'AL BĀŢINAH'),(2205,512,'AL WUSŢÃ'),(2206,512,'ASH SHARQĪYAH'),(2207,512,'MASQAŢ'),(2208,512,'MUSANDAM'),(2209,512,'Z̧UFĀR'),(2210,512,'AZ̧ Z̧ĀHIRAH'),(2211,512,'MUḨĀFAZ̧AT AL BURAYMĪ'),(2212,516,'BETHANIEN'),(2213,516,'CAPRIVI OOS'),(2214,516,'KAOKOLAND'),(2215,516,'OTJIWARONGO'),(2216,516,'OUTJO'),(2217,516,'OWAMBO'),(2218,516,'KHOMAS'),(2219,516,'KAVANGO'),(2220,516,'CAPRIVI'),(2221,516,'ERONGO'),(2222,516,'HARDAP'),(2223,516,'KARAS'),(2224,516,'KUNENE'),(2225,516,'OHANGWENA'),(2226,516,'OKAVANGO'),(2227,516,'OMAHEKE'),(2228,516,'OMUSATI'),(2229,516,'OSHANA'),(2230,516,'OSHIKOTO'),(2231,516,'OTJOZONDJUPA'),(2232,520,'AIWO'),(2233,520,'ANABAR'),(2234,520,'ANETAN'),(2235,520,'ANIBARE'),(2236,520,'BAITI'),(2237,520,'BOE'),(2238,520,'BUADA'),(2239,520,'DENIGOMODU'),(2240,520,'EWA'),(2241,520,'IJUW'),(2242,520,'MENENG'),(2243,520,'NIBOK'),(2244,520,'UABOE'),(2245,520,'YAREN'),(2246,524,'BĀGMATĪ'),(2247,524,'BHERĪ'),(2248,524,'DHAWALĀGIRI'),(2249,524,'GANDAKĪ'),(2250,524,'JANAKPUR'),(2251,524,'KARNĀLĪ'),(2252,524,'KOSĪ'),(2253,524,'LUMBINĪ'),(2254,524,'MAHĀKĀLĪ'),(2255,524,'MECHĪ'),(2256,524,'NĀRĀYANĪ'),(2257,524,'RĀPTĪ'),(2258,524,'SAGARMĀTHĀ'),(2259,524,'SETĪ'),(2260,528,'PROVINCIE DRENTHE'),(2261,528,'PROVINCIE FRIESLAND'),(2262,528,'GELDERLAND'),(2263,528,'GRONINGEN'),(2264,528,'LIMBURG'),(2265,528,'NORTH BRABANT'),(2266,528,'NORTH HOLLAND'),(2267,528,'UTRECHT'),(2268,528,'ZEELAND'),(2269,528,'SOUTH HOLLAND'),(2270,528,'OVERIJSSEL'),(2271,528,'FLEVOLAND'),(2272,530,'NETHERLANDS ANTILLES'),(2273,533,'ARUBA'),(2274,548,'AMBRYM'),(2275,548,'AOBA/MAÉWO'),(2276,548,'TORBA'),(2277,548,'ÉFATÉ'),(2278,548,'ÉPI'),(2279,548,'MALAKULA'),(2280,548,'PAAMA'),(2281,548,'PENTECÔTE'),(2282,548,'SANMA'),(2283,548,'SHEPHERD'),(2284,548,'TAFEA'),(2285,548,'MALAMPA'),(2286,548,'PENAMA'),(2287,548,'SHEFA'),(2288,554,'TASMAN'),(2289,554,'AUCKLAND'),(2290,554,'BAY OF PLENTY'),(2291,554,'CANTERBURY'),(2292,554,'GISBORNE'),(2293,554,'HAWKEʼS BAY'),(2294,554,'MANAWATU-WANGANUI'),(2295,554,'MARLBOROUGH'),(2296,554,'NELSON'),(2297,554,'NORTHLAND'),(2298,554,'OTAGO'),(2299,554,'SOUTHLAND'),(2300,554,'TARANAKI'),(2301,554,'WAIKATO'),(2302,554,'WELLINGTON'),(2303,554,'WEST COAST'),(2304,558,'BOACO'),(2305,558,'CARAZO'),(2306,558,'CHINANDEGA'),(2307,558,'CHONTALES'),(2308,558,'ESTELÃ'),(2309,558,'GRANADA'),(2310,558,'JINOTEGA'),(2311,558,'LEÓN'),(2312,558,'MADRIZ'),(2313,558,'MANAGUA'),(2314,558,'MASAYA'),(2315,558,'MATAGALPA'),(2316,558,'NUEVA SEGOVIA'),(2317,558,'RÃO SAN JUAN'),(2318,558,'RIVAS'),(2319,558,'OGUN STATE'),(2320,558,'ATLÃNTICO NORTE'),(2321,558,'ATLÃNTICO SUR'),(2322,562,'AGADEZ'),(2323,562,'DIFFA'),(2324,562,'DOSSO'),(2325,562,'MARADI'),(2326,562,'TAHOUA'),(2327,562,'ZINDER'),(2328,562,'NIAMEY'),(2329,562,'TILLABÉRI'),(2330,566,'LAGOS'),(2331,566,'ABUJA FEDERAL CAPITAL TERRITORY'),(2332,566,'OGUN'),(2333,566,'AKWA IBOM'),(2334,566,'CROSS RIVER'),(2335,566,'KADUNA'),(2336,566,'KATSINA'),(2337,566,'ANAMBRA'),(2338,566,'BENUE'),(2339,566,'BORNO'),(2340,566,'IMO'),(2341,566,'KANO'),(2342,566,'KWARA'),(2343,566,'NIGER'),(2344,566,'OYO'),(2345,566,'ADAMAWA'),(2346,566,'DELTA'),(2347,566,'EDO'),(2348,566,'JIGAWA'),(2349,566,'KEBBI'),(2350,566,'KOGI'),(2351,566,'OSUN'),(2352,566,'TARABA'),(2353,566,'YOBE'),(2354,566,'ABIA'),(2355,566,'BAUCHI'),(2356,566,'ENUGU'),(2357,566,'ONDO'),(2358,566,'PLATEAU'),(2359,566,'RIVERS'),(2360,566,'SOKOTO'),(2361,566,'BAYELSA'),(2362,566,'EBONYI'),(2363,566,'EKITI'),(2364,566,'GOMBE'),(2365,566,'NASSARAWA'),(2366,566,'ZAMFARA'),(2367,570,'NIUE'),(2368,574,'NORFOLK ISLAND'),(2369,578,'SVALBARD'),(2370,578,'AKERSHUS'),(2371,578,'AUST-AGDER'),(2372,578,'BUSKERUD'),(2373,578,'FINNMARK'),(2374,578,'HEDMARK'),(2375,578,'HORDALAND'),(2376,578,'MØRE OG ROMSDAL'),(2377,578,'NORDLAND'),(2378,578,'NORD-TRØNDELAG'),(2379,578,'OPPLAND'),(2380,578,'OSLO COUNTY'),(2381,578,'ØSTFOLD'),(2382,578,'ROGALAND'),(2383,578,'SOGN OG FJORDANE'),(2384,578,'SØR-TRØNDELAG'),(2385,578,'TELEMARK'),(2386,578,'TROMS'),(2387,578,'VEST-AGDER'),(2388,578,'VESTFOLD'),(2389,583,'KOSRAE'),(2390,583,'POHNPEI'),(2391,583,'CHUUK'),(2392,583,'YAP'),(2393,584,'MARSHALL ISLANDS'),(2394,585,'STATE OF NGEREMLENGUI'),(2395,586,'FEDERALLY ADMINISTERED TRIBAL AREAS'),(2396,586,'BALOCHISTĀN'),(2397,586,'NORTH WEST FRONTIER PROVINCE'),(2398,586,'PUNJAB'),(2399,586,'SINDH'),(2400,586,'AZAD KASHMIR'),(2401,586,'GILGIT-BALTISTAN'),(2402,586,'ISLĀMĀBĀD'),(2403,591,'BOCAS DEL TORO'),(2404,591,'CHIRIQUÃ'),(2405,591,'COCLÉ'),(2406,591,'COLÓN'),(2407,591,'DARIÉN'),(2408,591,'HERRERA'),(2409,591,'LOS SANTOS'),(2410,591,'PANAMÃ'),(2411,591,'SAN BLAS'),(2412,591,'VERAGUAS'),(2413,598,'CENTRAL'),(2414,598,'GULF'),(2415,598,'MILNE BAY'),(2416,598,'NORTHERN'),(2417,598,'SOUTHERN HIGHLANDS'),(2418,598,'WESTERN'),(2419,598,'BOUGAINVILLE'),(2420,598,'CHIMBU'),(2421,598,'EASTERN HIGHLANDS'),(2422,598,'EAST NEW BRITAIN'),(2423,598,'EAST SEPIK'),(2424,598,'MADANG'),(2425,598,'MANUS'),(2426,598,'MOROBE'),(2427,598,'NEW IRELAND'),(2428,598,'WESTERN HIGHLANDS'),(2429,598,'WEST NEW BRITAIN'),(2430,598,'SANDAUN'),(2431,598,'ENGA'),(2432,598,'NATIONAL CAPITAL'),(2433,600,'ALTO PARANÃ'),(2434,600,'AMAMBAY'),(2435,600,'CAAGUAZÚ'),(2436,600,'CAAZAPÃ'),(2437,600,'CENTRAL'),(2438,600,'CONCEPCIÓN'),(2439,600,'CORDILLERA'),(2440,600,'GUAIRÃ'),(2441,600,'ITAPÚA'),(2442,600,'MISIONES'),(2443,600,'ÑEEMBUCÚ'),(2444,600,'PARAGUARÃ'),(2445,600,'PRESIDENTE HAYES'),(2446,600,'SAN PEDRO'),(2447,600,'CANINDEYÚ'),(2448,600,'ASUNCIÓN'),(2449,600,'DEPARTAMENTO DE ALTO PARAGUAY'),(2450,600,'BOQUERÓN'),(2451,604,'AMAZONAS'),(2452,604,'ANCASH'),(2453,604,'APURÃMAC'),(2454,604,'AREQUIPA'),(2455,604,'AYACUCHO'),(2456,604,'CAJAMARCA'),(2457,604,'CALLAO'),(2458,604,'CUSCO'),(2459,604,'HUANCAVELICA'),(2460,604,'HUANUCO'),(2461,604,'ICA'),(2462,604,'JUNÃN'),(2463,604,'LA LIBERTAD'),(2464,604,'LAMBAYEQUE'),(2465,604,'LIMA'),(2466,604,'PROVINCIA DE LIMA'),(2467,604,'LORETO'),(2468,604,'MADRE DE DIOS'),(2469,604,'MOQUEGUA'),(2470,604,'PASCO'),(2471,604,'PIURA'),(2472,604,'PUNO'),(2473,604,'SAN MARTÃN'),(2474,604,'TACNA'),(2475,604,'TUMBES'),(2476,604,'UCAYALI'),(2477,608,'ABRA'),(2478,608,'AGUSAN DEL NORTE'),(2479,608,'AGUSAN DEL SUR'),(2480,608,'AKLAN'),(2481,608,'ALBAY'),(2482,608,'ANTIQUE'),(2483,608,'BATAAN'),(2484,608,'BATANES'),(2485,608,'BATANGAS'),(2486,608,'BENGUET'),(2487,608,'BOHOL'),(2488,608,'BUKIDNON'),(2489,608,'BULACAN'),(2490,608,'CAGAYAN'),(2491,608,'CAMARINES NORTE'),(2492,608,'CAMARINES SUR'),(2493,608,'CAMIGUIN'),(2494,608,'CAPIZ'),(2495,608,'CATANDUANES'),(2496,608,'CEBU'),(2497,608,'BASILAN'),(2498,608,'EASTERN SAMAR'),(2499,608,'DAVAO DEL SUR'),(2500,608,'DAVAO ORIENTAL'),(2501,608,'IFUGAO'),(2502,608,'ILOCOS NORTE'),(2503,608,'ILOCOS SUR'),(2504,608,'ILOILO'),(2505,608,'ISABELA'),(2506,608,'LAGUNA'),(2507,608,'LANAO DEL SUR'),(2508,608,'LA UNION'),(2509,608,'LEYTE'),(2510,608,'MARINDUQUE'),(2511,608,'MASBATE'),(2512,608,'OCCIDENTAL MINDORO'),(2513,608,'ORIENTAL MINDORO'),(2514,608,'MISAMIS ORIENTAL'),(2515,608,'MOUNTAIN PROVINCE'),(2516,608,'NEGROS ORIENTAL'),(2517,608,'NUEVA ECIJA'),(2518,608,'NUEVA VIZCAYA'),(2519,608,'PALAWAN'),(2520,608,'PAMPANGA'),(2521,608,'PANGASINAN'),(2522,608,'RIZAL'),(2523,608,'ROMBLON'),(2524,608,'SAMAR'),(2525,608,'MAGUINDANAO'),(2526,608,'COTABATO CITY'),(2527,608,'SORSOGON'),(2528,608,'SOUTHERN LEYTE'),(2529,608,'SULU'),(2530,608,'SURIGAO DEL NORTE'),(2531,608,'SURIGAO DEL SUR'),(2532,608,'TARLAC'),(2533,608,'ZAMBALES'),(2534,608,'ZAMBOANGA DEL NORTE'),(2535,608,'ZAMBOANGA DEL SUR'),(2536,608,'NORTHERN SAMAR'),(2537,608,'QUIRINO'),(2538,608,'SIQUIJOR'),(2539,608,'SOUTH COTABATO'),(2540,608,'SULTAN KUDARAT'),(2541,608,'KALINGA'),(2542,608,'APAYAO'),(2543,608,'TAWI-TAWI'),(2544,608,'ANGELES'),(2545,608,'BACOLOD CITY'),(2546,608,'COMPOSTELA VALLEY'),(2547,608,'BAGUIO'),(2548,608,'DAVAO DEL NORTE'),(2549,608,'BUTUAN'),(2550,608,'GUIMARAS'),(2551,608,'LANAO DEL NORTE'),(2552,608,'MISAMIS OCCIDENTAL'),(2553,608,'CALOOCAN'),(2554,608,'CAVITE'),(2555,608,'CEBU CITY'),(2556,608,'COTABATO'),(2557,608,'DAGUPAN'),(2558,608,'CAGAYAN DE ORO'),(2559,608,'ILIGAN'),(2560,608,'DAVAO'),(2561,608,'LAS PIÑAS'),(2562,608,'MALABON'),(2563,608,'GENERAL SANTOS'),(2564,608,'MUNTINLUPA'),(2565,608,'ILOILO CITY'),(2566,608,'NAVOTAS'),(2567,608,'PARAÑAQUE'),(2568,608,'QUEZON CITY'),(2569,608,'LAPU-LAPU'),(2570,608,'TAGUIG'),(2571,608,'VALENZUELA'),(2572,608,'LUCENA'),(2573,608,'MANDAUE'),(2574,608,'MANILA'),(2575,608,'ZAMBOANGA SIBUGAY'),(2576,608,'NAGA'),(2577,608,'OLONGAPO'),(2578,608,'ORMOC'),(2579,608,'SANTIAGO'),(2580,608,'PATEROS'),(2581,608,'PASAY'),(2582,608,'PUERTO PRINCESA'),(2583,608,'QUEZON'),(2584,608,'TACLOBAN'),(2585,608,'ZAMBOANGA CITY'),(2586,608,'AURORA'),(2587,608,'NEGROS OCCIDENTAL'),(2588,608,'BILIRAN'),(2589,608,'MAKATI CITY'),(2590,608,'SARANGANI'),(2591,608,'MANDALUYONG CITY'),(2592,608,'MARIKINA'),(2593,608,'PASIG'),(2594,608,'SAN JUAN'),(2595,612,'PITCAIRN ISLANDS'),(2596,616,'BIALA PODLASKA'),(2597,616,'BIALYSTOK'),(2598,616,'BIELSKO'),(2599,616,'BYDGOSZCZ'),(2600,616,'CHELM'),(2601,616,'CIECHANOW'),(2602,616,'CZESTOCHOWA'),(2603,616,'ELBLAG'),(2604,616,'GDANSK'),(2605,616,'GORZOW'),(2606,616,'JELENIA GORA'),(2607,616,'KALISZ'),(2608,616,'KATOWICE'),(2609,616,'KIELCE'),(2610,616,'KONIN'),(2611,616,'KOSZALIN'),(2612,616,'KRAKOW'),(2613,616,'KROSNO'),(2614,616,'LEGNICA'),(2615,616,'LESZNO'),(2616,616,'LODZ'),(2617,616,'LOMZA'),(2618,616,'LUBLIN'),(2619,616,'NOWY SACZ'),(2620,616,'OLSZTYN'),(2621,616,'OPOLE'),(2622,616,'OSTROLEKA'),(2623,616,'PITA'),(2624,616,'PIOTRKOW'),(2625,616,'PLOCK'),(2626,616,'POZNAN'),(2627,616,'PRZEMYSL'),(2628,616,'RADOM'),(2629,616,'RZESZOW'),(2630,616,'SIEDLCE'),(2631,616,'SIERADZ'),(2632,616,'SKIERNIEWICE'),(2633,616,'SLUPSK'),(2634,616,'SUWALKI'),(2635,616,'SZCZECIN'),(2636,616,'TARNOBRZEG'),(2637,616,'TARNOW'),(2638,616,'TORUFI'),(2639,616,'WALBRZYCH'),(2640,616,'WARSZAWA'),(2641,616,'WLOCLAWEK'),(2642,616,'WROCLAW'),(2643,616,'ZAMOSC'),(2644,616,'ZIELONA GORA'),(2645,616,'LOWER SILESIAN VOIVODESHIP'),(2646,616,'KUJAWSKO-POMORSKIE VOIVODSHIP'),(2647,616,'ÅÓDŹ VOIVODESHIP'),(2648,616,'LUBLIN VOIVODESHIP'),(2649,616,'LUBUSZ VOIVODSHIP'),(2650,616,'LESSER POLAND VOIVODESHIP'),(2651,616,'MASOVIAN VOIVODESHIP'),(2652,616,'OPOLE VOIVODESHIP'),(2653,616,'SUBCARPATHIAN VOIVODESHIP'),(2654,616,'PODLASIE VOIVODSHIP'),(2655,616,'POMERANIAN VOIVODESHIP'),(2656,616,'SILESIAN VOIVODESHIP'),(2657,616,'ŚWIĘTOKRZYSKIE VOIVODSHIP'),(2658,616,'WARMIAN-MASURIAN VOIVODESHIP'),(2659,616,'GREATER POLAND VOIVODESHIP'),(2660,616,'WEST POMERANIAN VOIVODESHIP'),(2661,620,'AVEIRO'),(2662,620,'BEJA'),(2663,620,'BRAGA'),(2664,620,'BRAGANÇA'),(2665,620,'CASTELO BRANCO'),(2666,620,'COIMBRA'),(2667,620,'ÉVORA'),(2668,620,'FARO'),(2669,620,'MADEIRA'),(2670,620,'GUARDA'),(2671,620,'LEIRIA'),(2672,620,'LISBON'),(2673,620,'PORTALEGRE'),(2674,620,'PORTO'),(2675,620,'SANTARÉM'),(2676,620,'SETÚBAL'),(2677,620,'VIANA DO CASTELO'),(2678,620,'VILA REAL'),(2679,620,'VISEU'),(2680,620,'AZORES'),(2681,624,'BAFATÃ'),(2682,624,'QUINARA'),(2683,624,'OIO'),(2684,624,'BOLAMA'),(2685,624,'CACHEU'),(2686,624,'TOMBALI'),(2687,624,'GABÚ'),(2688,624,'BISSAU'),(2689,624,'BIOMBO'),(2690,626,'BOBONARO'),(2691,630,'PUERTO RICO'),(2692,634,'AD DAWḨAH'),(2693,634,'AL GHUWAYRĪYAH'),(2694,634,'AL JUMAYLĪYAH'),(2695,634,'AL KHAWR'),(2696,634,'AL WAKRAH MUNICIPALITY'),(2697,634,'AR RAYYĀN'),(2698,634,'JARAYAN AL BATINAH'),(2699,634,'MADĪNAT ASH SHAMĀL'),(2700,634,'UMM ŞALĀL'),(2701,634,'AL WAKRAH'),(2702,634,'JARAYĀN AL BĀŢINAH'),(2703,634,'UMM SA‘ĪD'),(2704,638,'RÉUNION'),(2705,642,'ALBA'),(2706,642,'ARAD'),(2707,642,'ARGEŞ'),(2708,642,'BACĂU'),(2709,642,'BIHOR'),(2710,642,'BISTRIŢA-NĂSĂUD'),(2711,642,'BOTOŞANI'),(2712,642,'BRĂILA'),(2713,642,'BRAŞOV'),(2714,642,'BUCUREŞTI'),(2715,642,'BUZĂU'),(2716,642,'CARAŞ-SEVERIN'),(2717,642,'CLUJ'),(2718,642,'CONSTANŢA'),(2719,642,'COVASNA'),(2720,642,'DÂMBOVIŢA'),(2721,642,'DOLJ'),(2722,642,'GALAŢI'),(2723,642,'GORJ'),(2724,642,'HARGHITA'),(2725,642,'HUNEDOARA'),(2726,642,'IALOMIŢA'),(2727,642,'IAŞI'),(2728,642,'MARAMUREŞ'),(2729,642,'MEHEDINŢI'),(2730,642,'MUREŞ'),(2731,642,'NEAMŢ'),(2732,642,'OLT'),(2733,642,'PRAHOVA'),(2734,642,'SĂLAJ'),(2735,642,'SATU MARE'),(2736,642,'SIBIU'),(2737,642,'SUCEAVA'),(2738,642,'TELEORMAN'),(2739,642,'TIMIŞ'),(2740,642,'TULCEA'),(2741,642,'VASLUI'),(2742,642,'VÂLCEA'),(2743,642,'JUDEŢUL VRANCEA'),(2744,642,'CĂLĂRAŞI'),(2745,642,'GIURGIU'),(2746,642,'ILFOV'),(2747,643,'ADYGEYA'),(2748,643,'ALTAY'),(2749,643,'ALTAYSKIY KRAY'),(2750,643,'AMUR'),(2751,643,'ARKHANGELSKAYA OBLAST'),(2752,643,'ASTRAKHAN'),(2753,643,'BASHKORTOSTAN'),(2754,643,'BELGOROD'),(2755,643,'BRJANSK'),(2756,643,'BURYATIYA'),(2757,643,'CHECHNYA'),(2758,643,'TSJELJABINSK'),(2759,643,'ZABAÃKALSKI KRAY'),(2760,643,'CHUKOTSKIY AVTONOMNYY OKRUG'),(2761,643,'CHUVASHIA'),(2762,643,'DAGESTAN'),(2763,643,'INGUSHETIYA'),(2764,643,'IRKUTSK'),(2765,643,'IVANOVO'),(2766,643,'KABARDINO-BALKARIYA'),(2767,643,'KALININGRAD'),(2768,643,'KALMYKIYA'),(2769,643,'KALUGA'),(2770,643,'KARACHAYEVO-CHERKESIYA'),(2771,643,'KARELIYA'),(2772,643,'KEMEROVO'),(2773,643,'KHABAROVSK KRAI'),(2774,643,'KHAKASIYA'),(2775,643,'KHANTY-MANSIYSKIY AVTONOMNYY OKRUG'),(2776,643,'KIROV'),(2777,643,'KOMI'),(2778,643,'KOSTROMA'),(2779,643,'KRASNODARSKIY KRAY'),(2780,643,'KURGAN'),(2781,643,'KURSK'),(2782,643,'LENINGRADSKAYA OBLASTʼ'),(2783,643,'LIPETSK'),(2784,643,'MAGADAN'),(2785,643,'MARIY-EL'),(2786,643,'MORDOVIYA'),(2787,643,'MOSKOVSKAYA OBLASTʼ'),(2788,643,'MOSCOW'),(2789,643,'MURMANSK OBLAST'),(2790,643,'NENETSKIY AVTONOMNYY OKRUG'),(2791,643,'NIZJNIJ NOVGOROD'),(2792,643,'NOVGOROD'),(2793,643,'NOVOSIBIRSK'),(2794,643,'OMSK'),(2795,643,'ORENBURG'),(2796,643,'ORJOL'),(2797,643,'PENZA'),(2798,643,'PRIMORSKIY KRAY'),(2799,643,'PSKOV'),(2800,643,'ROSTOV'),(2801,643,'RJAZAN'),(2802,643,'SAKHA'),(2803,643,'SAKHALIN'),(2804,643,'SAMARA'),(2805,643,'SANKT-PETERBURG'),(2806,643,'SARATOV'),(2807,643,'SEVERNAYA OSETIYA-ALANIYA'),(2808,643,'SMOLENSK'),(2809,643,'STAVROPOLʼSKIY KRAY'),(2810,643,'SVERDLOVSK'),(2811,643,'TAMBOV'),(2812,643,'TATARSTAN'),(2813,643,'TOMSK'),(2814,643,'TULA'),(2815,643,'TVERSKAYA OBLAST’'),(2816,643,'TJUMEN'),(2817,643,'TYVA'),(2818,643,'UDMURTIYA'),(2819,643,'ULJANOVSK'),(2820,643,'VLADIMIR'),(2821,643,'VOLGOGRAD'),(2822,643,'VOLOGDA'),(2823,643,'VORONEZJ'),(2824,643,'YAMALO-NENETSKIY AVTONOMNYY OKRUG'),(2825,643,'JAROSLAVL'),(2826,643,'JEWISH AUTONOMOUS OBLAST'),(2827,643,'PERM'),(2828,643,'KRASNOYARSKIY KRAY'),(2829,643,'KAMTSJATKA'),(2830,643,'RSJA'),(2831,646,'EASTERN PROVINCE'),(2832,646,'KIGALI CITY'),(2833,646,'NORTHERN PROVINCE'),(2834,646,'WESTERN PROVINCE'),(2835,646,'SOUTHERN PROVINCE'),(2836,654,'ASCENSION'),(2837,654,'SAINT HELENA'),(2838,654,'TRISTAN DA CUNHA'),(2839,659,'CHRIST CHURCH NICHOLA TOWN'),(2840,659,'SAINT ANNE SANDY POINT'),(2841,659,'SAINT GEORGE BASSETERRE'),(2842,659,'SAINT GEORGE GINGERLAND'),(2843,659,'SAINT JAMES WINDWA'),(2844,659,'SAINT JOHN CAPESTERRE'),(2845,659,'SAINT JOHN FIGTREE'),(2846,659,'SAINT MARY CAYON'),(2847,659,'SAINT PAUL CAPESTERRE'),(2848,659,'SAINT PAUL CHARLESTOWN'),(2849,659,'SAINT PETER BASSETERRE'),(2850,659,'SAINT THOMAS LOWLAND'),(2851,659,'SAINT THOMAS MIDDLE ISLAND'),(2852,659,'TRINITY PALMETTO POINT'),(2853,660,'ANGUILLA'),(2854,662,'ANSE-LA-RAYE'),(2855,662,'DAUPHIN'),(2856,662,'CASTRIES'),(2857,662,'CHOISEUL'),(2858,662,'DENNERY'),(2859,662,'GROS-ISLET'),(2860,662,'LABORIE'),(2861,662,'MICOUD'),(2862,662,'SOUFRIÈRE'),(2863,662,'VIEUX-FORT'),(2864,662,'PRASLIN'),(2865,666,'SAINT-PIERRE-ET-MIQUELON'),(2866,670,'CHARLOTTE'),(2867,670,'SAINT ANDREW'),(2868,670,'SAINT DAVID'),(2869,670,'SAINT GEORGE'),(2870,670,'SAINT PATRICK'),(2871,670,'GRENADINES'),(2872,674,'ACQUAVIVA'),(2873,674,'CHIESANUOVA'),(2874,674,'DOMAGNANO'),(2875,674,'FAETANO'),(2876,674,'FIORENTINO'),(2877,674,'BORGO MAGGIORE'),(2878,674,'SAN MARINO'),(2879,674,'MONTEGIARDINO'),(2880,674,'SERRAVALLE'),(2881,678,'PRÃNCIPE'),(2882,678,'PRÃNCIPE'),(2883,678,'SÃO TOMÉ'),(2884,682,'AL BĀḨAH'),(2885,682,'AL MADĪNAH'),(2886,682,'ASH SHARQĪYAH'),(2887,682,'AL QAŞĪM'),(2888,682,'AR RIYĀá¸'),(2889,682,'‘ASĪR'),(2890,682,'ḨĀʼIL'),(2891,682,'MAKKAH'),(2892,682,'NORTHERN BORDERS REGION'),(2893,682,'NAJRĀN'),(2894,682,'JĪZĀN'),(2895,682,'TABŪK'),(2896,682,'AL JAWF'),(2897,686,'DAKAR'),(2898,686,'DIOURBEL'),(2899,686,'SAINT-LOUIS'),(2900,686,'TAMBACOUNDA'),(2901,686,'THIÈS'),(2902,686,'LOUGA'),(2903,686,'FATICK'),(2904,686,'KAOLACK'),(2905,686,'KOLDA REGION'),(2906,686,'ZIGUINCHOR'),(2907,686,'LOUGA'),(2908,686,'SAINT-LOUIS'),(2909,686,'MATAM'),(2910,688,'AUTONOMNA POKRAJINA VOJVODINA'),(2911,690,'ANSE AUX PINS'),(2912,690,'ANSE BOILEAU'),(2913,690,'ANSE ETOILE'),(2914,690,'ANSE LOUIS'),(2915,690,'ANSE ROYALE'),(2916,690,'BAIE LAZARE'),(2917,690,'BAIE SAINTE ANNE'),(2918,690,'BEAU VALLON'),(2919,690,'BEL AIR'),(2920,690,'BEL OMBRE'),(2921,690,'CASCADE'),(2922,690,'GLACIS'),(2923,690,'SAINT THOMAS MIDDLE ISLAND PARISH'),(2924,690,'GRAND ANSE PRASLIN'),(2925,690,'TRINITY PALMETTO POINT PARISH'),(2926,690,'LA RIVIERE ANGLAISE'),(2927,690,'MONT BUXTON'),(2928,690,'MONT FLEURI'),(2929,690,'PLAISANCE'),(2930,690,'POINTE LARUE'),(2931,690,'PORT GLAUD'),(2932,690,'SAINT LOUIS'),(2933,690,'TAKAMAKA'),(2934,690,'ANSE AUX PINS'),(2935,690,'INNER ISLANDS'),(2936,690,'ENGLISH RIVER'),(2937,690,'PORT GLAUD'),(2938,690,'BAIE LAZARE'),(2939,690,'BEAU VALLON'),(2940,690,'BEL OMBRE'),(2941,690,'GLACIS'),(2942,690,'GRAND ANSE MAHE'),(2943,690,'GRAND ANSE PRASLIN'),(2944,690,'INNER ISLANDS'),(2945,690,'ENGLISH RIVER'),(2946,690,'MONT FLEURI'),(2947,690,'PLAISANCE'),(2948,690,'POINTE LARUE'),(2949,690,'PORT GLAUD'),(2950,690,'TAKAMAKA'),(2951,690,'AU CAP'),(2952,690,'LES MAMELLES'),(2953,690,'ROCHE CAIMAN'),(2954,694,'EASTERN PROVINCE'),(2955,694,'NORTHERN PROVINCE'),(2956,694,'SOUTHERN PROVINCE'),(2957,694,'WESTERN AREA'),(2958,702,'SINGAPORE'),(2959,703,'BANSKOBYSTRICKÃ'),(2960,703,'BRATISLAVSKÃ'),(2961,703,'KOŠICKÃ'),(2962,703,'NITRIANSKY'),(2963,703,'PREŠOVSKÃ'),(2964,703,'TRENČIANSKY'),(2965,703,'TRNAVSKÃ'),(2966,703,'ŽILINSKÃ'),(2967,704,'AN GIANG'),(2968,704,'BẮC THÃI TỈNH'),(2969,704,'BẾN TRE'),(2970,704,'CAO BANG'),(2971,704,'CAO BẰNG'),(2972,704,'TEN BAI'),(2973,704,'ÃỒNG THÃP'),(2974,704,'HÀ BẮC TỈNH'),(2975,704,'HẢI HƯNG TỈNH'),(2976,704,'HẢI PHÒNG'),(2977,704,'HOA BINH'),(2978,704,'HA TAY'),(2979,704,'HỒ CHÃ MINH'),(2980,704,'KIẾN GIANG'),(2981,704,'LÂM ÃỒNG'),(2982,704,'LONG AN'),(2983,704,'MINH HẢI TỈNH'),(2984,704,'THUA THIEN-HUE'),(2985,704,'QUANG NAM'),(2986,704,'KON TUM'),(2987,704,'QUẢNG NAM-ÃÀ NẴNG TỈNH'),(2988,704,'QUẢNG NINH'),(2989,704,'SÔNG BÉ TỈNH'),(2990,704,'SƠN LA'),(2991,704,'TÂY NINH'),(2992,704,'THANH HÓA'),(2993,704,'THÃI BÌNH'),(2994,704,'NIN THUAN'),(2995,704,'TIỀN GIANG'),(2996,704,'VINH PHÚ TỈNH'),(2997,704,'LẠNG SƠN'),(2998,704,'BINH THUAN'),(2999,704,'LONG AN'),(3000,704,'ÃỒNG NAI'),(3001,704,'HA NỘI'),(3002,704,'BÀ RỊA-VŨNG TÀU'),(3003,704,'BÌNH ÃỊNH'),(3004,704,'BÌNH THUẬN'),(3005,704,'GIA LAI'),(3006,704,'HÀ GIANG'),(3007,704,'HÀ TÂY'),(3008,704,'HÀ TĨNH'),(3009,704,'HÒA BÌNH'),(3010,704,'KHÃNH HÒA'),(3011,704,'KON TUM'),(3012,704,'NAM HÀ TỈNH'),(3013,704,'NGHỆ AN'),(3014,704,'NINH BÌNH'),(3015,704,'NINH THUẬN'),(3016,704,'PHÚ YÊN'),(3017,704,'QUẢNG BÌNH'),(3018,704,'QUẢNG NGÃI'),(3019,704,'QUẢNG TRỊ'),(3020,704,'SÓC TRĂNG'),(3021,704,'THỪA THIÊN-HUẾ'),(3022,704,'TRÀ VINH'),(3023,704,'TUYÊN QUANG'),(3024,704,'VĨNH LONG'),(3025,704,'YÊN BÃI'),(3026,704,'BẮC GIANG'),(3027,704,'BẮC KẠN'),(3028,704,'BẠC LIÊU'),(3029,704,'BẮC NINH'),(3030,704,'BÌNH DƯƠNG'),(3031,704,'BÌNH PHƯỚC'),(3032,704,'CÀ MAU'),(3033,704,'ÃÀ NẴNG'),(3034,704,'HẢI DƯƠNG'),(3035,704,'HÀ NAM'),(3036,704,'HƯNG YÊN'),(3037,704,'NAM ÃỊNH'),(3038,704,'PHÚ THỌ'),(3039,704,'QUẢNG NAM'),(3040,704,'THÃI NGUYÊN'),(3041,704,'VĨNH PHÚC'),(3042,704,'CẦN THƠ'),(3043,704,'ÃẮC LẮK'),(3044,704,'LAI CHÂU'),(3045,704,'LÀO CAI'),(3046,705,'NOTRANJSKA'),(3047,705,'KOROŠKA'),(3048,705,'ŠTAJERSKA'),(3049,705,'PREKMURJE'),(3050,705,'PRIMORSKA'),(3051,705,'GORENJSKA'),(3052,705,'DOLENJSKA'),(3053,706,'BAKOOL'),(3054,706,'BANAADIR'),(3055,706,'BARI'),(3056,706,'BAY'),(3057,706,'GALGUDUUD'),(3058,706,'GEDO'),(3059,706,'HIIRAAN'),(3060,706,'MIDDLE JUBA'),(3061,706,'LOWER JUBA'),(3062,706,'MUDUG'),(3063,706,'SANAAG'),(3064,706,'MIDDLE SHABELE'),(3065,706,'SHABEELLAHA HOOSE'),(3066,706,'NUGAAL'),(3067,706,'TOGDHEER'),(3068,706,'WOQOOYI GALBEED'),(3069,706,'AWDAL'),(3070,706,'SOOL'),(3071,710,'KWAZULU-NATAL'),(3072,710,'FREE STATE'),(3073,710,'EASTERN CAPE'),(3074,710,'GAUTENG'),(3075,710,'MPUMALANGA'),(3076,710,'NORTHERN CAPE'),(3077,710,'LIMPOPO'),(3078,710,'NORTH-WEST'),(3079,710,'WESTERN CAPE'),(3080,716,'MANICALAND'),(3081,716,'MIDLANDS'),(3082,716,'MASHONALAND CENTRAL'),(3083,716,'MASHONALAND EAST'),(3084,716,'MASHONALAND WEST'),(3085,716,'MATABELELAND NORTH'),(3086,716,'MATABELELAND SOUTH'),(3087,716,'MASVINGO'),(3088,716,'BULAWAYO'),(3089,716,'HARARE'),(3090,724,'CEUTA'),(3091,724,'BALEARIC ISLANDS'),(3092,724,'LA RIOJA'),(3093,724,'AUTONOMOUS REGION OF MADRID'),(3094,724,'MURCIA'),(3095,724,'NAVARRE'),(3096,724,'ASTURIAS'),(3097,724,'CANTABRIA'),(3098,724,'ANDALUSIA'),(3099,724,'ARAGON'),(3100,724,'CANARY ISLANDS'),(3101,724,'CASTILLE-LA MANCHA'),(3102,724,'CASTILLE AND LEÓN'),(3103,724,'CATALONIA'),(3104,724,'EXTREMADURA'),(3105,724,'GALICIA'),(3106,724,'BASQUE COUNTRY'),(3107,724,'VALENCIA'),(3108,732,'WESTERN SAHARA'),(3109,736,'AL WILĀYAH AL WUSŢÃ'),(3110,736,'AL WILĀYAH AL ISTIWĀʼĪYAH'),(3111,736,'KHARTOUM'),(3112,736,'ASH SHAMALIYAH'),(3113,736,'AL WILĀYAH ASH SHARQĪYAH'),(3114,736,'BA?R AL GHAZAL WILAYAT'),(3115,736,'DARFUR WILAYAT'),(3116,736,'KURDUFAN WILAYAT'),(3117,736,'UPPER NILE'),(3118,736,'RED SEA'),(3119,736,'LAKES'),(3120,736,'AL JAZIRAH'),(3121,736,'AL QADARIF'),(3122,736,'UNITY'),(3123,736,'WHITE NILE'),(3124,736,'BLUE NILE'),(3125,736,'NORTHERN'),(3126,736,'CENTRAL EQUATORIA'),(3127,736,'GHARB AL ISTIWĀʼĪYAH'),(3128,736,'WESTERN BAHR AL GHAZAL'),(3129,736,'GHARB DĀRFŪR'),(3130,736,'GHARB KURDUFĀN'),(3131,736,'JANŪB DĀRFŪR'),(3132,736,'JANŪB KURDUFĀN'),(3133,736,'JUNQALĪ'),(3134,736,'KASSALĀ'),(3135,736,'NAHR AN NĪL'),(3136,736,'SHAMĀL BAḨR AL GHAZĀL'),(3137,736,'SHAMĀL DĀRFŪR'),(3138,736,'SHAMĀL KURDUFĀN'),(3139,736,'EASTERN EQUATORIA'),(3140,736,'SINNĀR'),(3141,736,'WARAB'),(3142,740,'BROKOPONDO'),(3143,740,'COMMEWIJNE'),(3144,740,'CORONIE'),(3145,740,'MAROWIJNE'),(3146,740,'NICKERIE'),(3147,740,'PARA'),(3148,740,'PARAMARIBO'),(3149,740,'SARAMACCA'),(3150,740,'SIPALIWINI'),(3151,740,'WANICA'),(3152,748,'HHOHHO'),(3153,748,'LUBOMBO'),(3154,748,'MANZINI'),(3155,748,'SHISELWENI'),(3156,752,'BLEKINGE'),(3157,752,'GÄVLEBORG'),(3158,752,'GOTLAND'),(3159,752,'HALLAND'),(3160,752,'JÄMTLAND'),(3161,752,'JÖNKÖPING'),(3162,752,'KALMAR'),(3163,752,'DALARNA'),(3164,752,'KRONOBERG'),(3165,752,'NORRBOTTEN'),(3166,752,'ÖREBRO'),(3167,752,'ÖSTERGÖTLAND'),(3168,752,'SÖDERMANLAND'),(3169,752,'UPPSALA'),(3170,752,'VÄRMLAND'),(3171,752,'VÄSTERBOTTEN'),(3172,752,'VÄSTERNORRLAND'),(3173,752,'VÄSTMANLAND'),(3174,752,'STOCKHOLM'),(3175,752,'SKÅNE'),(3176,752,'VÄSTRA GÖTALAND'),(3177,756,'AARGAU'),(3178,756,'APPENZELL INNERRHODEN'),(3179,756,'APPENZELL AUSSERRHODEN'),(3180,756,'BERN'),(3181,756,'BASEL-LANDSCHAFT'),(3182,756,'KANTON BASEL-STADT'),(3183,756,'FRIBOURG'),(3184,756,'GENÈVE'),(3185,756,'GLARUS'),(3186,756,'GRAUBÜNDEN'),(3187,756,'JURA'),(3188,756,'LUZERN'),(3189,756,'NEUCHÂTEL'),(3190,756,'NIDWALDEN'),(3191,756,'OBWALDEN'),(3192,756,'KANTON ST. GALLEN'),(3193,756,'SCHAFFHAUSEN'),(3194,756,'SOLOTHURN'),(3195,756,'SCHWYZ'),(3196,756,'THURGAU'),(3197,756,'TICINO'),(3198,756,'URI'),(3199,756,'VAUD'),(3200,756,'VALAIS'),(3201,756,'ZUG'),(3202,756,'ZÜRICH'),(3203,760,'AL-HASAKAH'),(3204,760,'LATAKIA'),(3205,760,'QUNEITRA'),(3206,760,'AR-RAQQAH'),(3207,760,'AS-SUWAYDA'),(3208,760,'DARAA'),(3209,760,'DEIR EZ-ZOR'),(3210,760,'RIF-DIMASHQ'),(3211,760,'ALEPPO'),(3212,760,'HAMA GOVERNORATE'),(3213,760,'HOMS'),(3214,760,'IDLIB'),(3215,760,'DAMASCUS CITY'),(3216,760,'TARTUS'),(3217,762,'GORNO-BADAKHSHAN'),(3218,762,'KHATLON'),(3219,762,'SUGHD'),(3220,762,'DUSHANBE'),(3221,762,'REGION OF REPUBLICAN SUBORDINATION'),(3222,764,'MAE HONG SON'),(3223,764,'CHIANG MAI'),(3224,764,'CHIANG RAI'),(3225,764,'NAN'),(3226,764,'LAMPHUN'),(3227,764,'LAMPANG'),(3228,764,'PHRAE'),(3229,764,'TAK'),(3230,764,'SUKHOTHAI'),(3231,764,'UTTARADIT'),(3232,764,'KAMPHAENG PHET'),(3233,764,'PHITSANULOK'),(3234,764,'PHICHIT'),(3235,764,'PHETCHABUN'),(3236,764,'UTHAI THANI'),(3237,764,'NAKHON SAWAN'),(3238,764,'NONG KHAI'),(3239,764,'LOEI'),(3240,764,'SAKON NAKHON'),(3241,764,'NAKHON PHANOM'),(3242,764,'KHON KAEN'),(3243,764,'KALASIN'),(3244,764,'MAHA SARAKHAM'),(3245,764,'ROI ET'),(3246,764,'CHAIYAPHUM'),(3247,764,'NAKHON RATCHASIMA'),(3248,764,'BURIRAM'),(3249,764,'SURIN'),(3250,764,'SISAKET'),(3251,764,'NARATHIWAT'),(3252,764,'CHAI NAT'),(3253,764,'SING BURI'),(3254,764,'LOP BURI'),(3255,764,'ANG THONG'),(3256,764,'PHRA NAKHON SI AYUTTHAYA'),(3257,764,'SARA BURI'),(3258,764,'NONTHABURI'),(3259,764,'PATHUM THANI'),(3260,764,'BANGKOK'),(3261,764,'PHAYAO'),(3262,764,'SAMUT PRAKAN'),(3263,764,'NAKHON NAYOK'),(3264,764,'CHACHOENGSAO'),(3265,764,'CHON BURI'),(3266,764,'RAYONG'),(3267,764,'CHANTHABURI'),(3268,764,'TRAT'),(3269,764,'KANCHANABURI'),(3270,764,'SUPHAN BURI'),(3271,764,'RATCHABURI'),(3272,764,'NAKHON PATHOM'),(3273,764,'SAMUT SONGKHRAM'),(3274,764,'SAMUT SAKHON'),(3275,764,'PHETCHABURI'),(3276,764,'PRACHUAP KHIRI KHAN'),(3277,764,'CHUMPHON'),(3278,764,'RANONG'),(3279,764,'SURAT THANI'),(3280,764,'PHANGNGA'),(3281,764,'PHUKET'),(3282,764,'KRABI'),(3283,764,'NAKHON SI THAMMARAT'),(3284,764,'TRANG'),(3285,764,'PHATTHALUNG'),(3286,764,'SATUN'),(3287,764,'SONGKHLA'),(3288,764,'PATTANI'),(3289,764,'YALA'),(3290,764,'YASOTHON'),(3291,764,'NAKHON PHANOM'),(3292,764,'PRACHIN BURI'),(3293,764,'UBON RATCHATHANI'),(3294,764,'UDON THANI'),(3295,764,'AMNAT CHAROEN'),(3296,764,'MUKDAHAN'),(3297,764,'NONG BUA LAMPHU'),(3298,764,'SA KAEO'),(3299,768,'AMLAME'),(3300,768,'ANEHO'),(3301,768,'ATAKPAME'),(3302,768,'BAFILO'),(3303,768,'BASSAR'),(3304,768,'DAPAONG'),(3305,768,'KANTE'),(3306,768,'KLOUTO'),(3307,768,'LAMA-KARA'),(3308,768,'LOME'),(3309,768,'MANGO'),(3310,768,'NIAMTOUGOU'),(3311,768,'NOTSE'),(3312,768,'KPAGOUDA'),(3313,768,'BADOU'),(3314,768,'SOTOUBOUA'),(3315,768,'TABLIGBO'),(3316,768,'TSEVIE'),(3317,768,'TCHAMBA'),(3318,768,'TCHAOUDJO'),(3319,768,'VOGAN'),(3320,768,'CENTRALE'),(3321,768,'KARA'),(3322,768,'MARITIME'),(3323,768,'PLATEAUX'),(3324,768,'SAVANES'),(3325,772,'TOKELAU'),(3326,776,'HA‘APAI'),(3327,776,'TONGATAPU'),(3328,776,'VAVA‘U'),(3329,780,'PORT OF SPAIN'),(3330,780,'SAN FERNANDO'),(3331,780,'CHAGUANAS'),(3332,780,'ARIMA'),(3333,780,'POINT FORTIN BOROUGH'),(3334,780,'COUVA-TABAQUITE-TALPARO'),(3335,780,'DIEGO MARTIN'),(3336,780,'PENAL-DEBE'),(3337,780,'PRINCES TOWN'),(3338,780,'RIO CLARO-MAYARO'),(3339,780,'SAN JUAN-LAVENTILLE'),(3340,780,'SANGRE GRANDE'),(3341,780,'SIPARIA'),(3342,780,'TUNAPUNA-PIARCO'),(3343,784,'ABŪ Z̧ABY'),(3344,784,'AJMAN'),(3345,784,'DUBAYY'),(3346,784,'AL FUJAYRAH'),(3347,784,'RAʼS AL KHAYMAH'),(3348,784,'ASH SHĀRIQAH'),(3349,784,'UMM AL QAYWAYN'),(3350,788,'TUNIS AL JANUBIYAH WILAYAT'),(3351,788,'AL QAŞRAYN'),(3352,788,'AL QAYRAWĀN'),(3353,788,'JUNDŪBAH'),(3354,788,'KEF'),(3355,788,'AL MAHDĪYAH'),(3356,788,'AL MUNASTĪR'),(3357,788,'BĀJAH'),(3358,788,'BANZART'),(3359,788,'NĀBUL'),(3360,788,'SILYĀNAH'),(3361,788,'SŪSAH'),(3362,788,'BIN ‘ARŪS'),(3363,788,'MADANĪN'),(3364,788,'QĀBIS'),(3365,788,'QAFŞAH'),(3366,788,'QIBILĪ'),(3367,788,'ŞAFĀQIS'),(3368,788,'SĪDĪ BŪ ZAYD'),(3369,788,'TAŢĀWĪN'),(3370,788,'TAWZAR'),(3371,788,'TŪNIS'),(3372,788,'ZAGHWĀN'),(3373,788,'ARIANA'),(3374,788,'MANOUBA'),(3375,792,'ADIYAMAN'),(3376,792,'AFYONKARAHISAR'),(3377,792,'AĞRI PROVINCE'),(3378,792,'AMASYA PROVINCE'),(3379,792,'ANTALYA PROVINCE'),(3380,792,'ARTVIN PROVINCE'),(3381,792,'AYDIN PROVINCE'),(3382,792,'BALIKESIR PROVINCE'),(3383,792,'BILECIK PROVINCE'),(3384,792,'BINGÖL PROVINCE'),(3385,792,'BITLIS PROVINCE'),(3386,792,'BOLU PROVINCE'),(3387,792,'BURDUR PROVINCE'),(3388,792,'BURSA'),(3389,792,'ÇANAKKALE PROVINCE'),(3390,792,'ÇORUM PROVINCE'),(3391,792,'DENIZLI PROVINCE'),(3392,792,'DIYARBAKIR'),(3393,792,'EDIRNE PROVINCE'),(3394,792,'ELAZIĞ'),(3395,792,'ERZINCAN PROVINCE'),(3396,792,'ERZURUM PROVINCE'),(3397,792,'ESKIŞEHIR PROVINCE'),(3398,792,'GIRESUN PROVINCE'),(3399,792,'HATAY PROVINCE'),(3400,792,'MERSIN PROVINCE'),(3401,792,'ISPARTA PROVINCE'),(3402,792,'ISTANBUL'),(3403,792,'İZMIR'),(3404,792,'KASTAMONU PROVINCE'),(3405,792,'KAYSERI PROVINCE'),(3406,792,'KIRKLARELI PROVINCE'),(3407,792,'KIRŞEHIR PROVINCE'),(3408,792,'KOCAELI PROVINCE'),(3409,792,'KÜTAHYA PROVINCE'),(3410,792,'MALATYA PROVINCE'),(3411,792,'MANISA PROVINCE'),(3412,792,'KAHRAMANMARAŞ PROVINCE'),(3413,792,'MUĞLA PROVINCE'),(3414,792,'MUŞ PROVINCE'),(3415,792,'NEVŞEHIR'),(3416,792,'ORDU'),(3417,792,'RIZE'),(3418,792,'SAKARYA PROVINCE'),(3419,792,'SAMSUN PROVINCE'),(3420,792,'SINOP PROVINCE'),(3421,792,'SIVAS PROVINCE'),(3422,792,'TEKIRDAĞ PROVINCE'),(3423,792,'TOKAT'),(3424,792,'TRABZON PROVINCE'),(3425,792,'TUNCELI PROVINCE'),(3426,792,'ŞANLIURFA PROVINCE'),(3427,792,'UŞAK PROVINCE'),(3428,792,'VAN PROVINCE'),(3429,792,'YOZGAT PROVINCE'),(3430,792,'ANKARA PROVINCE'),(3431,792,'GÜMÜŞHANE'),(3432,792,'HAKKÂRI PROVINCE'),(3433,792,'KONYA PROVINCE'),(3434,792,'MARDIN PROVINCE'),(3435,792,'NIĞDE'),(3436,792,'SIIRT PROVINCE'),(3437,792,'AKSARAY PROVINCE'),(3438,792,'BATMAN PROVINCE'),(3439,792,'BAYBURT'),(3440,792,'KARAMAN PROVINCE'),(3441,792,'KIRIKKALE PROVINCE'),(3442,792,'ŞIRNAK PROVINCE'),(3443,792,'ADANA PROVINCE'),(3444,792,'ÇANKIRI PROVINCE'),(3445,792,'GAZIANTEP PROVINCE'),(3446,792,'KARS'),(3447,792,'ZONGULDAK'),(3448,792,'ARDAHAN PROVINCE'),(3449,792,'BARTIN PROVINCE'),(3450,792,'IĞDIR PROVINCE'),(3451,792,'KARABÜK'),(3452,792,'KILIS PROVINCE'),(3453,792,'OSMANIYE PROVINCE'),(3454,792,'YALOVA PROVINCE'),(3455,792,'DÜZCE'),(3456,795,'AHAL'),(3457,795,'BALKAN'),(3458,795,'DAŞOGUZ'),(3459,795,'LEBAP'),(3460,795,'MARY'),(3461,796,'TURKS AND CAICOS ISLANDS'),(3462,798,'TUVALU'),(3463,800,'EASTERN REGION'),(3464,800,'NORTHERN REGION'),(3465,800,'CENTRAL REGION'),(3466,800,'WESTERN REGION'),(3467,804,'CHERKASʼKA OBLASTʼ'),(3468,804,'CHERNIHIVSʼKA OBLASTʼ'),(3469,804,'CHERNIVETSʼKA OBLASTʼ'),(3470,804,'DNIPROPETROVSʼKA OBLASTʼ'),(3471,804,'DONETSʼKA OBLASTʼ'),(3472,804,'IVANO-FRANKIVSʼKA OBLASTʼ'),(3473,804,'KHARKIVSʼKA OBLASTʼ'),(3474,804,'KHERSON OBLAST'),(3475,804,'KHMELʼNYTSʼKA OBLASTʼ'),(3476,804,'KIROVOHRADSʼKA OBLASTʼ'),(3477,804,'AVTONOMNA RESPUBLIKA KRYM'),(3478,804,'MISTO KYYIV'),(3479,804,'KIEV OBLAST'),(3480,804,'LUHANSʼKA OBLASTʼ'),(3481,804,'LʼVIVSʼKA OBLASTʼ'),(3482,804,'MYKOLAYIVSʼKA OBLASTʼ'),(3483,804,'ODESSA OBLAST'),(3484,804,'POLTAVA OBLAST'),(3485,804,'RIVNENSʼKA OBLASTʼ'),(3486,804,'MISTO SEVASTOPOL'),(3487,804,'SUMY OBLAST'),(3488,804,'TERNOPILʼSʼKA OBLASTʼ'),(3489,804,'VINNYTSʼKA OBLASTʼ'),(3490,804,'VOLYNSʼKA OBLASTʼ'),(3491,804,'ZAKARPATSʼKA OBLASTʼ'),(3492,804,'ZAPORIZʼKA OBLASTʼ'),(3493,804,'ZHYTOMYRSʼKA OBLASTʼ'),(3494,807,'MACEDONIA, THE FORMER YUGOSLAV REPUBLIC OF'),(3495,807,'ARAČINOVO'),(3496,807,'BAČ'),(3497,807,'BELČIŠTA'),(3498,807,'BEROVO'),(3499,807,'BISTRICA'),(3500,807,'BITOLA'),(3501,807,'BLATEC'),(3502,807,'BOGDANCI'),(3503,807,'OPSTINA BOGOMILA'),(3504,807,'BOGOVINJE'),(3505,807,'BOSILOVO'),(3506,807,'BRVENICA'),(3507,807,'ČAIR'),(3508,807,'CAPARI'),(3509,807,'ČAŠKA'),(3510,807,'ČEGRANA'),(3511,807,'CENTAR'),(3512,807,'CENTAR ŽUPA'),(3513,807,'ČEŠINOVO'),(3514,807,'ČUČER-SANDEVO'),(3515,807,'DEBAR'),(3516,807,'DELČEVO'),(3517,807,'DELOGOŽDI'),(3518,807,'DEMIR HISAR'),(3519,807,'DEMIR KAPIJA'),(3520,807,'DOBRUŠEVO'),(3521,807,'DOLNA BANJICA'),(3522,807,'DOLNENI'),(3523,807,'OPSTINA GJORCE PETROV'),(3524,807,'DRUGOVO'),(3525,807,'DŽEPČIŠTE'),(3526,807,'GAZI BABA'),(3527,807,'GEVGELIJA'),(3528,807,'GOSTIVAR'),(3529,807,'GRADSKO'),(3530,807,'ILINDEN'),(3531,807,'IZVOR'),(3532,807,'JEGUNOVCE'),(3533,807,'KAMENJANE'),(3534,807,'KARBINCI'),(3535,807,'KARPOŠ'),(3536,807,'KAVADARCI'),(3537,807,'KIČEVO'),(3538,807,'KISELA VODA'),(3539,807,'KLEČEVCE'),(3540,807,'KOČANI'),(3541,807,'KONČE'),(3542,807,'KONDOVO'),(3543,807,'KONOPIŠTE'),(3544,807,'KOSEL'),(3545,807,'KRATOVO'),(3546,807,'KRIVA PALANKA'),(3547,807,'KRIVOGAŠTANI'),(3548,807,'KRUŠEVO'),(3549,807,'KUKLIŠ'),(3550,807,'KUKUREČANI'),(3551,807,'KUMANOVO'),(3552,807,'LABUNIŠTA'),(3553,807,'OPSTINA LIPKOVO'),(3554,807,'LOZOVO'),(3555,807,'LUKOVO'),(3556,807,'MAKEDONSKA KAMENICA'),(3557,807,'MAKEDONSKI BROD'),(3558,807,'MAVROVI ANOVI'),(3559,807,'MEŠEIŠTA'),(3560,807,'MIRAVCI'),(3561,807,'MOGILA'),(3562,807,'MURTINO'),(3563,807,'NEGOTINO'),(3564,807,'NEGOTINO-POLOŠKO'),(3565,807,'NOVACI'),(3566,807,'NOVO SELO'),(3567,807,'OBLEŠEVO'),(3568,807,'OHRID'),(3569,807,'ORAŠAC'),(3570,807,'ORIZARI'),(3571,807,'OSLOMEJ'),(3572,807,'PEHČEVO'),(3573,807,'PETROVEC'),(3574,807,'PLASNICA'),(3575,807,'PODAREŠ'),(3576,807,'PRILEP'),(3577,807,'PROBIŠTIP'),(3578,807,'RADOVIŠ'),(3579,807,'OPSTINA RANKOVCE'),(3580,807,'RESEN'),(3581,807,'ROSOMAN'),(3582,807,'OPŠTINA ROSTUŠA'),(3583,807,'SAMOKOV'),(3584,807,'SARAJ'),(3585,807,'ŠIPKOVICA'),(3586,807,'SOPIŠTE'),(3587,807,'SOPOTNICA'),(3588,807,'SRBINOVO'),(3589,807,'STARAVINA'),(3590,807,'STAR DOJRAN'),(3591,807,'STARO NAGORIČANE'),(3592,807,'ŠTIP'),(3593,807,'STRUGA'),(3594,807,'STRUMICA'),(3595,807,'STUDENIČANI'),(3596,807,'ŠUTO ORIZARI'),(3597,807,'SVETI NIKOLE'),(3598,807,'TEARCE'),(3599,807,'TETOVO'),(3600,807,'TOPOLČANI'),(3601,807,'VALANDOVO'),(3602,807,'VASILEVO'),(3603,807,'VELES'),(3604,807,'VELEŠTA'),(3605,807,'VEVČANI'),(3606,807,'VINICA'),(3607,807,'VITOLIŠTE'),(3608,807,'VRANEŠTICA'),(3609,807,'VRAPČIŠTE'),(3610,807,'VRATNICA'),(3611,807,'VRUTOK'),(3612,807,'ZAJAS'),(3613,807,'ZELENIKOVO'),(3614,807,'ŽELINO'),(3615,807,'ŽITOŠE'),(3616,807,'ZLETOVO'),(3617,807,'ZRNOVCI'),(3618,818,'AD DAQAHLĪYAH'),(3619,818,'AL BAḨR AL AḨMAR'),(3620,818,'AL BUḨAYRAH'),(3621,818,'AL FAYYŪM'),(3622,818,'AL GHARBĪYAH'),(3623,818,'ALEXANDRIA'),(3624,818,'AL ISMĀ‘ĪLĪYAH'),(3625,818,'AL JĪZAH'),(3626,818,'AL MINŪFĪYAH'),(3627,818,'AL MINYĀ'),(3628,818,'AL QĀHIRAH'),(3629,818,'AL QALYŪBĪYAH'),(3630,818,'AL WĀDĪ AL JADĪD'),(3631,818,'EASTERN PROVINCE'),(3632,818,'AS SUWAYS'),(3633,818,'ASWĀN'),(3634,818,'ASYŪŢ'),(3635,818,'BANĪ SUWAYF'),(3636,818,'BŪR SA‘ĪD'),(3637,818,'DUMYĀŢ'),(3638,818,'KAFR ASH SHAYKH'),(3639,818,'MAŢRŪḨ'),(3640,818,'QINĀ'),(3641,818,'SŪHĀJ'),(3642,818,'JANŪB SĪNĀʼ'),(3643,818,'SHAMĀL SĪNĀʼ'),(3644,818,'LUXOR'),(3645,818,'HELWAN'),(3646,818,'6TH OF OCTOBER'),(3647,826,'ENGLAND'),(3648,826,'NORTHERN IRELAND'),(3649,826,'SCOTLAND'),(3650,826,'WALES'),(3651,831,'GUERNSEY'),(3652,833,'ISLE OF MAN'),(3653,834,'ARUSHA'),(3654,834,'PWANI'),(3655,834,'DODOMA'),(3656,834,'IRINGA'),(3657,834,'KIGOMA'),(3658,834,'KILIMANJARO'),(3659,834,'LINDI'),(3660,834,'MARA'),(3661,834,'MBEYA'),(3662,834,'MOROGORO'),(3663,834,'MTWARA'),(3664,834,'MWANZA'),(3665,834,'PEMBA NORTH'),(3666,834,'RUVUMA'),(3667,834,'SHINYANGA'),(3668,834,'SINGIDA'),(3669,834,'TABORA'),(3670,834,'TANGA'),(3671,834,'KAGERA'),(3672,834,'PEMBA SOUTH'),(3673,834,'ZANZIBAR CENTRAL/SOUTH'),(3674,834,'ZANZIBAR NORTH'),(3675,834,'DAR ES SALAAM'),(3676,834,'RUKWA'),(3677,834,'ZANZIBAR URBAN/WEST'),(3678,834,'ARUSHA'),(3679,834,'MANYARA'),(3680,840,'ALASKA'),(3681,840,'ALABAMA'),(3682,840,'ARKANSAS'),(3683,840,'ARIZONA'),(3684,840,'CALIFORNIA'),(3685,840,'COLORADO'),(3686,840,'CONNECTICUT'),(3687,840,'DISTRICT OF COLUMBIA'),(3688,840,'DELAWARE'),(3689,840,'FLORIDA'),(3690,840,'GEORGIA'),(3691,840,'HAWAII'),(3692,840,'IOWA'),(3693,840,'IDAHO'),(3694,840,'ILLINOIS'),(3695,840,'INDIANA'),(3696,840,'KANSAS'),(3697,840,'KENTUCKY'),(3698,840,'LOUISIANA'),(3699,840,'MASSACHUSETTS'),(3700,840,'MARYLAND'),(3701,840,'MAINE'),(3702,840,'MICHIGAN'),(3703,840,'MINNESOTA'),(3704,840,'MISSOURI'),(3705,840,'MISSISSIPPI'),(3706,840,'MONTANA'),(3707,840,'NORTH CAROLINA'),(3708,840,'NORTH DAKOTA'),(3709,840,'NEBRASKA'),(3710,840,'NEW HAMPSHIRE'),(3711,840,'NEW JERSEY'),(3712,840,'NEW MEXICO'),(3713,840,'NEVADA'),(3714,840,'NEW YORK'),(3715,840,'OHIO'),(3716,840,'OKLAHOMA'),(3717,840,'OREGON'),(3718,840,'PENNSYLVANIA'),(3719,840,'RHODE ISLAND'),(3720,840,'SOUTH CAROLINA'),(3721,840,'SOUTH DAKOTA'),(3722,840,'TENNESSEE'),(3723,840,'TEXAS'),(3724,840,'UTAH'),(3725,840,'VIRGINIA'),(3726,840,'VERMONT'),(3727,840,'WASHINGTON'),(3728,840,'WISCONSIN'),(3729,840,'WEST VIRGINIA'),(3730,840,'WYOMING'),(3731,850,'VIRGIN ISLANDS'),(3732,854,'BOUCLE DU MOUHOUN'),(3733,854,'CASCADES'),(3734,854,'CENTRE'),(3735,854,'CENTRE-EST'),(3736,854,'CENTRE-NORD'),(3737,854,'CENTRE-OUEST'),(3738,854,'CENTRE-SUD'),(3739,854,'EST'),(3740,854,'HAUTS-BASSINS'),(3741,854,'NORD'),(3742,854,'PLATEAU-CENTRAL'),(3743,854,'SAHEL'),(3744,854,'SUD-OUEST'),(3745,855,'KOMUNA E DEÇANIT'),(3746,855,'KOMUNA E DRAGASHIT'),(3747,855,'KOMUNA E FERIZAJT'),(3748,855,'KOMUNA E FUSHË KOSOVËS'),(3749,855,'KOMUNA E GJAKOVËS'),(3750,855,'KOMUNA E GJILANIT'),(3751,855,'KOMUNA E DRENASIT'),(3752,855,'KOMUNA E ISTOGUT'),(3753,855,'KOMUNA E KAÇANIKUT'),(3754,855,'KOMUNA E KAMENICËS'),(3755,855,'KOMUNA E KLINËS'),(3756,855,'KOMUNA E LEPOSAVIQIT'),(3757,855,'KOMUNA E LIPJANIT'),(3758,855,'KOMUNA E MALISHEVES'),(3759,855,'KOMUNA E MITROVICËS'),(3760,855,'KOMUNA E NOVOBËRDËS'),(3761,855,'KOMUNA E OBILIQIT'),(3762,855,'KOMUNA E PEJËS'),(3763,855,'KOMUNA E PODUJEVËS'),(3764,855,'KOMUNA E PRISHTINËS'),(3765,855,'KOMUNA E PRIZRENIT'),(3766,855,'KOMUNA E RAHOVECIT'),(3767,855,'KOMUNA E SHTËRPCËS'),(3768,855,'KOMUNA E SHTIMES'),(3769,855,'KOMUNA E SKENDERAJT'),(3770,855,'KOMUNA E THËRANDËS'),(3771,855,'KOMUNA E VITISË'),(3772,855,'KOMUNA E VUSHTRRISË'),(3773,855,'KOMUNA E ZUBIN POTOKUT'),(3774,855,'KOMUNA E ZVEÇANIT'),(3775,858,'ARTIGAS DEPARTMENT'),(3776,858,'CANELONES DEPARTMENT'),(3777,858,'CERRO LARGO DEPARTMENT'),(3778,858,'COLONIA DEPARTMENT'),(3779,858,'DURAZNO'),(3780,858,'FLORES'),(3781,858,'FLORIDA DEPARTMENT'),(3782,858,'LAVALLEJA DEPARTMENT'),(3783,858,'MALDONADO DEPARTMENT'),(3784,858,'MONTEVIDEO'),(3785,858,'PAYSANDÚ'),(3786,858,'RÃO NEGRO'),(3787,858,'RIVERA'),(3788,858,'ROCHA'),(3789,858,'SALTO'),(3790,858,'SAN JOSÉ'),(3791,858,'SORIANO DEPARTMENT'),(3792,858,'TACUAREMBÓ'),(3793,858,'TREINTA Y TRES'),(3794,860,'ANDIJON'),(3795,860,'BUXORO'),(3796,860,'FARG ONA'),(3797,860,'XORAZM'),(3798,860,'NAMANGAN'),(3799,860,'NAVOIY'),(3800,860,'QASHQADARYO'),(3801,860,'KARAKALPAKSTAN'),(3802,860,'SAMARQAND'),(3803,860,'SURXONDARYO'),(3804,860,'TOSHKENT SHAHRI'),(3805,860,'TOSHKENT'),(3806,860,'JIZZAX'),(3807,860,'SIRDARYO'),(3808,862,'AMAZONAS'),(3809,862,'ANZOÃTEGUI'),(3810,862,'APURE'),(3811,862,'ARAGUA'),(3812,862,'BARINAS'),(3813,862,'BOLÃVAR'),(3814,862,'CARABOBO'),(3815,862,'COJEDES'),(3816,862,'DELTA AMACURO'),(3817,862,'DISTRITO FEDERAL'),(3818,862,'FALCÓN'),(3819,862,'GUÃRICO'),(3820,862,'LARA'),(3821,862,'MÉRIDA'),(3822,862,'MIRANDA'),(3823,862,'MONAGAS'),(3824,862,'ISLA MARGARITA'),(3825,862,'PORTUGUESA'),(3826,862,'SUCRE'),(3827,862,'TÃCHIRA'),(3828,862,'TRUJILLO'),(3829,862,'YARACUY'),(3830,862,'ZULIA'),(3831,862,'DEPENDENCIAS FEDERALES'),(3832,862,'DISTRITO CAPITAL'),(3833,862,'VARGAS'),(3834,882,'A‘ANA'),(3835,882,'AIGA-I-LE-TAI'),(3836,882,'ATUA'),(3837,882,'FA‘ASALELEAGA'),(3838,882,'GAGA‘EMAUGA'),(3839,882,'VA‘A-O-FONOTI'),(3840,882,'GAGAIFOMAUGA'),(3841,882,'PALAULI'),(3842,882,'SATUPA‘ITEA'),(3843,882,'TUAMASAGA'),(3844,882,'VAISIGANO'),(3845,887,'ABYAN'),(3846,887,'‘ADAN'),(3847,887,'AL MAHRAH'),(3848,887,'ḨAá¸RAMAWT'),(3849,887,'SHABWAH'),(3850,887,'SAN’A’'),(3851,887,'TA’IZZ'),(3852,887,'AL ḨUDAYDAH'),(3853,887,'DHAMAR'),(3854,887,'AL MAḨWĪT'),(3855,887,'DHAMĀR'),(3856,887,'MAʼRIB'),(3857,887,'ŞA‘DAH'),(3858,887,'ŞAN‘Āʼ'),(3859,887,'Aá¸ á¸ĀLI‘'),(3860,887,'OMRAN'),(3861,887,'AL BAYá¸Āʼ'),(3862,887,'AL JAWF'),(3863,887,'ḨAJJAH'),(3864,887,'IBB'),(3865,887,'LAḨIJ'),(3866,887,'TA‘IZZ'),(3867,887,'AMANAT AL ASIMAH'),(3868,887,'MUḨĀFAZ̧AT RAYMAH'),(3869,891,'CRNA GORA (MONTENEGRO)'),(3870,891,'SRBIJA (SERBIA)'),(3871,894,'NORTH-WESTERN'),(3872,894,'COPPERBELT'),(3873,894,'WESTERN'),(3874,894,'SOUTHERN'),(3875,894,'CENTRAL'),(3876,894,'EASTERN'),(3877,894,'NORTHERN'),(3878,894,'LUAPULA'),(3879,894,'LUSAKA');

--
-- Table structure for table `_ref__tax_type`
--

CREATE TABLE `_ref__tax_type` (
  `id` int(11) NOT NULL AUTO_INCREMENT,
  `type` varchar(128) NOT NULL,
  PRIMARY KEY (`id`)
) ENGINE=InnoDB AUTO_INCREMENT=15 DEFAULT CHARSET=latin1;

--
-- Dumping data for table `_ref__tax_type`
--

INSERT INTO `_ref__tax_type` VALUES (1,'E'),(2,'SG'),(3,'OG'),(4,'D'),(5,'C'),(6,'CS'),(7,'TA'),(8,'TC'),(9,'TR'),(10,'PT'),(11,'TN'),(12,'F'),(13,'TP'),(14,'J');

--
-- Table structure for table `_ref__taxable_period`
--

CREATE TABLE `_ref__taxable_period` (
  `id` int(11) NOT NULL AUTO_INCREMENT,
  `period` varchar(255) NOT NULL,
  `description` text NOT NULL,
  PRIMARY KEY (`id`)
) ENGINE=InnoDB AUTO_INCREMENT=5 DEFAULT CHARSET=latin1;

--
-- Dumping data for table `_ref__taxable_period`
--

INSERT INTO `_ref__taxable_period` VALUES (1,'Monthly',''),(2,'Every 3 Months',''),(3,'Every 6 Months',''),(4,'Yearly','');

--
-- Table structure for table `_ref__title`
--

CREATE TABLE `_ref__title` (
  `id` int(11) NOT NULL AUTO_INCREMENT,
  `title` varchar(144) NOT NULL,
  PRIMARY KEY (`id`),
  KEY `id` (`id`)
) ENGINE=InnoDB AUTO_INCREMENT=5 DEFAULT CHARSET=latin1;

--
-- Dumping data for table `_ref__title`
--

INSERT INTO `_ref__title` VALUES (1,'Mr'),(2,'Mrs'),(3,'Dato'),(4,'Ms');

--
-- Table structure for table `action_type_workflow`
--

CREATE TABLE `action_type_workflow` (
  `id` int(11) NOT NULL AUTO_INCREMENT,
  `name` varchar(144) NOT NULL,
  `workflow` text NOT NULL,
  `is_delete` int(1) NOT NULL,
  PRIMARY KEY (`id`)
) ENGINE=InnoDB AUTO_INCREMENT=17 DEFAULT CHARSET=latin1;

--
-- Dumping data for table `action_type_workflow`
--

INSERT INTO `action_type_workflow` VALUES (1,'Hiring Action','[{\"bil\":\"1\",\"action_type\":\"Hiring\",\"joining_group\":\"true\",\"address\":\"true\",\"family_info\":\"true\",\"academic_qualification\":\"true\",\"additional_personal_data\":\"true\",\"previous_employment_detail\":\"true\",\"professional_membership\":\"true\",\"professional_license\":\"true\",\"recognition\":\"true\",\"contract_element\":\"true\",\"basic_pay\":\"true\",\"bank_detail\":\"true\",\"statutory_detail\":\"true\",\"recurring\":\"true\",\"third_party\":\"true\"},{\"bil\":\"2\",\"action_type\":\"Re-entry into company\",\"joining_group\":\"false\",\"address\":\"false\",\"family_info\":\"false\",\"academic_qualification\":\"false\",\"additional_personal_data\":\"false\",\"previous_employment_detail\":\"false\",\"professional_membership\":\"false\",\"professional_license\":\"false\",\"recognition\":\"false\",\"contract_element\":\"false\",\"basic_pay\":\"false\",\"bank_detail\":\"false\",\"statutory_detail\":\"false\",\"recurring\":\"false\",\"third_party\":\"false\"},{\"bil\":\"3\",\"action_type\":\"Promotion\",\"joining_group\":\"false\",\"address\":\"false\",\"family_info\":\"false\",\"academic_qualification\":\"false\",\"additional_personal_data\":\"false\",\"previous_employment_detail\":\"false\",\"professional_membership\":\"false\",\"professional_license\":\"false\",\"recognition\":\"false\",\"contract_element\":\"false\",\"basic_pay\":\"false\",\"bank_detail\":\"false\",\"statutory_detail\":\"false\",\"recurring\":\"false\",\"third_party\":\"false\"},{\"bil\":\"4\",\"action_type\":\"Change of pay\",\"joining_group\":\"false\",\"address\":\"false\",\"family_info\":\"false\",\"academic_qualification\":\"false\",\"additional_personal_data\":\"false\",\"previous_employment_detail\":\"false\",\"professional_membership\":\"false\",\"professional_license\":\"false\",\"recognition\":\"false\",\"contract_element\":\"false\",\"basic_pay\":\"false\",\"bank_detail\":\"false\",\"statutory_detail\":\"false\",\"recurring\":\"false\",\"third_party\":\"false\"},{\"bil\":\"5\",\"action_type\":\"Change of grade\",\"joining_group\":\"false\",\"address\":\"false\",\"family_info\":\"false\",\"academic_qualification\":\"false\",\"additional_personal_data\":\"false\",\"previous_employment_detail\":\"false\",\"professional_membership\":\"false\",\"professional_license\":\"false\",\"recognition\":\"false\",\"contract_element\":\"false\",\"basic_pay\":\"false\",\"bank_detail\":\"false\",\"statutory_detail\":\"false\",\"recurring\":\"false\",\"third_party\":\"false\"},{\"bil\":\"6\",\"action_type\":\"Secondment\",\"joining_group\":\"false\",\"address\":\"false\",\"family_info\":\"false\",\"academic_qualification\":\"false\",\"additional_personal_data\":\"false\",\"previous_employment_detail\":\"false\",\"professional_membership\":\"false\",\"professional_license\":\"false\",\"recognition\":\"false\",\"contract_element\":\"false\",\"basic_pay\":\"false\",\"bank_detail\":\"false\",\"statutory_detail\":\"false\",\"recurring\":\"false\",\"third_party\":\"false\"},{\"bil\":\"7\",\"action_type\":\"Transfer interdepartmental\",\"joining_group\":\"false\",\"address\":\"false\",\"family_info\":\"false\",\"academic_qualification\":\"false\",\"additional_personal_data\":\"false\",\"previous_employment_detail\":\"false\",\"professional_membership\":\"false\",\"professional_license\":\"false\",\"recognition\":\"false\",\"contract_element\":\"false\",\"basic_pay\":\"false\",\"bank_detail\":\"false\",\"statutory_detail\":\"false\",\"recurring\":\"false\",\"third_party\":\"false\"},{\"bil\":\"8\",\"action_type\":\"Transfer intradepartmental\",\"joining_group\":\"false\",\"address\":\"false\",\"family_info\":\"false\",\"academic_qualification\":\"false\",\"additional_personal_data\":\"false\",\"previous_employment_detail\":\"false\",\"professional_membership\":\"false\",\"professional_license\":\"false\",\"recognition\":\"false\",\"contract_element\":\"false\",\"basic_pay\":\"false\",\"bank_detail\":\"false\",\"statutory_detail\":\"false\",\"recurring\":\"false\",\"third_party\":\"false\"},{\"bil\":\"9\",\"action_type\":\"Long term absence\",\"joining_group\":\"false\",\"address\":\"false\",\"family_info\":\"false\",\"academic_qualification\":\"false\",\"additional_personal_data\":\"false\",\"previous_employment_detail\":\"false\",\"professional_membership\":\"false\",\"professional_license\":\"false\",\"recognition\":\"false\",\"contract_element\":\"false\",\"basic_pay\":\"false\",\"bank_detail\":\"false\",\"statutory_detail\":\"false\",\"recurring\":\"false\",\"third_party\":\"false\"},{\"bil\":\"10\",\"action_type\":\"Resume work\",\"joining_group\":\"false\",\"address\":\"false\",\"family_info\":\"false\",\"academic_qualification\":\"false\",\"additional_personal_data\":\"false\",\"previous_employment_detail\":\"false\",\"professional_membership\":\"false\",\"professional_license\":\"false\",\"recognition\":\"false\",\"contract_element\":\"false\",\"basic_pay\":\"false\",\"bank_detail\":\"false\",\"statutory_detail\":\"false\",\"recurring\":\"false\",\"third_party\":\"false\"},{\"bil\":\"11\",\"action_type\":\"Suspension\",\"joining_group\":\"false\",\"address\":\"false\",\"family_info\":\"false\",\"academic_qualification\":\"false\",\"additional_personal_data\":\"false\",\"previous_employment_detail\":\"false\",\"professional_membership\":\"false\",\"professional_license\":\"false\",\"recognition\":\"false\",\"contract_element\":\"false\",\"basic_pay\":\"false\",\"bank_detail\":\"false\",\"statutory_detail\":\"false\",\"recurring\":\"false\",\"third_party\":\"false\"},{\"bil\":\"12\",\"action_type\":\"Renewal contract\",\"joining_group\":\"false\",\"address\":\"false\",\"family_info\":\"false\",\"academic_qualification\":\"false\",\"additional_personal_data\":\"false\",\"previous_employment_detail\":\"false\",\"professional_membership\":\"false\",\"professional_license\":\"false\",\"recognition\":\"false\",\"contract_element\":\"false\",\"basic_pay\":\"false\",\"bank_detail\":\"false\",\"statutory_detail\":\"false\",\"recurring\":\"false\",\"third_party\":\"false\"},{\"bil\":\"13\",\"action_type\":\"Resignation\",\"joining_group\":\"false\",\"address\":\"false\",\"family_info\":\"false\",\"academic_qualification\":\"false\",\"additional_personal_data\":\"false\",\"previous_employment_detail\":\"false\",\"professional_membership\":\"false\",\"professional_license\":\"false\",\"recognition\":\"false\",\"contract_element\":\"false\",\"basic_pay\":\"false\",\"bank_detail\":\"false\",\"statutory_detail\":\"false\",\"recurring\":\"false\",\"third_party\":\"false\"},{\"bil\":\"14\",\"action_type\":\"Termination\",\"joining_group\":\"false\",\"address\":\"false\",\"family_info\":\"false\",\"academic_qualification\":\"false\",\"additional_personal_data\":\"false\",\"previous_employment_detail\":\"false\",\"professional_membership\":\"false\",\"professional_license\":\"false\",\"recognition\":\"false\",\"contract_element\":\"false\",\"basic_pay\":\"false\",\"bank_detail\":\"false\",\"statutory_detail\":\"false\",\"recurring\":\"false\",\"third_party\":\"false\"},{\"bil\":\"15\",\"action_type\":\"Retirement\",\"joining_group\":\"false\",\"address\":\"false\",\"family_info\":\"false\",\"academic_qualification\":\"false\",\"additional_personal_data\":\"false\",\"previous_employment_detail\":\"false\",\"professional_membership\":\"false\",\"professional_license\":\"false\",\"recognition\":\"false\",\"contract_element\":\"false\",\"basic_pay\":\"false\",\"bank_detail\":\"false\",\"statutory_detail\":\"false\",\"recurring\":\"false\",\"third_party\":\"false\"}]',0),(2,'Promotion Action','[{\"bil\":\"1\",\"action_type\":\"Hiring\",\"joining_group\":\"false\",\"address\":\"false\",\"family_info\":\"false\",\"academic_qualification\":\"false\",\"additional_personal_data\":\"false\",\"previous_employment_detail\":\"false\",\"professional_membership\":\"false\",\"professional_license\":\"false\",\"recognition\":\"false\",\"contract_element\":\"false\",\"basic_pay\":\"false\",\"bank_detail\":\"false\",\"statutory_detail\":\"false\",\"recurring\":\"false\",\"third_party\":\"false\"},{\"bil\":\"2\",\"action_type\":\"Re-entry into company\",\"joining_group\":\"false\",\"address\":\"false\",\"family_info\":\"false\",\"academic_qualification\":\"false\",\"additional_personal_data\":\"false\",\"previous_employment_detail\":\"false\",\"professional_membership\":\"false\",\"professional_license\":\"false\",\"recognition\":\"false\",\"contract_element\":\"false\",\"basic_pay\":\"false\",\"bank_detail\":\"false\",\"statutory_detail\":\"false\",\"recurring\":\"false\",\"third_party\":\"false\"},{\"bil\":\"3\",\"action_type\":\"Promotion\",\"joining_group\":\"true\",\"address\":\"false\",\"family_info\":\"false\",\"academic_qualification\":\"false\",\"additional_personal_data\":\"false\",\"previous_employment_detail\":\"true\",\"professional_membership\":\"false\",\"professional_license\":\"false\",\"recognition\":\"false\",\"contract_element\":\"false\",\"basic_pay\":\"true\",\"bank_detail\":\"false\",\"statutory_detail\":\"true\",\"recurring\":\"true\",\"third_party\":\"true\"},{\"bil\":\"4\",\"action_type\":\"Change of pay\",\"joining_group\":\"false\",\"address\":\"false\",\"family_info\":\"false\",\"academic_qualification\":\"false\",\"additional_personal_data\":\"false\",\"previous_employment_detail\":\"false\",\"professional_membership\":\"false\",\"professional_license\":\"false\",\"recognition\":\"false\",\"contract_element\":\"false\",\"basic_pay\":\"false\",\"bank_detail\":\"false\",\"statutory_detail\":\"false\",\"recurring\":\"false\",\"third_party\":\"false\"},{\"bil\":\"5\",\"action_type\":\"Change of grade\",\"joining_group\":\"false\",\"address\":\"false\",\"family_info\":\"false\",\"academic_qualification\":\"false\",\"additional_personal_data\":\"false\",\"previous_employment_detail\":\"false\",\"professional_membership\":\"false\",\"professional_license\":\"false\",\"recognition\":\"false\",\"contract_element\":\"false\",\"basic_pay\":\"false\",\"bank_detail\":\"false\",\"statutory_detail\":\"false\",\"recurring\":\"false\",\"third_party\":\"false\"},{\"bil\":\"6\",\"action_type\":\"Secondment\",\"joining_group\":\"false\",\"address\":\"false\",\"family_info\":\"false\",\"academic_qualification\":\"false\",\"additional_personal_data\":\"false\",\"previous_employment_detail\":\"false\",\"professional_membership\":\"false\",\"professional_license\":\"false\",\"recognition\":\"false\",\"contract_element\":\"false\",\"basic_pay\":\"false\",\"bank_detail\":\"false\",\"statutory_detail\":\"false\",\"recurring\":\"false\",\"third_party\":\"false\"},{\"bil\":\"7\",\"action_type\":\"Transfer interdepartmental\",\"joining_group\":\"false\",\"address\":\"false\",\"family_info\":\"false\",\"academic_qualification\":\"false\",\"additional_personal_data\":\"false\",\"previous_employment_detail\":\"false\",\"professional_membership\":\"false\",\"professional_license\":\"false\",\"recognition\":\"false\",\"contract_element\":\"false\",\"basic_pay\":\"false\",\"bank_detail\":\"false\",\"statutory_detail\":\"false\",\"recurring\":\"false\",\"third_party\":\"false\"},{\"bil\":\"8\",\"action_type\":\"Transfer intradepartmental\",\"joining_group\":\"false\",\"address\":\"false\",\"family_info\":\"false\",\"academic_qualification\":\"false\",\"additional_personal_data\":\"false\",\"previous_employment_detail\":\"false\",\"professional_membership\":\"false\",\"professional_license\":\"false\",\"recognition\":\"false\",\"contract_element\":\"false\",\"basic_pay\":\"false\",\"bank_detail\":\"false\",\"statutory_detail\":\"false\",\"recurring\":\"false\",\"third_party\":\"false\"},{\"bil\":\"9\",\"action_type\":\"Long term absence\",\"joining_group\":\"false\",\"address\":\"false\",\"family_info\":\"false\",\"academic_qualification\":\"false\",\"additional_personal_data\":\"false\",\"previous_employment_detail\":\"false\",\"professional_membership\":\"false\",\"professional_license\":\"false\",\"recognition\":\"false\",\"contract_element\":\"false\",\"basic_pay\":\"false\",\"bank_detail\":\"false\",\"statutory_detail\":\"false\",\"recurring\":\"false\",\"third_party\":\"false\"},{\"bil\":\"10\",\"action_type\":\"Resume work\",\"joining_group\":\"false\",\"address\":\"false\",\"family_info\":\"false\",\"academic_qualification\":\"false\",\"additional_personal_data\":\"false\",\"previous_employment_detail\":\"false\",\"professional_membership\":\"false\",\"professional_license\":\"false\",\"recognition\":\"false\",\"contract_element\":\"false\",\"basic_pay\":\"false\",\"bank_detail\":\"false\",\"statutory_detail\":\"false\",\"recurring\":\"false\",\"third_party\":\"false\"},{\"bil\":\"11\",\"action_type\":\"Suspension\",\"joining_group\":\"false\",\"address\":\"false\",\"family_info\":\"false\",\"academic_qualification\":\"false\",\"additional_personal_data\":\"false\",\"previous_employment_detail\":\"false\",\"professional_membership\":\"false\",\"professional_license\":\"false\",\"recognition\":\"false\",\"contract_element\":\"false\",\"basic_pay\":\"false\",\"bank_detail\":\"false\",\"statutory_detail\":\"false\",\"recurring\":\"false\",\"third_party\":\"false\"},{\"bil\":\"12\",\"action_type\":\"Renewal contract\",\"joining_group\":\"false\",\"address\":\"false\",\"family_info\":\"false\",\"academic_qualification\":\"false\",\"additional_personal_data\":\"false\",\"previous_employment_detail\":\"false\",\"professional_membership\":\"false\",\"professional_license\":\"false\",\"recognition\":\"false\",\"contract_element\":\"false\",\"basic_pay\":\"false\",\"bank_detail\":\"false\",\"statutory_detail\":\"false\",\"recurring\":\"false\",\"third_party\":\"false\"},{\"bil\":\"13\",\"action_type\":\"Resignation\",\"joining_group\":\"false\",\"address\":\"false\",\"family_info\":\"false\",\"academic_qualification\":\"false\",\"additional_personal_data\":\"false\",\"previous_employment_detail\":\"false\",\"professional_membership\":\"false\",\"professional_license\":\"false\",\"recognition\":\"false\",\"contract_element\":\"false\",\"basic_pay\":\"false\",\"bank_detail\":\"false\",\"statutory_detail\":\"false\",\"recurring\":\"false\",\"third_party\":\"false\"},{\"bil\":\"14\",\"action_type\":\"Termination\",\"joining_group\":\"false\",\"address\":\"false\",\"family_info\":\"false\",\"academic_qualification\":\"false\",\"additional_personal_data\":\"false\",\"previous_employment_detail\":\"false\",\"professional_membership\":\"false\",\"professional_license\":\"false\",\"recognition\":\"false\",\"contract_element\":\"false\",\"basic_pay\":\"false\",\"bank_detail\":\"false\",\"statutory_detail\":\"false\",\"recurring\":\"false\",\"third_party\":\"false\"},{\"bil\":\"15\",\"action_type\":\"Retirement\",\"joining_group\":\"false\",\"address\":\"false\",\"family_info\":\"false\",\"academic_qualification\":\"false\",\"additional_personal_data\":\"false\",\"previous_employment_detail\":\"false\",\"professional_membership\":\"false\",\"professional_license\":\"false\",\"recognition\":\"false\",\"contract_element\":\"false\",\"basic_pay\":\"false\",\"bank_detail\":\"false\",\"statutory_detail\":\"false\",\"recurring\":\"false\",\"third_party\":\"false\"}]',0),(3,'Re-entry into company action','[{\"bil\":\"1\",\"action_type\":\"Hiring\",\"joining_group\":\"false\",\"address\":\"false\",\"family_info\":\"false\",\"academic_qualification\":\"false\",\"additional_personal_data\":\"false\",\"previous_employment_detail\":\"false\",\"professional_membership\":\"false\",\"professional_license\":\"false\",\"recognition\":\"false\",\"contract_element\":\"false\",\"basic_pay\":\"false\",\"bank_detail\":\"false\",\"statutory_detail\":\"false\",\"recurring\":\"false\",\"third_party\":\"false\"},{\"bil\":\"2\",\"action_type\":\"Re-entry into company\",\"joining_group\":\"true\",\"address\":\"true\",\"family_info\":\"true\",\"academic_qualification\":\"true\",\"additional_personal_data\":\"true\",\"previous_employment_detail\":\"true\",\"professional_membership\":\"true\",\"professional_license\":\"true\",\"recognition\":\"true\",\"contract_element\":\"true\",\"basic_pay\":\"true\",\"bank_detail\":\"true\",\"statutory_detail\":\"true\",\"recurring\":\"true\",\"third_party\":\"true\"},{\"bil\":\"3\",\"action_type\":\"Promotion\",\"joining_group\":\"false\",\"address\":\"false\",\"family_info\":\"false\",\"academic_qualification\":\"false\",\"additional_personal_data\":\"false\",\"previous_employment_detail\":\"false\",\"professional_membership\":\"false\",\"professional_license\":\"false\",\"recognition\":\"false\",\"contract_element\":\"false\",\"basic_pay\":\"false\",\"bank_detail\":\"false\",\"statutory_detail\":\"false\",\"recurring\":\"false\",\"third_party\":\"false\"},{\"bil\":\"4\",\"action_type\":\"Change of pay\",\"joining_group\":\"false\",\"address\":\"false\",\"family_info\":\"false\",\"academic_qualification\":\"false\",\"additional_personal_data\":\"false\",\"previous_employment_detail\":\"false\",\"professional_membership\":\"false\",\"professional_license\":\"false\",\"recognition\":\"false\",\"contract_element\":\"false\",\"basic_pay\":\"false\",\"bank_detail\":\"false\",\"statutory_detail\":\"false\",\"recurring\":\"false\",\"third_party\":\"false\"},{\"bil\":\"5\",\"action_type\":\"Change of grade\",\"joining_group\":\"false\",\"address\":\"false\",\"family_info\":\"false\",\"academic_qualification\":\"false\",\"additional_personal_data\":\"false\",\"previous_employment_detail\":\"false\",\"professional_membership\":\"false\",\"professional_license\":\"false\",\"recognition\":\"false\",\"contract_element\":\"false\",\"basic_pay\":\"false\",\"bank_detail\":\"false\",\"statutory_detail\":\"false\",\"recurring\":\"false\",\"third_party\":\"false\"},{\"bil\":\"6\",\"action_type\":\"Secondment\",\"joining_group\":\"false\",\"address\":\"false\",\"family_info\":\"false\",\"academic_qualification\":\"false\",\"additional_personal_data\":\"false\",\"previous_employment_detail\":\"false\",\"professional_membership\":\"false\",\"professional_license\":\"false\",\"recognition\":\"false\",\"contract_element\":\"false\",\"basic_pay\":\"false\",\"bank_detail\":\"false\",\"statutory_detail\":\"false\",\"recurring\":\"false\",\"third_party\":\"false\"},{\"bil\":\"7\",\"action_type\":\"Transfer interdepartmental\",\"joining_group\":\"false\",\"address\":\"false\",\"family_info\":\"false\",\"academic_qualification\":\"false\",\"additional_personal_data\":\"false\",\"previous_employment_detail\":\"false\",\"professional_membership\":\"false\",\"professional_license\":\"false\",\"recognition\":\"false\",\"contract_element\":\"false\",\"basic_pay\":\"false\",\"bank_detail\":\"false\",\"statutory_detail\":\"false\",\"recurring\":\"false\",\"third_party\":\"false\"},{\"bil\":\"8\",\"action_type\":\"Transfer intradepartmental\",\"joining_group\":\"false\",\"address\":\"false\",\"family_info\":\"false\",\"academic_qualification\":\"false\",\"additional_personal_data\":\"false\",\"previous_employment_detail\":\"false\",\"professional_membership\":\"false\",\"professional_license\":\"false\",\"recognition\":\"false\",\"contract_element\":\"false\",\"basic_pay\":\"false\",\"bank_detail\":\"false\",\"statutory_detail\":\"false\",\"recurring\":\"false\",\"third_party\":\"false\"},{\"bil\":\"9\",\"action_type\":\"Long term absence\",\"joining_group\":\"false\",\"address\":\"false\",\"family_info\":\"false\",\"academic_qualification\":\"false\",\"additional_personal_data\":\"false\",\"previous_employment_detail\":\"false\",\"professional_membership\":\"false\",\"professional_license\":\"false\",\"recognition\":\"false\",\"contract_element\":\"false\",\"basic_pay\":\"false\",\"bank_detail\":\"false\",\"statutory_detail\":\"false\",\"recurring\":\"false\",\"third_party\":\"false\"},{\"bil\":\"10\",\"action_type\":\"Resume work\",\"joining_group\":\"false\",\"address\":\"false\",\"family_info\":\"false\",\"academic_qualification\":\"false\",\"additional_personal_data\":\"false\",\"previous_employment_detail\":\"false\",\"professional_membership\":\"false\",\"professional_license\":\"false\",\"recognition\":\"false\",\"contract_element\":\"false\",\"basic_pay\":\"false\",\"bank_detail\":\"false\",\"statutory_detail\":\"false\",\"recurring\":\"false\",\"third_party\":\"false\"},{\"bil\":\"11\",\"action_type\":\"Suspension\",\"joining_group\":\"false\",\"address\":\"false\",\"family_info\":\"false\",\"academic_qualification\":\"false\",\"additional_personal_data\":\"false\",\"previous_employment_detail\":\"false\",\"professional_membership\":\"false\",\"professional_license\":\"false\",\"recognition\":\"false\",\"contract_element\":\"false\",\"basic_pay\":\"false\",\"bank_detail\":\"false\",\"statutory_detail\":\"false\",\"recurring\":\"false\",\"third_party\":\"false\"},{\"bil\":\"12\",\"action_type\":\"Renewal contract\",\"joining_group\":\"false\",\"address\":\"false\",\"family_info\":\"false\",\"academic_qualification\":\"false\",\"additional_personal_data\":\"false\",\"previous_employment_detail\":\"false\",\"professional_membership\":\"false\",\"professional_license\":\"false\",\"recognition\":\"false\",\"contract_element\":\"false\",\"basic_pay\":\"false\",\"bank_detail\":\"false\",\"statutory_detail\":\"false\",\"recurring\":\"false\",\"third_party\":\"false\"},{\"bil\":\"13\",\"action_type\":\"Resignation\",\"joining_group\":\"false\",\"address\":\"false\",\"family_info\":\"false\",\"academic_qualification\":\"false\",\"additional_personal_data\":\"false\",\"previous_employment_detail\":\"false\",\"professional_membership\":\"false\",\"professional_license\":\"false\",\"recognition\":\"false\",\"contract_element\":\"false\",\"basic_pay\":\"false\",\"bank_detail\":\"false\",\"statutory_detail\":\"false\",\"recurring\":\"false\",\"third_party\":\"false\"},{\"bil\":\"14\",\"action_type\":\"Termination\",\"joining_group\":\"false\",\"address\":\"false\",\"family_info\":\"false\",\"academic_qualification\":\"false\",\"additional_personal_data\":\"false\",\"previous_employment_detail\":\"false\",\"professional_membership\":\"false\",\"professional_license\":\"false\",\"recognition\":\"false\",\"contract_element\":\"false\",\"basic_pay\":\"false\",\"bank_detail\":\"false\",\"statutory_detail\":\"false\",\"recurring\":\"false\",\"third_party\":\"false\"},{\"bil\":\"15\",\"action_type\":\"Retirement\",\"joining_group\":\"false\",\"address\":\"false\",\"family_info\":\"false\",\"academic_qualification\":\"false\",\"additional_personal_data\":\"false\",\"previous_employment_detail\":\"false\",\"professional_membership\":\"false\",\"professional_license\":\"false\",\"recognition\":\"false\",\"contract_element\":\"false\",\"basic_pay\":\"false\",\"bank_detail\":\"false\",\"statutory_detail\":\"false\",\"recurring\":\"false\",\"third_party\":\"false\"}]',0),(4,'Change of Pay','[{\"bil\":\"1\",\"action_type\":\"Hiring\",\"joining_group\":\"false\",\"address\":\"false\",\"family_info\":\"false\",\"academic_qualification\":\"false\",\"additional_personal_data\":\"false\",\"previous_employment_detail\":\"false\",\"professional_membership\":\"false\",\"professional_license\":\"false\",\"recognition\":\"false\",\"contract_element\":\"false\",\"basic_pay\":\"false\",\"bank_detail\":\"false\",\"statutory_detail\":\"false\",\"recurring\":\"false\",\"third_party\":\"false\"},{\"bil\":\"2\",\"action_type\":\"Re-entry into company\",\"joining_group\":\"false\",\"address\":\"false\",\"family_info\":\"false\",\"academic_qualification\":\"false\",\"additional_personal_data\":\"false\",\"previous_employment_detail\":\"false\",\"professional_membership\":\"false\",\"professional_license\":\"false\",\"recognition\":\"false\",\"contract_element\":\"false\",\"basic_pay\":\"false\",\"bank_detail\":\"false\",\"statutory_detail\":\"false\",\"recurring\":\"false\",\"third_party\":\"false\"},{\"bil\":\"3\",\"action_type\":\"Promotion\",\"joining_group\":\"false\",\"address\":\"false\",\"family_info\":\"false\",\"academic_qualification\":\"false\",\"additional_personal_data\":\"false\",\"previous_employment_detail\":\"false\",\"professional_membership\":\"false\",\"professional_license\":\"false\",\"recognition\":\"false\",\"contract_element\":\"false\",\"basic_pay\":\"false\",\"bank_detail\":\"false\",\"statutory_detail\":\"false\",\"recurring\":\"false\",\"third_party\":\"false\"},{\"bil\":\"4\",\"action_type\":\"Change of pay\",\"joining_group\":\"true\",\"address\":\"false\",\"family_info\":\"false\",\"academic_qualification\":\"false\",\"additional_personal_data\":\"false\",\"previous_employment_detail\":\"false\",\"professional_membership\":\"false\",\"professional_license\":\"false\",\"recognition\":\"false\",\"contract_element\":\"false\",\"basic_pay\":\"true\",\"bank_detail\":\"false\",\"statutory_detail\":\"true\",\"recurring\":\"true\",\"third_party\":\"true\"},{\"bil\":\"5\",\"action_type\":\"Change of grade\",\"joining_group\":\"false\",\"address\":\"false\",\"family_info\":\"false\",\"academic_qualification\":\"false\",\"additional_personal_data\":\"false\",\"previous_employment_detail\":\"false\",\"professional_membership\":\"false\",\"professional_license\":\"false\",\"recognition\":\"false\",\"contract_element\":\"false\",\"basic_pay\":\"false\",\"bank_detail\":\"false\",\"statutory_detail\":\"false\",\"recurring\":\"false\",\"third_party\":\"false\"},{\"bil\":\"6\",\"action_type\":\"Secondment\",\"joining_group\":\"false\",\"address\":\"false\",\"family_info\":\"false\",\"academic_qualification\":\"false\",\"additional_personal_data\":\"false\",\"previous_employment_detail\":\"false\",\"professional_membership\":\"false\",\"professional_license\":\"false\",\"recognition\":\"false\",\"contract_element\":\"false\",\"basic_pay\":\"false\",\"bank_detail\":\"false\",\"statutory_detail\":\"false\",\"recurring\":\"false\",\"third_party\":\"false\"},{\"bil\":\"7\",\"action_type\":\"Transfer interdepartmental\",\"joining_group\":\"false\",\"address\":\"false\",\"family_info\":\"false\",\"academic_qualification\":\"false\",\"additional_personal_data\":\"false\",\"previous_employment_detail\":\"false\",\"professional_membership\":\"false\",\"professional_license\":\"false\",\"recognition\":\"false\",\"contract_element\":\"false\",\"basic_pay\":\"false\",\"bank_detail\":\"false\",\"statutory_detail\":\"false\",\"recurring\":\"false\",\"third_party\":\"false\"},{\"bil\":\"8\",\"action_type\":\"Transfer intradepartmental\",\"joining_group\":\"false\",\"address\":\"false\",\"family_info\":\"false\",\"academic_qualification\":\"false\",\"additional_personal_data\":\"false\",\"previous_employment_detail\":\"false\",\"professional_membership\":\"false\",\"professional_license\":\"false\",\"recognition\":\"false\",\"contract_element\":\"false\",\"basic_pay\":\"false\",\"bank_detail\":\"false\",\"statutory_detail\":\"false\",\"recurring\":\"false\",\"third_party\":\"false\"},{\"bil\":\"9\",\"action_type\":\"Long term absence\",\"joining_group\":\"false\",\"address\":\"false\",\"family_info\":\"false\",\"academic_qualification\":\"false\",\"additional_personal_data\":\"false\",\"previous_employment_detail\":\"false\",\"professional_membership\":\"false\",\"professional_license\":\"false\",\"recognition\":\"false\",\"contract_element\":\"false\",\"basic_pay\":\"false\",\"bank_detail\":\"false\",\"statutory_detail\":\"false\",\"recurring\":\"false\",\"third_party\":\"false\"},{\"bil\":\"10\",\"action_type\":\"Resume work\",\"joining_group\":\"false\",\"address\":\"false\",\"family_info\":\"false\",\"academic_qualification\":\"false\",\"additional_personal_data\":\"false\",\"previous_employment_detail\":\"false\",\"professional_membership\":\"false\",\"professional_license\":\"false\",\"recognition\":\"false\",\"contract_element\":\"false\",\"basic_pay\":\"false\",\"bank_detail\":\"false\",\"statutory_detail\":\"false\",\"recurring\":\"false\",\"third_party\":\"false\"},{\"bil\":\"11\",\"action_type\":\"Suspension\",\"joining_group\":\"false\",\"address\":\"false\",\"family_info\":\"false\",\"academic_qualification\":\"false\",\"additional_personal_data\":\"false\",\"previous_employment_detail\":\"false\",\"professional_membership\":\"false\",\"professional_license\":\"false\",\"recognition\":\"false\",\"contract_element\":\"false\",\"basic_pay\":\"false\",\"bank_detail\":\"false\",\"statutory_detail\":\"false\",\"recurring\":\"false\",\"third_party\":\"false\"},{\"bil\":\"12\",\"action_type\":\"Renewal contract\",\"joining_group\":\"false\",\"address\":\"false\",\"family_info\":\"false\",\"academic_qualification\":\"false\",\"additional_personal_data\":\"false\",\"previous_employment_detail\":\"false\",\"professional_membership\":\"false\",\"professional_license\":\"false\",\"recognition\":\"false\",\"contract_element\":\"false\",\"basic_pay\":\"false\",\"bank_detail\":\"false\",\"statutory_detail\":\"false\",\"recurring\":\"false\",\"third_party\":\"false\"},{\"bil\":\"13\",\"action_type\":\"Resignation\",\"joining_group\":\"false\",\"address\":\"false\",\"family_info\":\"false\",\"academic_qualification\":\"false\",\"additional_personal_data\":\"false\",\"previous_employment_detail\":\"false\",\"professional_membership\":\"false\",\"professional_license\":\"false\",\"recognition\":\"false\",\"contract_element\":\"false\",\"basic_pay\":\"false\",\"bank_detail\":\"false\",\"statutory_detail\":\"false\",\"recurring\":\"false\",\"third_party\":\"false\"},{\"bil\":\"14\",\"action_type\":\"Termination\",\"joining_group\":\"false\",\"address\":\"false\",\"family_info\":\"false\",\"academic_qualification\":\"false\",\"additional_personal_data\":\"false\",\"previous_employment_detail\":\"false\",\"professional_membership\":\"false\",\"professional_license\":\"false\",\"recognition\":\"false\",\"contract_element\":\"false\",\"basic_pay\":\"false\",\"bank_detail\":\"false\",\"statutory_detail\":\"false\",\"recurring\":\"false\",\"third_party\":\"false\"},{\"bil\":\"15\",\"action_type\":\"Retirement\",\"joining_group\":\"false\",\"address\":\"false\",\"family_info\":\"false\",\"academic_qualification\":\"false\",\"additional_personal_data\":\"false\",\"previous_employment_detail\":\"false\",\"professional_membership\":\"false\",\"professional_license\":\"false\",\"recognition\":\"false\",\"contract_element\":\"false\",\"basic_pay\":\"false\",\"bank_detail\":\"false\",\"statutory_detail\":\"false\",\"recurring\":\"false\",\"third_party\":\"false\"}]',0),(5,'Change of Grade','[{\"bil\":\"1\",\"action_type\":\"Hiring\",\"joining_group\":\"false\",\"address\":\"false\",\"family_info\":\"false\",\"academic_qualification\":\"false\",\"additional_personal_data\":\"false\",\"previous_employment_detail\":\"false\",\"professional_membership\":\"false\",\"professional_license\":\"false\",\"recognition\":\"false\",\"contract_element\":\"false\",\"basic_pay\":\"false\",\"bank_detail\":\"false\",\"statutory_detail\":\"false\",\"recurring\":\"false\",\"third_party\":\"false\"},{\"bil\":\"2\",\"action_type\":\"Re-entry into company\",\"joining_group\":\"false\",\"address\":\"false\",\"family_info\":\"false\",\"academic_qualification\":\"false\",\"additional_personal_data\":\"false\",\"previous_employment_detail\":\"false\",\"professional_membership\":\"false\",\"professional_license\":\"false\",\"recognition\":\"false\",\"contract_element\":\"false\",\"basic_pay\":\"false\",\"bank_detail\":\"false\",\"statutory_detail\":\"false\",\"recurring\":\"false\",\"third_party\":\"false\"},{\"bil\":\"3\",\"action_type\":\"Promotion\",\"joining_group\":\"false\",\"address\":\"false\",\"family_info\":\"false\",\"academic_qualification\":\"false\",\"additional_personal_data\":\"false\",\"previous_employment_detail\":\"false\",\"professional_membership\":\"false\",\"professional_license\":\"false\",\"recognition\":\"false\",\"contract_element\":\"false\",\"basic_pay\":\"false\",\"bank_detail\":\"false\",\"statutory_detail\":\"false\",\"recurring\":\"false\",\"third_party\":\"false\"},{\"bil\":\"4\",\"action_type\":\"Change of pay\",\"joining_group\":\"false\",\"address\":\"false\",\"family_info\":\"false\",\"academic_qualification\":\"false\",\"additional_personal_data\":\"false\",\"previous_employment_detail\":\"false\",\"professional_membership\":\"false\",\"professional_license\":\"false\",\"recognition\":\"false\",\"contract_element\":\"false\",\"basic_pay\":\"false\",\"bank_detail\":\"false\",\"statutory_detail\":\"false\",\"recurring\":\"false\",\"third_party\":\"false\"},{\"bil\":\"5\",\"action_type\":\"Change of grade\",\"joining_group\":\"true\",\"address\":\"false\",\"family_info\":\"false\",\"academic_qualification\":\"false\",\"additional_personal_data\":\"false\",\"previous_employment_detail\":\"false\",\"professional_membership\":\"false\",\"professional_license\":\"false\",\"recognition\":\"false\",\"contract_element\":\"false\",\"basic_pay\":\"true\",\"bank_detail\":\"false\",\"statutory_detail\":\"false\",\"recurring\":\"false\",\"third_party\":\"false\"},{\"bil\":\"6\",\"action_type\":\"Secondment\",\"joining_group\":\"false\",\"address\":\"false\",\"family_info\":\"false\",\"academic_qualification\":\"false\",\"additional_personal_data\":\"false\",\"previous_employment_detail\":\"false\",\"professional_membership\":\"false\",\"professional_license\":\"false\",\"recognition\":\"false\",\"contract_element\":\"false\",\"basic_pay\":\"false\",\"bank_detail\":\"false\",\"statutory_detail\":\"false\",\"recurring\":\"false\",\"third_party\":\"false\"},{\"bil\":\"7\",\"action_type\":\"Transfer interdepartmental\",\"joining_group\":\"false\",\"address\":\"false\",\"family_info\":\"false\",\"academic_qualification\":\"false\",\"additional_personal_data\":\"false\",\"previous_employment_detail\":\"false\",\"professional_membership\":\"false\",\"professional_license\":\"false\",\"recognition\":\"false\",\"contract_element\":\"false\",\"basic_pay\":\"false\",\"bank_detail\":\"false\",\"statutory_detail\":\"false\",\"recurring\":\"false\",\"third_party\":\"false\"},{\"bil\":\"8\",\"action_type\":\"Transfer intradepartmental\",\"joining_group\":\"false\",\"address\":\"false\",\"family_info\":\"false\",\"academic_qualification\":\"false\",\"additional_personal_data\":\"false\",\"previous_employment_detail\":\"false\",\"professional_membership\":\"false\",\"professional_license\":\"false\",\"recognition\":\"false\",\"contract_element\":\"false\",\"basic_pay\":\"false\",\"bank_detail\":\"false\",\"statutory_detail\":\"false\",\"recurring\":\"false\",\"third_party\":\"false\"},{\"bil\":\"9\",\"action_type\":\"Long term absence\",\"joining_group\":\"false\",\"address\":\"false\",\"family_info\":\"false\",\"academic_qualification\":\"false\",\"additional_personal_data\":\"false\",\"previous_employment_detail\":\"false\",\"professional_membership\":\"false\",\"professional_license\":\"false\",\"recognition\":\"false\",\"contract_element\":\"false\",\"basic_pay\":\"false\",\"bank_detail\":\"false\",\"statutory_detail\":\"false\",\"recurring\":\"false\",\"third_party\":\"false\"},{\"bil\":\"10\",\"action_type\":\"Resume work\",\"joining_group\":\"false\",\"address\":\"false\",\"family_info\":\"false\",\"academic_qualification\":\"false\",\"additional_personal_data\":\"false\",\"previous_employment_detail\":\"false\",\"professional_membership\":\"false\",\"professional_license\":\"false\",\"recognition\":\"false\",\"contract_element\":\"false\",\"basic_pay\":\"false\",\"bank_detail\":\"false\",\"statutory_detail\":\"false\",\"recurring\":\"false\",\"third_party\":\"false\"},{\"bil\":\"11\",\"action_type\":\"Suspension\",\"joining_group\":\"false\",\"address\":\"false\",\"family_info\":\"false\",\"academic_qualification\":\"false\",\"additional_personal_data\":\"false\",\"previous_employment_detail\":\"false\",\"professional_membership\":\"false\",\"professional_license\":\"false\",\"recognition\":\"false\",\"contract_element\":\"false\",\"basic_pay\":\"false\",\"bank_detail\":\"false\",\"statutory_detail\":\"false\",\"recurring\":\"false\",\"third_party\":\"false\"},{\"bil\":\"12\",\"action_type\":\"Renewal contract\",\"joining_group\":\"false\",\"address\":\"false\",\"family_info\":\"false\",\"academic_qualification\":\"false\",\"additional_personal_data\":\"false\",\"previous_employment_detail\":\"false\",\"professional_membership\":\"false\",\"professional_license\":\"false\",\"recognition\":\"false\",\"contract_element\":\"false\",\"basic_pay\":\"false\",\"bank_detail\":\"false\",\"statutory_detail\":\"false\",\"recurring\":\"false\",\"third_party\":\"false\"},{\"bil\":\"13\",\"action_type\":\"Resignation\",\"joining_group\":\"false\",\"address\":\"false\",\"family_info\":\"false\",\"academic_qualification\":\"false\",\"additional_personal_data\":\"false\",\"previous_employment_detail\":\"false\",\"professional_membership\":\"false\",\"professional_license\":\"false\",\"recognition\":\"false\",\"contract_element\":\"false\",\"basic_pay\":\"false\",\"bank_detail\":\"false\",\"statutory_detail\":\"false\",\"recurring\":\"false\",\"third_party\":\"false\"},{\"bil\":\"14\",\"action_type\":\"Termination\",\"joining_group\":\"false\",\"address\":\"false\",\"family_info\":\"false\",\"academic_qualification\":\"false\",\"additional_personal_data\":\"false\",\"previous_employment_detail\":\"false\",\"professional_membership\":\"false\",\"professional_license\":\"false\",\"recognition\":\"false\",\"contract_element\":\"false\",\"basic_pay\":\"false\",\"bank_detail\":\"false\",\"statutory_detail\":\"false\",\"recurring\":\"false\",\"third_party\":\"false\"},{\"bil\":\"15\",\"action_type\":\"Retirement\",\"joining_group\":\"false\",\"address\":\"false\",\"family_info\":\"false\",\"academic_qualification\":\"false\",\"additional_personal_data\":\"false\",\"previous_employment_detail\":\"false\",\"professional_membership\":\"false\",\"professional_license\":\"false\",\"recognition\":\"false\",\"contract_element\":\"false\",\"basic_pay\":\"false\",\"bank_detail\":\"false\",\"statutory_detail\":\"false\",\"recurring\":\"false\",\"third_party\":\"false\"}]',0),(6,'Secondment','[{\"bil\":\"1\",\"action_type\":\"Hiring\",\"joining_group\":\"false\",\"address\":\"false\",\"family_info\":\"false\",\"academic_qualification\":\"false\",\"additional_personal_data\":\"false\",\"previous_employment_detail\":\"false\",\"professional_membership\":\"false\",\"professional_license\":\"false\",\"recognition\":\"false\",\"contract_element\":\"false\",\"basic_pay\":\"false\",\"bank_detail\":\"false\",\"statutory_detail\":\"false\",\"recurring\":\"false\",\"third_party\":\"false\"},{\"bil\":\"2\",\"action_type\":\"Re-entry into company\",\"joining_group\":\"false\",\"address\":\"false\",\"family_info\":\"false\",\"academic_qualification\":\"false\",\"additional_personal_data\":\"false\",\"previous_employment_detail\":\"false\",\"professional_membership\":\"false\",\"professional_license\":\"false\",\"recognition\":\"false\",\"contract_element\":\"false\",\"basic_pay\":\"false\",\"bank_detail\":\"false\",\"statutory_detail\":\"false\",\"recurring\":\"false\",\"third_party\":\"false\"},{\"bil\":\"3\",\"action_type\":\"Promotion\",\"joining_group\":\"false\",\"address\":\"false\",\"family_info\":\"false\",\"academic_qualification\":\"false\",\"additional_personal_data\":\"false\",\"previous_employment_detail\":\"false\",\"professional_membership\":\"false\",\"professional_license\":\"false\",\"recognition\":\"false\",\"contract_element\":\"false\",\"basic_pay\":\"false\",\"bank_detail\":\"false\",\"statutory_detail\":\"false\",\"recurring\":\"false\",\"third_party\":\"false\"},{\"bil\":\"4\",\"action_type\":\"Change of pay\",\"joining_group\":\"false\",\"address\":\"false\",\"family_info\":\"false\",\"academic_qualification\":\"false\",\"additional_personal_data\":\"false\",\"previous_employment_detail\":\"false\",\"professional_membership\":\"false\",\"professional_license\":\"false\",\"recognition\":\"false\",\"contract_element\":\"false\",\"basic_pay\":\"false\",\"bank_detail\":\"false\",\"statutory_detail\":\"false\",\"recurring\":\"false\",\"third_party\":\"false\"},{\"bil\":\"5\",\"action_type\":\"Change of grade\",\"joining_group\":\"false\",\"address\":\"false\",\"family_info\":\"false\",\"academic_qualification\":\"false\",\"additional_personal_data\":\"false\",\"previous_employment_detail\":\"false\",\"professional_membership\":\"false\",\"professional_license\":\"false\",\"recognition\":\"false\",\"contract_element\":\"false\",\"basic_pay\":\"false\",\"bank_detail\":\"false\",\"statutory_detail\":\"false\",\"recurring\":\"false\",\"third_party\":\"false\"},{\"bil\":\"6\",\"action_type\":\"Secondment\",\"joining_group\":\"true\",\"address\":\"false\",\"family_info\":\"false\",\"academic_qualification\":\"false\",\"additional_personal_data\":\"false\",\"previous_employment_detail\":\"false\",\"professional_membership\":\"false\",\"professional_license\":\"false\",\"recognition\":\"false\",\"contract_element\":\"false\",\"basic_pay\":\"true\",\"bank_detail\":\"false\",\"statutory_detail\":\"false\",\"recurring\":\"true\",\"third_party\":\"false\"},{\"bil\":\"7\",\"action_type\":\"Transfer interdepartmental\",\"joining_group\":\"false\",\"address\":\"false\",\"family_info\":\"false\",\"academic_qualification\":\"false\",\"additional_personal_data\":\"false\",\"previous_employment_detail\":\"false\",\"professional_membership\":\"false\",\"professional_license\":\"false\",\"recognition\":\"false\",\"contract_element\":\"false\",\"basic_pay\":\"false\",\"bank_detail\":\"false\",\"statutory_detail\":\"false\",\"recurring\":\"false\",\"third_party\":\"false\"},{\"bil\":\"8\",\"action_type\":\"Transfer intradepartmental\",\"joining_group\":\"false\",\"address\":\"false\",\"family_info\":\"false\",\"academic_qualification\":\"false\",\"additional_personal_data\":\"false\",\"previous_employment_detail\":\"false\",\"professional_membership\":\"false\",\"professional_license\":\"false\",\"recognition\":\"false\",\"contract_element\":\"false\",\"basic_pay\":\"false\",\"bank_detail\":\"false\",\"statutory_detail\":\"false\",\"recurring\":\"false\",\"third_party\":\"false\"},{\"bil\":\"9\",\"action_type\":\"Long term absence\",\"joining_group\":\"false\",\"address\":\"false\",\"family_info\":\"false\",\"academic_qualification\":\"false\",\"additional_personal_data\":\"false\",\"previous_employment_detail\":\"false\",\"professional_membership\":\"false\",\"professional_license\":\"false\",\"recognition\":\"false\",\"contract_element\":\"false\",\"basic_pay\":\"false\",\"bank_detail\":\"false\",\"statutory_detail\":\"false\",\"recurring\":\"false\",\"third_party\":\"false\"},{\"bil\":\"10\",\"action_type\":\"Resume work\",\"joining_group\":\"false\",\"address\":\"false\",\"family_info\":\"false\",\"academic_qualification\":\"false\",\"additional_personal_data\":\"false\",\"previous_employment_detail\":\"false\",\"professional_membership\":\"false\",\"professional_license\":\"false\",\"recognition\":\"false\",\"contract_element\":\"false\",\"basic_pay\":\"false\",\"bank_detail\":\"false\",\"statutory_detail\":\"false\",\"recurring\":\"false\",\"third_party\":\"false\"},{\"bil\":\"11\",\"action_type\":\"Suspension\",\"joining_group\":\"false\",\"address\":\"false\",\"family_info\":\"false\",\"academic_qualification\":\"false\",\"additional_personal_data\":\"false\",\"previous_employment_detail\":\"false\",\"professional_membership\":\"false\",\"professional_license\":\"false\",\"recognition\":\"false\",\"contract_element\":\"false\",\"basic_pay\":\"false\",\"bank_detail\":\"false\",\"statutory_detail\":\"false\",\"recurring\":\"false\",\"third_party\":\"false\"},{\"bil\":\"12\",\"action_type\":\"Renewal contract\",\"joining_group\":\"false\",\"address\":\"false\",\"family_info\":\"false\",\"academic_qualification\":\"false\",\"additional_personal_data\":\"false\",\"previous_employment_detail\":\"false\",\"professional_membership\":\"false\",\"professional_license\":\"false\",\"recognition\":\"false\",\"contract_element\":\"false\",\"basic_pay\":\"false\",\"bank_detail\":\"false\",\"statutory_detail\":\"false\",\"recurring\":\"false\",\"third_party\":\"false\"},{\"bil\":\"13\",\"action_type\":\"Resignation\",\"joining_group\":\"false\",\"address\":\"false\",\"family_info\":\"false\",\"academic_qualification\":\"false\",\"additional_personal_data\":\"false\",\"previous_employment_detail\":\"false\",\"professional_membership\":\"false\",\"professional_license\":\"false\",\"recognition\":\"false\",\"contract_element\":\"false\",\"basic_pay\":\"false\",\"bank_detail\":\"false\",\"statutory_detail\":\"false\",\"recurring\":\"false\",\"third_party\":\"false\"},{\"bil\":\"14\",\"action_type\":\"Termination\",\"joining_group\":\"false\",\"address\":\"false\",\"family_info\":\"false\",\"academic_qualification\":\"false\",\"additional_personal_data\":\"false\",\"previous_employment_detail\":\"false\",\"professional_membership\":\"false\",\"professional_license\":\"false\",\"recognition\":\"false\",\"contract_element\":\"false\",\"basic_pay\":\"false\",\"bank_detail\":\"false\",\"statutory_detail\":\"false\",\"recurring\":\"false\",\"third_party\":\"false\"},{\"bil\":\"15\",\"action_type\":\"Retirement\",\"joining_group\":\"false\",\"address\":\"false\",\"family_info\":\"false\",\"academic_qualification\":\"false\",\"additional_personal_data\":\"false\",\"previous_employment_detail\":\"false\",\"professional_membership\":\"false\",\"professional_license\":\"false\",\"recognition\":\"false\",\"contract_element\":\"false\",\"basic_pay\":\"false\",\"bank_detail\":\"false\",\"statutory_detail\":\"false\",\"recurring\":\"false\",\"third_party\":\"false\"}]',0),(7,'Transfer Interdepartmental','[{\"bil\":\"1\",\"action_type\":\"Hiring\",\"joining_group\":\"false\",\"address\":\"false\",\"family_info\":\"false\",\"academic_qualification\":\"false\",\"additional_personal_data\":\"false\",\"previous_employment_detail\":\"false\",\"professional_membership\":\"false\",\"professional_license\":\"false\",\"recognition\":\"false\",\"contract_element\":\"false\",\"basic_pay\":\"false\",\"bank_detail\":\"false\",\"statutory_detail\":\"false\",\"recurring\":\"false\",\"third_party\":\"false\"},{\"bil\":\"2\",\"action_type\":\"Re-entry into company\",\"joining_group\":\"false\",\"address\":\"false\",\"family_info\":\"false\",\"academic_qualification\":\"false\",\"additional_personal_data\":\"false\",\"previous_employment_detail\":\"false\",\"professional_membership\":\"false\",\"professional_license\":\"false\",\"recognition\":\"false\",\"contract_element\":\"false\",\"basic_pay\":\"false\",\"bank_detail\":\"false\",\"statutory_detail\":\"false\",\"recurring\":\"false\",\"third_party\":\"false\"},{\"bil\":\"3\",\"action_type\":\"Promotion\",\"joining_group\":\"false\",\"address\":\"false\",\"family_info\":\"false\",\"academic_qualification\":\"false\",\"additional_personal_data\":\"false\",\"previous_employment_detail\":\"false\",\"professional_membership\":\"false\",\"professional_license\":\"false\",\"recognition\":\"false\",\"contract_element\":\"false\",\"basic_pay\":\"false\",\"bank_detail\":\"false\",\"statutory_detail\":\"false\",\"recurring\":\"false\",\"third_party\":\"false\"},{\"bil\":\"4\",\"action_type\":\"Change of pay\",\"joining_group\":\"false\",\"address\":\"false\",\"family_info\":\"false\",\"academic_qualification\":\"false\",\"additional_personal_data\":\"false\",\"previous_employment_detail\":\"false\",\"professional_membership\":\"false\",\"professional_license\":\"false\",\"recognition\":\"false\",\"contract_element\":\"false\",\"basic_pay\":\"false\",\"bank_detail\":\"false\",\"statutory_detail\":\"false\",\"recurring\":\"false\",\"third_party\":\"false\"},{\"bil\":\"5\",\"action_type\":\"Change of grade\",\"joining_group\":\"false\",\"address\":\"false\",\"family_info\":\"false\",\"academic_qualification\":\"false\",\"additional_personal_data\":\"false\",\"previous_employment_detail\":\"false\",\"professional_membership\":\"false\",\"professional_license\":\"false\",\"recognition\":\"false\",\"contract_element\":\"false\",\"basic_pay\":\"false\",\"bank_detail\":\"false\",\"statutory_detail\":\"false\",\"recurring\":\"false\",\"third_party\":\"false\"},{\"bil\":\"6\",\"action_type\":\"Secondment\",\"joining_group\":\"false\",\"address\":\"false\",\"family_info\":\"false\",\"academic_qualification\":\"false\",\"additional_personal_data\":\"false\",\"previous_employment_detail\":\"false\",\"professional_membership\":\"false\",\"professional_license\":\"false\",\"recognition\":\"false\",\"contract_element\":\"false\",\"basic_pay\":\"false\",\"bank_detail\":\"false\",\"statutory_detail\":\"false\",\"recurring\":\"false\",\"third_party\":\"false\"},{\"bil\":\"7\",\"action_type\":\"Transfer interdepartmental\",\"joining_group\":\"true\",\"address\":\"false\",\"family_info\":\"false\",\"academic_qualification\":\"false\",\"additional_personal_data\":\"false\",\"previous_employment_detail\":\"false\",\"professional_membership\":\"false\",\"professional_license\":\"false\",\"recognition\":\"false\",\"contract_element\":\"false\",\"basic_pay\":\"false\",\"bank_detail\":\"false\",\"statutory_detail\":\"false\",\"recurring\":\"false\",\"third_party\":\"false\"},{\"bil\":\"8\",\"action_type\":\"Transfer intradepartmental\",\"joining_group\":\"false\",\"address\":\"false\",\"family_info\":\"false\",\"academic_qualification\":\"false\",\"additional_personal_data\":\"false\",\"previous_employment_detail\":\"false\",\"professional_membership\":\"false\",\"professional_license\":\"false\",\"recognition\":\"false\",\"contract_element\":\"false\",\"basic_pay\":\"false\",\"bank_detail\":\"false\",\"statutory_detail\":\"false\",\"recurring\":\"false\",\"third_party\":\"false\"},{\"bil\":\"9\",\"action_type\":\"Long term absence\",\"joining_group\":\"false\",\"address\":\"false\",\"family_info\":\"false\",\"academic_qualification\":\"false\",\"additional_personal_data\":\"false\",\"previous_employment_detail\":\"false\",\"professional_membership\":\"false\",\"professional_license\":\"false\",\"recognition\":\"false\",\"contract_element\":\"false\",\"basic_pay\":\"false\",\"bank_detail\":\"false\",\"statutory_detail\":\"false\",\"recurring\":\"false\",\"third_party\":\"false\"},{\"bil\":\"10\",\"action_type\":\"Resume work\",\"joining_group\":\"false\",\"address\":\"false\",\"family_info\":\"false\",\"academic_qualification\":\"false\",\"additional_personal_data\":\"false\",\"previous_employment_detail\":\"false\",\"professional_membership\":\"false\",\"professional_license\":\"false\",\"recognition\":\"false\",\"contract_element\":\"false\",\"basic_pay\":\"false\",\"bank_detail\":\"false\",\"statutory_detail\":\"false\",\"recurring\":\"false\",\"third_party\":\"false\"},{\"bil\":\"11\",\"action_type\":\"Suspension\",\"joining_group\":\"false\",\"address\":\"false\",\"family_info\":\"false\",\"academic_qualification\":\"false\",\"additional_personal_data\":\"false\",\"previous_employment_detail\":\"false\",\"professional_membership\":\"false\",\"professional_license\":\"false\",\"recognition\":\"false\",\"contract_element\":\"false\",\"basic_pay\":\"false\",\"bank_detail\":\"false\",\"statutory_detail\":\"false\",\"recurring\":\"false\",\"third_party\":\"false\"},{\"bil\":\"12\",\"action_type\":\"Renewal contract\",\"joining_group\":\"false\",\"address\":\"false\",\"family_info\":\"false\",\"academic_qualification\":\"false\",\"additional_personal_data\":\"false\",\"previous_employment_detail\":\"false\",\"professional_membership\":\"false\",\"professional_license\":\"false\",\"recognition\":\"false\",\"contract_element\":\"false\",\"basic_pay\":\"false\",\"bank_detail\":\"false\",\"statutory_detail\":\"false\",\"recurring\":\"false\",\"third_party\":\"false\"},{\"bil\":\"13\",\"action_type\":\"Resignation\",\"joining_group\":\"false\",\"address\":\"false\",\"family_info\":\"false\",\"academic_qualification\":\"false\",\"additional_personal_data\":\"false\",\"previous_employment_detail\":\"false\",\"professional_membership\":\"false\",\"professional_license\":\"false\",\"recognition\":\"false\",\"contract_element\":\"false\",\"basic_pay\":\"false\",\"bank_detail\":\"false\",\"statutory_detail\":\"false\",\"recurring\":\"false\",\"third_party\":\"false\"},{\"bil\":\"14\",\"action_type\":\"Termination\",\"joining_group\":\"false\",\"address\":\"false\",\"family_info\":\"false\",\"academic_qualification\":\"false\",\"additional_personal_data\":\"false\",\"previous_employment_detail\":\"false\",\"professional_membership\":\"false\",\"professional_license\":\"false\",\"recognition\":\"false\",\"contract_element\":\"false\",\"basic_pay\":\"false\",\"bank_detail\":\"false\",\"statutory_detail\":\"false\",\"recurring\":\"false\",\"third_party\":\"false\"},{\"bil\":\"15\",\"action_type\":\"Retirement\",\"joining_group\":\"false\",\"address\":\"false\",\"family_info\":\"false\",\"academic_qualification\":\"false\",\"additional_personal_data\":\"false\",\"previous_employment_detail\":\"false\",\"professional_membership\":\"false\",\"professional_license\":\"false\",\"recognition\":\"false\",\"contract_element\":\"false\",\"basic_pay\":\"false\",\"bank_detail\":\"false\",\"statutory_detail\":\"false\",\"recurring\":\"false\",\"third_party\":\"false\"}]',0),(8,'Transfer Intradepartmental','[{\"bil\":\"1\",\"action_type\":\"Hiring\",\"joining_group\":\"false\",\"address\":\"false\",\"family_info\":\"false\",\"academic_qualification\":\"false\",\"additional_personal_data\":\"false\",\"previous_employment_detail\":\"false\",\"professional_membership\":\"false\",\"professional_license\":\"false\",\"recognition\":\"false\",\"contract_element\":\"false\",\"basic_pay\":\"false\",\"bank_detail\":\"false\",\"statutory_detail\":\"false\",\"recurring\":\"false\",\"third_party\":\"false\"},{\"bil\":\"2\",\"action_type\":\"Re-entry into company\",\"joining_group\":\"false\",\"address\":\"false\",\"family_info\":\"false\",\"academic_qualification\":\"false\",\"additional_personal_data\":\"false\",\"previous_employment_detail\":\"false\",\"professional_membership\":\"false\",\"professional_license\":\"false\",\"recognition\":\"false\",\"contract_element\":\"false\",\"basic_pay\":\"false\",\"bank_detail\":\"false\",\"statutory_detail\":\"false\",\"recurring\":\"false\",\"third_party\":\"false\"},{\"bil\":\"3\",\"action_type\":\"Promotion\",\"joining_group\":\"false\",\"address\":\"false\",\"family_info\":\"false\",\"academic_qualification\":\"false\",\"additional_personal_data\":\"false\",\"previous_employment_detail\":\"false\",\"professional_membership\":\"false\",\"professional_license\":\"false\",\"recognition\":\"false\",\"contract_element\":\"false\",\"basic_pay\":\"false\",\"bank_detail\":\"false\",\"statutory_detail\":\"false\",\"recurring\":\"false\",\"third_party\":\"false\"},{\"bil\":\"4\",\"action_type\":\"Change of pay\",\"joining_group\":\"false\",\"address\":\"false\",\"family_info\":\"false\",\"academic_qualification\":\"false\",\"additional_personal_data\":\"false\",\"previous_employment_detail\":\"false\",\"professional_membership\":\"false\",\"professional_license\":\"false\",\"recognition\":\"false\",\"contract_element\":\"false\",\"basic_pay\":\"false\",\"bank_detail\":\"false\",\"statutory_detail\":\"false\",\"recurring\":\"false\",\"third_party\":\"false\"},{\"bil\":\"5\",\"action_type\":\"Change of grade\",\"joining_group\":\"false\",\"address\":\"false\",\"family_info\":\"false\",\"academic_qualification\":\"false\",\"additional_personal_data\":\"false\",\"previous_employment_detail\":\"false\",\"professional_membership\":\"false\",\"professional_license\":\"false\",\"recognition\":\"false\",\"contract_element\":\"false\",\"basic_pay\":\"false\",\"bank_detail\":\"false\",\"statutory_detail\":\"false\",\"recurring\":\"false\",\"third_party\":\"false\"},{\"bil\":\"6\",\"action_type\":\"Secondment\",\"joining_group\":\"false\",\"address\":\"false\",\"family_info\":\"false\",\"academic_qualification\":\"false\",\"additional_personal_data\":\"false\",\"previous_employment_detail\":\"false\",\"professional_membership\":\"false\",\"professional_license\":\"false\",\"recognition\":\"false\",\"contract_element\":\"false\",\"basic_pay\":\"false\",\"bank_detail\":\"false\",\"statutory_detail\":\"false\",\"recurring\":\"false\",\"third_party\":\"false\"},{\"bil\":\"7\",\"action_type\":\"Transfer interdepartmental\",\"joining_group\":\"false\",\"address\":\"false\",\"family_info\":\"false\",\"academic_qualification\":\"false\",\"additional_personal_data\":\"false\",\"previous_employment_detail\":\"false\",\"professional_membership\":\"false\",\"professional_license\":\"false\",\"recognition\":\"false\",\"contract_element\":\"false\",\"basic_pay\":\"false\",\"bank_detail\":\"false\",\"statutory_detail\":\"false\",\"recurring\":\"false\",\"third_party\":\"false\"},{\"bil\":\"8\",\"action_type\":\"Transfer intradepartmental\",\"joining_group\":\"true\",\"address\":\"false\",\"family_info\":\"false\",\"academic_qualification\":\"false\",\"additional_personal_data\":\"false\",\"previous_employment_detail\":\"false\",\"professional_membership\":\"false\",\"professional_license\":\"false\",\"recognition\":\"false\",\"contract_element\":\"false\",\"basic_pay\":\"false\",\"bank_detail\":\"false\",\"statutory_detail\":\"false\",\"recurring\":\"false\",\"third_party\":\"false\"},{\"bil\":\"9\",\"action_type\":\"Long term absence\",\"joining_group\":\"false\",\"address\":\"false\",\"family_info\":\"false\",\"academic_qualification\":\"false\",\"additional_personal_data\":\"false\",\"previous_employment_detail\":\"false\",\"professional_membership\":\"false\",\"professional_license\":\"false\",\"recognition\":\"false\",\"contract_element\":\"false\",\"basic_pay\":\"false\",\"bank_detail\":\"false\",\"statutory_detail\":\"false\",\"recurring\":\"false\",\"third_party\":\"false\"},{\"bil\":\"10\",\"action_type\":\"Resume work\",\"joining_group\":\"false\",\"address\":\"false\",\"family_info\":\"false\",\"academic_qualification\":\"false\",\"additional_personal_data\":\"false\",\"previous_employment_detail\":\"false\",\"professional_membership\":\"false\",\"professional_license\":\"false\",\"recognition\":\"false\",\"contract_element\":\"false\",\"basic_pay\":\"false\",\"bank_detail\":\"false\",\"statutory_detail\":\"false\",\"recurring\":\"false\",\"third_party\":\"false\"},{\"bil\":\"11\",\"action_type\":\"Suspension\",\"joining_group\":\"false\",\"address\":\"false\",\"family_info\":\"false\",\"academic_qualification\":\"false\",\"additional_personal_data\":\"false\",\"previous_employment_detail\":\"false\",\"professional_membership\":\"false\",\"professional_license\":\"false\",\"recognition\":\"false\",\"contract_element\":\"false\",\"basic_pay\":\"false\",\"bank_detail\":\"false\",\"statutory_detail\":\"false\",\"recurring\":\"false\",\"third_party\":\"false\"},{\"bil\":\"12\",\"action_type\":\"Renewal contract\",\"joining_group\":\"false\",\"address\":\"false\",\"family_info\":\"false\",\"academic_qualification\":\"false\",\"additional_personal_data\":\"false\",\"previous_employment_detail\":\"false\",\"professional_membership\":\"false\",\"professional_license\":\"false\",\"recognition\":\"false\",\"contract_element\":\"false\",\"basic_pay\":\"false\",\"bank_detail\":\"false\",\"statutory_detail\":\"false\",\"recurring\":\"false\",\"third_party\":\"false\"},{\"bil\":\"13\",\"action_type\":\"Resignation\",\"joining_group\":\"false\",\"address\":\"false\",\"family_info\":\"false\",\"academic_qualification\":\"false\",\"additional_personal_data\":\"false\",\"previous_employment_detail\":\"false\",\"professional_membership\":\"false\",\"professional_license\":\"false\",\"recognition\":\"false\",\"contract_element\":\"false\",\"basic_pay\":\"false\",\"bank_detail\":\"false\",\"statutory_detail\":\"false\",\"recurring\":\"false\",\"third_party\":\"false\"},{\"bil\":\"14\",\"action_type\":\"Termination\",\"joining_group\":\"false\",\"address\":\"false\",\"family_info\":\"false\",\"academic_qualification\":\"false\",\"additional_personal_data\":\"false\",\"previous_employment_detail\":\"false\",\"professional_membership\":\"false\",\"professional_license\":\"false\",\"recognition\":\"false\",\"contract_element\":\"false\",\"basic_pay\":\"false\",\"bank_detail\":\"false\",\"statutory_detail\":\"false\",\"recurring\":\"false\",\"third_party\":\"false\"},{\"bil\":\"15\",\"action_type\":\"Retirement\",\"joining_group\":\"false\",\"address\":\"false\",\"family_info\":\"false\",\"academic_qualification\":\"false\",\"additional_personal_data\":\"false\",\"previous_employment_detail\":\"false\",\"professional_membership\":\"false\",\"professional_license\":\"false\",\"recognition\":\"false\",\"contract_element\":\"false\",\"basic_pay\":\"false\",\"bank_detail\":\"false\",\"statutory_detail\":\"false\",\"recurring\":\"false\",\"third_party\":\"false\"}]',0),(9,'Long term absence','[{\"bil\":\"1\",\"action_type\":\"Hiring\",\"joining_group\":\"false\",\"address\":\"false\",\"family_info\":\"false\",\"academic_qualification\":\"false\",\"additional_personal_data\":\"false\",\"previous_employment_detail\":\"false\",\"professional_membership\":\"false\",\"professional_license\":\"false\",\"recognition\":\"false\",\"contract_element\":\"false\",\"basic_pay\":\"false\",\"bank_detail\":\"false\",\"statutory_detail\":\"false\",\"recurring\":\"false\",\"third_party\":\"false\"},{\"bil\":\"2\",\"action_type\":\"Re-entry into company\",\"joining_group\":\"false\",\"address\":\"false\",\"family_info\":\"false\",\"academic_qualification\":\"false\",\"additional_personal_data\":\"false\",\"previous_employment_detail\":\"false\",\"professional_membership\":\"false\",\"professional_license\":\"false\",\"recognition\":\"false\",\"contract_element\":\"false\",\"basic_pay\":\"false\",\"bank_detail\":\"false\",\"statutory_detail\":\"false\",\"recurring\":\"false\",\"third_party\":\"false\"},{\"bil\":\"3\",\"action_type\":\"Promotion\",\"joining_group\":\"false\",\"address\":\"false\",\"family_info\":\"false\",\"academic_qualification\":\"false\",\"additional_personal_data\":\"false\",\"previous_employment_detail\":\"false\",\"professional_membership\":\"false\",\"professional_license\":\"false\",\"recognition\":\"false\",\"contract_element\":\"false\",\"basic_pay\":\"false\",\"bank_detail\":\"false\",\"statutory_detail\":\"false\",\"recurring\":\"false\",\"third_party\":\"false\"},{\"bil\":\"4\",\"action_type\":\"Change of pay\",\"joining_group\":\"false\",\"address\":\"false\",\"family_info\":\"false\",\"academic_qualification\":\"false\",\"additional_personal_data\":\"false\",\"previous_employment_detail\":\"false\",\"professional_membership\":\"false\",\"professional_license\":\"false\",\"recognition\":\"false\",\"contract_element\":\"false\",\"basic_pay\":\"false\",\"bank_detail\":\"false\",\"statutory_detail\":\"false\",\"recurring\":\"false\",\"third_party\":\"false\"},{\"bil\":\"5\",\"action_type\":\"Change of grade\",\"joining_group\":\"false\",\"address\":\"false\",\"family_info\":\"false\",\"academic_qualification\":\"false\",\"additional_personal_data\":\"false\",\"previous_employment_detail\":\"false\",\"professional_membership\":\"false\",\"professional_license\":\"false\",\"recognition\":\"false\",\"contract_element\":\"false\",\"basic_pay\":\"false\",\"bank_detail\":\"false\",\"statutory_detail\":\"false\",\"recurring\":\"false\",\"third_party\":\"false\"},{\"bil\":\"6\",\"action_type\":\"Secondment\",\"joining_group\":\"false\",\"address\":\"false\",\"family_info\":\"false\",\"academic_qualification\":\"false\",\"additional_personal_data\":\"false\",\"previous_employment_detail\":\"false\",\"professional_membership\":\"false\",\"professional_license\":\"false\",\"recognition\":\"false\",\"contract_element\":\"false\",\"basic_pay\":\"false\",\"bank_detail\":\"false\",\"statutory_detail\":\"false\",\"recurring\":\"false\",\"third_party\":\"false\"},{\"bil\":\"7\",\"action_type\":\"Transfer interdepartmental\",\"joining_group\":\"false\",\"address\":\"false\",\"family_info\":\"false\",\"academic_qualification\":\"false\",\"additional_personal_data\":\"false\",\"previous_employment_detail\":\"false\",\"professional_membership\":\"false\",\"professional_license\":\"false\",\"recognition\":\"false\",\"contract_element\":\"false\",\"basic_pay\":\"false\",\"bank_detail\":\"false\",\"statutory_detail\":\"false\",\"recurring\":\"false\",\"third_party\":\"false\"},{\"bil\":\"8\",\"action_type\":\"Transfer intradepartmental\",\"joining_group\":\"false\",\"address\":\"false\",\"family_info\":\"false\",\"academic_qualification\":\"false\",\"additional_personal_data\":\"false\",\"previous_employment_detail\":\"false\",\"professional_membership\":\"false\",\"professional_license\":\"false\",\"recognition\":\"false\",\"contract_element\":\"false\",\"basic_pay\":\"false\",\"bank_detail\":\"false\",\"statutory_detail\":\"false\",\"recurring\":\"false\",\"third_party\":\"false\"},{\"bil\":\"9\",\"action_type\":\"Long term absence\",\"joining_group\":\"true\",\"address\":\"false\",\"family_info\":\"false\",\"academic_qualification\":\"false\",\"additional_personal_data\":\"false\",\"previous_employment_detail\":\"false\",\"professional_membership\":\"false\",\"professional_license\":\"false\",\"recognition\":\"false\",\"contract_element\":\"false\",\"basic_pay\":\"true\",\"bank_detail\":\"false\",\"statutory_detail\":\"true\",\"recurring\":\"true\",\"third_party\":\"true\"},{\"bil\":\"10\",\"action_type\":\"Resume work\",\"joining_group\":\"false\",\"address\":\"false\",\"family_info\":\"false\",\"academic_qualification\":\"false\",\"additional_personal_data\":\"false\",\"previous_employment_detail\":\"false\",\"professional_membership\":\"false\",\"professional_license\":\"false\",\"recognition\":\"false\",\"contract_element\":\"false\",\"basic_pay\":\"false\",\"bank_detail\":\"false\",\"statutory_detail\":\"false\",\"recurring\":\"false\",\"third_party\":\"false\"},{\"bil\":\"11\",\"action_type\":\"Suspension\",\"joining_group\":\"false\",\"address\":\"false\",\"family_info\":\"false\",\"academic_qualification\":\"false\",\"additional_personal_data\":\"false\",\"previous_employment_detail\":\"false\",\"professional_membership\":\"false\",\"professional_license\":\"false\",\"recognition\":\"false\",\"contract_element\":\"false\",\"basic_pay\":\"false\",\"bank_detail\":\"false\",\"statutory_detail\":\"false\",\"recurring\":\"false\",\"third_party\":\"false\"},{\"bil\":\"12\",\"action_type\":\"Renewal contract\",\"joining_group\":\"false\",\"address\":\"false\",\"family_info\":\"false\",\"academic_qualification\":\"false\",\"additional_personal_data\":\"false\",\"previous_employment_detail\":\"false\",\"professional_membership\":\"false\",\"professional_license\":\"false\",\"recognition\":\"false\",\"contract_element\":\"false\",\"basic_pay\":\"false\",\"bank_detail\":\"false\",\"statutory_detail\":\"false\",\"recurring\":\"false\",\"third_party\":\"false\"},{\"bil\":\"13\",\"action_type\":\"Resignation\",\"joining_group\":\"false\",\"address\":\"false\",\"family_info\":\"false\",\"academic_qualification\":\"false\",\"additional_personal_data\":\"false\",\"previous_employment_detail\":\"false\",\"professional_membership\":\"false\",\"professional_license\":\"false\",\"recognition\":\"false\",\"contract_element\":\"false\",\"basic_pay\":\"false\",\"bank_detail\":\"false\",\"statutory_detail\":\"false\",\"recurring\":\"false\",\"third_party\":\"false\"},{\"bil\":\"14\",\"action_type\":\"Termination\",\"joining_group\":\"false\",\"address\":\"false\",\"family_info\":\"false\",\"academic_qualification\":\"false\",\"additional_personal_data\":\"false\",\"previous_employment_detail\":\"false\",\"professional_membership\":\"false\",\"professional_license\":\"false\",\"recognition\":\"false\",\"contract_element\":\"false\",\"basic_pay\":\"false\",\"bank_detail\":\"false\",\"statutory_detail\":\"false\",\"recurring\":\"false\",\"third_party\":\"false\"},{\"bil\":\"15\",\"action_type\":\"Retirement\",\"joining_group\":\"false\",\"address\":\"false\",\"family_info\":\"false\",\"academic_qualification\":\"false\",\"additional_personal_data\":\"false\",\"previous_employment_detail\":\"false\",\"professional_membership\":\"false\",\"professional_license\":\"false\",\"recognition\":\"false\",\"contract_element\":\"false\",\"basic_pay\":\"false\",\"bank_detail\":\"false\",\"statutory_detail\":\"false\",\"recurring\":\"false\",\"third_party\":\"false\"}]',0),(10,'	Resume work','[{\"bil\":\"1\",\"action_type\":\"Hiring\",\"joining_group\":\"false\",\"address\":\"false\",\"family_info\":\"false\",\"academic_qualification\":\"false\",\"additional_personal_data\":\"false\",\"previous_employment_detail\":\"false\",\"professional_membership\":\"false\",\"professional_license\":\"false\",\"recognition\":\"false\",\"contract_element\":\"false\",\"basic_pay\":\"false\",\"bank_detail\":\"false\",\"statutory_detail\":\"false\",\"recurring\":\"false\",\"third_party\":\"false\"},{\"bil\":\"2\",\"action_type\":\"Re-entry into company\",\"joining_group\":\"false\",\"address\":\"false\",\"family_info\":\"false\",\"academic_qualification\":\"false\",\"additional_personal_data\":\"false\",\"previous_employment_detail\":\"false\",\"professional_membership\":\"false\",\"professional_license\":\"false\",\"recognition\":\"false\",\"contract_element\":\"false\",\"basic_pay\":\"false\",\"bank_detail\":\"false\",\"statutory_detail\":\"false\",\"recurring\":\"false\",\"third_party\":\"false\"},{\"bil\":\"3\",\"action_type\":\"Promotion\",\"joining_group\":\"false\",\"address\":\"false\",\"family_info\":\"false\",\"academic_qualification\":\"false\",\"additional_personal_data\":\"false\",\"previous_employment_detail\":\"false\",\"professional_membership\":\"false\",\"professional_license\":\"false\",\"recognition\":\"false\",\"contract_element\":\"false\",\"basic_pay\":\"false\",\"bank_detail\":\"false\",\"statutory_detail\":\"false\",\"recurring\":\"false\",\"third_party\":\"false\"},{\"bil\":\"4\",\"action_type\":\"Change of pay\",\"joining_group\":\"false\",\"address\":\"false\",\"family_info\":\"false\",\"academic_qualification\":\"false\",\"additional_personal_data\":\"false\",\"previous_employment_detail\":\"false\",\"professional_membership\":\"false\",\"professional_license\":\"false\",\"recognition\":\"false\",\"contract_element\":\"false\",\"basic_pay\":\"false\",\"bank_detail\":\"false\",\"statutory_detail\":\"false\",\"recurring\":\"false\",\"third_party\":\"false\"},{\"bil\":\"5\",\"action_type\":\"Change of grade\",\"joining_group\":\"false\",\"address\":\"false\",\"family_info\":\"false\",\"academic_qualification\":\"false\",\"additional_personal_data\":\"false\",\"previous_employment_detail\":\"false\",\"professional_membership\":\"false\",\"professional_license\":\"false\",\"recognition\":\"false\",\"contract_element\":\"false\",\"basic_pay\":\"false\",\"bank_detail\":\"false\",\"statutory_detail\":\"false\",\"recurring\":\"false\",\"third_party\":\"false\"},{\"bil\":\"6\",\"action_type\":\"Secondment\",\"joining_group\":\"false\",\"address\":\"false\",\"family_info\":\"false\",\"academic_qualification\":\"false\",\"additional_personal_data\":\"false\",\"previous_employment_detail\":\"false\",\"professional_membership\":\"false\",\"professional_license\":\"false\",\"recognition\":\"false\",\"contract_element\":\"false\",\"basic_pay\":\"false\",\"bank_detail\":\"false\",\"statutory_detail\":\"false\",\"recurring\":\"false\",\"third_party\":\"false\"},{\"bil\":\"7\",\"action_type\":\"Transfer interdepartmental\",\"joining_group\":\"false\",\"address\":\"false\",\"family_info\":\"false\",\"academic_qualification\":\"false\",\"additional_personal_data\":\"false\",\"previous_employment_detail\":\"false\",\"professional_membership\":\"false\",\"professional_license\":\"false\",\"recognition\":\"false\",\"contract_element\":\"false\",\"basic_pay\":\"false\",\"bank_detail\":\"false\",\"statutory_detail\":\"false\",\"recurring\":\"false\",\"third_party\":\"false\"},{\"bil\":\"8\",\"action_type\":\"Transfer intradepartmental\",\"joining_group\":\"false\",\"address\":\"false\",\"family_info\":\"false\",\"academic_qualification\":\"false\",\"additional_personal_data\":\"false\",\"previous_employment_detail\":\"false\",\"professional_membership\":\"false\",\"professional_license\":\"false\",\"recognition\":\"false\",\"contract_element\":\"false\",\"basic_pay\":\"false\",\"bank_detail\":\"false\",\"statutory_detail\":\"false\",\"recurring\":\"false\",\"third_party\":\"false\"},{\"bil\":\"9\",\"action_type\":\"Long term absence\",\"joining_group\":\"false\",\"address\":\"false\",\"family_info\":\"false\",\"academic_qualification\":\"false\",\"additional_personal_data\":\"false\",\"previous_employment_detail\":\"false\",\"professional_membership\":\"false\",\"professional_license\":\"false\",\"recognition\":\"false\",\"contract_element\":\"false\",\"basic_pay\":\"false\",\"bank_detail\":\"false\",\"statutory_detail\":\"false\",\"recurring\":\"false\",\"third_party\":\"false\"},{\"bil\":\"10\",\"action_type\":\"Resume work\",\"joining_group\":\"true\",\"address\":\"false\",\"family_info\":\"false\",\"academic_qualification\":\"false\",\"additional_personal_data\":\"false\",\"previous_employment_detail\":\"false\",\"professional_membership\":\"false\",\"professional_license\":\"false\",\"recognition\":\"false\",\"contract_element\":\"false\",\"basic_pay\":\"true\",\"bank_detail\":\"false\",\"statutory_detail\":\"true\",\"recurring\":\"true\",\"third_party\":\"true\"},{\"bil\":\"11\",\"action_type\":\"Suspension\",\"joining_group\":\"false\",\"address\":\"false\",\"family_info\":\"false\",\"academic_qualification\":\"false\",\"additional_personal_data\":\"false\",\"previous_employment_detail\":\"false\",\"professional_membership\":\"false\",\"professional_license\":\"false\",\"recognition\":\"false\",\"contract_element\":\"false\",\"basic_pay\":\"false\",\"bank_detail\":\"false\",\"statutory_detail\":\"false\",\"recurring\":\"false\",\"third_party\":\"false\"},{\"bil\":\"12\",\"action_type\":\"Renewal contract\",\"joining_group\":\"false\",\"address\":\"false\",\"family_info\":\"false\",\"academic_qualification\":\"false\",\"additional_personal_data\":\"false\",\"previous_employment_detail\":\"false\",\"professional_membership\":\"false\",\"professional_license\":\"false\",\"recognition\":\"false\",\"contract_element\":\"false\",\"basic_pay\":\"false\",\"bank_detail\":\"false\",\"statutory_detail\":\"false\",\"recurring\":\"false\",\"third_party\":\"false\"},{\"bil\":\"13\",\"action_type\":\"Resignation\",\"joining_group\":\"false\",\"address\":\"false\",\"family_info\":\"false\",\"academic_qualification\":\"false\",\"additional_personal_data\":\"false\",\"previous_employment_detail\":\"false\",\"professional_membership\":\"false\",\"professional_license\":\"false\",\"recognition\":\"false\",\"contract_element\":\"false\",\"basic_pay\":\"false\",\"bank_detail\":\"false\",\"statutory_detail\":\"false\",\"recurring\":\"false\",\"third_party\":\"false\"},{\"bil\":\"14\",\"action_type\":\"Termination\",\"joining_group\":\"false\",\"address\":\"false\",\"family_info\":\"false\",\"academic_qualification\":\"false\",\"additional_personal_data\":\"false\",\"previous_employment_detail\":\"false\",\"professional_membership\":\"false\",\"professional_license\":\"false\",\"recognition\":\"false\",\"contract_element\":\"false\",\"basic_pay\":\"false\",\"bank_detail\":\"false\",\"statutory_detail\":\"false\",\"recurring\":\"false\",\"third_party\":\"false\"},{\"bil\":\"15\",\"action_type\":\"Retirement\",\"joining_group\":\"false\",\"address\":\"false\",\"family_info\":\"false\",\"academic_qualification\":\"false\",\"additional_personal_data\":\"false\",\"previous_employment_detail\":\"false\",\"professional_membership\":\"false\",\"professional_license\":\"false\",\"recognition\":\"false\",\"contract_element\":\"false\",\"basic_pay\":\"false\",\"bank_detail\":\"false\",\"statutory_detail\":\"false\",\"recurring\":\"false\",\"third_party\":\"false\"}]',0),(11,'Suspension','[{\"bil\":\"1\",\"action_type\":\"Hiring\",\"joining_group\":\"false\",\"address\":\"false\",\"family_info\":\"false\",\"academic_qualification\":\"false\",\"additional_personal_data\":\"false\",\"previous_employment_detail\":\"false\",\"professional_membership\":\"false\",\"professional_license\":\"false\",\"recognition\":\"false\",\"contract_element\":\"false\",\"basic_pay\":\"false\",\"bank_detail\":\"false\",\"statutory_detail\":\"false\",\"recurring\":\"false\",\"third_party\":\"false\"},{\"bil\":\"2\",\"action_type\":\"Re-entry into company\",\"joining_group\":\"false\",\"address\":\"false\",\"family_info\":\"false\",\"academic_qualification\":\"false\",\"additional_personal_data\":\"false\",\"previous_employment_detail\":\"false\",\"professional_membership\":\"false\",\"professional_license\":\"false\",\"recognition\":\"false\",\"contract_element\":\"false\",\"basic_pay\":\"false\",\"bank_detail\":\"false\",\"statutory_detail\":\"false\",\"recurring\":\"false\",\"third_party\":\"false\"},{\"bil\":\"3\",\"action_type\":\"Promotion\",\"joining_group\":\"false\",\"address\":\"false\",\"family_info\":\"false\",\"academic_qualification\":\"false\",\"additional_personal_data\":\"false\",\"previous_employment_detail\":\"false\",\"professional_membership\":\"false\",\"professional_license\":\"false\",\"recognition\":\"false\",\"contract_element\":\"false\",\"basic_pay\":\"false\",\"bank_detail\":\"false\",\"statutory_detail\":\"false\",\"recurring\":\"false\",\"third_party\":\"false\"},{\"bil\":\"4\",\"action_type\":\"Change of pay\",\"joining_group\":\"false\",\"address\":\"false\",\"family_info\":\"false\",\"academic_qualification\":\"false\",\"additional_personal_data\":\"false\",\"previous_employment_detail\":\"false\",\"professional_membership\":\"false\",\"professional_license\":\"false\",\"recognition\":\"false\",\"contract_element\":\"false\",\"basic_pay\":\"false\",\"bank_detail\":\"false\",\"statutory_detail\":\"false\",\"recurring\":\"false\",\"third_party\":\"false\"},{\"bil\":\"5\",\"action_type\":\"Change of grade\",\"joining_group\":\"false\",\"address\":\"false\",\"family_info\":\"false\",\"academic_qualification\":\"false\",\"additional_personal_data\":\"false\",\"previous_employment_detail\":\"false\",\"professional_membership\":\"false\",\"professional_license\":\"false\",\"recognition\":\"false\",\"contract_element\":\"false\",\"basic_pay\":\"false\",\"bank_detail\":\"false\",\"statutory_detail\":\"false\",\"recurring\":\"false\",\"third_party\":\"false\"},{\"bil\":\"6\",\"action_type\":\"Secondment\",\"joining_group\":\"false\",\"address\":\"false\",\"family_info\":\"false\",\"academic_qualification\":\"false\",\"additional_personal_data\":\"false\",\"previous_employment_detail\":\"false\",\"professional_membership\":\"false\",\"professional_license\":\"false\",\"recognition\":\"false\",\"contract_element\":\"false\",\"basic_pay\":\"false\",\"bank_detail\":\"false\",\"statutory_detail\":\"false\",\"recurring\":\"false\",\"third_party\":\"false\"},{\"bil\":\"7\",\"action_type\":\"Transfer interdepartmental\",\"joining_group\":\"false\",\"address\":\"false\",\"family_info\":\"false\",\"academic_qualification\":\"false\",\"additional_personal_data\":\"false\",\"previous_employment_detail\":\"false\",\"professional_membership\":\"false\",\"professional_license\":\"false\",\"recognition\":\"false\",\"contract_element\":\"false\",\"basic_pay\":\"false\",\"bank_detail\":\"false\",\"statutory_detail\":\"false\",\"recurring\":\"false\",\"third_party\":\"false\"},{\"bil\":\"8\",\"action_type\":\"Transfer intradepartmental\",\"joining_group\":\"false\",\"address\":\"false\",\"family_info\":\"false\",\"academic_qualification\":\"false\",\"additional_personal_data\":\"false\",\"previous_employment_detail\":\"false\",\"professional_membership\":\"false\",\"professional_license\":\"false\",\"recognition\":\"false\",\"contract_element\":\"false\",\"basic_pay\":\"false\",\"bank_detail\":\"false\",\"statutory_detail\":\"false\",\"recurring\":\"false\",\"third_party\":\"false\"},{\"bil\":\"9\",\"action_type\":\"Long term absence\",\"joining_group\":\"false\",\"address\":\"false\",\"family_info\":\"false\",\"academic_qualification\":\"false\",\"additional_personal_data\":\"false\",\"previous_employment_detail\":\"false\",\"professional_membership\":\"false\",\"professional_license\":\"false\",\"recognition\":\"false\",\"contract_element\":\"false\",\"basic_pay\":\"false\",\"bank_detail\":\"false\",\"statutory_detail\":\"false\",\"recurring\":\"false\",\"third_party\":\"false\"},{\"bil\":\"10\",\"action_type\":\"Resume work\",\"joining_group\":\"false\",\"address\":\"false\",\"family_info\":\"false\",\"academic_qualification\":\"false\",\"additional_personal_data\":\"false\",\"previous_employment_detail\":\"false\",\"professional_membership\":\"false\",\"professional_license\":\"false\",\"recognition\":\"false\",\"contract_element\":\"false\",\"basic_pay\":\"false\",\"bank_detail\":\"false\",\"statutory_detail\":\"false\",\"recurring\":\"false\",\"third_party\":\"false\"},{\"bil\":\"11\",\"action_type\":\"Suspension\",\"joining_group\":\"true\",\"address\":\"false\",\"family_info\":\"false\",\"academic_qualification\":\"false\",\"additional_personal_data\":\"false\",\"previous_employment_detail\":\"false\",\"professional_membership\":\"false\",\"professional_license\":\"false\",\"recognition\":\"false\",\"contract_element\":\"false\",\"basic_pay\":\"true\",\"bank_detail\":\"false\",\"statutory_detail\":\"true\",\"recurring\":\"true\",\"third_party\":\"true\"},{\"bil\":\"12\",\"action_type\":\"Renewal contract\",\"joining_group\":\"false\",\"address\":\"false\",\"family_info\":\"false\",\"academic_qualification\":\"false\",\"additional_personal_data\":\"false\",\"previous_employment_detail\":\"false\",\"professional_membership\":\"false\",\"professional_license\":\"false\",\"recognition\":\"false\",\"contract_element\":\"false\",\"basic_pay\":\"false\",\"bank_detail\":\"false\",\"statutory_detail\":\"false\",\"recurring\":\"false\",\"third_party\":\"false\"},{\"bil\":\"13\",\"action_type\":\"Resignation\",\"joining_group\":\"false\",\"address\":\"false\",\"family_info\":\"false\",\"academic_qualification\":\"false\",\"additional_personal_data\":\"false\",\"previous_employment_detail\":\"false\",\"professional_membership\":\"false\",\"professional_license\":\"false\",\"recognition\":\"false\",\"contract_element\":\"false\",\"basic_pay\":\"false\",\"bank_detail\":\"false\",\"statutory_detail\":\"false\",\"recurring\":\"false\",\"third_party\":\"false\"},{\"bil\":\"14\",\"action_type\":\"Termination\",\"joining_group\":\"false\",\"address\":\"false\",\"family_info\":\"false\",\"academic_qualification\":\"false\",\"additional_personal_data\":\"false\",\"previous_employment_detail\":\"false\",\"professional_membership\":\"false\",\"professional_license\":\"false\",\"recognition\":\"false\",\"contract_element\":\"false\",\"basic_pay\":\"false\",\"bank_detail\":\"false\",\"statutory_detail\":\"false\",\"recurring\":\"false\",\"third_party\":\"false\"},{\"bil\":\"15\",\"action_type\":\"Retirement\",\"joining_group\":\"false\",\"address\":\"false\",\"family_info\":\"false\",\"academic_qualification\":\"false\",\"additional_personal_data\":\"false\",\"previous_employment_detail\":\"false\",\"professional_membership\":\"false\",\"professional_license\":\"false\",\"recognition\":\"false\",\"contract_element\":\"false\",\"basic_pay\":\"false\",\"bank_detail\":\"false\",\"statutory_detail\":\"false\",\"recurring\":\"false\",\"third_party\":\"false\"}]',0),(12,'Renewal contract','[{\"bil\":\"1\",\"action_type\":\"Hiring\",\"joining_group\":\"false\",\"address\":\"false\",\"family_info\":\"false\",\"academic_qualification\":\"false\",\"additional_personal_data\":\"false\",\"previous_employment_detail\":\"false\",\"professional_membership\":\"false\",\"professional_license\":\"false\",\"recognition\":\"false\",\"contract_element\":\"false\",\"basic_pay\":\"false\",\"bank_detail\":\"false\",\"statutory_detail\":\"false\",\"recurring\":\"false\",\"third_party\":\"false\"},{\"bil\":\"2\",\"action_type\":\"Re-entry into company\",\"joining_group\":\"false\",\"address\":\"false\",\"family_info\":\"false\",\"academic_qualification\":\"false\",\"additional_personal_data\":\"false\",\"previous_employment_detail\":\"false\",\"professional_membership\":\"false\",\"professional_license\":\"false\",\"recognition\":\"false\",\"contract_element\":\"false\",\"basic_pay\":\"false\",\"bank_detail\":\"false\",\"statutory_detail\":\"false\",\"recurring\":\"false\",\"third_party\":\"false\"},{\"bil\":\"3\",\"action_type\":\"Promotion\",\"joining_group\":\"false\",\"address\":\"false\",\"family_info\":\"false\",\"academic_qualification\":\"false\",\"additional_personal_data\":\"false\",\"previous_employment_detail\":\"false\",\"professional_membership\":\"false\",\"professional_license\":\"false\",\"recognition\":\"false\",\"contract_element\":\"false\",\"basic_pay\":\"false\",\"bank_detail\":\"false\",\"statutory_detail\":\"false\",\"recurring\":\"false\",\"third_party\":\"false\"},{\"bil\":\"4\",\"action_type\":\"Change of pay\",\"joining_group\":\"false\",\"address\":\"false\",\"family_info\":\"false\",\"academic_qualification\":\"false\",\"additional_personal_data\":\"false\",\"previous_employment_detail\":\"false\",\"professional_membership\":\"false\",\"professional_license\":\"false\",\"recognition\":\"false\",\"contract_element\":\"false\",\"basic_pay\":\"false\",\"bank_detail\":\"false\",\"statutory_detail\":\"false\",\"recurring\":\"false\",\"third_party\":\"false\"},{\"bil\":\"5\",\"action_type\":\"Change of grade\",\"joining_group\":\"false\",\"address\":\"false\",\"family_info\":\"false\",\"academic_qualification\":\"false\",\"additional_personal_data\":\"false\",\"previous_employment_detail\":\"false\",\"professional_membership\":\"false\",\"professional_license\":\"false\",\"recognition\":\"false\",\"contract_element\":\"false\",\"basic_pay\":\"false\",\"bank_detail\":\"false\",\"statutory_detail\":\"false\",\"recurring\":\"false\",\"third_party\":\"false\"},{\"bil\":\"6\",\"action_type\":\"Secondment\",\"joining_group\":\"false\",\"address\":\"false\",\"family_info\":\"false\",\"academic_qualification\":\"false\",\"additional_personal_data\":\"false\",\"previous_employment_detail\":\"false\",\"professional_membership\":\"false\",\"professional_license\":\"false\",\"recognition\":\"false\",\"contract_element\":\"false\",\"basic_pay\":\"false\",\"bank_detail\":\"false\",\"statutory_detail\":\"false\",\"recurring\":\"false\",\"third_party\":\"false\"},{\"bil\":\"7\",\"action_type\":\"Transfer interdepartmental\",\"joining_group\":\"false\",\"address\":\"false\",\"family_info\":\"false\",\"academic_qualification\":\"false\",\"additional_personal_data\":\"false\",\"previous_employment_detail\":\"false\",\"professional_membership\":\"false\",\"professional_license\":\"false\",\"recognition\":\"false\",\"contract_element\":\"false\",\"basic_pay\":\"false\",\"bank_detail\":\"false\",\"statutory_detail\":\"false\",\"recurring\":\"false\",\"third_party\":\"false\"},{\"bil\":\"8\",\"action_type\":\"Transfer intradepartmental\",\"joining_group\":\"false\",\"address\":\"false\",\"family_info\":\"false\",\"academic_qualification\":\"false\",\"additional_personal_data\":\"false\",\"previous_employment_detail\":\"false\",\"professional_membership\":\"false\",\"professional_license\":\"false\",\"recognition\":\"false\",\"contract_element\":\"false\",\"basic_pay\":\"false\",\"bank_detail\":\"false\",\"statutory_detail\":\"false\",\"recurring\":\"false\",\"third_party\":\"false\"},{\"bil\":\"9\",\"action_type\":\"Long term absence\",\"joining_group\":\"false\",\"address\":\"false\",\"family_info\":\"false\",\"academic_qualification\":\"false\",\"additional_personal_data\":\"false\",\"previous_employment_detail\":\"false\",\"professional_membership\":\"false\",\"professional_license\":\"false\",\"recognition\":\"false\",\"contract_element\":\"false\",\"basic_pay\":\"false\",\"bank_detail\":\"false\",\"statutory_detail\":\"false\",\"recurring\":\"false\",\"third_party\":\"false\"},{\"bil\":\"10\",\"action_type\":\"Resume work\",\"joining_group\":\"false\",\"address\":\"false\",\"family_info\":\"false\",\"academic_qualification\":\"false\",\"additional_personal_data\":\"false\",\"previous_employment_detail\":\"false\",\"professional_membership\":\"false\",\"professional_license\":\"false\",\"recognition\":\"false\",\"contract_element\":\"false\",\"basic_pay\":\"false\",\"bank_detail\":\"false\",\"statutory_detail\":\"false\",\"recurring\":\"false\",\"third_party\":\"false\"},{\"bil\":\"11\",\"action_type\":\"Suspension\",\"joining_group\":\"false\",\"address\":\"false\",\"family_info\":\"false\",\"academic_qualification\":\"false\",\"additional_personal_data\":\"false\",\"previous_employment_detail\":\"false\",\"professional_membership\":\"false\",\"professional_license\":\"false\",\"recognition\":\"false\",\"contract_element\":\"false\",\"basic_pay\":\"false\",\"bank_detail\":\"false\",\"statutory_detail\":\"false\",\"recurring\":\"false\",\"third_party\":\"false\"},{\"bil\":\"12\",\"action_type\":\"Renewal contract\",\"joining_group\":\"true\",\"address\":\"true\",\"family_info\":\"true\",\"academic_qualification\":\"true\",\"additional_personal_data\":\"true\",\"previous_employment_detail\":\"true\",\"professional_membership\":\"true\",\"professional_license\":\"true\",\"recognition\":\"false\",\"contract_element\":\"true\",\"basic_pay\":\"true\",\"bank_detail\":\"true\",\"statutory_detail\":\"true\",\"recurring\":\"true\",\"third_party\":\"true\"},{\"bil\":\"13\",\"action_type\":\"Resignation\",\"joining_group\":\"false\",\"address\":\"false\",\"family_info\":\"false\",\"academic_qualification\":\"false\",\"additional_personal_data\":\"false\",\"previous_employment_detail\":\"false\",\"professional_membership\":\"false\",\"professional_license\":\"false\",\"recognition\":\"false\",\"contract_element\":\"false\",\"basic_pay\":\"false\",\"bank_detail\":\"false\",\"statutory_detail\":\"false\",\"recurring\":\"false\",\"third_party\":\"false\"},{\"bil\":\"14\",\"action_type\":\"Termination\",\"joining_group\":\"false\",\"address\":\"false\",\"family_info\":\"false\",\"academic_qualification\":\"false\",\"additional_personal_data\":\"false\",\"previous_employment_detail\":\"false\",\"professional_membership\":\"false\",\"professional_license\":\"false\",\"recognition\":\"false\",\"contract_element\":\"false\",\"basic_pay\":\"false\",\"bank_detail\":\"false\",\"statutory_detail\":\"false\",\"recurring\":\"false\",\"third_party\":\"false\"},{\"bil\":\"15\",\"action_type\":\"Retirement\",\"joining_group\":\"false\",\"address\":\"false\",\"family_info\":\"false\",\"academic_qualification\":\"false\",\"additional_personal_data\":\"false\",\"previous_employment_detail\":\"false\",\"professional_membership\":\"false\",\"professional_license\":\"false\",\"recognition\":\"false\",\"contract_element\":\"false\",\"basic_pay\":\"false\",\"bank_detail\":\"false\",\"statutory_detail\":\"false\",\"recurring\":\"false\",\"third_party\":\"false\"}]',0),(13,'Resignation','[{\"bil\":\"1\",\"action_type\":\"Hiring\",\"joining_group\":\"false\",\"address\":\"false\",\"family_info\":\"false\",\"academic_qualification\":\"false\",\"additional_personal_data\":\"false\",\"previous_employment_detail\":\"false\",\"professional_membership\":\"false\",\"professional_license\":\"false\",\"recognition\":\"false\",\"contract_element\":\"false\",\"basic_pay\":\"false\",\"bank_detail\":\"false\",\"statutory_detail\":\"false\",\"recurring\":\"false\",\"third_party\":\"false\"},{\"bil\":\"2\",\"action_type\":\"Re-entry into company\",\"joining_group\":\"false\",\"address\":\"false\",\"family_info\":\"false\",\"academic_qualification\":\"false\",\"additional_personal_data\":\"false\",\"previous_employment_detail\":\"false\",\"professional_membership\":\"false\",\"professional_license\":\"false\",\"recognition\":\"false\",\"contract_element\":\"false\",\"basic_pay\":\"false\",\"bank_detail\":\"false\",\"statutory_detail\":\"false\",\"recurring\":\"false\",\"third_party\":\"false\"},{\"bil\":\"3\",\"action_type\":\"Promotion\",\"joining_group\":\"false\",\"address\":\"false\",\"family_info\":\"false\",\"academic_qualification\":\"false\",\"additional_personal_data\":\"false\",\"previous_employment_detail\":\"false\",\"professional_membership\":\"false\",\"professional_license\":\"false\",\"recognition\":\"false\",\"contract_element\":\"false\",\"basic_pay\":\"false\",\"bank_detail\":\"false\",\"statutory_detail\":\"false\",\"recurring\":\"false\",\"third_party\":\"false\"},{\"bil\":\"4\",\"action_type\":\"Change of pay\",\"joining_group\":\"false\",\"address\":\"false\",\"family_info\":\"false\",\"academic_qualification\":\"false\",\"additional_personal_data\":\"false\",\"previous_employment_detail\":\"false\",\"professional_membership\":\"false\",\"professional_license\":\"false\",\"recognition\":\"false\",\"contract_element\":\"false\",\"basic_pay\":\"false\",\"bank_detail\":\"false\",\"statutory_detail\":\"false\",\"recurring\":\"false\",\"third_party\":\"false\"},{\"bil\":\"5\",\"action_type\":\"Change of grade\",\"joining_group\":\"false\",\"address\":\"false\",\"family_info\":\"false\",\"academic_qualification\":\"false\",\"additional_personal_data\":\"false\",\"previous_employment_detail\":\"false\",\"professional_membership\":\"false\",\"professional_license\":\"false\",\"recognition\":\"false\",\"contract_element\":\"false\",\"basic_pay\":\"false\",\"bank_detail\":\"false\",\"statutory_detail\":\"false\",\"recurring\":\"false\",\"third_party\":\"false\"},{\"bil\":\"6\",\"action_type\":\"Secondment\",\"joining_group\":\"false\",\"address\":\"false\",\"family_info\":\"false\",\"academic_qualification\":\"false\",\"additional_personal_data\":\"false\",\"previous_employment_detail\":\"false\",\"professional_membership\":\"false\",\"professional_license\":\"false\",\"recognition\":\"false\",\"contract_element\":\"false\",\"basic_pay\":\"false\",\"bank_detail\":\"false\",\"statutory_detail\":\"false\",\"recurring\":\"false\",\"third_party\":\"false\"},{\"bil\":\"7\",\"action_type\":\"Transfer interdepartmental\",\"joining_group\":\"false\",\"address\":\"false\",\"family_info\":\"false\",\"academic_qualification\":\"false\",\"additional_personal_data\":\"false\",\"previous_employment_detail\":\"false\",\"professional_membership\":\"false\",\"professional_license\":\"false\",\"recognition\":\"false\",\"contract_element\":\"false\",\"basic_pay\":\"false\",\"bank_detail\":\"false\",\"statutory_detail\":\"false\",\"recurring\":\"false\",\"third_party\":\"false\"},{\"bil\":\"8\",\"action_type\":\"Transfer intradepartmental\",\"joining_group\":\"false\",\"address\":\"false\",\"family_info\":\"false\",\"academic_qualification\":\"false\",\"additional_personal_data\":\"false\",\"previous_employment_detail\":\"false\",\"professional_membership\":\"false\",\"professional_license\":\"false\",\"recognition\":\"false\",\"contract_element\":\"false\",\"basic_pay\":\"false\",\"bank_detail\":\"false\",\"statutory_detail\":\"false\",\"recurring\":\"false\",\"third_party\":\"false\"},{\"bil\":\"9\",\"action_type\":\"Long term absence\",\"joining_group\":\"false\",\"address\":\"false\",\"family_info\":\"false\",\"academic_qualification\":\"false\",\"additional_personal_data\":\"false\",\"previous_employment_detail\":\"false\",\"professional_membership\":\"false\",\"professional_license\":\"false\",\"recognition\":\"false\",\"contract_element\":\"false\",\"basic_pay\":\"false\",\"bank_detail\":\"false\",\"statutory_detail\":\"false\",\"recurring\":\"false\",\"third_party\":\"false\"},{\"bil\":\"10\",\"action_type\":\"Resume work\",\"joining_group\":\"false\",\"address\":\"false\",\"family_info\":\"false\",\"academic_qualification\":\"false\",\"additional_personal_data\":\"false\",\"previous_employment_detail\":\"false\",\"professional_membership\":\"false\",\"professional_license\":\"false\",\"recognition\":\"false\",\"contract_element\":\"false\",\"basic_pay\":\"false\",\"bank_detail\":\"false\",\"statutory_detail\":\"false\",\"recurring\":\"false\",\"third_party\":\"false\"},{\"bil\":\"11\",\"action_type\":\"Suspension\",\"joining_group\":\"false\",\"address\":\"false\",\"family_info\":\"false\",\"academic_qualification\":\"false\",\"additional_personal_data\":\"false\",\"previous_employment_detail\":\"false\",\"professional_membership\":\"false\",\"professional_license\":\"false\",\"recognition\":\"false\",\"contract_element\":\"false\",\"basic_pay\":\"false\",\"bank_detail\":\"false\",\"statutory_detail\":\"false\",\"recurring\":\"false\",\"third_party\":\"false\"},{\"bil\":\"12\",\"action_type\":\"Renewal contract\",\"joining_group\":\"false\",\"address\":\"false\",\"family_info\":\"false\",\"academic_qualification\":\"false\",\"additional_personal_data\":\"false\",\"previous_employment_detail\":\"false\",\"professional_membership\":\"false\",\"professional_license\":\"false\",\"recognition\":\"false\",\"contract_element\":\"false\",\"basic_pay\":\"false\",\"bank_detail\":\"false\",\"statutory_detail\":\"false\",\"recurring\":\"false\",\"third_party\":\"false\"},{\"bil\":\"13\",\"action_type\":\"Resignation\",\"joining_group\":\"true\",\"address\":\"false\",\"family_info\":\"false\",\"academic_qualification\":\"false\",\"additional_personal_data\":\"false\",\"previous_employment_detail\":\"false\",\"professional_membership\":\"false\",\"professional_license\":\"false\",\"recognition\":\"false\",\"contract_element\":\"false\",\"basic_pay\":\"true\",\"bank_detail\":\"false\",\"statutory_detail\":\"true\",\"recurring\":\"true\",\"third_party\":\"true\"},{\"bil\":\"14\",\"action_type\":\"Termination\",\"joining_group\":\"false\",\"address\":\"false\",\"family_info\":\"false\",\"academic_qualification\":\"false\",\"additional_personal_data\":\"false\",\"previous_employment_detail\":\"false\",\"professional_membership\":\"false\",\"professional_license\":\"false\",\"recognition\":\"false\",\"contract_element\":\"false\",\"basic_pay\":\"false\",\"bank_detail\":\"false\",\"statutory_detail\":\"false\",\"recurring\":\"false\",\"third_party\":\"false\"},{\"bil\":\"15\",\"action_type\":\"Retirement\",\"joining_group\":\"false\",\"address\":\"false\",\"family_info\":\"false\",\"academic_qualification\":\"false\",\"additional_personal_data\":\"false\",\"previous_employment_detail\":\"false\",\"professional_membership\":\"false\",\"professional_license\":\"false\",\"recognition\":\"false\",\"contract_element\":\"false\",\"basic_pay\":\"false\",\"bank_detail\":\"false\",\"statutory_detail\":\"false\",\"recurring\":\"false\",\"third_party\":\"false\"}]',0),(14,'Termination','[{\"bil\":\"1\",\"action_type\":\"Hiring\",\"joining_group\":\"false\",\"address\":\"false\",\"family_info\":\"false\",\"academic_qualification\":\"false\",\"additional_personal_data\":\"false\",\"previous_employment_detail\":\"false\",\"professional_membership\":\"false\",\"professional_license\":\"false\",\"recognition\":\"false\",\"contract_element\":\"false\",\"basic_pay\":\"false\",\"bank_detail\":\"false\",\"statutory_detail\":\"false\",\"recurring\":\"false\",\"third_party\":\"false\"},{\"bil\":\"2\",\"action_type\":\"Re-entry into company\",\"joining_group\":\"false\",\"address\":\"false\",\"family_info\":\"false\",\"academic_qualification\":\"false\",\"additional_personal_data\":\"false\",\"previous_employment_detail\":\"false\",\"professional_membership\":\"false\",\"professional_license\":\"false\",\"recognition\":\"false\",\"contract_element\":\"false\",\"basic_pay\":\"false\",\"bank_detail\":\"false\",\"statutory_detail\":\"false\",\"recurring\":\"false\",\"third_party\":\"false\"},{\"bil\":\"3\",\"action_type\":\"Promotion\",\"joining_group\":\"false\",\"address\":\"false\",\"family_info\":\"false\",\"academic_qualification\":\"false\",\"additional_personal_data\":\"false\",\"previous_employment_detail\":\"false\",\"professional_membership\":\"false\",\"professional_license\":\"false\",\"recognition\":\"false\",\"contract_element\":\"false\",\"basic_pay\":\"false\",\"bank_detail\":\"false\",\"statutory_detail\":\"false\",\"recurring\":\"false\",\"third_party\":\"false\"},{\"bil\":\"4\",\"action_type\":\"Change of pay\",\"joining_group\":\"false\",\"address\":\"false\",\"family_info\":\"false\",\"academic_qualification\":\"false\",\"additional_personal_data\":\"false\",\"previous_employment_detail\":\"false\",\"professional_membership\":\"false\",\"professional_license\":\"false\",\"recognition\":\"false\",\"contract_element\":\"false\",\"basic_pay\":\"false\",\"bank_detail\":\"false\",\"statutory_detail\":\"false\",\"recurring\":\"false\",\"third_party\":\"false\"},{\"bil\":\"5\",\"action_type\":\"Change of grade\",\"joining_group\":\"false\",\"address\":\"false\",\"family_info\":\"false\",\"academic_qualification\":\"false\",\"additional_personal_data\":\"false\",\"previous_employment_detail\":\"false\",\"professional_membership\":\"false\",\"professional_license\":\"false\",\"recognition\":\"false\",\"contract_element\":\"false\",\"basic_pay\":\"false\",\"bank_detail\":\"false\",\"statutory_detail\":\"false\",\"recurring\":\"false\",\"third_party\":\"false\"},{\"bil\":\"6\",\"action_type\":\"Secondment\",\"joining_group\":\"false\",\"address\":\"false\",\"family_info\":\"false\",\"academic_qualification\":\"false\",\"additional_personal_data\":\"false\",\"previous_employment_detail\":\"false\",\"professional_membership\":\"false\",\"professional_license\":\"false\",\"recognition\":\"false\",\"contract_element\":\"false\",\"basic_pay\":\"false\",\"bank_detail\":\"false\",\"statutory_detail\":\"false\",\"recurring\":\"false\",\"third_party\":\"false\"},{\"bil\":\"7\",\"action_type\":\"Transfer interdepartmental\",\"joining_group\":\"false\",\"address\":\"false\",\"family_info\":\"false\",\"academic_qualification\":\"false\",\"additional_personal_data\":\"false\",\"previous_employment_detail\":\"false\",\"professional_membership\":\"false\",\"professional_license\":\"false\",\"recognition\":\"false\",\"contract_element\":\"false\",\"basic_pay\":\"false\",\"bank_detail\":\"false\",\"statutory_detail\":\"false\",\"recurring\":\"false\",\"third_party\":\"false\"},{\"bil\":\"8\",\"action_type\":\"Transfer intradepartmental\",\"joining_group\":\"false\",\"address\":\"false\",\"family_info\":\"false\",\"academic_qualification\":\"false\",\"additional_personal_data\":\"false\",\"previous_employment_detail\":\"false\",\"professional_membership\":\"false\",\"professional_license\":\"false\",\"recognition\":\"false\",\"contract_element\":\"false\",\"basic_pay\":\"false\",\"bank_detail\":\"false\",\"statutory_detail\":\"false\",\"recurring\":\"false\",\"third_party\":\"false\"},{\"bil\":\"9\",\"action_type\":\"Long term absence\",\"joining_group\":\"false\",\"address\":\"false\",\"family_info\":\"false\",\"academic_qualification\":\"false\",\"additional_personal_data\":\"false\",\"previous_employment_detail\":\"false\",\"professional_membership\":\"false\",\"professional_license\":\"false\",\"recognition\":\"false\",\"contract_element\":\"false\",\"basic_pay\":\"false\",\"bank_detail\":\"false\",\"statutory_detail\":\"false\",\"recurring\":\"false\",\"third_party\":\"false\"},{\"bil\":\"10\",\"action_type\":\"Resume work\",\"joining_group\":\"false\",\"address\":\"false\",\"family_info\":\"false\",\"academic_qualification\":\"false\",\"additional_personal_data\":\"false\",\"previous_employment_detail\":\"false\",\"professional_membership\":\"false\",\"professional_license\":\"false\",\"recognition\":\"false\",\"contract_element\":\"false\",\"basic_pay\":\"false\",\"bank_detail\":\"false\",\"statutory_detail\":\"false\",\"recurring\":\"false\",\"third_party\":\"false\"},{\"bil\":\"11\",\"action_type\":\"Suspension\",\"joining_group\":\"false\",\"address\":\"false\",\"family_info\":\"false\",\"academic_qualification\":\"false\",\"additional_personal_data\":\"false\",\"previous_employment_detail\":\"false\",\"professional_membership\":\"false\",\"professional_license\":\"false\",\"recognition\":\"false\",\"contract_element\":\"false\",\"basic_pay\":\"false\",\"bank_detail\":\"false\",\"statutory_detail\":\"false\",\"recurring\":\"false\",\"third_party\":\"false\"},{\"bil\":\"12\",\"action_type\":\"Renewal contract\",\"joining_group\":\"false\",\"address\":\"false\",\"family_info\":\"false\",\"academic_qualification\":\"false\",\"additional_personal_data\":\"false\",\"previous_employment_detail\":\"false\",\"professional_membership\":\"false\",\"professional_license\":\"false\",\"recognition\":\"false\",\"contract_element\":\"false\",\"basic_pay\":\"false\",\"bank_detail\":\"false\",\"statutory_detail\":\"false\",\"recurring\":\"false\",\"third_party\":\"false\"},{\"bil\":\"13\",\"action_type\":\"Resignation\",\"joining_group\":\"false\",\"address\":\"false\",\"family_info\":\"false\",\"academic_qualification\":\"false\",\"additional_personal_data\":\"false\",\"previous_employment_detail\":\"false\",\"professional_membership\":\"false\",\"professional_license\":\"false\",\"recognition\":\"false\",\"contract_element\":\"false\",\"basic_pay\":\"false\",\"bank_detail\":\"false\",\"statutory_detail\":\"false\",\"recurring\":\"false\",\"third_party\":\"false\"},{\"bil\":\"14\",\"action_type\":\"Termination\",\"joining_group\":\"true\",\"address\":\"false\",\"family_info\":\"false\",\"academic_qualification\":\"false\",\"additional_personal_data\":\"false\",\"previous_employment_detail\":\"false\",\"professional_membership\":\"false\",\"professional_license\":\"false\",\"recognition\":\"false\",\"contract_element\":\"false\",\"basic_pay\":\"true\",\"bank_detail\":\"false\",\"statutory_detail\":\"true\",\"recurring\":\"true\",\"third_party\":\"true\"},{\"bil\":\"15\",\"action_type\":\"Retirement\",\"joining_group\":\"false\",\"address\":\"false\",\"family_info\":\"false\",\"academic_qualification\":\"false\",\"additional_personal_data\":\"false\",\"previous_employment_detail\":\"false\",\"professional_membership\":\"false\",\"professional_license\":\"false\",\"recognition\":\"false\",\"contract_element\":\"false\",\"basic_pay\":\"false\",\"bank_detail\":\"false\",\"statutory_detail\":\"false\",\"recurring\":\"false\",\"third_party\":\"false\"}]',0),(15,'Retirement','[{\"bil\":\"1\",\"action_type\":\"Hiring\",\"joining_group\":\"false\",\"address\":\"false\",\"family_info\":\"false\",\"academic_qualification\":\"false\",\"additional_personal_data\":\"false\",\"previous_employment_detail\":\"false\",\"professional_membership\":\"false\",\"professional_license\":\"false\",\"recognition\":\"false\",\"contract_element\":\"false\",\"basic_pay\":\"false\",\"bank_detail\":\"false\",\"statutory_detail\":\"false\",\"recurring\":\"false\",\"third_party\":\"false\"},{\"bil\":\"2\",\"action_type\":\"Re-entry into company\",\"joining_group\":\"false\",\"address\":\"false\",\"family_info\":\"false\",\"academic_qualification\":\"false\",\"additional_personal_data\":\"false\",\"previous_employment_detail\":\"false\",\"professional_membership\":\"false\",\"professional_license\":\"false\",\"recognition\":\"false\",\"contract_element\":\"false\",\"basic_pay\":\"false\",\"bank_detail\":\"false\",\"statutory_detail\":\"false\",\"recurring\":\"false\",\"third_party\":\"false\"},{\"bil\":\"3\",\"action_type\":\"Promotion\",\"joining_group\":\"false\",\"address\":\"false\",\"family_info\":\"false\",\"academic_qualification\":\"false\",\"additional_personal_data\":\"false\",\"previous_employment_detail\":\"false\",\"professional_membership\":\"false\",\"professional_license\":\"false\",\"recognition\":\"false\",\"contract_element\":\"false\",\"basic_pay\":\"false\",\"bank_detail\":\"false\",\"statutory_detail\":\"false\",\"recurring\":\"false\",\"third_party\":\"false\"},{\"bil\":\"4\",\"action_type\":\"Change of pay\",\"joining_group\":\"false\",\"address\":\"false\",\"family_info\":\"false\",\"academic_qualification\":\"false\",\"additional_personal_data\":\"false\",\"previous_employment_detail\":\"false\",\"professional_membership\":\"false\",\"professional_license\":\"false\",\"recognition\":\"false\",\"contract_element\":\"false\",\"basic_pay\":\"false\",\"bank_detail\":\"false\",\"statutory_detail\":\"false\",\"recurring\":\"false\",\"third_party\":\"false\"},{\"bil\":\"5\",\"action_type\":\"Change of grade\",\"joining_group\":\"false\",\"address\":\"false\",\"family_info\":\"false\",\"academic_qualification\":\"false\",\"additional_personal_data\":\"false\",\"previous_employment_detail\":\"false\",\"professional_membership\":\"false\",\"professional_license\":\"false\",\"recognition\":\"false\",\"contract_element\":\"false\",\"basic_pay\":\"false\",\"bank_detail\":\"false\",\"statutory_detail\":\"false\",\"recurring\":\"false\",\"third_party\":\"false\"},{\"bil\":\"6\",\"action_type\":\"Secondment\",\"joining_group\":\"false\",\"address\":\"false\",\"family_info\":\"false\",\"academic_qualification\":\"false\",\"additional_personal_data\":\"false\",\"previous_employment_detail\":\"false\",\"professional_membership\":\"false\",\"professional_license\":\"false\",\"recognition\":\"false\",\"contract_element\":\"false\",\"basic_pay\":\"false\",\"bank_detail\":\"false\",\"statutory_detail\":\"false\",\"recurring\":\"false\",\"third_party\":\"false\"},{\"bil\":\"7\",\"action_type\":\"Transfer interdepartmental\",\"joining_group\":\"false\",\"address\":\"false\",\"family_info\":\"false\",\"academic_qualification\":\"false\",\"additional_personal_data\":\"false\",\"previous_employment_detail\":\"false\",\"professional_membership\":\"false\",\"professional_license\":\"false\",\"recognition\":\"false\",\"contract_element\":\"false\",\"basic_pay\":\"false\",\"bank_detail\":\"false\",\"statutory_detail\":\"false\",\"recurring\":\"false\",\"third_party\":\"false\"},{\"bil\":\"8\",\"action_type\":\"Transfer intradepartmental\",\"joining_group\":\"false\",\"address\":\"false\",\"family_info\":\"false\",\"academic_qualification\":\"false\",\"additional_personal_data\":\"false\",\"previous_employment_detail\":\"false\",\"professional_membership\":\"false\",\"professional_license\":\"false\",\"recognition\":\"false\",\"contract_element\":\"false\",\"basic_pay\":\"false\",\"bank_detail\":\"false\",\"statutory_detail\":\"false\",\"recurring\":\"false\",\"third_party\":\"false\"},{\"bil\":\"9\",\"action_type\":\"Long term absence\",\"joining_group\":\"false\",\"address\":\"false\",\"family_info\":\"false\",\"academic_qualification\":\"false\",\"additional_personal_data\":\"false\",\"previous_employment_detail\":\"false\",\"professional_membership\":\"false\",\"professional_license\":\"false\",\"recognition\":\"false\",\"contract_element\":\"false\",\"basic_pay\":\"false\",\"bank_detail\":\"false\",\"statutory_detail\":\"false\",\"recurring\":\"false\",\"third_party\":\"false\"},{\"bil\":\"10\",\"action_type\":\"Resume work\",\"joining_group\":\"false\",\"address\":\"false\",\"family_info\":\"false\",\"academic_qualification\":\"false\",\"additional_personal_data\":\"false\",\"previous_employment_detail\":\"false\",\"professional_membership\":\"false\",\"professional_license\":\"false\",\"recognition\":\"false\",\"contract_element\":\"false\",\"basic_pay\":\"false\",\"bank_detail\":\"false\",\"statutory_detail\":\"false\",\"recurring\":\"false\",\"third_party\":\"false\"},{\"bil\":\"11\",\"action_type\":\"Suspension\",\"joining_group\":\"false\",\"address\":\"false\",\"family_info\":\"false\",\"academic_qualification\":\"false\",\"additional_personal_data\":\"false\",\"previous_employment_detail\":\"false\",\"professional_membership\":\"false\",\"professional_license\":\"false\",\"recognition\":\"false\",\"contract_element\":\"false\",\"basic_pay\":\"false\",\"bank_detail\":\"false\",\"statutory_detail\":\"false\",\"recurring\":\"false\",\"third_party\":\"false\"},{\"bil\":\"12\",\"action_type\":\"Renewal contract\",\"joining_group\":\"false\",\"address\":\"false\",\"family_info\":\"false\",\"academic_qualification\":\"false\",\"additional_personal_data\":\"false\",\"previous_employment_detail\":\"false\",\"professional_membership\":\"false\",\"professional_license\":\"false\",\"recognition\":\"false\",\"contract_element\":\"false\",\"basic_pay\":\"false\",\"bank_detail\":\"false\",\"statutory_detail\":\"false\",\"recurring\":\"false\",\"third_party\":\"false\"},{\"bil\":\"13\",\"action_type\":\"Resignation\",\"joining_group\":\"false\",\"address\":\"false\",\"family_info\":\"false\",\"academic_qualification\":\"false\",\"additional_personal_data\":\"false\",\"previous_employment_detail\":\"false\",\"professional_membership\":\"false\",\"professional_license\":\"false\",\"recognition\":\"false\",\"contract_element\":\"false\",\"basic_pay\":\"false\",\"bank_detail\":\"false\",\"statutory_detail\":\"false\",\"recurring\":\"false\",\"third_party\":\"false\"},{\"bil\":\"14\",\"action_type\":\"Termination\",\"joining_group\":\"false\",\"address\":\"false\",\"family_info\":\"false\",\"academic_qualification\":\"false\",\"additional_personal_data\":\"false\",\"previous_employment_detail\":\"false\",\"professional_membership\":\"false\",\"professional_license\":\"false\",\"recognition\":\"false\",\"contract_element\":\"false\",\"basic_pay\":\"false\",\"bank_detail\":\"false\",\"statutory_detail\":\"false\",\"recurring\":\"false\",\"third_party\":\"false\"},{\"bil\":\"15\",\"action_type\":\"Retirement\",\"joining_group\":\"true\",\"address\":\"false\",\"family_info\":\"false\",\"academic_qualification\":\"false\",\"additional_personal_data\":\"false\",\"previous_employment_detail\":\"false\",\"professional_membership\":\"false\",\"professional_license\":\"false\",\"recognition\":\"false\",\"contract_element\":\"false\",\"basic_pay\":\"true\",\"bank_detail\":\"false\",\"statutory_detail\":\"true\",\"recurring\":\"true\",\"third_party\":\"true\"}]',0),(16,'','[{\"bil\":\"1\",\"action_type\":\"Hiring\",\"joining_group\":\"true\",\"address\":\"true\",\"family_info\":\"true\",\"academic_qualification\":\"true\",\"additional_personal_data\":\"true\",\"previous_employment_detail\":\"true\",\"professional_membership\":\"true\",\"professional_license\":\"true\",\"recognition\":\"true\",\"contract_element\":\"true\",\"basic_pay\":\"true\",\"bank_detail\":\"true\",\"statutory_detail\":\"true\",\"recurring\":\"true\",\"third_party\":\"true\"},{\"bil\":\"2\",\"action_type\":\"Re-entry into company\",\"joining_group\":\"false\",\"address\":\"false\",\"family_info\":\"false\",\"academic_qualification\":\"false\",\"additional_personal_data\":\"false\",\"previous_employment_detail\":\"false\",\"professional_membership\":\"false\",\"professional_license\":\"false\",\"recognition\":\"false\",\"contract_element\":\"false\",\"basic_pay\":\"false\",\"bank_detail\":\"false\",\"statutory_detail\":\"false\",\"recurring\":\"false\",\"third_party\":\"false\"},{\"bil\":\"3\",\"action_type\":\"Promotion\",\"joining_group\":\"false\",\"address\":\"false\",\"family_info\":\"false\",\"academic_qualification\":\"false\",\"additional_personal_data\":\"false\",\"previous_employment_detail\":\"false\",\"professional_membership\":\"false\",\"professional_license\":\"false\",\"recognition\":\"false\",\"contract_element\":\"false\",\"basic_pay\":\"false\",\"bank_detail\":\"false\",\"statutory_detail\":\"false\",\"recurring\":\"false\",\"third_party\":\"false\"},{\"bil\":\"4\",\"action_type\":\"Change of pay\",\"joining_group\":\"false\",\"address\":\"false\",\"family_info\":\"false\",\"academic_qualification\":\"false\",\"additional_personal_data\":\"false\",\"previous_employment_detail\":\"false\",\"professional_membership\":\"false\",\"professional_license\":\"false\",\"recognition\":\"false\",\"contract_element\":\"false\",\"basic_pay\":\"false\",\"bank_detail\":\"false\",\"statutory_detail\":\"false\",\"recurring\":\"false\",\"third_party\":\"false\"},{\"bil\":\"5\",\"action_type\":\"Change of grade\",\"joining_group\":\"false\",\"address\":\"false\",\"family_info\":\"false\",\"academic_qualification\":\"false\",\"additional_personal_data\":\"false\",\"previous_employment_detail\":\"false\",\"professional_membership\":\"false\",\"professional_license\":\"false\",\"recognition\":\"false\",\"contract_element\":\"false\",\"basic_pay\":\"false\",\"bank_detail\":\"false\",\"statutory_detail\":\"false\",\"recurring\":\"false\",\"third_party\":\"false\"},{\"bil\":\"6\",\"action_type\":\"Secondment\",\"joining_group\":\"false\",\"address\":\"false\",\"family_info\":\"false\",\"academic_qualification\":\"false\",\"additional_personal_data\":\"false\",\"previous_employment_detail\":\"false\",\"professional_membership\":\"false\",\"professional_license\":\"false\",\"recognition\":\"false\",\"contract_element\":\"false\",\"basic_pay\":\"false\",\"bank_detail\":\"false\",\"statutory_detail\":\"false\",\"recurring\":\"false\",\"third_party\":\"false\"},{\"bil\":\"7\",\"action_type\":\"Transfer interdepartmental\",\"joining_group\":\"false\",\"address\":\"false\",\"family_info\":\"false\",\"academic_qualification\":\"false\",\"additional_personal_data\":\"false\",\"previous_employment_detail\":\"false\",\"professional_membership\":\"false\",\"professional_license\":\"false\",\"recognition\":\"false\",\"contract_element\":\"false\",\"basic_pay\":\"false\",\"bank_detail\":\"false\",\"statutory_detail\":\"false\",\"recurring\":\"false\",\"third_party\":\"false\"},{\"bil\":\"8\",\"action_type\":\"Transfer intradepartmental\",\"joining_group\":\"false\",\"address\":\"false\",\"family_info\":\"false\",\"academic_qualification\":\"false\",\"additional_personal_data\":\"false\",\"previous_employment_detail\":\"false\",\"professional_membership\":\"false\",\"professional_license\":\"false\",\"recognition\":\"false\",\"contract_element\":\"false\",\"basic_pay\":\"false\",\"bank_detail\":\"false\",\"statutory_detail\":\"false\",\"recurring\":\"false\",\"third_party\":\"false\"},{\"bil\":\"9\",\"action_type\":\"Long term absence\",\"joining_group\":\"false\",\"address\":\"false\",\"family_info\":\"false\",\"academic_qualification\":\"false\",\"additional_personal_data\":\"false\",\"previous_employment_detail\":\"false\",\"professional_membership\":\"false\",\"professional_license\":\"false\",\"recognition\":\"false\",\"contract_element\":\"false\",\"basic_pay\":\"false\",\"bank_detail\":\"false\",\"statutory_detail\":\"false\",\"recurring\":\"false\",\"third_party\":\"false\"},{\"bil\":\"10\",\"action_type\":\"Resume work\",\"joining_group\":\"false\",\"address\":\"false\",\"family_info\":\"false\",\"academic_qualification\":\"false\",\"additional_personal_data\":\"false\",\"previous_employment_detail\":\"false\",\"professional_membership\":\"false\",\"professional_license\":\"false\",\"recognition\":\"false\",\"contract_element\":\"false\",\"basic_pay\":\"false\",\"bank_detail\":\"false\",\"statutory_detail\":\"false\",\"recurring\":\"false\",\"third_party\":\"false\"},{\"bil\":\"11\",\"action_type\":\"Suspension\",\"joining_group\":\"false\",\"address\":\"false\",\"family_info\":\"false\",\"academic_qualification\":\"false\",\"additional_personal_data\":\"false\",\"previous_employment_detail\":\"false\",\"professional_membership\":\"false\",\"professional_license\":\"false\",\"recognition\":\"false\",\"contract_element\":\"false\",\"basic_pay\":\"false\",\"bank_detail\":\"false\",\"statutory_detail\":\"false\",\"recurring\":\"false\",\"third_party\":\"false\"},{\"bil\":\"12\",\"action_type\":\"Renewal contract\",\"joining_group\":\"false\",\"address\":\"false\",\"family_info\":\"false\",\"academic_qualification\":\"false\",\"additional_personal_data\":\"false\",\"previous_employment_detail\":\"false\",\"professional_membership\":\"false\",\"professional_license\":\"false\",\"recognition\":\"false\",\"contract_element\":\"false\",\"basic_pay\":\"false\",\"bank_detail\":\"false\",\"statutory_detail\":\"false\",\"recurring\":\"false\",\"third_party\":\"false\"},{\"bil\":\"13\",\"action_type\":\"Resignation\",\"joining_group\":\"false\",\"address\":\"false\",\"family_info\":\"false\",\"academic_qualification\":\"false\",\"additional_personal_data\":\"false\",\"previous_employment_detail\":\"false\",\"professional_membership\":\"false\",\"professional_license\":\"false\",\"recognition\":\"false\",\"contract_element\":\"false\",\"basic_pay\":\"false\",\"bank_detail\":\"false\",\"statutory_detail\":\"false\",\"recurring\":\"false\",\"third_party\":\"false\"},{\"bil\":\"14\",\"action_type\":\"Termination\",\"joining_group\":\"false\",\"address\":\"false\",\"family_info\":\"false\",\"academic_qualification\":\"false\",\"additional_personal_data\":\"false\",\"previous_employment_detail\":\"false\",\"professional_membership\":\"false\",\"professional_license\":\"false\",\"recognition\":\"false\",\"contract_element\":\"false\",\"basic_pay\":\"false\",\"bank_detail\":\"false\",\"statutory_detail\":\"false\",\"recurring\":\"false\",\"third_party\":\"false\"},{\"bil\":\"15\",\"action_type\":\"Retirement\",\"joining_group\":\"false\",\"address\":\"false\",\"family_info\":\"false\",\"academic_qualification\":\"false\",\"additional_personal_data\":\"false\",\"previous_employment_detail\":\"false\",\"professional_membership\":\"false\",\"professional_license\":\"false\",\"recognition\":\"false\",\"contract_element\":\"false\",\"basic_pay\":\"false\",\"bank_detail\":\"false\",\"statutory_detail\":\"false\",\"recurring\":\"false\",\"third_party\":\"false\"}]',0);

--
-- Table structure for table `announcement`
--

CREATE TABLE `announcement` (
  `ID` int(11) NOT NULL AUTO_INCREMENT,
  `description` text NOT NULL,
  `publish` int(1) NOT NULL,
  `dateFrom` date NOT NULL,
  `dateTo` date NOT NULL,
  `createdBy` int(11) NOT NULL,
  `createdTS` timestamp NOT NULL DEFAULT CURRENT_TIMESTAMP,
  `updatedBy` int(11) NOT NULL,
  `updatedTS` timestamp NOT NULL DEFAULT '0000-00-00 00:00:00' ON UPDATE CURRENT_TIMESTAMP,
  PRIMARY KEY (`ID`)
) ENGINE=InnoDB DEFAULT CHARSET=latin1;

--
-- Dumping data for table `announcement`
--


--
-- Table structure for table `application`
--

CREATE TABLE `application` (
  `id` int(11) NOT NULL AUTO_INCREMENT,
  `app_id` varchar(255) NOT NULL,
  `app_key` varchar(255) NOT NULL,
  `title` varchar(255) NOT NULL,
  `is_delete` int(1) NOT NULL,
  PRIMARY KEY (`id`)
) ENGINE=InnoDB DEFAULT CHARSET=latin1;

--
-- Dumping data for table `application`
--


--
-- Table structure for table `company`
--

CREATE TABLE `company` (
  `id` int(11) NOT NULL AUTO_INCREMENT,
  `branch_hq` int(11) NOT NULL,
  `name` varchar(128) NOT NULL,
  `profile` text NOT NULL,
  `main_logo_id` int(11) NOT NULL,
  `address` varchar(128) NOT NULL,
  `phone` varchar(255) NOT NULL,
  `phone_others` varchar(255) NOT NULL,
  `website` varchar(255) NOT NULL,
  `roc_no` varchar(128) NOT NULL,
  `status` tinyint(1) DEFAULT '0' COMMENT '0 = active, 1= inactive',
  `created_by` int(11) NOT NULL,
  `created_ts` timestamp NOT NULL DEFAULT CURRENT_TIMESTAMP,
  `updated_by` int(11) DEFAULT NULL,
  `updated_ts` timestamp NULL DEFAULT NULL,
  `is_delete` tinyint(1) NOT NULL DEFAULT '0' COMMENT '0 = no, 1 = yes',
  `deleted_by` int(11) DEFAULT NULL,
  `deleted_ts` timestamp NULL DEFAULT NULL,
  `slug` varchar(255) NOT NULL,
  PRIMARY KEY (`id`),
  KEY `name` (`name`),
  KEY `status` (`status`)
) ENGINE=InnoDB AUTO_INCREMENT=49 DEFAULT CHARSET=latin1;

--
-- Dumping data for table `company`
--

INSERT INTO `company` VALUES (48,0,'Syarikat 48 ','',19,'Taman Perindustrian Bukit Raja, Klang, Selangor, Malaysia','0195632896','','syarikat48@merah.com','45952A',0,122,'2019-06-12 06:31:00',NULL,NULL,0,NULL,NULL,'syarikat-48-12062019');

--
-- Table structure for table `company__branch`
--

CREATE TABLE `company__branch` (
  `id` int(11) NOT NULL AUTO_INCREMENT,
  `company_id` int(11) NOT NULL DEFAULT '1',
  `name` varchar(255) DEFAULT NULL,
  `address` text NOT NULL,
  `postcode` varchar(255) NOT NULL,
  `city` varchar(128) NOT NULL,
  `state_id` int(11) NOT NULL,
  `country_id` int(11) NOT NULL,
  `latitude` varchar(20) DEFAULT NULL,
  `longitude` varchar(20) DEFAULT NULL,
  `phone` varchar(255) DEFAULT NULL,
  `fax` varchar(255) DEFAULT NULL,
  `email` varchar(255) DEFAULT NULL,
  `status` tinyint(1) NOT NULL DEFAULT '0' COMMENT '0 = active, 1= inactive',
  `created_by` int(11) NOT NULL,
  `created_ts` timestamp NOT NULL DEFAULT CURRENT_TIMESTAMP,
  `updated_by` int(11) DEFAULT NULL,
  `updated_ts` timestamp NULL DEFAULT NULL,
  `is_delete` tinyint(1) NOT NULL DEFAULT '0' COMMENT '0 = no, 1 = yes',
  `deleted_by` int(11) DEFAULT NULL,
  `deleted_ts` timestamp NULL DEFAULT NULL,
  PRIMARY KEY (`id`),
  KEY `name` (`name`)
) ENGINE=InnoDB AUTO_INCREMENT=2 DEFAULT CHARSET=latin1;

--
-- Dumping data for table `company__branch`
--

INSERT INTO `company__branch` VALUES (1,48,'Muar','','','',0,0,NULL,NULL,NULL,NULL,NULL,0,132,'2019-07-22 02:34:59',NULL,NULL,0,NULL,NULL);

--
-- Table structure for table `company__business_entity`
--

CREATE TABLE `company__business_entity` (
  `id` int(11) NOT NULL AUTO_INCREMENT,
  `company_id` int(11) NOT NULL DEFAULT '1',
  `name` varchar(128) NOT NULL,
  `description` text NOT NULL,
  `roc_no` varchar(255) NOT NULL,
  `logo` varchar(255) NOT NULL,
  `website` varchar(255) NOT NULL,
  `phone` varchar(255) NOT NULL,
  `status` tinyint(1) DEFAULT '0' COMMENT '0 = active, 1= inactive',
  `created_by` int(11) NOT NULL,
  `created_ts` timestamp NOT NULL DEFAULT CURRENT_TIMESTAMP,
  `updated_by` int(11) DEFAULT NULL,
  `updated_ts` timestamp NULL DEFAULT NULL,
  `is_delete` tinyint(1) NOT NULL DEFAULT '0' COMMENT '0 = no, 1 = yes',
  `deleted_by` int(11) DEFAULT NULL,
  `deleted_ts` timestamp NULL DEFAULT NULL,
  PRIMARY KEY (`id`),
  KEY `name` (`name`),
  KEY `status` (`status`)
) ENGINE=InnoDB AUTO_INCREMENT=2 DEFAULT CHARSET=latin1;

--
-- Dumping data for table `company__business_entity`
--

INSERT INTO `company__business_entity` VALUES (1,48,'Entity','Entity Description','12345a','','','',0,132,'2019-07-22 02:34:23',NULL,NULL,0,NULL,NULL);

--
-- Table structure for table `company__department`
--

CREATE TABLE `company__department` (
  `id` int(11) NOT NULL AUTO_INCREMENT,
  `branch_id` int(11) NOT NULL,
  `division_id` int(11) NOT NULL,
  `name` varchar(128) NOT NULL,
  `description` text NOT NULL,
  `hod_id` int(11) NOT NULL,
  `status` tinyint(1) DEFAULT '0' COMMENT '0 = active, 1= inactive',
  `created_by` int(11) NOT NULL,
  `created_ts` timestamp NOT NULL DEFAULT CURRENT_TIMESTAMP,
  `updated_by` int(11) DEFAULT NULL,
  `updated_ts` timestamp NULL DEFAULT NULL,
  `is_delete` tinyint(1) NOT NULL DEFAULT '0' COMMENT '0 = no, 1 = yes',
  `deleted_by` int(11) DEFAULT NULL,
  `deleted_ts` timestamp NULL DEFAULT NULL,
  PRIMARY KEY (`id`),
  KEY `name` (`name`),
  KEY `peopleID` (`hod_id`),
  KEY `status` (`status`)
) ENGINE=InnoDB AUTO_INCREMENT=2 DEFAULT CHARSET=latin1;

--
-- Dumping data for table `company__department`
--

INSERT INTO `company__department` VALUES (1,1,0,'IT','Bahagian IT',0,0,132,'2019-07-22 02:35:34',NULL,NULL,0,NULL,NULL);

--
-- Table structure for table `company__division`
--

CREATE TABLE `company__division` (
  `id` int(11) NOT NULL AUTO_INCREMENT,
  `department_id` int(11) NOT NULL,
  `code` varchar(16) DEFAULT NULL,
  `name` varchar(128) NOT NULL,
  `status` tinyint(1) NOT NULL DEFAULT '0',
  `created_by` int(11) NOT NULL,
  `created_ts` timestamp NOT NULL DEFAULT CURRENT_TIMESTAMP,
  `updated_by` int(11) DEFAULT NULL,
  `updated_ts` timestamp NULL DEFAULT NULL,
  `is_delete` tinyint(4) NOT NULL DEFAULT '0',
  `deleted_by` int(1) DEFAULT NULL,
  `deleted_ts` timestamp NULL DEFAULT NULL,
  PRIMARY KEY (`id`)
) ENGINE=InnoDB AUTO_INCREMENT=2 DEFAULT CHARSET=latin1;

--
-- Dumping data for table `company__division`
--

INSERT INTO `company__division` VALUES (1,1,'IT01','IT Software',0,132,'2019-07-22 02:36:36',NULL,NULL,0,NULL,NULL);

--
-- Table structure for table `company__logo`
--

CREATE TABLE `company__logo` (
  `id` int(11) NOT NULL AUTO_INCREMENT,
  `company_id` int(11) NOT NULL,
  `title` varchar(255) NOT NULL,
  `description` text NOT NULL,
  `file_name` varchar(255) NOT NULL,
  `file_location` varchar(255) NOT NULL,
  `status` tinyint(1) NOT NULL DEFAULT '0',
  `created_by` int(11) NOT NULL,
  `created_ts` timestamp NOT NULL DEFAULT CURRENT_TIMESTAMP,
  `updated_by` int(11) DEFAULT NULL,
  `updated_ts` timestamp NULL DEFAULT NULL,
  `is_delete` tinyint(1) DEFAULT '0',
  `deleted_by` int(11) DEFAULT NULL,
  `deleted_ts` timestamp NULL DEFAULT NULL,
  PRIMARY KEY (`id`)
) ENGINE=InnoDB AUTO_INCREMENT=20 DEFAULT CHARSET=latin1;

--
-- Dumping data for table `company__logo`
--

INSERT INTO `company__logo` VALUES (1,48,'','','20190614_dN3IXVZflTkPC98.png','assets/img/companylogo/',0,122,'2019-06-14 04:45:21',NULL,NULL,0,NULL,NULL),(2,48,'','','20190614_l5uZMwhKBEeO9H7.png','assets/img/companylogo/',0,122,'2019-06-14 04:47:15',NULL,NULL,0,NULL,NULL),(3,48,'','','20190614_Wn5i3jvTIHS0oGD.png','assets/img/companylogo/',0,122,'2019-06-14 04:47:30',NULL,NULL,0,NULL,NULL),(4,48,'','','20190614_YSXGcgu5bPQ32vH.png','assets/img/companylogo/',0,122,'2019-06-14 04:48:41',NULL,NULL,0,NULL,NULL),(5,48,'','','20190614_P2JaeI1yourDENt.png','assets/img/companylogo/',0,122,'2019-06-14 04:48:43',NULL,NULL,0,NULL,NULL),(6,48,'','','20190614_APB8qKtcnSx9Lrv.png','assets/img/companylogo/',0,122,'2019-06-14 04:48:44',NULL,NULL,0,NULL,NULL),(7,48,'','','20190614_2gA5vycKZsIrGxR.png','assets/img/companylogo/',0,122,'2019-06-14 04:50:17',NULL,NULL,0,NULL,NULL),(8,48,'','','20190614_Bd9VhlpH2D6wWtP.png','assets/img/companylogo/',0,122,'2019-06-14 04:56:28',NULL,NULL,0,NULL,NULL),(9,48,'','','20190614_LGNlreUaRBmkzxt.png','assets/img/companylogo/',0,122,'2019-06-14 04:56:57',NULL,NULL,0,NULL,NULL),(10,48,'','','20190614_Pznba5j6tGuI7kH.png','assets/img/companylogo/',0,122,'2019-06-14 04:58:53',NULL,NULL,0,NULL,NULL),(11,48,'','','20190614_eQUgw1bqMrzHTJd.png','assets/img/companylogo/',0,122,'2019-06-14 05:02:50',NULL,NULL,0,NULL,NULL),(12,48,'','','20190614_wzkneLQ9SGu8mt3.png','assets/img/companylogo/',0,122,'2019-06-14 05:03:13',NULL,NULL,0,NULL,NULL),(13,48,'','','20190614_SyFsYBtzpqVxHIM.png','assets/img/companylogo/',0,122,'2019-06-14 05:07:18',NULL,NULL,0,NULL,NULL),(14,48,'','','20190614_Oa60fF5WH1X9dUq.png','assets/img/companylogo/',0,122,'2019-06-14 05:17:53',NULL,NULL,0,NULL,NULL),(15,48,'','','20190614_pFh7J0UjRGWETBw.png','assets/img/companylogo/',0,122,'2019-06-14 05:20:15',NULL,NULL,0,NULL,NULL),(16,48,'','','20190614_E760feVahLwIPJn.png','assets/img/companylogo/',0,122,'2019-06-14 05:21:22',NULL,NULL,0,NULL,NULL),(17,48,'','','20190725_xEPrL14oG9e5wVy.png','assets/img/companylogo/',0,132,'2019-07-25 08:39:41',NULL,NULL,0,NULL,NULL),(18,48,'','','20190725_cYfiV1Ox0z7y2oN.png','assets/img/companylogo/',0,132,'2019-07-25 08:54:34',NULL,NULL,0,NULL,NULL),(19,48,'','','20191202_Y58zNwhcJstGZ9g.png','assets/img/companylogo/',0,122,'2019-12-02 08:39:03',NULL,NULL,0,NULL,NULL);

--
-- Table structure for table `company__position`
--

CREATE TABLE `company__position` (
  `id` int(11) NOT NULL AUTO_INCREMENT,
  `parent_id` int(11) NOT NULL,
  `position` varchar(255) NOT NULL,
  `description` varchar(255) NOT NULL,
  `status` tinyint(1) DEFAULT '0' COMMENT '0 = active, 1= inactive',
  `created_by` int(11) NOT NULL,
  `created_ts` timestamp NOT NULL DEFAULT CURRENT_TIMESTAMP,
  `updated_by` int(11) DEFAULT NULL,
  `updated_ts` timestamp NULL DEFAULT NULL,
  `is_delete` tinyint(1) NOT NULL DEFAULT '0' COMMENT '0 = no, 1 = yes',
  `deleted_by` int(11) DEFAULT NULL,
  `deleted_ts` timestamp NULL DEFAULT NULL,
  PRIMARY KEY (`id`)
) ENGINE=InnoDB AUTO_INCREMENT=25 DEFAULT CHARSET=latin1;

--
-- Dumping data for table `company__position`
--

INSERT INTO `company__position` VALUES (1,0,'Top Management','',0,1,'2017-12-18 03:24:10',NULL,NULL,0,NULL,NULL),(2,0,'Management','',0,1,'2017-12-18 03:24:10',NULL,NULL,0,NULL,NULL),(3,0,'Middle Management','',0,1,'2017-12-18 03:25:01',NULL,NULL,0,NULL,NULL),(4,0,'Executive','',0,1,'2017-12-18 03:25:01',NULL,NULL,0,NULL,NULL),(5,0,'Non Executive','',0,1,'2017-12-18 03:25:49',NULL,NULL,0,NULL,NULL),(6,1,'Partner','',0,1,'2017-12-18 03:30:29',NULL,NULL,0,NULL,NULL),(7,1,'Managing Partner','',0,1,'2017-12-18 03:30:29',NULL,NULL,0,NULL,NULL),(8,2,'Junior Partner','',0,1,'2017-12-18 03:30:29',NULL,NULL,0,NULL,NULL),(9,2,'Director','',0,1,'2017-12-18 03:30:29',NULL,NULL,0,NULL,NULL),(10,2,'Associate Director','',0,1,'2017-12-18 03:30:29',NULL,NULL,0,NULL,NULL),(11,2,'Senior Manager','',0,1,'2017-12-18 03:30:29',NULL,NULL,0,NULL,NULL),(12,2,'Manager','',0,1,'2017-12-18 03:30:29',NULL,NULL,0,NULL,NULL),(13,3,'Assistant Manager','',0,1,'2017-12-18 03:30:29',NULL,NULL,0,NULL,NULL),(14,3,'Supervisor','',0,1,'2017-12-18 03:30:29',NULL,NULL,0,NULL,NULL),(15,4,'Senior Executive','',0,1,'2017-12-18 03:30:29',NULL,NULL,0,NULL,NULL),(16,4,'Executive','',0,1,'2017-12-18 03:30:29',NULL,NULL,0,NULL,NULL),(17,5,'Admin Assistant','',0,1,'2017-12-18 03:30:29',NULL,NULL,0,NULL,NULL),(18,5,'Office Assistant','',0,1,'2017-12-18 03:30:29',NULL,NULL,0,NULL,NULL),(19,5,'Dispatch & Driver','',0,1,'2017-12-18 03:30:29',NULL,NULL,0,NULL,NULL),(20,0,'Contract Staff','',0,1,'2018-01-08 09:59:49',NULL,NULL,0,NULL,NULL),(21,20,'Contract Staff','',0,1,'2018-01-08 10:00:07',NULL,NULL,0,NULL,NULL),(22,1,'','',0,0,'2019-01-03 09:56:40',NULL,NULL,0,NULL,NULL),(23,20,'Trainee','',0,0,'2019-01-04 01:48:59',NULL,NULL,0,NULL,NULL),(24,20,'Account Assistant','',0,0,'2019-02-11 04:34:19',NULL,NULL,0,NULL,NULL);

--
-- Table structure for table `crm__enggagement`
--

CREATE TABLE `crm__enggagement` (
  `ID` int(11) NOT NULL AUTO_INCREMENT,
  `deptID` int(11) NOT NULL,
  `customerID` int(11) NOT NULL,
  `movementID` int(11) NOT NULL DEFAULT '0',
  `crm_processID` int(11) NOT NULL,
  `date` date NOT NULL,
  `timefrom` time NOT NULL,
  `timeto` time NOT NULL,
  `activity` varchar(128) NOT NULL,
  `createdBy` int(11) NOT NULL,
  `createdTS` timestamp NOT NULL DEFAULT CURRENT_TIMESTAMP,
  `is_delete` int(11) NOT NULL DEFAULT '0',
  PRIMARY KEY (`ID`),
  KEY `customerID` (`customerID`),
  KEY `movementID` (`movementID`),
  KEY `crm_processID` (`crm_processID`)
) ENGINE=InnoDB DEFAULT CHARSET=latin1;

--
-- Dumping data for table `crm__enggagement`
--


--
-- Table structure for table `crm__enggagement_attachment`
--

CREATE TABLE `crm__enggagement_attachment` (
  `ID` int(11) NOT NULL AUTO_INCREMENT,
  `enggagementID` int(11) NOT NULL,
  `attachment` varchar(128) NOT NULL,
  `file_name` varchar(255) NOT NULL,
  `file_location` varchar(255) NOT NULL,
  `description` text NOT NULL,
  `confidential` int(11) NOT NULL DEFAULT '0',
  `createdTS` timestamp NOT NULL DEFAULT CURRENT_TIMESTAMP ON UPDATE CURRENT_TIMESTAMP,
  `createdBy` int(11) NOT NULL,
  `updatedBy` int(11) NOT NULL,
  `is_delete` int(11) NOT NULL DEFAULT '0',
  PRIMARY KEY (`ID`)
) ENGINE=InnoDB DEFAULT CHARSET=latin1;

--
-- Dumping data for table `crm__enggagement_attachment`
--


--
-- Table structure for table `crm__enggagement_contact`
--

CREATE TABLE `crm__enggagement_contact` (
  `id` int(11) NOT NULL AUTO_INCREMENT,
  `enggagementid` int(11) NOT NULL,
  `contactid` int(11) NOT NULL,
  `is_delete` int(11) NOT NULL,
  PRIMARY KEY (`id`),
  KEY `group` (`enggagementid`),
  KEY `staff` (`contactid`)
) ENGINE=InnoDB DEFAULT CHARSET=latin1;

--
-- Dumping data for table `crm__enggagement_contact`
--


--
-- Table structure for table `crm__enggagement_detail`
--

CREATE TABLE `crm__enggagement_detail` (
  `ID` int(11) NOT NULL AUTO_INCREMENT,
  `enggagementID` int(11) NOT NULL,
  `type` varchar(16) NOT NULL,
  `description` text NOT NULL,
  `confidential` int(11) NOT NULL DEFAULT '0',
  `amount` decimal(9,2) NOT NULL,
  `createdTS` timestamp NOT NULL DEFAULT CURRENT_TIMESTAMP,
  `updatedTS` timestamp NOT NULL DEFAULT '0000-00-00 00:00:00' ON UPDATE CURRENT_TIMESTAMP,
  `createdBy` int(11) NOT NULL,
  `updatedBy` int(11) NOT NULL,
  `is_delete` int(11) NOT NULL DEFAULT '0',
  PRIMARY KEY (`ID`)
) ENGINE=InnoDB DEFAULT CHARSET=latin1;

--
-- Dumping data for table `crm__enggagement_detail`
--


--
-- Table structure for table `crm__enggagement_report`
--

CREATE TABLE `crm__enggagement_report` (
  `id` int(11) NOT NULL AUTO_INCREMENT,
  `enggagementID` int(11) NOT NULL,
  `type` varchar(16) NOT NULL,
  `description` text NOT NULL,
  `created_by` int(11) NOT NULL,
  PRIMARY KEY (`id`)
) ENGINE=InnoDB DEFAULT CHARSET=latin1;

--
-- Dumping data for table `crm__enggagement_report`
--


--
-- Table structure for table `crm__enggagement_staff`
--

CREATE TABLE `crm__enggagement_staff` (
  `id` int(11) NOT NULL AUTO_INCREMENT,
  `enggagementid` int(11) NOT NULL,
  `staffid` int(11) NOT NULL,
  `is_delete` int(11) NOT NULL,
  PRIMARY KEY (`id`),
  KEY `group` (`enggagementid`),
  KEY `staff` (`staffid`)
) ENGINE=InnoDB DEFAULT CHARSET=latin1;

--
-- Dumping data for table `crm__enggagement_staff`
--


--
-- Table structure for table `crm__process`
--

CREATE TABLE `crm__process` (
  `ID` int(11) NOT NULL AUTO_INCREMENT,
  `parentID` int(11) NOT NULL DEFAULT '0',
  `type` int(11) NOT NULL DEFAULT '0' COMMENT '0=form, 1=report',
  `name` varchar(32) NOT NULL,
  `link` varchar(64) NOT NULL,
  `icon` varchar(32) NOT NULL,
  `color_code` varchar(16) NOT NULL,
  `description` varchar(128) NOT NULL,
  `sequenceNo` int(11) NOT NULL DEFAULT '10',
  PRIMARY KEY (`ID`)
) ENGINE=InnoDB AUTO_INCREMENT=23 DEFAULT CHARSET=latin1;

--
-- Dumping data for table `crm__process`
--

INSERT INTO `crm__process` VALUES (1,0,0,'Marketing','','','','Marketing Activity',10),(2,0,0,'Sales','','','success','',100),(3,0,0,'After Sales','','','','',200),(4,0,0,'Analytic','','','info','',300),(5,0,0,'Termination','','','danger','Terminate Client/Vendor',400),(6,1,0,'Event','','','','Event Management',20),(7,1,0,'Profiling','','','','Client Harvesting',30),(8,1,0,'Lead','','','','',40),(9,2,0,'Opportunity ','','','','',110),(10,2,0,'Proposal/Quotation','','','','',120),(11,2,0,'Follow UP ','','','','',130),(12,2,0,'Close Deal ','','','','',140),(13,2,0,'Execute / Field Work','','','','',150),(14,2,0,'Invoice','','','','',160),(15,3,0,'Customer Retention','','','','',210),(16,3,0,'Customer Experience','','','','',220),(17,0,0,'Meeting','','','','',900),(18,0,0,'Training','','','','',910),(19,0,0,'Visit','','','','',920),(20,0,0,'Conference','','','','',930),(21,0,0,'Networking','','','','',940),(22,0,0,'Others','','','','',950);

--
-- Table structure for table `customer`
--

CREATE TABLE `customer` (
  `id` int(11) NOT NULL AUTO_INCREMENT,
  `type_id` int(11) NOT NULL,
  `name` varchar(128) NOT NULL,
  `profile` text NOT NULL,
  `picture` varchar(255) NOT NULL,
  `roc_no` varchar(128) NOT NULL,
  `address1` varchar(128) NOT NULL,
  `address2` varchar(128) NOT NULL,
  `postcode` varchar(128) NOT NULL,
  `city` varchar(128) NOT NULL,
  `state_id` int(11) NOT NULL,
  `country_id` int(11) NOT NULL,
  `phone` varchar(128) NOT NULL,
  `phone_other` varchar(128) NOT NULL,
  `fax` varchar(128) NOT NULL,
  `email` varchar(128) NOT NULL,
  `website` varchar(128) NOT NULL,
  `master` int(11) NOT NULL COMMENT 'Yes = 1, No = 0',
  `master_id` int(11) NOT NULL,
  `grade_id` int(11) NOT NULL,
  `year_end_id` int(11) NOT NULL,
  `status_id` tinyint(1) NOT NULL DEFAULT '0',
  `incorporate_date` date NOT NULL,
  `appoint_date` date NOT NULL,
  `description` text NOT NULL,
  `created_by` int(11) NOT NULL,
  `created_ts` timestamp NOT NULL DEFAULT CURRENT_TIMESTAMP,
  `updated_by` int(11) DEFAULT NULL,
  `updated_ts` timestamp NULL DEFAULT NULL,
  `is_delete` tinyint(1) NOT NULL DEFAULT '0' COMMENT '0 = no, 1 = yes',
  `deleted_by` int(11) DEFAULT NULL,
  `deleted_ts` timestamp NULL DEFAULT NULL,
  PRIMARY KEY (`id`)
) ENGINE=InnoDB AUTO_INCREMENT=4 DEFAULT CHARSET=latin1;

--
-- Dumping data for table `customer`
--

INSERT INTO `customer` VALUES (1,1,'Panorerama Sdn. Bhd.','','','1783664a','','','','',0,0,'','','','','',0,0,0,0,0,'0000-00-00','0000-00-00','',132,'2019-07-22 02:49:28',132,'2019-07-22 03:05:36',0,NULL,NULL),(2,0,'Mentahari Enterprise','','','11613e','','','','',0,0,'','','','','',0,0,0,0,0,'0000-00-00','0000-00-00','',132,'2019-07-22 09:02:37',NULL,NULL,0,NULL,NULL),(3,0,'Perumahan Maju Sdn. Bhd','','','125A','','','','',0,0,'0322958469','','','pemaju@gmail.com','',0,0,0,0,0,'0000-00-00','0000-00-00','',122,'2019-12-03 02:29:43',122,'2019-12-03 02:38:08',0,NULL,NULL);

--
-- Table structure for table `customer__accountant`
--

CREATE TABLE `customer__accountant` (
  `id` int(11) NOT NULL AUTO_INCREMENT,
  `customer_id` int(11) NOT NULL,
  `accountant_name` varchar(128) NOT NULL,
  `accountant_address1` varchar(128) NOT NULL,
  `accountant_address2` varchar(128) NOT NULL,
  `accountant_postcode` varchar(128) NOT NULL,
  `accountant_city` varchar(128) NOT NULL,
  `accountant_state_id` int(11) NOT NULL,
  `accountant_country_id` int(11) NOT NULL,
  `accountant_phone_no` varchar(128) NOT NULL,
  `accountant_fax` varchar(128) NOT NULL,
  `accountant_note` text NOT NULL,
  `is_delete` tinyint(1) NOT NULL,
  `created_by` int(11) NOT NULL,
  `created_ts` timestamp NOT NULL DEFAULT CURRENT_TIMESTAMP ON UPDATE CURRENT_TIMESTAMP,
  `updated_by` int(11) NOT NULL,
  `updated_ts` timestamp NOT NULL DEFAULT '0000-00-00 00:00:00',
  PRIMARY KEY (`id`)
) ENGINE=InnoDB DEFAULT CHARSET=latin1;

--
-- Dumping data for table `customer__accountant`
--


--
-- Table structure for table `customer__attachment`
--

CREATE TABLE `customer__attachment` (
  `id` int(11) NOT NULL AUTO_INCREMENT,
  `customer_upload` tinyint(1) NOT NULL DEFAULT '0' COMMENT '0 = no, 1 = yes',
  `customer_id` int(11) NOT NULL,
  `type_id` int(11) NOT NULL,
  `file_name` varchar(255) NOT NULL,
  `file_location` varchar(255) NOT NULL,
  `description` text NOT NULL,
  `status` tinyint(1) NOT NULL DEFAULT '0' COMMENT '0 = active, 1= inactive',
  `created_by` int(11) NOT NULL,
  `created_ts` timestamp NOT NULL DEFAULT CURRENT_TIMESTAMP,
  `updated_by` int(11) DEFAULT NULL,
  `is_delete` tinyint(1) NOT NULL DEFAULT '0' COMMENT '0 = no, 1 = yes',
  `updated_ts` int(11) DEFAULT NULL,
  `deleted_by` int(11) DEFAULT NULL,
  `deleted_ts` timestamp NULL DEFAULT NULL,
  PRIMARY KEY (`id`)
) ENGINE=InnoDB DEFAULT CHARSET=latin1;

--
-- Dumping data for table `customer__attachment`
--


--
-- Table structure for table `customer__attachment_type`
--

CREATE TABLE `customer__attachment_type` (
  `id` int(11) NOT NULL AUTO_INCREMENT,
  `type` varchar(255) NOT NULL,
  `status` tinyint(1) NOT NULL DEFAULT '0' COMMENT '0 = active, 1= inactive',
  `created_by` int(11) NOT NULL,
  `created_ts` timestamp NOT NULL DEFAULT CURRENT_TIMESTAMP,
  `updated_by` int(11) DEFAULT NULL,
  `updated_ts` timestamp NULL DEFAULT NULL,
  `is_delete` tinyint(1) NOT NULL DEFAULT '0' COMMENT '0 = no, 1 = yes',
  `deleted_by` int(11) DEFAULT NULL,
  `deleted_ts` timestamp NULL DEFAULT NULL,
  PRIMARY KEY (`id`)
) ENGINE=InnoDB AUTO_INCREMENT=11 DEFAULT CHARSET=latin1;

--
-- Dumping data for table `customer__attachment_type`
--

INSERT INTO `customer__attachment_type` VALUES (1,'Directors & Shareholders',0,0,'2018-03-02 02:54:26',NULL,NULL,0,NULL,NULL),(2,'Account',0,0,'2018-03-02 02:54:26',NULL,NULL,0,NULL,NULL),(3,'Audit',0,0,'2018-03-02 02:54:26',NULL,NULL,0,NULL,NULL),(4,'Taxation',0,0,'2018-03-02 02:54:26',NULL,NULL,0,NULL,NULL),(5,'Company Secretary',0,0,'2018-03-02 02:54:26',NULL,NULL,0,NULL,NULL),(6,'Corporate Finance',0,0,'2018-03-02 02:54:26',NULL,NULL,0,NULL,NULL),(7,'GST',0,0,'2018-03-02 02:54:26',NULL,NULL,0,NULL,NULL),(8,'IT',0,0,'2018-03-02 02:54:26',NULL,NULL,0,NULL,NULL),(9,'Shariah',0,0,'2018-03-02 02:54:26',NULL,NULL,0,NULL,NULL),(10,'Others',0,0,'2018-03-02 02:54:26',NULL,NULL,0,NULL,NULL);

--
-- Table structure for table `customer__auditor`
--

CREATE TABLE `customer__auditor` (
  `id` int(11) NOT NULL AUTO_INCREMENT,
  `customer_id` int(11) NOT NULL,
  `auditor_name` varchar(128) NOT NULL,
  `auditor_address1` varchar(128) NOT NULL,
  `auditor_address2` varchar(128) NOT NULL,
  `auditor_postcode` varchar(128) NOT NULL,
  `auditor_city` varchar(128) NOT NULL,
  `auditor_state_id` int(11) NOT NULL,
  `auditor_country_id` int(11) NOT NULL,
  `auditor_phone_no` varchar(128) NOT NULL,
  `auditor_fax` varchar(128) NOT NULL,
  `auditor_note` text NOT NULL,
  `is_delete` tinyint(1) NOT NULL,
  `created_by` int(11) NOT NULL,
  `created_ts` timestamp NOT NULL DEFAULT CURRENT_TIMESTAMP ON UPDATE CURRENT_TIMESTAMP,
  `updated_by` int(11) NOT NULL,
  `updated_ts` timestamp NOT NULL DEFAULT '0000-00-00 00:00:00',
  PRIMARY KEY (`id`)
) ENGINE=InnoDB DEFAULT CHARSET=latin1;

--
-- Dumping data for table `customer__auditor`
--


--
-- Table structure for table `customer__bank`
--

CREATE TABLE `customer__bank` (
  `id` int(11) NOT NULL AUTO_INCREMENT,
  `customer_id` int(11) NOT NULL,
  `name` varchar(255) NOT NULL,
  `bank_branch` varchar(255) NOT NULL,
  `account_no` varchar(255) NOT NULL,
  `status` tinyint(1) NOT NULL DEFAULT '0' COMMENT '0 = active, 1 = inactive',
  `created_by` int(11) NOT NULL,
  `created_ts` timestamp NOT NULL DEFAULT CURRENT_TIMESTAMP,
  `updated_by` int(11) DEFAULT NULL,
  `updated_ts` timestamp NULL DEFAULT NULL,
  `is_delete` tinyint(1) NOT NULL DEFAULT '0' COMMENT '0 = no, 1 = yes',
  `deleted_by` int(11) DEFAULT NULL,
  `deleted_ts` timestamp NULL DEFAULT NULL,
  PRIMARY KEY (`id`)
) ENGINE=InnoDB DEFAULT CHARSET=latin1;

--
-- Dumping data for table `customer__bank`
--


--
-- Table structure for table `customer__contact`
--

CREATE TABLE `customer__contact` (
  `id` int(11) NOT NULL AUTO_INCREMENT,
  `customer_id` int(11) NOT NULL,
  `name` varchar(128) NOT NULL,
  `ic_no` varchar(128) NOT NULL,
  `birthdate` date NOT NULL,
  `position` varchar(128) NOT NULL,
  `phone_work` varchar(16) NOT NULL,
  `phone_mobile` varchar(16) NOT NULL,
  `phone_home` varchar(16) NOT NULL,
  `fax` varchar(16) NOT NULL,
  `email` varchar(128) NOT NULL,
  `address1` varchar(128) NOT NULL,
  `address2` varchar(128) NOT NULL,
  `postcode` varchar(128) NOT NULL,
  `city` varchar(128) NOT NULL,
  `state_id` int(11) NOT NULL,
  `country_id` int(11) NOT NULL,
  `home_address1` varchar(128) NOT NULL,
  `home_address2` varchar(128) NOT NULL,
  `home_postcode` varchar(128) NOT NULL,
  `home_city` varchar(128) NOT NULL,
  `home_state_id` int(11) NOT NULL,
  `home_country_id` int(11) NOT NULL,
  `director` int(11) NOT NULL COMMENT 'Yes = 1, No = 0',
  `director_date` date NOT NULL,
  `shareholder` int(11) NOT NULL COMMENT 'Yes = 1, No = 0',
  `shareholder_date` date NOT NULL,
  `share` varchar(128) NOT NULL,
  `status` tinyint(1) NOT NULL DEFAULT '0',
  `created_by` int(11) NOT NULL,
  `created_ts` timestamp NOT NULL DEFAULT CURRENT_TIMESTAMP,
  `updated_by` int(11) DEFAULT NULL,
  `updated_ts` timestamp NULL DEFAULT NULL,
  `is_delete` tinyint(1) NOT NULL DEFAULT '0' COMMENT '0 = no, 1 = yes',
  `deleted_by` int(11) DEFAULT NULL,
  `deleted_ts` timestamp NULL DEFAULT NULL,
  PRIMARY KEY (`id`)
) ENGINE=InnoDB DEFAULT CHARSET=latin1;

--
-- Dumping data for table `customer__contact`
--


--
-- Table structure for table `customer__cosec`
--

CREATE TABLE `customer__cosec` (
  `id` int(11) NOT NULL AUTO_INCREMENT,
  `customer_id` int(11) NOT NULL,
  `cosec_name` varchar(128) NOT NULL,
  `cosec_no` varchar(128) NOT NULL,
  `cosec_year` year(4) NOT NULL,
  `cosec_email` varchar(128) NOT NULL,
  `cosec_phone` varchar(16) NOT NULL,
  `cosec_fax` varchar(16) NOT NULL,
  `cosec_address1` varchar(128) NOT NULL,
  `cosec_address2` varchar(128) NOT NULL,
  `cosec_postcode` varchar(128) NOT NULL,
  `cosec_city` varchar(128) NOT NULL,
  `cosec_state_id` int(11) NOT NULL,
  `cosec_country_id` int(11) NOT NULL,
  `cosec_pic` varchar(128) NOT NULL,
  `sec1_name` varchar(128) NOT NULL,
  `sec1_ic` varchar(128) NOT NULL,
  `sec1_license` varchar(128) NOT NULL,
  `sec1_address1` varchar(128) NOT NULL,
  `sec1_address2` varchar(128) NOT NULL,
  `sec1_postcode` varchar(128) NOT NULL,
  `sec1_city` varchar(128) NOT NULL,
  `sec1_state_id` int(11) NOT NULL,
  `sec1_country_id` int(11) NOT NULL,
  `sec2_name` varchar(128) NOT NULL,
  `sec2_ic` varchar(128) NOT NULL,
  `sec2_license` varchar(128) NOT NULL,
  `sec2_address1` varchar(128) NOT NULL,
  `sec2_address2` varchar(128) NOT NULL,
  `sec2_postcode` varchar(128) NOT NULL,
  `sec2_city` varchar(128) NOT NULL,
  `sec2_state_id` int(11) NOT NULL,
  `sec2_country_id` int(11) NOT NULL,
  `status` tinyint(1) NOT NULL DEFAULT '0' COMMENT '0 = active, 1 = inactive',
  `created_by` int(11) NOT NULL,
  `created_ts` timestamp NOT NULL DEFAULT CURRENT_TIMESTAMP,
  `updated_by` int(11) DEFAULT NULL,
  `updated_ts` timestamp NULL DEFAULT NULL,
  `is_delete` tinyint(1) NOT NULL DEFAULT '0' COMMENT '0 = no, 1 = yes',
  `deleted_by` int(11) DEFAULT NULL,
  `deleted_ts` timestamp NULL DEFAULT NULL,
  PRIMARY KEY (`id`)
) ENGINE=InnoDB DEFAULT CHARSET=latin1;

--
-- Dumping data for table `customer__cosec`
--


--
-- Table structure for table `customer__detail`
--

CREATE TABLE `customer__detail` (
  `id` int(11) NOT NULL AUTO_INCREMENT,
  `customer_id` int(11) NOT NULL,
  `date_incorporation` date NOT NULL,
  `tax_no` varchar(255) NOT NULL,
  `lhdn_branch` varchar(255) NOT NULL,
  `date_submission` date NOT NULL,
  `gst_reg_no` varchar(255) NOT NULL,
  `custom_branch` varchar(255) NOT NULL,
  `tax_period_id` int(11) NOT NULL,
  `status` tinyint(1) NOT NULL DEFAULT '0' COMMENT '0 = active, 1= inactive',
  `created_by` int(11) NOT NULL,
  `created_ts` timestamp NOT NULL DEFAULT CURRENT_TIMESTAMP,
  `updated_by` int(11) DEFAULT NULL,
  `updated_ts` timestamp NULL DEFAULT NULL,
  `is_delete` tinyint(1) NOT NULL DEFAULT '0' COMMENT '0 = no, 1 = yes',
  `deleted_by` int(11) DEFAULT NULL,
  `deleted_ts` timestamp NULL DEFAULT NULL,
  PRIMARY KEY (`id`)
) ENGINE=InnoDB DEFAULT CHARSET=latin1;

--
-- Dumping data for table `customer__detail`
--


--
-- Table structure for table `customer__grade`
--

CREATE TABLE `customer__grade` (
  `id` int(11) NOT NULL AUTO_INCREMENT,
  `grade` varchar(11) NOT NULL,
  `is_delete` tinyint(1) NOT NULL,
  PRIMARY KEY (`id`)
) ENGINE=InnoDB AUTO_INCREMENT=5 DEFAULT CHARSET=latin1;

--
-- Dumping data for table `customer__grade`
--

INSERT INTO `customer__grade` VALUES (1,'A',0),(2,'B',0),(3,'C',0),(4,'D',0);

--
-- Table structure for table `customer__gst`
--

CREATE TABLE `customer__gst` (
  `id` int(11) NOT NULL AUTO_INCREMENT,
  `customer_id` int(11) NOT NULL,
  `gst_no` varchar(128) NOT NULL,
  `custom_branch` varchar(128) NOT NULL,
  `taxable_period_id` int(11) NOT NULL,
  `is_delete` tinyint(1) NOT NULL,
  `created_by` int(11) NOT NULL,
  `created_ts` timestamp NOT NULL DEFAULT CURRENT_TIMESTAMP ON UPDATE CURRENT_TIMESTAMP,
  `updated_by` int(11) NOT NULL,
  `updated_ts` timestamp NOT NULL DEFAULT '0000-00-00 00:00:00',
  PRIMARY KEY (`id`)
) ENGINE=InnoDB DEFAULT CHARSET=latin1;

--
-- Dumping data for table `customer__gst`
--


--
-- Table structure for table `customer__login`
--

CREATE TABLE `customer__login` (
  `id` int(11) NOT NULL AUTO_INCREMENT,
  `customer_id` int(11) NOT NULL,
  `username` varchar(255) NOT NULL,
  `pwd_salt` varchar(255) NOT NULL,
  `pwd_hash` varchar(255) NOT NULL,
  `id_token` varchar(255) DEFAULT NULL,
  `status` tinyint(1) NOT NULL DEFAULT '0' COMMENT '0 = active, 1= inactive',
  `added_by` int(11) NOT NULL,
  `added_ts` timestamp NOT NULL DEFAULT CURRENT_TIMESTAMP,
  `updated_by` int(11) DEFAULT NULL,
  `updated_ts` timestamp NULL DEFAULT NULL,
  `is_delete` tinyint(1) NOT NULL DEFAULT '0' COMMENT '0 = no, 1 = yes',
  `deleted_by` int(11) DEFAULT NULL,
  `deleted_ts` timestamp NULL DEFAULT NULL,
  PRIMARY KEY (`id`),
  UNIQUE KEY `username` (`username`)
) ENGINE=InnoDB DEFAULT CHARSET=latin1;

--
-- Dumping data for table `customer__login`
--


--
-- Table structure for table `customer__other_address`
--

CREATE TABLE `customer__other_address` (
  `id` int(11) NOT NULL AUTO_INCREMENT,
  `customer_id` int(11) NOT NULL,
  `description` varchar(128) NOT NULL,
  `address1` varchar(128) NOT NULL,
  `address2` varchar(128) NOT NULL,
  `postcode` varchar(128) NOT NULL,
  `city` varchar(128) NOT NULL,
  `state_id` int(11) NOT NULL,
  `country_id` int(11) NOT NULL,
  `phone` varchar(128) NOT NULL,
  `fax` varchar(128) NOT NULL,
  `note` text NOT NULL,
  `status` tinyint(1) NOT NULL DEFAULT '0' COMMENT '0 = active, 1= inactive',
  `created_by` int(11) NOT NULL,
  `created_ts` timestamp NOT NULL DEFAULT CURRENT_TIMESTAMP,
  `updated_by` int(11) DEFAULT NULL,
  `updated_ts` timestamp NULL DEFAULT NULL,
  `is_delete` tinyint(1) NOT NULL DEFAULT '0' COMMENT '0 = no, 1 = yes',
  `deleted_by` int(11) DEFAULT NULL,
  `deleted_ts` timestamp NULL DEFAULT NULL,
  PRIMARY KEY (`id`)
) ENGINE=InnoDB DEFAULT CHARSET=latin1;

--
-- Dumping data for table `customer__other_address`
--


--
-- Table structure for table `customer__service`
--

CREATE TABLE `customer__service` (
  `id` int(11) NOT NULL AUTO_INCREMENT,
  `customer_id` int(11) NOT NULL,
  `service_id` int(11) NOT NULL,
  `job_id` int(11) NOT NULL,
  `description` text NOT NULL,
  `start_date` date NOT NULL,
  `end_date` date NOT NULL,
  `current` int(11) NOT NULL,
  `is_delete` tinyint(1) NOT NULL,
  `created_by` int(11) NOT NULL,
  `created_ts` timestamp NOT NULL DEFAULT CURRENT_TIMESTAMP ON UPDATE CURRENT_TIMESTAMP,
  `updated_by` int(11) NOT NULL,
  `updated_ts` timestamp NOT NULL DEFAULT '0000-00-00 00:00:00',
  PRIMARY KEY (`id`)
) ENGINE=InnoDB DEFAULT CHARSET=latin1;

--
-- Dumping data for table `customer__service`
--


--
-- Table structure for table `customer__status`
--

CREATE TABLE `customer__status` (
  `id` int(11) NOT NULL AUTO_INCREMENT,
  `status` varchar(32) NOT NULL,
  `is_delete` tinyint(6) NOT NULL,
  PRIMARY KEY (`id`)
) ENGINE=InnoDB AUTO_INCREMENT=6 DEFAULT CHARSET=latin1;

--
-- Dumping data for table `customer__status`
--

INSERT INTO `customer__status` VALUES (1,'ACTIVE',0),(2,'DORMANT',0),(3,'STRIKE OFF',0),(4,'WINDING UP',0),(5,'TERMINATED',0);

--
-- Table structure for table `customer__tax_agent`
--

CREATE TABLE `customer__tax_agent` (
  `id` int(11) NOT NULL AUTO_INCREMENT,
  `customer_id` int(11) NOT NULL,
  `tax_agent_name` varchar(128) NOT NULL,
  `tax_agent_address1` varchar(128) NOT NULL,
  `tax_agent_address2` varchar(128) NOT NULL,
  `tax_agent_postcode` varchar(128) NOT NULL,
  `tax_agent_city` varchar(128) NOT NULL,
  `tax_agent_state_id` int(11) NOT NULL,
  `tax_agent_country_id` int(11) NOT NULL,
  `tax_agent_phone_no` varchar(128) NOT NULL,
  `tax_agent_fax` varchar(128) NOT NULL,
  `tax_agent_note` text NOT NULL,
  `is_delete` tinyint(1) NOT NULL,
  `created_by` int(11) NOT NULL,
  `created_ts` timestamp NOT NULL DEFAULT CURRENT_TIMESTAMP ON UPDATE CURRENT_TIMESTAMP,
  `updated_by` int(11) NOT NULL,
  `updated_ts` timestamp NOT NULL DEFAULT '0000-00-00 00:00:00',
  PRIMARY KEY (`id`)
) ENGINE=InnoDB DEFAULT CHARSET=latin1;

--
-- Dumping data for table `customer__tax_agent`
--


--
-- Table structure for table `customer__taxation`
--

CREATE TABLE `customer__taxation` (
  `id` int(11) NOT NULL AUTO_INCREMENT,
  `customer_id` int(11) NOT NULL,
  `tax_type` int(11) NOT NULL,
  `tax_no` varchar(128) NOT NULL,
  `lhdn_branch` varchar(128) NOT NULL,
  `submission_month` int(11) NOT NULL,
  `is_delete` tinyint(1) NOT NULL,
  `created_by` int(11) NOT NULL,
  `created_ts` timestamp NOT NULL DEFAULT CURRENT_TIMESTAMP ON UPDATE CURRENT_TIMESTAMP,
  `updated_by` int(11) NOT NULL,
  `updated_ts` timestamp NOT NULL DEFAULT '0000-00-00 00:00:00',
  PRIMARY KEY (`id`)
) ENGINE=InnoDB DEFAULT CHARSET=latin1;

--
-- Dumping data for table `customer__taxation`
--


--
-- Table structure for table `customer__type`
--

CREATE TABLE `customer__type` (
  `id` int(11) NOT NULL AUTO_INCREMENT,
  `type` varchar(255) NOT NULL,
  `status` tinyint(1) NOT NULL DEFAULT '0' COMMENT '0 = active, 1= inactive',
  `created_by` int(11) NOT NULL,
  `created_ts` timestamp NOT NULL DEFAULT CURRENT_TIMESTAMP,
  `updated_by` int(11) DEFAULT NULL,
  `updated_ts` timestamp NULL DEFAULT NULL,
  `is_delete` tinyint(1) NOT NULL DEFAULT '0' COMMENT '0 = no, 1 = yes',
  `deleted_by` int(11) DEFAULT NULL,
  `deleted_ts` timestamp NULL DEFAULT NULL,
  PRIMARY KEY (`id`)
) ENGINE=InnoDB AUTO_INCREMENT=11 DEFAULT CHARSET=latin1;

--
-- Dumping data for table `customer__type`
--

INSERT INTO `customer__type` VALUES (1,'CUSTOMER',0,0,'2018-02-22 07:15:02',NULL,NULL,0,NULL,NULL),(2,'VENDOR',0,0,'2018-02-22 07:15:02',NULL,NULL,0,NULL,NULL),(3,'COMPANY',0,0,'2018-02-22 07:15:23',NULL,NULL,0,NULL,NULL),(4,'BUSINESS AFFILIATE',0,0,'2018-03-29 08:25:11',NULL,NULL,0,NULL,NULL),(5,'AUTHORITY BODY',0,0,'2018-03-29 08:25:11',NULL,NULL,0,NULL,NULL),(6,'ASSOCIATION',0,0,'2018-03-29 08:25:11',NULL,NULL,0,NULL,NULL),(7,'UNIVERSITY',0,0,'2018-03-29 08:25:11',NULL,NULL,0,NULL,NULL),(8,'PROSPECT',0,0,'2018-04-13 04:11:27',NULL,NULL,0,NULL,NULL),(9,'PANEL CLINIC/HOSPITAL',0,0,'2018-07-19 01:50:56',NULL,NULL,0,NULL,NULL),(10,'GOVERNMENT',0,0,'2018-07-19 03:02:19',NULL,NULL,0,NULL,NULL);

--
-- Table structure for table `dashboard`
--

CREATE TABLE `dashboard` (
  `ID` int(11) NOT NULL AUTO_INCREMENT,
  `title` varchar(64) NOT NULL,
  `description` text NOT NULL,
  `publish` int(11) NOT NULL,
  `dashboardTypeID` int(11) NOT NULL,
  `displayOption` int(11) NOT NULL DEFAULT '0' COMMENT '0 for all, 1 for personal',
  `script` text NOT NULL,
  `icon` varchar(32) NOT NULL,
  `httplink` varchar(64) NOT NULL,
  `bg_color` varchar(16) NOT NULL,
  `updatedBy` int(11) NOT NULL,
  `updatedTS` timestamp NOT NULL DEFAULT '0000-00-00 00:00:00' ON UPDATE CURRENT_TIMESTAMP,
  PRIMARY KEY (`ID`)
) ENGINE=InnoDB AUTO_INCREMENT=4 DEFAULT CHARSET=latin1;

--
-- Dumping data for table `dashboard`
--

INSERT INTO `dashboard` VALUES (1,'Jumlah Jualan Tiket Hari Ini','test Jumlah Jualan Tiket Hari Ini',1,1,0,'\'select count(id)  from dashboard__people where peopleID = \'.$this->logged_user[\'id\'] ','fa fa-pencil-alt','','',0,'2018-08-13 04:33:48'),(2,'Count Down Hari Merdeka','',1,3,0,'','fa fa-edit','','',0,'0000-00-00 00:00:00'),(3,'Count Down Jualan Merdeka','Jualan merdeka seluruh negara',1,3,0,'','fa fa-money','','bg-success',0,'2018-08-09 09:28:48');

--
-- Table structure for table `dashboard__people`
--

CREATE TABLE `dashboard__people` (
  `ID` int(11) NOT NULL AUTO_INCREMENT,
  `dashboardID` int(11) NOT NULL,
  `peopleID` int(11) NOT NULL,
  `published` int(11) NOT NULL,
  PRIMARY KEY (`ID`)
) ENGINE=InnoDB DEFAULT CHARSET=latin1;

--
-- Dumping data for table `dashboard__people`
--


--
-- Table structure for table `hr__cpd`
--

CREATE TABLE `hr__cpd` (
  `id` int(11) NOT NULL AUTO_INCREMENT,
  `year` int(11) NOT NULL,
  `staff_id` int(11) NOT NULL,
  `st_target` decimal(10,0) NOT NULL,
  `sn_target` decimal(10,0) NOT NULL,
  `ut_target` decimal(10,0) NOT NULL,
  `un_target` decimal(10,0) NOT NULL,
  `total_target` decimal(6,2) NOT NULL,
  `total_earn` decimal(6,2) NOT NULL,
  `comply_level` int(11) NOT NULL,
  `obligation_level` int(11) NOT NULL,
  `comply_ts` timestamp NOT NULL DEFAULT CURRENT_TIMESTAMP ON UPDATE CURRENT_TIMESTAMP,
  `updated_ts` timestamp NOT NULL DEFAULT '0000-00-00 00:00:00',
  `updated_by` int(11) NOT NULL,
  `is_declare` int(11) NOT NULL DEFAULT '0',
  `is_delete` int(11) NOT NULL DEFAULT '0',
  PRIMARY KEY (`id`)
) ENGINE=InnoDB DEFAULT CHARSET=latin1;

--
-- Dumping data for table `hr__cpd`
--


--
-- Table structure for table `hr__cpd_attachment`
--

CREATE TABLE `hr__cpd_attachment` (
  `id` int(11) NOT NULL AUTO_INCREMENT,
  `earn_id` int(11) NOT NULL,
  `attachment` varchar(128) NOT NULL,
  `file_type` varchar(144) NOT NULL,
  `file_ext` varchar(144) NOT NULL,
  `description` varchar(144) NOT NULL,
  `location` varchar(144) NOT NULL,
  `unique_id` varchar(144) NOT NULL,
  `type` int(1) NOT NULL,
  `is_delete` int(1) NOT NULL,
  `created_at` timestamp NOT NULL DEFAULT CURRENT_TIMESTAMP ON UPDATE CURRENT_TIMESTAMP,
  `deleted_at` timestamp NOT NULL DEFAULT '0000-00-00 00:00:00',
  PRIMARY KEY (`id`)
) ENGINE=InnoDB DEFAULT CHARSET=latin1;

--
-- Dumping data for table `hr__cpd_attachment`
--


--
-- Table structure for table `hr__cpd_earn_detail`
--

CREATE TABLE `hr__cpd_earn_detail` (
  `id` int(11) NOT NULL AUTO_INCREMENT,
  `cpd_id` int(11) NOT NULL,
  `cpd_type_id` varchar(11) NOT NULL,
  `earn_cpd_hour` decimal(6,2) NOT NULL,
  `title` varchar(128) NOT NULL,
  `topic` varchar(128) NOT NULL,
  `organizer_id` int(11) NOT NULL,
  `date_from` date NOT NULL,
  `date_end` date NOT NULL,
  `cost` decimal(10,0) NOT NULL,
  `is_delete` int(11) NOT NULL DEFAULT '0',
  `created_by` int(11) NOT NULL DEFAULT '0',
  `created_at` timestamp NOT NULL DEFAULT CURRENT_TIMESTAMP,
  PRIMARY KEY (`id`)
) ENGINE=InnoDB DEFAULT CHARSET=latin1;

--
-- Dumping data for table `hr__cpd_earn_detail`
--


--
-- Table structure for table `hr__cpd_organizer`
--

CREATE TABLE `hr__cpd_organizer` (
  `id` int(11) NOT NULL AUTO_INCREMENT,
  `organizer` varchar(128) NOT NULL,
  `created_ts` timestamp NOT NULL DEFAULT CURRENT_TIMESTAMP,
  `created_by` int(11) NOT NULL,
  PRIMARY KEY (`id`)
) ENGINE=InnoDB DEFAULT CHARSET=latin1;

--
-- Dumping data for table `hr__cpd_organizer`
--


--
-- Table structure for table `hr__cpd_target_detail`
--

CREATE TABLE `hr__cpd_target_detail` (
  `id` int(11) NOT NULL AUTO_INCREMENT,
  `cpd_parent_id` int(11) NOT NULL,
  `target_type_id` int(11) NOT NULL,
  `target_cpd` decimal(6,2) NOT NULL,
  `is_delete` int(11) NOT NULL DEFAULT '0',
  PRIMARY KEY (`id`)
) ENGINE=InnoDB DEFAULT CHARSET=latin1;

--
-- Dumping data for table `hr__cpd_target_detail`
--


--
-- Table structure for table `hr__form`
--

CREATE TABLE `hr__form` (
  `id` int(11) NOT NULL AUTO_INCREMENT,
  `department_id` int(11) NOT NULL,
  `category_id` int(11) NOT NULL,
  `code` varchar(8) NOT NULL,
  `title` varchar(128) NOT NULL,
  `description` varchar(128) NOT NULL,
  `file_location` varchar(128) NOT NULL,
  `file_name` varchar(128) NOT NULL,
  `file_format` varchar(128) NOT NULL,
  `status` tinyint(1) NOT NULL DEFAULT '0',
  `created_by` int(11) NOT NULL,
  `created_ts` timestamp NOT NULL DEFAULT CURRENT_TIMESTAMP,
  `updated_by` int(11) DEFAULT NULL,
  `updated_ts` timestamp NULL DEFAULT NULL,
  `is_delete` tinyint(1) NOT NULL DEFAULT '0',
  `deleted_by` int(11) DEFAULT NULL,
  `deleted_ts` timestamp NULL DEFAULT NULL,
  PRIMARY KEY (`id`)
) ENGINE=InnoDB DEFAULT CHARSET=latin1;

--
-- Dumping data for table `hr__form`
--


--
-- Table structure for table `hr__leave_allocation`
--

CREATE TABLE `hr__leave_allocation` (
  `id` int(11) NOT NULL AUTO_INCREMENT,
  `user_id` int(11) NOT NULL,
  `entitlement_id` int(11) NOT NULL,
  `year` year(4) NOT NULL,
  `date_from` date DEFAULT NULL,
  `date_to` date DEFAULT NULL,
  `type_id` int(11) NOT NULL,
  `leave_taken` decimal(6,1) NOT NULL,
  `balance_entitled` decimal(6,1) NOT NULL,
  `leave_balance` decimal(6,1) NOT NULL,
  `bring_forward_entitled` decimal(6,1) NOT NULL,
  `bring_forward` decimal(6,1) NOT NULL,
  `leave_entitled` decimal(6,1) NOT NULL,
  `status` int(11) NOT NULL DEFAULT '0',
  `created_by` int(11) NOT NULL DEFAULT '1',
  `created_ts` timestamp NOT NULL DEFAULT CURRENT_TIMESTAMP,
  `updated_by` int(11) DEFAULT NULL,
  `updated_ts` timestamp NULL DEFAULT NULL ON UPDATE CURRENT_TIMESTAMP,
  `is_delete` int(2) NOT NULL DEFAULT '0',
  `deleted_by` int(11) DEFAULT NULL,
  `deleted_ts` timestamp NULL DEFAULT NULL,
  PRIMARY KEY (`id`),
  KEY `year` (`year`),
  KEY `type_id` (`type_id`)
) ENGINE=InnoDB DEFAULT CHARSET=latin1;

--
-- Dumping data for table `hr__leave_allocation`
--


--
-- Table structure for table `hr__leave_allocation_request`
--

CREATE TABLE `hr__leave_allocation_request` (
  `id` int(11) NOT NULL AUTO_INCREMENT,
  `user_id` int(11) NOT NULL,
  `type_id` int(11) NOT NULL,
  `year` year(4) NOT NULL,
  `status` int(11) NOT NULL DEFAULT '0' COMMENT '0 = pending, 1 = approved',
  `created_by` int(11) NOT NULL,
  `created_ts` timestamp NOT NULL DEFAULT CURRENT_TIMESTAMP,
  `updated_by` int(11) DEFAULT NULL,
  `updated_ts` timestamp NULL DEFAULT NULL,
  `is_delete` tinyint(1) NOT NULL DEFAULT '0',
  `deleted_by` int(11) DEFAULT NULL,
  `deleted_ts` timestamp NULL DEFAULT NULL,
  PRIMARY KEY (`id`)
) ENGINE=InnoDB DEFAULT CHARSET=latin1;

--
-- Dumping data for table `hr__leave_allocation_request`
--


--
-- Table structure for table `hr__leave_application`
--

CREATE TABLE `hr__leave_application` (
  `id` int(11) NOT NULL AUTO_INCREMENT,
  `user_id` int(11) NOT NULL,
  `department_id` int(11) NOT NULL,
  `type_id` int(11) NOT NULL,
  `date_from` date NOT NULL,
  `date_to` date NOT NULL,
  `days_applied` decimal(8,1) NOT NULL,
  `period_from_id` int(11) NOT NULL,
  `period_to_id` int(11) NOT NULL DEFAULT '1',
  `reason` text NOT NULL,
  `remarks` text NOT NULL,
  `absent_contact` varchar(32) NOT NULL,
  `absent_address` text NOT NULL,
  `absent_relief_id` int(11) NOT NULL,
  `status` int(11) NOT NULL DEFAULT '1' COMMENT '1=pending,2=approved,3=rejected,4=cancel,5=change',
  `created_by` int(11) NOT NULL DEFAULT '1',
  `created_ts` timestamp NOT NULL DEFAULT CURRENT_TIMESTAMP,
  `approved_by` int(11) NOT NULL,
  `approved_ts` timestamp NULL DEFAULT '0000-00-00 00:00:00' ON UPDATE CURRENT_TIMESTAMP,
  `updated_by` int(11) DEFAULT NULL,
  `updated_ts` timestamp NULL DEFAULT NULL,
  `deleted_by` int(11) DEFAULT NULL,
  `deleted_ts` timestamp NULL DEFAULT NULL,
  `is_delete` int(1) NOT NULL DEFAULT '0',
  PRIMARY KEY (`id`)
) ENGINE=InnoDB DEFAULT CHARSET=latin1;

--
-- Dumping data for table `hr__leave_application`
--


--
-- Table structure for table `hr__leave_attachment`
--

CREATE TABLE `hr__leave_attachment` (
  `id` int(11) NOT NULL AUTO_INCREMENT,
  `user_id` int(11) NOT NULL,
  `application_id` int(11) NOT NULL,
  `file_name` varchar(128) NOT NULL,
  `file_location` varchar(255) NOT NULL,
  `status` tinyint(1) NOT NULL DEFAULT '0',
  `created_by` int(11) NOT NULL DEFAULT '1',
  `created_ts` timestamp NOT NULL DEFAULT CURRENT_TIMESTAMP,
  `updated_by` int(11) DEFAULT NULL,
  `updated_ts` timestamp NULL DEFAULT NULL,
  `is_delete` int(2) NOT NULL DEFAULT '0',
  `deleted_by` int(11) DEFAULT NULL,
  `deleted_ts` timestamp NULL DEFAULT NULL,
  PRIMARY KEY (`id`)
) ENGINE=InnoDB DEFAULT CHARSET=latin1;

--
-- Dumping data for table `hr__leave_attachment`
--


--
-- Table structure for table `hr__leave_entitlement`
--

CREATE TABLE `hr__leave_entitlement` (
  `id` int(11) NOT NULL AUTO_INCREMENT,
  `year` year(4) NOT NULL,
  `type_id` int(11) NOT NULL,
  `category_id` int(11) NOT NULL,
  `min_month_of_service` decimal(6,1) NOT NULL,
  `month_of_service_add_leave` decimal(6,1) NOT NULL,
  `additional_leave` decimal(6,1) NOT NULL,
  `max_entitlement` decimal(6,1) NOT NULL,
  `bring_forward_percentage` decimal(6,1) NOT NULL,
  `entitled_leave` decimal(6,1) NOT NULL,
  `remarks` text NOT NULL,
  `status` tinyint(1) NOT NULL DEFAULT '0',
  `created_by` int(11) NOT NULL DEFAULT '1',
  `created_ts` timestamp NOT NULL DEFAULT CURRENT_TIMESTAMP,
  `updated_by` int(11) DEFAULT NULL,
  `updated_ts` timestamp NULL DEFAULT NULL,
  `is_delete` int(1) NOT NULL DEFAULT '0',
  `deleted_by` int(11) DEFAULT NULL,
  `deleted_ts` timestamp NULL DEFAULT NULL,
  PRIMARY KEY (`id`)
) ENGINE=InnoDB AUTO_INCREMENT=20 DEFAULT CHARSET=latin1;

--
-- Dumping data for table `hr__leave_entitlement`
--

INSERT INTO `hr__leave_entitlement` VALUES (1,2018,1,4,3.0,24.0,1.0,26.0,50.0,14.0,'',0,1,'2018-08-06 03:25:56',NULL,NULL,0,NULL,NULL),(2,2018,1,2,6.0,24.0,1.0,30.0,50.0,20.0,'',0,1,'2018-08-06 03:25:56',NULL,NULL,0,NULL,NULL),(3,2018,1,3,6.0,24.0,1.0,28.0,50.0,16.0,'',0,1,'2018-08-06 03:25:56',NULL,NULL,0,NULL,NULL),(4,2018,1,5,3.0,24.0,1.0,24.0,50.0,12.0,'',0,1,'2018-08-06 03:25:56',NULL,NULL,0,NULL,NULL),(5,2018,1,1,3.0,24.0,1.0,30.0,50.0,20.0,'',0,1,'2018-08-06 03:25:56',NULL,NULL,0,NULL,NULL),(6,2018,1,20,0.0,24.0,0.0,12.0,0.0,12.0,'',0,1,'2018-08-06 03:25:56',NULL,NULL,0,NULL,NULL),(7,2018,3,3,4.0,24.0,1.0,20.0,50.0,14.0,'',0,1,'2018-08-06 03:25:56',NULL,NULL,1,NULL,NULL),(8,2019,1,1,0.0,24.0,1.0,30.0,50.0,20.0,'',0,1,'2018-12-26 02:46:17',31,'2018-12-26 04:01:01',0,NULL,NULL),(9,2019,1,2,0.0,24.0,1.0,30.0,50.0,20.0,'',0,1,'2018-12-26 02:46:17',NULL,NULL,0,NULL,NULL),(10,2019,1,3,0.0,24.0,1.0,28.0,50.0,16.0,'',0,1,'2018-12-26 02:46:17',NULL,NULL,0,NULL,NULL),(11,2019,1,4,0.0,24.0,1.0,26.0,50.0,14.0,'',0,1,'2018-12-26 02:46:17',NULL,NULL,0,NULL,NULL),(12,2019,1,5,0.0,24.0,1.0,24.0,50.0,12.0,'',0,1,'2018-12-26 02:46:17',NULL,NULL,0,NULL,NULL),(13,2019,1,20,0.0,24.0,0.0,12.0,0.0,12.0,'',0,1,'2018-12-26 02:46:17',NULL,NULL,0,NULL,NULL),(14,2019,3,1,0.0,24.0,4.0,0.0,0.0,14.0,'',0,1,'2018-12-26 03:29:51',18,'2019-01-03 01:10:57',0,NULL,NULL),(15,2019,3,2,0.0,24.0,4.0,0.0,0.0,14.0,'',0,1,'2018-12-26 03:29:51',18,'2019-01-03 01:11:19',0,NULL,NULL),(16,2019,3,3,0.0,24.0,4.0,0.0,0.0,14.0,'',0,1,'2018-12-26 03:29:51',18,'2019-01-03 01:12:11',0,NULL,NULL),(17,2019,3,4,0.0,24.0,4.0,0.0,0.0,14.0,'',0,1,'2018-12-26 03:29:51',18,'2019-01-03 01:12:45',0,NULL,NULL),(18,2019,3,5,0.0,24.0,4.0,0.0,0.0,14.0,'',0,1,'2018-12-26 03:29:51',18,'2019-01-03 01:13:05',0,NULL,NULL),(19,2019,3,20,0.0,24.0,4.0,0.0,0.0,14.0,'',0,1,'2018-12-26 03:29:51',18,'2019-01-03 01:13:26',0,NULL,NULL);

--
-- Table structure for table `hr__leave_transaction`
--

CREATE TABLE `hr__leave_transaction` (
  `id` int(11) NOT NULL AUTO_INCREMENT,
  `allocation_id` int(11) NOT NULL,
  `application_id` int(11) NOT NULL,
  `leave_applied` decimal(6,1) NOT NULL,
  `bring_forward_applied` decimal(6,1) NOT NULL DEFAULT '0.0',
  `function` varchar(128) NOT NULL,
  `created_by` int(11) NOT NULL,
  `created_ts` timestamp NOT NULL DEFAULT CURRENT_TIMESTAMP,
  `is_delete` tinyint(1) NOT NULL DEFAULT '0',
  `deleted_by` int(11) DEFAULT NULL,
  `deleted_ts` timestamp NULL DEFAULT NULL,
  PRIMARY KEY (`id`)
) ENGINE=InnoDB DEFAULT CHARSET=latin1;

--
-- Dumping data for table `hr__leave_transaction`
--


--
-- Table structure for table `hr__leave_type`
--

CREATE TABLE `hr__leave_type` (
  `id` int(11) NOT NULL AUTO_INCREMENT,
  `code` varchar(2) NOT NULL,
  `name` varchar(32) NOT NULL,
  `description` text NOT NULL,
  `colour` varchar(16) NOT NULL,
  `include_holiday` tinyint(1) NOT NULL DEFAULT '0' COMMENT '0 = not included, 1 = included',
  `is_fixed` tinyint(1) NOT NULL DEFAULT '0',
  `status` tinyint(1) NOT NULL DEFAULT '0',
  `created_by` int(11) NOT NULL DEFAULT '1',
  `created_ts` timestamp NOT NULL DEFAULT CURRENT_TIMESTAMP,
  `updated_by` int(11) DEFAULT NULL,
  `updated_ts` timestamp NULL DEFAULT NULL,
  `is_delete` tinyint(1) NOT NULL DEFAULT '0',
  `deleted_by` int(11) DEFAULT NULL,
  `deleted_ts` timestamp NULL DEFAULT NULL,
  PRIMARY KEY (`id`)
) ENGINE=InnoDB AUTO_INCREMENT=16 DEFAULT CHARSET=latin1;

--
-- Dumping data for table `hr__leave_type`
--

INSERT INTO `hr__leave_type` VALUES (1,'AL','Annual Leave','Annual Leave 2018','#5FAD56',0,1,0,1,'2018-08-06 02:37:26',144,'2019-01-07 03:04:19',0,NULL,NULL),(2,'EL','Emergency Leave','Emergency Leave','#F2C14E',0,1,0,1,'2018-08-06 02:37:26',NULL,NULL,0,NULL,NULL),(3,'MC','Medical Leave','Sick  / Medical Leave','#F78154',0,1,0,1,'2018-08-06 02:37:26',144,'2019-01-07 01:06:23',0,NULL,NULL),(4,'UN','Unpaid Leave','Unpaid Leave','#ec0000',0,1,0,1,'2018-08-06 02:37:26',144,'2019-01-22 01:19:05',0,NULL,NULL),(5,'SL','Maternity Leave','Maternity Leave','#007480',1,0,0,1,'2018-08-06 02:37:26',31,'2018-08-15 09:32:51',0,NULL,NULL),(6,'CL','Compassionate Leave','CL ','#B4436C',0,0,0,1,'2018-08-06 02:37:26',NULL,NULL,0,NULL,NULL),(7,'SL','Study Leave','2 days study leave for each paper seating (revision,assignment/examination)','#F9B5AC',0,0,0,1,'2018-08-06 02:37:26',NULL,NULL,0,NULL,NULL),(8,'CO','Conversion Leave','Overtime Conversion','#D0D6B5',0,0,0,1,'2018-08-06 02:37:26',NULL,NULL,0,NULL,NULL),(9,'PL','Paternity Leave','Paternity Leave','#75B9BE',0,0,0,1,'2018-08-06 02:37:26',NULL,NULL,0,NULL,NULL),(10,'AD','Additional Leave','Additional Leave for Contract Staff','#987284',0,0,0,1,'2018-08-06 02:37:26',NULL,NULL,0,NULL,NULL),(11,'ML','Marriage Leave','Marriage Leave','#A1FCDF',0,0,0,1,'2018-08-06 02:37:26',NULL,NULL,0,NULL,NULL),(12,'SP','Special Leave','Pilgrimage, Permanent transfer assigned by the Company','#FCD29F',0,0,0,1,'2018-08-06 02:37:26',NULL,NULL,0,NULL,NULL),(13,'PS','Public Service','Public service: services approved by the Government','#F5F5F5',0,0,0,1,'2018-08-06 02:37:26',NULL,NULL,0,NULL,NULL),(14,'LL','Legal Appearance','Report for jury services','#F7F06D',0,0,0,1,'2018-08-06 02:37:26',NULL,NULL,0,NULL,NULL),(15,'AS','ASD','asdasd','#ad1b1b',0,0,0,31,'2018-09-04 04:24:29',NULL,NULL,1,NULL,NULL);

--
-- Table structure for table `hr__movement_group`
--

CREATE TABLE `hr__movement_group` (
  `id` int(11) NOT NULL AUTO_INCREMENT,
  `customerid` int(11) NOT NULL,
  `date` date NOT NULL,
  `description` text NOT NULL,
  `destination` text NOT NULL,
  `department_id` int(11) NOT NULL,
  `movementType` int(11) NOT NULL,
  `parentCopyid` int(11) NOT NULL,
  `created_by` int(11) NOT NULL,
  `status` smallint(6) NOT NULL DEFAULT '0',
  `update_status_by` int(11) DEFAULT NULL,
  `is_delete` int(11) NOT NULL DEFAULT '0',
  `delete_by` int(11) DEFAULT NULL,
  PRIMARY KEY (`id`)
) ENGINE=InnoDB DEFAULT CHARSET=latin1;

--
-- Dumping data for table `hr__movement_group`
--


--
-- Table structure for table `hr__movement_group_detail`
--

CREATE TABLE `hr__movement_group_detail` (
  `id` int(11) NOT NULL AUTO_INCREMENT,
  `groupid` int(11) NOT NULL,
  `staffid` int(11) NOT NULL,
  `timeOut` time NOT NULL,
  `timeIn` time NOT NULL,
  PRIMARY KEY (`id`)
) ENGINE=InnoDB DEFAULT CHARSET=latin1;

--
-- Dumping data for table `hr__movement_group_detail`
--


--
-- Table structure for table `hr__movement_group_replacement_detail`
--

CREATE TABLE `hr__movement_group_replacement_detail` (
  `id` int(11) NOT NULL AUTO_INCREMENT,
  `group_id` int(11) NOT NULL,
  `date` date NOT NULL,
  `time_out` time NOT NULL,
  `time_in` time NOT NULL,
  PRIMARY KEY (`id`)
) ENGINE=InnoDB DEFAULT CHARSET=latin1;

--
-- Dumping data for table `hr__movement_group_replacement_detail`
--


--
-- Table structure for table `hr__movement_type`
--

CREATE TABLE `hr__movement_type` (
  `id` int(11) NOT NULL AUTO_INCREMENT,
  `movementType` varchar(32) NOT NULL,
  `color_code` varchar(7) NOT NULL,
  `seq` int(11) NOT NULL,
  PRIMARY KEY (`id`)
) ENGINE=InnoDB AUTO_INCREMENT=11 DEFAULT CHARSET=latin1;

--
-- Dumping data for table `hr__movement_type`
--

INSERT INTO `hr__movement_type` VALUES (1,'Time Off','#2FB906',10),(2,'Field Work','#FF3333',10),(3,'Meeting','#FAF205',30),(4,'Training','#1916F8',40),(5,'Visit','#D216F8',50),(6,'Others','#B2B0BB',60),(8,'Networking','#008080',50),(10,'Conference','#310080',50);

--
-- Table structure for table `hr__ot`
--

CREATE TABLE `hr__ot` (
  `ID` int(11) NOT NULL AUTO_INCREMENT,
  `peopleID` int(11) NOT NULL,
  `year` int(11) NOT NULL,
  `month` int(11) NOT NULL,
  `totalHoursApplied` decimal(8,1) NOT NULL,
  `totalHoursApproved` decimal(8,1) NOT NULL,
  `totalClaim` decimal(10,2) NOT NULL COMMENT 'RM',
  `totalConvertToLeave` decimal(6,1) NOT NULL,
  `claim_status` int(11) NOT NULL COMMENT 'pending = 0, submitted = 1, approved = 2',
  `paid_status` int(11) NOT NULL COMMENT 'unpaid = 0, paid = 1',
  `remarks` text NOT NULL,
  `createdBy` int(11) NOT NULL,
  `createdTS` timestamp NOT NULL DEFAULT CURRENT_TIMESTAMP ON UPDATE CURRENT_TIMESTAMP,
  `updatedBy` int(11) NOT NULL,
  `updatedTS` timestamp NOT NULL DEFAULT '0000-00-00 00:00:00',
  `is_delete` int(11) NOT NULL,
  PRIMARY KEY (`ID`)
) ENGINE=InnoDB DEFAULT CHARSET=latin1;

--
-- Dumping data for table `hr__ot`
--


--
-- Table structure for table `hr__ot__detail`
--

CREATE TABLE `hr__ot__detail` (
  `ID` int(11) NOT NULL AUTO_INCREMENT,
  `otID` int(11) NOT NULL,
  `peopleID` int(11) NOT NULL,
  `otDate` date NOT NULL,
  `dayType` int(11) NOT NULL,
  `clientID` int(11) NOT NULL,
  `task` varchar(128) NOT NULL,
  `mealAllowance` int(11) NOT NULL,
  `startTime` time NOT NULL,
  `endTime` time NOT NULL,
  `refreshment` int(11) NOT NULL COMMENT 'in minutes',
  `totalHoursApplied` decimal(8,1) NOT NULL,
  `status` int(11) NOT NULL COMMENT 'pending = 0, approved = 1, rejected = 2',
  `status_by` int(11) NOT NULL,
  `remarks` text NOT NULL,
  `createdTS` timestamp NOT NULL DEFAULT CURRENT_TIMESTAMP ON UPDATE CURRENT_TIMESTAMP,
  `createdBy` int(11) NOT NULL,
  `updatedTS` timestamp NOT NULL DEFAULT '0000-00-00 00:00:00',
  `updatedBy` int(11) NOT NULL,
  `is_delete` int(11) NOT NULL,
  PRIMARY KEY (`ID`)
) ENGINE=InnoDB DEFAULT CHARSET=latin1;

--
-- Dumping data for table `hr__ot__detail`
--


--
-- Table structure for table `hr__payslip`
--

CREATE TABLE `hr__payslip` (
  `id` int(11) NOT NULL AUTO_INCREMENT,
  `uploadID` int(11) NOT NULL,
  `year` int(4) NOT NULL,
  `month` int(2) NOT NULL,
  `companyID` int(11) NOT NULL,
  `company_name` varchar(144) NOT NULL,
  `company_address` varchar(144) NOT NULL,
  `company_postcode` varchar(144) NOT NULL,
  `company_city` varchar(144) NOT NULL,
  `company_state` varchar(144) NOT NULL,
  `company_country` varchar(144) NOT NULL,
  `status` int(11) NOT NULL DEFAULT '0',
  `employeeID` varchar(16) NOT NULL,
  `employeeIC` varchar(16) NOT NULL,
  `employeeName` varchar(128) NOT NULL,
  `position` varchar(32) NOT NULL,
  `department` varchar(32) NOT NULL,
  `grossPay` decimal(8,2) NOT NULL,
  `totalDeduction` decimal(8,2) NOT NULL,
  `netPay` decimal(8,2) NOT NULL,
  PRIMARY KEY (`id`)
) ENGINE=InnoDB DEFAULT CHARSET=latin1;

--
-- Dumping data for table `hr__payslip`
--


--
-- Table structure for table `hr__payslip_deduction`
--

CREATE TABLE `hr__payslip_deduction` (
  `id` int(11) NOT NULL AUTO_INCREMENT,
  `paySlipID` int(11) NOT NULL,
  `deductionID` int(11) NOT NULL,
  `description` varchar(64) NOT NULL,
  `amount` decimal(8,2) NOT NULL,
  PRIMARY KEY (`id`)
) ENGINE=InnoDB DEFAULT CHARSET=latin1;

--
-- Dumping data for table `hr__payslip_deduction`
--


--
-- Table structure for table `hr__payslip_employer_contribution`
--

CREATE TABLE `hr__payslip_employer_contribution` (
  `id` int(11) NOT NULL AUTO_INCREMENT,
  `paySlipID` int(11) NOT NULL,
  `contributionID` int(11) NOT NULL,
  `description` varchar(64) NOT NULL,
  `amount` decimal(8,2) NOT NULL,
  PRIMARY KEY (`id`)
) ENGINE=InnoDB DEFAULT CHARSET=latin1;

--
-- Dumping data for table `hr__payslip_employer_contribution`
--


--
-- Table structure for table `hr__payslip_pay`
--

CREATE TABLE `hr__payslip_pay` (
  `id` int(11) NOT NULL AUTO_INCREMENT,
  `paySlipID` int(11) NOT NULL,
  `payID` int(11) NOT NULL,
  `description` varchar(64) NOT NULL,
  `amount` decimal(8,2) NOT NULL,
  PRIMARY KEY (`id`)
) ENGINE=InnoDB DEFAULT CHARSET=latin1;

--
-- Dumping data for table `hr__payslip_pay`
--


--
-- Table structure for table `hr__payslip_upload`
--

CREATE TABLE `hr__payslip_upload` (
  `id` int(11) NOT NULL AUTO_INCREMENT,
  `companyID` int(11) NOT NULL,
  `total_record` int(11) NOT NULL,
  `total_netpay` decimal(9,2) NOT NULL,
  `year` int(4) NOT NULL,
  `month` int(2) NOT NULL,
  `uploadedBy` int(11) NOT NULL,
  `uploadedTS` timestamp NOT NULL DEFAULT CURRENT_TIMESTAMP,
  `is_delete` int(11) NOT NULL DEFAULT '0',
  PRIMARY KEY (`id`)
) ENGINE=InnoDB DEFAULT CHARSET=latin1;

--
-- Dumping data for table `hr__payslip_upload`
--


--
-- Table structure for table `hr__policy`
--

CREATE TABLE `hr__policy` (
  `id` int(11) NOT NULL AUTO_INCREMENT,
  `category_id` int(11) NOT NULL,
  `code` varchar(8) NOT NULL,
  `title` varchar(128) NOT NULL,
  `description` varchar(128) NOT NULL,
  `file_location` varchar(128) NOT NULL,
  `file_name` varchar(128) NOT NULL,
  `file_format` varchar(128) NOT NULL,
  `status` tinyint(1) NOT NULL DEFAULT '0',
  `created_by` int(11) NOT NULL,
  `created_ts` timestamp NOT NULL DEFAULT CURRENT_TIMESTAMP,
  `updated_by` int(11) DEFAULT NULL,
  `updated_ts` timestamp NULL DEFAULT NULL,
  `is_delete` tinyint(1) NOT NULL DEFAULT '0',
  `deleted_by` int(11) DEFAULT NULL,
  `deleted_ts` timestamp NULL DEFAULT NULL,
  PRIMARY KEY (`id`)
) ENGINE=InnoDB DEFAULT CHARSET=latin1;

--
-- Dumping data for table `hr__policy`
--


--
-- Table structure for table `hr__policyprocedure_category`
--

CREATE TABLE `hr__policyprocedure_category` (
  `id` int(11) NOT NULL AUTO_INCREMENT,
  `parent_id` int(11) NOT NULL DEFAULT '0',
  `category` varchar(64) NOT NULL,
  `description` varchar(128) NOT NULL,
  `status` tinyint(1) NOT NULL DEFAULT '0',
  `created_by` int(11) NOT NULL,
  `created_ts` timestamp NOT NULL DEFAULT CURRENT_TIMESTAMP,
  `updated_by` int(11) DEFAULT NULL,
  `updated_ts` timestamp NULL DEFAULT NULL,
  `is_delete` tinyint(1) NOT NULL DEFAULT '0',
  `deleted_by` int(11) DEFAULT NULL,
  `deleted_ts` timestamp NULL DEFAULT NULL,
  PRIMARY KEY (`id`)
) ENGINE=InnoDB AUTO_INCREMENT=7 DEFAULT CHARSET=latin1;

--
-- Dumping data for table `hr__policyprocedure_category`
--

INSERT INTO `hr__policyprocedure_category` VALUES (1,0,'Human Resource (HR)','HR',0,1,'2018-05-02 06:38:08',31,'2018-05-15 03:47:05',0,NULL,NULL),(2,0,'Marketing','',0,1,'2018-05-02 06:38:08',NULL,NULL,0,NULL,NULL),(3,0,'IT','',0,1,'2018-05-02 06:38:51',NULL,NULL,0,NULL,NULL),(4,0,'Corporate Communication','',0,1,'2018-05-02 06:38:51',NULL,NULL,0,NULL,NULL),(5,0,'Training & Development','',0,1,'2018-05-02 06:39:01',NULL,NULL,0,NULL,NULL),(6,4,'Social Media','',0,1,'2018-05-02 06:40:17',NULL,NULL,0,NULL,NULL);

--
-- Table structure for table `hr__ref`
--

CREATE TABLE `hr__ref` (
  `id` int(11) NOT NULL AUTO_INCREMENT,
  `code` varchar(8) NOT NULL,
  `description` varchar(128) NOT NULL,
  `colName` varchar(32) NOT NULL,
  PRIMARY KEY (`id`)
) ENGINE=InnoDB AUTO_INCREMENT=36 DEFAULT CHARSET=latin1;

--
-- Dumping data for table `hr__ref`
--

INSERT INTO `hr__ref` VALUES (1,'OTHERS','Others',''),(2,'EMP ID','Employee ID','Employee_ID'),(3,'','Employee IC','Employee_IC'),(4,'','Employee Name','Employee_Name'),(5,'','Position','Position'),(6,'','Department','Department'),(7,'','Basic Pay','Basic_Pay'),(8,'','Fixed Allowance','Fixed_Allowance'),(9,'','Allowance','Other_Allowance'),(10,'','Phone Allowance','Phone_Allowance'),(11,'','Parking Allowance','Parking_Allowance'),(12,'','Professional Allowance','Professional_Allowance'),(13,'','Travelling Allowance','Travelling_Allowance'),(14,'','Gross Pay','Gross_Pay'),(15,'','EPF','EMP_EPF_Contribution'),(16,'','SOCSO','EMP_SOCSO_Contribution'),(17,'','SIP','EMP_SIP_Contribution'),(18,'','Zakat','Zakat_Deduction'),(19,'','PCB','PCB_Deduction'),(20,'','Loan/Advance Deduction','Loan/Advance_Deduction'),(21,'','Wakaf','Wakaf'),(22,'','YaPEIM','YaPEIM'),(23,'','Club Fee','Club_Fee'),(24,'','Other Deduction','Other_Deduction'),(25,'','Total Deduction','Total_Deduction'),(26,'','Nett Pay','Nett_Pay'),(27,'','Employer EPF','Employer_EPF'),(28,'','Employer SOCSO','Employer_SOSCO'),(29,'','Employer SIP','Employer_SIP'),(30,'','License Allowance','License_Allowance'),(31,'','Acting Allowance','Acting_Allowance'),(32,'','Ptptn','Ptptn'),(33,'','Tabung Haji','Tabung_Haji'),(34,'','Ptptn','Ptptn'),(35,'','Tabung Haji','Tabung_Haji');

--
-- Table structure for table `hr__ref_leave_period`
--

CREATE TABLE `hr__ref_leave_period` (
  `id` int(11) NOT NULL AUTO_INCREMENT,
  `name` varchar(128) NOT NULL,
  `value` float NOT NULL,
  PRIMARY KEY (`id`)
) ENGINE=InnoDB AUTO_INCREMENT=4 DEFAULT CHARSET=latin1;

--
-- Dumping data for table `hr__ref_leave_period`
--

INSERT INTO `hr__ref_leave_period` VALUES (1,'Full Day',1),(2,'Half Day (Morning)',0.5),(3,'Half Day (Afternoon)',0.5);

--
-- Table structure for table `hr__ref_leave_status`
--

CREATE TABLE `hr__ref_leave_status` (
  `id` int(11) NOT NULL AUTO_INCREMENT,
  `status` varchar(128) NOT NULL,
  PRIMARY KEY (`id`)
) ENGINE=InnoDB AUTO_INCREMENT=5 DEFAULT CHARSET=latin1;

--
-- Dumping data for table `hr__ref_leave_status`
--

INSERT INTO `hr__ref_leave_status` VALUES (1,'Pending'),(2,'Approved'),(3,'Rejected'),(4,'Cancelled');

--
-- Table structure for table `hr__ref_policyprocedure_type`
--

CREATE TABLE `hr__ref_policyprocedure_type` (
  `id` int(11) NOT NULL AUTO_INCREMENT,
  `type` varchar(64) NOT NULL,
  `status` tinyint(1) NOT NULL DEFAULT '0',
  `created_by` int(11) NOT NULL,
  `created_ts` timestamp NOT NULL DEFAULT CURRENT_TIMESTAMP,
  `updated_by` int(11) DEFAULT NULL,
  `updated_ts` timestamp NULL DEFAULT NULL,
  `is_delete` tinyint(1) NOT NULL DEFAULT '0',
  `deleted_by` int(11) DEFAULT NULL,
  `deleted_ts` timestamp NULL DEFAULT NULL,
  PRIMARY KEY (`id`)
) ENGINE=InnoDB AUTO_INCREMENT=4 DEFAULT CHARSET=latin1;

--
-- Dumping data for table `hr__ref_policyprocedure_type`
--

INSERT INTO `hr__ref_policyprocedure_type` VALUES (1,'Forms',0,1,'2018-05-02 06:36:25',NULL,NULL,0,NULL,NULL),(2,'Terms & Conditions',0,1,'2018-05-02 06:36:38',NULL,NULL,0,NULL,NULL),(3,'Policies',0,1,'2018-05-02 06:37:13',NULL,NULL,0,NULL,NULL);

--
-- Table structure for table `hr__tnc`
--

CREATE TABLE `hr__tnc` (
  `id` int(11) NOT NULL AUTO_INCREMENT,
  `category_id` int(11) NOT NULL,
  `title` varchar(128) NOT NULL,
  `description` varchar(128) NOT NULL,
  `file_location` varchar(128) NOT NULL,
  `file_name` varchar(128) NOT NULL,
  `file_format` varchar(128) NOT NULL,
  `status` tinyint(1) NOT NULL DEFAULT '0',
  `created_by` int(11) NOT NULL,
  `created_ts` timestamp NOT NULL DEFAULT CURRENT_TIMESTAMP,
  `updated_by` int(11) DEFAULT NULL,
  `updated_ts` timestamp NULL DEFAULT NULL,
  `is_delete` tinyint(1) NOT NULL DEFAULT '0',
  `deleted_by` int(11) DEFAULT NULL,
  `deleted_ts` timestamp NULL DEFAULT NULL,
  PRIMARY KEY (`id`)
) ENGINE=InnoDB DEFAULT CHARSET=latin1;

--
-- Dumping data for table `hr__tnc`
--


--
-- Table structure for table `kbs__attachment`
--

CREATE TABLE `kbs__attachment` (
  `id` int(11) NOT NULL AUTO_INCREMENT,
  `document_id` int(11) NOT NULL,
  `title` varchar(255) NOT NULL,
  `description` text NOT NULL,
  `file_type` varchar(64) NOT NULL,
  `format` varchar(255) NOT NULL,
  `file_name` varchar(255) NOT NULL,
  `file_location` varchar(255) NOT NULL,
  `status` tinyint(1) NOT NULL DEFAULT '0',
  `created_by` int(11) NOT NULL,
  `created_ts` timestamp NOT NULL DEFAULT CURRENT_TIMESTAMP,
  `updated_by` int(11) DEFAULT NULL,
  `updated_ts` timestamp NULL DEFAULT NULL,
  `is_delete` tinyint(1) NOT NULL DEFAULT '0' COMMENT '0 = no, 1 = yes',
  `deleted_by` int(11) DEFAULT NULL,
  `deleted_ts` timestamp NULL DEFAULT NULL,
  PRIMARY KEY (`id`)
) ENGINE=InnoDB DEFAULT CHARSET=latin1;

--
-- Dumping data for table `kbs__attachment`
--


--
-- Table structure for table `kbs__box`
--

CREATE TABLE `kbs__box` (
  `id` int(11) NOT NULL AUTO_INCREMENT,
  `rack_id` int(11) NOT NULL,
  `box_no` varchar(5) NOT NULL,
  `title` varchar(255) NOT NULL,
  `description` text NOT NULL,
  `purchased_date` date DEFAULT NULL,
  `status` tinyint(1) NOT NULL DEFAULT '0',
  `created_by` int(11) NOT NULL,
  `created_ts` timestamp NOT NULL DEFAULT CURRENT_TIMESTAMP,
  `updated_by` int(11) DEFAULT NULL,
  `updated_ts` timestamp NULL DEFAULT NULL ON UPDATE CURRENT_TIMESTAMP,
  `is_delete` tinyint(1) NOT NULL DEFAULT '0',
  `deleted_by` int(11) DEFAULT NULL,
  `deleted_ts` timestamp NULL DEFAULT NULL,
  PRIMARY KEY (`id`)
) ENGINE=InnoDB AUTO_INCREMENT=541 DEFAULT CHARSET=latin1;

--
-- Dumping data for table `kbs__box`
--

INSERT INTO `kbs__box` VALUES (1,1,'00001','','',NULL,0,132,'2019-07-22 02:38:39',NULL,NULL,0,NULL,NULL),(2,1,'00002','','',NULL,0,132,'2019-07-22 02:38:39',NULL,NULL,0,NULL,NULL),(3,1,'00003','','',NULL,0,132,'2019-07-22 02:38:39',NULL,NULL,0,NULL,NULL),(4,1,'00004','','',NULL,0,132,'2019-07-22 02:38:39',NULL,NULL,0,NULL,NULL),(5,1,'00005','','',NULL,0,132,'2019-07-22 02:38:39',NULL,NULL,0,NULL,NULL),(6,1,'00006','','',NULL,0,132,'2019-07-22 02:38:40',NULL,NULL,0,NULL,NULL),(7,1,'00007','','',NULL,0,132,'2019-07-22 02:38:40',NULL,NULL,0,NULL,NULL),(8,1,'00008','','',NULL,0,132,'2019-07-22 02:38:40',NULL,NULL,0,NULL,NULL),(9,1,'00009','','',NULL,0,132,'2019-07-22 02:38:40',NULL,NULL,0,NULL,NULL),(10,1,'00010','','',NULL,0,132,'2019-07-22 02:38:40',NULL,NULL,0,NULL,NULL),(11,1,'00011','','',NULL,0,132,'2019-07-22 02:38:40',NULL,NULL,0,NULL,NULL),(12,1,'00012','','',NULL,0,132,'2019-07-22 02:38:40',NULL,NULL,0,NULL,NULL),(13,1,'00013','','',NULL,0,132,'2019-07-22 02:38:40',NULL,NULL,0,NULL,NULL),(14,1,'00014','','',NULL,0,132,'2019-07-22 02:38:40',NULL,NULL,0,NULL,NULL),(15,1,'00015','','',NULL,0,132,'2019-07-22 02:38:40',NULL,NULL,0,NULL,NULL),(16,1,'00016','','',NULL,0,132,'2019-07-22 02:38:40',NULL,NULL,0,NULL,NULL),(17,1,'00017','','',NULL,0,132,'2019-07-22 02:38:40',NULL,NULL,0,NULL,NULL),(18,1,'00018','','',NULL,0,132,'2019-07-22 02:38:40',NULL,NULL,0,NULL,NULL),(19,1,'00019','','',NULL,0,132,'2019-07-22 02:38:40',NULL,NULL,0,NULL,NULL),(20,1,'00020','','',NULL,0,132,'2019-07-22 02:38:40',NULL,NULL,0,NULL,NULL),(21,1,'00021','','',NULL,0,132,'2019-07-22 02:38:40',NULL,NULL,0,NULL,NULL),(22,1,'00022','','',NULL,0,132,'2019-07-22 02:38:40',NULL,NULL,0,NULL,NULL),(23,1,'00023','','',NULL,0,132,'2019-07-22 02:38:40',NULL,NULL,0,NULL,NULL),(24,1,'00024','','',NULL,0,132,'2019-07-22 02:38:40',NULL,NULL,0,NULL,NULL),(25,1,'00025','','',NULL,0,132,'2019-07-22 02:38:40',NULL,NULL,0,NULL,NULL),(26,1,'00026','','',NULL,0,132,'2019-07-22 02:38:40',NULL,NULL,0,NULL,NULL),(27,1,'00027','','',NULL,0,132,'2019-07-22 02:38:40',NULL,NULL,0,NULL,NULL),(28,1,'00028','','',NULL,0,132,'2019-07-22 02:38:40',NULL,NULL,0,NULL,NULL),(29,1,'00029','','',NULL,0,132,'2019-07-22 02:38:40',NULL,NULL,0,NULL,NULL),(30,1,'00030','','',NULL,0,132,'2019-07-22 02:38:40',NULL,NULL,0,NULL,NULL),(31,1,'00031','','',NULL,0,132,'2019-07-22 02:38:40',NULL,NULL,0,NULL,NULL),(32,1,'00032','','',NULL,0,132,'2019-07-22 02:38:40',NULL,NULL,0,NULL,NULL),(33,1,'00033','','',NULL,0,132,'2019-07-22 02:38:40',NULL,NULL,0,NULL,NULL),(34,1,'00034','','',NULL,0,132,'2019-07-22 02:38:40',NULL,NULL,0,NULL,NULL),(35,1,'00035','','',NULL,0,132,'2019-07-22 02:38:40',NULL,NULL,0,NULL,NULL),(36,1,'00036','','',NULL,0,132,'2019-07-22 02:38:40',NULL,NULL,0,NULL,NULL),(37,1,'00037','','',NULL,0,132,'2019-07-22 02:38:40',NULL,NULL,0,NULL,NULL),(38,1,'00038','','',NULL,0,132,'2019-07-22 02:38:40',NULL,NULL,0,NULL,NULL),(39,1,'00039','','',NULL,0,132,'2019-07-22 02:38:40',NULL,NULL,0,NULL,NULL),(40,1,'00040','','',NULL,0,132,'2019-07-22 02:38:40',NULL,NULL,0,NULL,NULL),(41,1,'00041','','',NULL,0,132,'2019-07-22 02:38:40',NULL,NULL,0,NULL,NULL),(42,1,'00042','','',NULL,0,132,'2019-07-22 02:38:40',NULL,NULL,0,NULL,NULL),(43,1,'00043','','',NULL,0,132,'2019-07-22 02:38:40',NULL,NULL,0,NULL,NULL),(44,1,'00044','','',NULL,0,132,'2019-07-22 02:38:40',NULL,NULL,0,NULL,NULL),(45,1,'00045','','',NULL,0,132,'2019-07-22 02:38:40',NULL,NULL,0,NULL,NULL),(46,1,'00046','','',NULL,0,132,'2019-07-22 02:38:40',NULL,NULL,0,NULL,NULL),(47,1,'00047','','',NULL,0,132,'2019-07-22 02:38:40',NULL,NULL,0,NULL,NULL),(48,1,'00048','','',NULL,0,132,'2019-07-22 02:38:40',NULL,NULL,0,NULL,NULL),(49,1,'00049','','',NULL,0,132,'2019-07-22 02:38:40',NULL,NULL,0,NULL,NULL),(50,1,'00050','','',NULL,0,132,'2019-07-22 02:38:40',NULL,NULL,0,NULL,NULL),(51,1,'00051','','',NULL,0,132,'2019-07-22 02:38:41',NULL,NULL,0,NULL,NULL),(52,1,'00052','','',NULL,0,132,'2019-07-22 02:38:41',NULL,NULL,0,NULL,NULL),(53,1,'00053','','',NULL,0,132,'2019-07-22 02:38:41',NULL,NULL,0,NULL,NULL),(54,1,'00054','','',NULL,0,132,'2019-07-22 02:38:41',NULL,NULL,0,NULL,NULL),(55,1,'00055','','',NULL,0,132,'2019-07-22 02:38:41',NULL,NULL,0,NULL,NULL),(56,1,'00056','','',NULL,0,132,'2019-07-22 02:38:41',NULL,NULL,0,NULL,NULL),(57,1,'00057','','',NULL,0,132,'2019-07-22 02:38:41',NULL,NULL,0,NULL,NULL),(58,1,'00058','','',NULL,0,132,'2019-07-22 02:38:41',NULL,NULL,0,NULL,NULL),(59,1,'00059','','',NULL,0,132,'2019-07-22 02:38:41',NULL,NULL,0,NULL,NULL),(60,1,'00060','','',NULL,0,132,'2019-07-22 02:38:41',NULL,NULL,0,NULL,NULL),(61,1,'00061','','',NULL,0,132,'2019-07-22 02:38:41',NULL,NULL,0,NULL,NULL),(62,1,'00062','','',NULL,0,132,'2019-07-22 02:38:41',NULL,NULL,0,NULL,NULL),(63,1,'00063','','',NULL,0,132,'2019-07-22 02:38:41',NULL,NULL,0,NULL,NULL),(64,1,'00064','','',NULL,0,132,'2019-07-22 02:38:41',NULL,NULL,0,NULL,NULL),(65,1,'00065','','',NULL,0,132,'2019-07-22 02:38:41',NULL,NULL,0,NULL,NULL),(66,1,'00066','','',NULL,0,132,'2019-07-22 02:38:41',NULL,NULL,0,NULL,NULL),(67,1,'00067','','',NULL,0,132,'2019-07-22 02:38:41',NULL,NULL,0,NULL,NULL),(68,1,'00068','','',NULL,0,132,'2019-07-22 02:38:41',NULL,NULL,0,NULL,NULL),(69,1,'00069','','',NULL,0,132,'2019-07-22 02:38:41',NULL,NULL,0,NULL,NULL),(70,1,'00070','','',NULL,0,132,'2019-07-22 02:38:41',NULL,NULL,0,NULL,NULL),(71,1,'00071','','',NULL,0,132,'2019-07-22 02:38:41',NULL,NULL,0,NULL,NULL),(72,1,'00072','','',NULL,0,132,'2019-07-22 02:38:41',NULL,NULL,0,NULL,NULL),(73,1,'00073','','',NULL,0,132,'2019-07-22 02:38:41',NULL,NULL,0,NULL,NULL),(74,1,'00074','','',NULL,0,132,'2019-07-22 02:38:41',NULL,NULL,0,NULL,NULL),(75,1,'00075','','',NULL,0,132,'2019-07-22 02:38:41',NULL,NULL,0,NULL,NULL),(76,1,'00076','','',NULL,0,132,'2019-07-22 02:38:41',NULL,NULL,0,NULL,NULL),(77,1,'00077','','',NULL,0,132,'2019-07-22 02:38:41',NULL,NULL,0,NULL,NULL),(78,1,'00078','','',NULL,0,132,'2019-07-22 02:38:41',NULL,NULL,0,NULL,NULL),(79,1,'00079','','',NULL,0,132,'2019-07-22 02:38:41',NULL,NULL,0,NULL,NULL),(80,1,'00080','','',NULL,0,132,'2019-07-22 02:38:41',NULL,NULL,0,NULL,NULL),(81,1,'00081','','',NULL,0,132,'2019-07-22 02:38:41',NULL,NULL,0,NULL,NULL),(82,1,'00082','','',NULL,0,132,'2019-07-22 02:38:41',NULL,NULL,0,NULL,NULL),(83,1,'00083','','',NULL,0,132,'2019-07-22 02:38:41',NULL,NULL,0,NULL,NULL),(84,1,'00084','','',NULL,0,132,'2019-07-22 02:38:41',NULL,NULL,0,NULL,NULL),(85,1,'00085','','',NULL,0,132,'2019-07-22 02:38:41',NULL,NULL,0,NULL,NULL),(86,1,'00086','','',NULL,0,132,'2019-07-22 02:38:41',NULL,NULL,0,NULL,NULL),(87,1,'00087','','',NULL,0,132,'2019-07-22 02:38:41',NULL,NULL,0,NULL,NULL),(88,1,'00088','','',NULL,0,132,'2019-07-22 02:38:41',NULL,NULL,0,NULL,NULL),(89,1,'00089','','',NULL,0,132,'2019-07-22 02:38:41',NULL,NULL,0,NULL,NULL),(90,1,'00090','','',NULL,0,132,'2019-07-22 02:38:41',NULL,NULL,0,NULL,NULL),(91,2,'00001','','',NULL,0,132,'2019-07-22 04:16:26',NULL,NULL,0,NULL,NULL),(92,2,'00002','','',NULL,0,132,'2019-07-22 04:16:26',NULL,NULL,0,NULL,NULL),(93,2,'00003','','',NULL,0,132,'2019-07-22 04:16:26',NULL,NULL,0,NULL,NULL),(94,2,'00004','','',NULL,0,132,'2019-07-22 04:16:26',NULL,NULL,0,NULL,NULL),(95,2,'00005','','',NULL,0,132,'2019-07-22 04:16:26',NULL,NULL,0,NULL,NULL),(96,2,'00006','','',NULL,0,132,'2019-07-22 04:16:26',NULL,NULL,0,NULL,NULL),(97,2,'00007','','',NULL,0,132,'2019-07-22 04:16:26',NULL,NULL,0,NULL,NULL),(98,2,'00008','','',NULL,0,132,'2019-07-22 04:16:26',NULL,NULL,0,NULL,NULL),(99,2,'00009','','',NULL,0,132,'2019-07-22 04:16:26',NULL,NULL,0,NULL,NULL),(100,2,'00010','','',NULL,0,132,'2019-07-22 04:16:26',NULL,NULL,0,NULL,NULL),(101,2,'00011','','',NULL,0,132,'2019-07-22 04:16:26',NULL,NULL,0,NULL,NULL),(102,2,'00012','','',NULL,0,132,'2019-07-22 04:16:26',NULL,NULL,0,NULL,NULL),(103,2,'00013','','',NULL,0,132,'2019-07-22 04:16:26',NULL,NULL,0,NULL,NULL),(104,2,'00014','','',NULL,0,132,'2019-07-22 04:16:26',NULL,NULL,0,NULL,NULL),(105,2,'00015','','',NULL,0,132,'2019-07-22 04:16:26',NULL,NULL,0,NULL,NULL),(106,2,'00016','','',NULL,0,132,'2019-07-22 04:16:26',NULL,NULL,0,NULL,NULL),(107,2,'00017','','',NULL,0,132,'2019-07-22 04:16:26',NULL,NULL,0,NULL,NULL),(108,2,'00018','','',NULL,0,132,'2019-07-22 04:16:26',NULL,NULL,0,NULL,NULL),(109,2,'00019','','',NULL,0,132,'2019-07-22 04:16:26',NULL,NULL,0,NULL,NULL),(110,2,'00020','','',NULL,0,132,'2019-07-22 04:16:26',NULL,NULL,0,NULL,NULL),(111,2,'00021','','',NULL,0,132,'2019-07-22 04:16:26',NULL,NULL,0,NULL,NULL),(112,2,'00022','','',NULL,0,132,'2019-07-22 04:16:26',NULL,NULL,0,NULL,NULL),(113,2,'00023','','',NULL,0,132,'2019-07-22 04:16:26',NULL,NULL,0,NULL,NULL),(114,2,'00024','','',NULL,0,132,'2019-07-22 04:16:26',NULL,NULL,0,NULL,NULL),(115,2,'00025','','',NULL,0,132,'2019-07-22 04:16:26',NULL,NULL,0,NULL,NULL),(116,2,'00026','','',NULL,0,132,'2019-07-22 04:16:26',NULL,NULL,0,NULL,NULL),(117,2,'00027','','',NULL,0,132,'2019-07-22 04:16:26',NULL,NULL,0,NULL,NULL),(118,2,'00028','','',NULL,0,132,'2019-07-22 04:16:27',NULL,NULL,0,NULL,NULL),(119,2,'00029','','',NULL,0,132,'2019-07-22 04:16:27',NULL,NULL,0,NULL,NULL),(120,2,'00030','','',NULL,0,132,'2019-07-22 04:16:27',NULL,NULL,0,NULL,NULL),(121,2,'00031','','',NULL,0,132,'2019-07-22 04:16:27',NULL,NULL,0,NULL,NULL),(122,2,'00032','','',NULL,0,132,'2019-07-22 04:16:27',NULL,NULL,0,NULL,NULL),(123,2,'00033','','',NULL,0,132,'2019-07-22 04:16:27',NULL,NULL,0,NULL,NULL),(124,2,'00034','','',NULL,0,132,'2019-07-22 04:16:27',NULL,NULL,0,NULL,NULL),(125,2,'00035','','',NULL,0,132,'2019-07-22 04:16:27',NULL,NULL,0,NULL,NULL),(126,2,'00036','','',NULL,0,132,'2019-07-22 04:16:27',NULL,NULL,0,NULL,NULL),(127,2,'00037','','',NULL,0,132,'2019-07-22 04:16:27',NULL,NULL,0,NULL,NULL),(128,2,'00038','','',NULL,0,132,'2019-07-22 04:16:27',NULL,NULL,0,NULL,NULL),(129,2,'00039','','',NULL,0,132,'2019-07-22 04:16:27',NULL,NULL,0,NULL,NULL),(130,2,'00040','','',NULL,0,132,'2019-07-22 04:16:27',NULL,NULL,0,NULL,NULL),(131,2,'00041','','',NULL,0,132,'2019-07-22 04:16:27',NULL,NULL,0,NULL,NULL),(132,2,'00042','','',NULL,0,132,'2019-07-22 04:16:27',NULL,NULL,0,NULL,NULL),(133,2,'00043','','',NULL,0,132,'2019-07-22 04:16:27',NULL,NULL,0,NULL,NULL),(134,2,'00044','','',NULL,0,132,'2019-07-22 04:16:27',NULL,NULL,0,NULL,NULL),(135,2,'00045','','',NULL,0,132,'2019-07-22 04:16:27',NULL,NULL,0,NULL,NULL),(136,2,'00046','','',NULL,0,132,'2019-07-22 04:16:27',NULL,NULL,0,NULL,NULL),(137,2,'00047','','',NULL,0,132,'2019-07-22 04:16:27',NULL,NULL,0,NULL,NULL),(138,2,'00048','','',NULL,0,132,'2019-07-22 04:16:27',NULL,NULL,0,NULL,NULL),(139,2,'00049','','',NULL,0,132,'2019-07-22 04:16:27',NULL,NULL,0,NULL,NULL),(140,2,'00050','','',NULL,0,132,'2019-07-22 04:16:27',NULL,NULL,0,NULL,NULL),(141,2,'00051','','',NULL,0,132,'2019-07-22 04:16:27',NULL,NULL,0,NULL,NULL),(142,2,'00052','','',NULL,0,132,'2019-07-22 04:16:27',NULL,NULL,0,NULL,NULL),(143,2,'00053','','',NULL,0,132,'2019-07-22 04:16:27',NULL,NULL,0,NULL,NULL),(144,2,'00054','','',NULL,0,132,'2019-07-22 04:16:27',NULL,NULL,0,NULL,NULL),(145,2,'00055','','',NULL,0,132,'2019-07-22 04:16:27',NULL,NULL,0,NULL,NULL),(146,2,'00056','','',NULL,0,132,'2019-07-22 04:16:27',NULL,NULL,0,NULL,NULL),(147,2,'00057','','',NULL,0,132,'2019-07-22 04:16:27',NULL,NULL,0,NULL,NULL),(148,2,'00058','','',NULL,0,132,'2019-07-22 04:16:27',NULL,NULL,0,NULL,NULL),(149,2,'00059','','',NULL,0,132,'2019-07-22 04:16:27',NULL,NULL,0,NULL,NULL),(150,2,'00060','','',NULL,0,132,'2019-07-22 04:16:27',NULL,NULL,0,NULL,NULL),(151,2,'00061','','',NULL,0,132,'2019-07-22 04:16:27',NULL,NULL,0,NULL,NULL),(152,2,'00062','','',NULL,0,132,'2019-07-22 04:16:27',NULL,NULL,0,NULL,NULL),(153,2,'00063','','',NULL,0,132,'2019-07-22 04:16:27',NULL,NULL,0,NULL,NULL),(154,2,'00064','','',NULL,0,132,'2019-07-22 04:16:27',NULL,NULL,0,NULL,NULL),(155,2,'00065','','',NULL,0,132,'2019-07-22 04:16:27',NULL,NULL,0,NULL,NULL),(156,2,'00066','','',NULL,0,132,'2019-07-22 04:16:27',NULL,NULL,0,NULL,NULL),(157,2,'00067','','',NULL,0,132,'2019-07-22 04:16:27',NULL,NULL,0,NULL,NULL),(158,2,'00068','','',NULL,0,132,'2019-07-22 04:16:27',NULL,NULL,0,NULL,NULL),(159,2,'00069','','',NULL,0,132,'2019-07-22 04:16:27',NULL,NULL,0,NULL,NULL),(160,2,'00070','','',NULL,0,132,'2019-07-22 04:16:27',NULL,NULL,0,NULL,NULL),(161,2,'00071','','',NULL,0,132,'2019-07-22 04:16:27',NULL,NULL,0,NULL,NULL),(162,2,'00072','','',NULL,0,132,'2019-07-22 04:16:27',NULL,NULL,0,NULL,NULL),(163,2,'00073','','',NULL,0,132,'2019-07-22 04:16:27',NULL,NULL,0,NULL,NULL),(164,2,'00074','','',NULL,0,132,'2019-07-22 04:16:27',NULL,NULL,0,NULL,NULL),(165,2,'00075','','',NULL,0,132,'2019-07-22 04:16:27',NULL,NULL,0,NULL,NULL),(166,2,'00076','','',NULL,0,132,'2019-07-22 04:16:27',NULL,NULL,0,NULL,NULL),(167,2,'00077','','',NULL,0,132,'2019-07-22 04:16:27',NULL,NULL,0,NULL,NULL),(168,2,'00078','','',NULL,0,132,'2019-07-22 04:16:27',NULL,NULL,0,NULL,NULL),(169,2,'00079','','',NULL,0,132,'2019-07-22 04:16:27',NULL,NULL,0,NULL,NULL),(170,2,'00080','','',NULL,0,132,'2019-07-22 04:16:27',NULL,NULL,0,NULL,NULL),(171,2,'00081','','',NULL,0,132,'2019-07-22 04:16:27',NULL,NULL,0,NULL,NULL),(172,2,'00082','','',NULL,0,132,'2019-07-22 04:16:27',NULL,NULL,0,NULL,NULL),(173,2,'00083','','',NULL,0,132,'2019-07-22 04:16:27',NULL,NULL,0,NULL,NULL),(174,2,'00084','','',NULL,0,132,'2019-07-22 04:16:27',NULL,NULL,0,NULL,NULL),(175,2,'00085','','',NULL,0,132,'2019-07-22 04:16:27',NULL,NULL,0,NULL,NULL),(176,2,'00086','','',NULL,0,132,'2019-07-22 04:16:27',NULL,NULL,0,NULL,NULL),(177,2,'00087','','',NULL,0,132,'2019-07-22 04:16:28',NULL,NULL,0,NULL,NULL),(178,2,'00088','','',NULL,0,132,'2019-07-22 04:16:28',NULL,NULL,0,NULL,NULL),(179,2,'00089','','',NULL,0,132,'2019-07-22 04:16:28',NULL,NULL,0,NULL,NULL),(180,2,'00090','','',NULL,0,132,'2019-07-22 04:16:28',NULL,NULL,0,NULL,NULL),(361,4,'00001','','',NULL,0,132,'2019-07-22 04:31:46',NULL,NULL,0,NULL,NULL),(362,4,'00002','','',NULL,0,132,'2019-07-22 04:31:46',NULL,NULL,0,NULL,NULL),(363,4,'00003','','',NULL,0,132,'2019-07-22 04:31:46',NULL,NULL,0,NULL,NULL),(364,4,'00004','','',NULL,0,132,'2019-07-22 04:31:46',NULL,NULL,0,NULL,NULL),(365,4,'00005','','',NULL,0,132,'2019-07-22 04:31:46',NULL,NULL,0,NULL,NULL),(366,4,'00006','','',NULL,0,132,'2019-07-22 04:31:46',NULL,NULL,0,NULL,NULL),(367,4,'00007','','',NULL,0,132,'2019-07-22 04:31:46',NULL,NULL,0,NULL,NULL),(368,4,'00008','','',NULL,0,132,'2019-07-22 04:31:46',NULL,NULL,0,NULL,NULL),(369,4,'00009','','',NULL,0,132,'2019-07-22 04:31:46',NULL,NULL,0,NULL,NULL),(370,4,'00010','','',NULL,0,132,'2019-07-22 04:31:46',NULL,NULL,0,NULL,NULL),(371,4,'00011','','',NULL,0,132,'2019-07-22 04:31:46',NULL,NULL,0,NULL,NULL),(372,4,'00012','','',NULL,0,132,'2019-07-22 04:31:46',NULL,NULL,0,NULL,NULL),(373,4,'00013','','',NULL,0,132,'2019-07-22 04:31:46',NULL,NULL,0,NULL,NULL),(374,4,'00014','','',NULL,0,132,'2019-07-22 04:31:46',NULL,NULL,0,NULL,NULL),(375,4,'00015','','',NULL,0,132,'2019-07-22 04:31:46',NULL,NULL,0,NULL,NULL),(376,4,'00016','','',NULL,0,132,'2019-07-22 04:31:46',NULL,NULL,0,NULL,NULL),(377,4,'00017','','',NULL,0,132,'2019-07-22 04:31:46',NULL,NULL,0,NULL,NULL),(378,4,'00018','','',NULL,0,132,'2019-07-22 04:31:46',NULL,NULL,0,NULL,NULL),(379,4,'00019','','',NULL,0,132,'2019-07-22 04:31:46',NULL,NULL,0,NULL,NULL),(380,4,'00020','','',NULL,0,132,'2019-07-22 04:31:46',NULL,NULL,0,NULL,NULL),(381,4,'00021','','',NULL,0,132,'2019-07-22 04:31:46',NULL,NULL,0,NULL,NULL),(382,4,'00022','','',NULL,0,132,'2019-07-22 04:31:46',NULL,NULL,0,NULL,NULL),(383,4,'00023','','',NULL,0,132,'2019-07-22 04:31:46',NULL,NULL,0,NULL,NULL),(384,4,'00024','','',NULL,0,132,'2019-07-22 04:31:46',NULL,NULL,0,NULL,NULL),(385,4,'00025','','',NULL,0,132,'2019-07-22 04:31:46',NULL,NULL,0,NULL,NULL),(386,4,'00026','','',NULL,0,132,'2019-07-22 04:31:46',NULL,NULL,0,NULL,NULL),(387,4,'00027','','',NULL,0,132,'2019-07-22 04:31:46',NULL,NULL,0,NULL,NULL),(388,4,'00028','','',NULL,0,132,'2019-07-22 04:31:46',NULL,NULL,0,NULL,NULL),(389,4,'00029','','',NULL,0,132,'2019-07-22 04:31:46',NULL,NULL,0,NULL,NULL),(390,4,'00030','','',NULL,0,132,'2019-07-22 04:31:46',NULL,NULL,0,NULL,NULL),(391,4,'00031','','',NULL,0,132,'2019-07-22 04:31:46',NULL,NULL,0,NULL,NULL),(392,4,'00032','','',NULL,0,132,'2019-07-22 04:31:46',NULL,NULL,0,NULL,NULL),(393,4,'00033','','',NULL,0,132,'2019-07-22 04:31:46',NULL,NULL,0,NULL,NULL),(394,4,'00034','','',NULL,0,132,'2019-07-22 04:31:46',NULL,NULL,0,NULL,NULL),(395,4,'00035','','',NULL,0,132,'2019-07-22 04:31:46',NULL,NULL,0,NULL,NULL),(396,4,'00036','','',NULL,0,132,'2019-07-22 04:31:46',NULL,NULL,0,NULL,NULL),(397,4,'00037','','',NULL,0,132,'2019-07-22 04:31:46',NULL,NULL,0,NULL,NULL),(398,4,'00038','','',NULL,0,132,'2019-07-22 04:31:46',NULL,NULL,0,NULL,NULL),(399,4,'00039','','',NULL,0,132,'2019-07-22 04:31:46',NULL,NULL,0,NULL,NULL),(400,4,'00040','','',NULL,0,132,'2019-07-22 04:31:46',NULL,NULL,0,NULL,NULL),(401,4,'00041','','',NULL,0,132,'2019-07-22 04:31:46',NULL,NULL,0,NULL,NULL),(402,4,'00042','','',NULL,0,132,'2019-07-22 04:31:46',NULL,NULL,0,NULL,NULL),(403,4,'00043','','',NULL,0,132,'2019-07-22 04:31:46',NULL,NULL,0,NULL,NULL),(404,4,'00044','','',NULL,0,132,'2019-07-22 04:31:46',NULL,NULL,0,NULL,NULL),(405,4,'00045','','',NULL,0,132,'2019-07-22 04:31:46',NULL,NULL,0,NULL,NULL),(406,4,'00046','','',NULL,0,132,'2019-07-22 04:31:46',NULL,NULL,0,NULL,NULL),(407,4,'00047','','',NULL,0,132,'2019-07-22 04:31:46',NULL,NULL,0,NULL,NULL),(408,4,'00048','','',NULL,0,132,'2019-07-22 04:31:46',NULL,NULL,0,NULL,NULL),(409,4,'00049','','',NULL,0,132,'2019-07-22 04:31:46',NULL,NULL,0,NULL,NULL),(410,4,'00050','','',NULL,0,132,'2019-07-22 04:31:46',NULL,NULL,0,NULL,NULL),(411,4,'00051','','',NULL,0,132,'2019-07-22 04:31:46',NULL,NULL,0,NULL,NULL),(412,4,'00052','','',NULL,0,132,'2019-07-22 04:31:46',NULL,NULL,0,NULL,NULL),(413,4,'00053','','',NULL,0,132,'2019-07-22 04:31:47',NULL,NULL,0,NULL,NULL),(414,4,'00054','','',NULL,0,132,'2019-07-22 04:31:47',NULL,NULL,0,NULL,NULL),(415,4,'00055','','',NULL,0,132,'2019-07-22 04:31:47',NULL,NULL,0,NULL,NULL),(416,4,'00056','','',NULL,0,132,'2019-07-22 04:31:47',NULL,NULL,0,NULL,NULL),(417,4,'00057','','',NULL,0,132,'2019-07-22 04:31:47',NULL,NULL,0,NULL,NULL),(418,4,'00058','','',NULL,0,132,'2019-07-22 04:31:47',NULL,NULL,0,NULL,NULL),(419,4,'00059','','',NULL,0,132,'2019-07-22 04:31:47',NULL,NULL,0,NULL,NULL),(420,4,'00060','','',NULL,0,132,'2019-07-22 04:31:47',NULL,NULL,0,NULL,NULL),(421,4,'00061','','',NULL,0,132,'2019-07-22 04:31:47',NULL,NULL,0,NULL,NULL),(422,4,'00062','','',NULL,0,132,'2019-07-22 04:31:47',NULL,NULL,0,NULL,NULL),(423,4,'00063','','',NULL,0,132,'2019-07-22 04:31:47',NULL,NULL,0,NULL,NULL),(424,4,'00064','','',NULL,0,132,'2019-07-22 04:31:47',NULL,NULL,0,NULL,NULL),(425,4,'00065','','',NULL,0,132,'2019-07-22 04:31:47',NULL,NULL,0,NULL,NULL),(426,4,'00066','','',NULL,0,132,'2019-07-22 04:31:47',NULL,NULL,0,NULL,NULL),(427,4,'00067','','',NULL,0,132,'2019-07-22 04:31:47',NULL,NULL,0,NULL,NULL),(428,4,'00068','','',NULL,0,132,'2019-07-22 04:31:47',NULL,NULL,0,NULL,NULL),(429,4,'00069','','',NULL,0,132,'2019-07-22 04:31:47',NULL,NULL,0,NULL,NULL),(430,4,'00070','','',NULL,0,132,'2019-07-22 04:31:47',NULL,NULL,0,NULL,NULL),(431,4,'00071','','',NULL,0,132,'2019-07-22 04:31:47',NULL,NULL,0,NULL,NULL),(432,4,'00072','','',NULL,0,132,'2019-07-22 04:31:47',NULL,NULL,0,NULL,NULL),(433,4,'00073','','',NULL,0,132,'2019-07-22 04:31:47',NULL,NULL,0,NULL,NULL),(434,4,'00074','','',NULL,0,132,'2019-07-22 04:31:47',NULL,NULL,0,NULL,NULL),(435,4,'00075','','',NULL,0,132,'2019-07-22 04:31:47',NULL,NULL,0,NULL,NULL),(436,4,'00076','','',NULL,0,132,'2019-07-22 04:31:47',NULL,NULL,0,NULL,NULL),(437,4,'00077','','',NULL,0,132,'2019-07-22 04:31:47',NULL,NULL,0,NULL,NULL),(438,4,'00078','','',NULL,0,132,'2019-07-22 04:31:47',NULL,NULL,0,NULL,NULL),(439,4,'00079','','',NULL,0,132,'2019-07-22 04:31:47',NULL,NULL,0,NULL,NULL),(440,4,'00080','','',NULL,0,132,'2019-07-22 04:31:47',NULL,NULL,0,NULL,NULL),(441,4,'00081','','',NULL,0,132,'2019-07-22 04:31:47',NULL,NULL,0,NULL,NULL),(442,4,'00082','','',NULL,0,132,'2019-07-22 04:31:47',NULL,NULL,0,NULL,NULL),(443,4,'00083','','',NULL,0,132,'2019-07-22 04:31:47',NULL,NULL,0,NULL,NULL),(444,4,'00084','','',NULL,0,132,'2019-07-22 04:31:47',NULL,NULL,0,NULL,NULL),(445,4,'00085','','',NULL,0,132,'2019-07-22 04:31:47',NULL,NULL,0,NULL,NULL),(446,4,'00086','','',NULL,0,132,'2019-07-22 04:31:47',NULL,NULL,0,NULL,NULL),(447,4,'00087','','',NULL,0,132,'2019-07-22 04:31:47',NULL,NULL,0,NULL,NULL),(448,4,'00088','','',NULL,0,132,'2019-07-22 04:31:47',NULL,NULL,0,NULL,NULL),(449,4,'00089','','',NULL,0,132,'2019-07-22 04:31:47',NULL,NULL,0,NULL,NULL),(450,4,'00090','','',NULL,0,132,'2019-07-22 04:31:47',NULL,NULL,0,NULL,NULL),(451,3,'00001','','',NULL,0,132,'2019-07-22 04:32:58',NULL,NULL,0,NULL,NULL),(452,3,'00002','','',NULL,0,132,'2019-07-22 04:32:58',NULL,NULL,0,NULL,NULL),(453,3,'00003','','',NULL,0,132,'2019-07-22 04:32:58',NULL,NULL,0,NULL,NULL),(454,3,'00004','','',NULL,0,132,'2019-07-22 04:32:58',NULL,NULL,0,NULL,NULL),(455,3,'00005','','',NULL,0,132,'2019-07-22 04:32:58',NULL,NULL,0,NULL,NULL),(456,3,'00006','','',NULL,0,132,'2019-07-22 04:32:58',NULL,NULL,0,NULL,NULL),(457,3,'00007','','',NULL,0,132,'2019-07-22 04:32:58',NULL,NULL,0,NULL,NULL),(458,3,'00008','','',NULL,0,132,'2019-07-22 04:32:58',NULL,NULL,0,NULL,NULL),(459,3,'00009','','',NULL,0,132,'2019-07-22 04:32:58',NULL,NULL,0,NULL,NULL),(460,3,'00010','','',NULL,0,132,'2019-07-22 04:32:58',NULL,NULL,0,NULL,NULL),(461,3,'00011','','',NULL,0,132,'2019-07-22 04:32:58',NULL,NULL,0,NULL,NULL),(462,3,'00012','','',NULL,0,132,'2019-07-22 04:32:58',NULL,NULL,0,NULL,NULL),(463,3,'00013','','',NULL,0,132,'2019-07-22 04:32:58',NULL,NULL,0,NULL,NULL),(464,3,'00014','','',NULL,0,132,'2019-07-22 04:32:58',NULL,NULL,0,NULL,NULL),(465,3,'00015','','',NULL,0,132,'2019-07-22 04:32:58',NULL,NULL,0,NULL,NULL),(466,3,'00016','','',NULL,0,132,'2019-07-22 04:32:58',NULL,NULL,0,NULL,NULL),(467,3,'00017','','',NULL,0,132,'2019-07-22 04:32:58',NULL,NULL,0,NULL,NULL),(468,3,'00018','','',NULL,0,132,'2019-07-22 04:32:58',NULL,NULL,0,NULL,NULL),(469,3,'00019','','',NULL,0,132,'2019-07-22 04:32:58',NULL,NULL,0,NULL,NULL),(470,3,'00020','','',NULL,0,132,'2019-07-22 04:32:58',NULL,NULL,0,NULL,NULL),(471,3,'00021','','',NULL,0,132,'2019-07-22 04:32:58',NULL,NULL,0,NULL,NULL),(472,3,'00022','','',NULL,0,132,'2019-07-22 04:32:58',NULL,NULL,0,NULL,NULL),(473,3,'00023','','',NULL,0,132,'2019-07-22 04:32:58',NULL,NULL,0,NULL,NULL),(474,3,'00024','','',NULL,0,132,'2019-07-22 04:32:58',NULL,NULL,0,NULL,NULL),(475,3,'00025','','',NULL,0,132,'2019-07-22 04:32:58',NULL,NULL,0,NULL,NULL),(476,3,'00026','','',NULL,0,132,'2019-07-22 04:32:58',NULL,NULL,0,NULL,NULL),(477,3,'00027','','',NULL,0,132,'2019-07-22 04:32:58',NULL,NULL,0,NULL,NULL),(478,3,'00028','','',NULL,0,132,'2019-07-22 04:32:58',NULL,NULL,0,NULL,NULL),(479,3,'00029','','',NULL,0,132,'2019-07-22 04:32:58',NULL,NULL,0,NULL,NULL),(480,3,'00030','','',NULL,0,132,'2019-07-22 04:32:58',NULL,NULL,0,NULL,NULL),(481,3,'00031','','',NULL,0,132,'2019-07-22 04:32:58',NULL,NULL,0,NULL,NULL),(482,3,'00032','','',NULL,0,132,'2019-07-22 04:32:58',NULL,NULL,0,NULL,NULL),(483,3,'00033','','',NULL,0,132,'2019-07-22 04:32:58',NULL,NULL,0,NULL,NULL),(484,3,'00034','','',NULL,0,132,'2019-07-22 04:32:59',NULL,NULL,0,NULL,NULL),(485,3,'00035','','',NULL,0,132,'2019-07-22 04:32:59',NULL,NULL,0,NULL,NULL),(486,3,'00036','','',NULL,0,132,'2019-07-22 04:32:59',NULL,NULL,0,NULL,NULL),(487,3,'00037','','',NULL,0,132,'2019-07-22 04:32:59',NULL,NULL,0,NULL,NULL),(488,3,'00038','','',NULL,0,132,'2019-07-22 04:32:59',NULL,NULL,0,NULL,NULL),(489,3,'00039','','',NULL,0,132,'2019-07-22 04:32:59',NULL,NULL,0,NULL,NULL),(490,3,'00040','','',NULL,0,132,'2019-07-22 04:32:59',NULL,NULL,0,NULL,NULL),(491,3,'00041','','',NULL,0,132,'2019-07-22 04:32:59',NULL,NULL,0,NULL,NULL),(492,3,'00042','','',NULL,0,132,'2019-07-22 04:32:59',NULL,NULL,0,NULL,NULL),(493,3,'00043','','',NULL,0,132,'2019-07-22 04:32:59',NULL,NULL,0,NULL,NULL),(494,3,'00044','','',NULL,0,132,'2019-07-22 04:32:59',NULL,NULL,0,NULL,NULL),(495,3,'00045','','',NULL,0,132,'2019-07-22 04:32:59',NULL,NULL,0,NULL,NULL),(496,3,'00046','','',NULL,0,132,'2019-07-22 04:32:59',NULL,NULL,0,NULL,NULL),(497,3,'00047','','',NULL,0,132,'2019-07-22 04:32:59',NULL,NULL,0,NULL,NULL),(498,3,'00048','','',NULL,0,132,'2019-07-22 04:32:59',NULL,NULL,0,NULL,NULL),(499,3,'00049','','',NULL,0,132,'2019-07-22 04:32:59',NULL,NULL,0,NULL,NULL),(500,3,'00050','','',NULL,0,132,'2019-07-22 04:32:59',NULL,NULL,0,NULL,NULL),(501,3,'00051','','',NULL,0,132,'2019-07-22 04:32:59',NULL,NULL,0,NULL,NULL),(502,3,'00052','','',NULL,0,132,'2019-07-22 04:32:59',NULL,NULL,0,NULL,NULL),(503,3,'00053','','',NULL,0,132,'2019-07-22 04:32:59',NULL,NULL,0,NULL,NULL),(504,3,'00054','','',NULL,0,132,'2019-07-22 04:32:59',NULL,NULL,0,NULL,NULL),(505,3,'00055','','',NULL,0,132,'2019-07-22 04:32:59',NULL,NULL,0,NULL,NULL),(506,3,'00056','','',NULL,0,132,'2019-07-22 04:32:59',NULL,NULL,0,NULL,NULL),(507,3,'00057','','',NULL,0,132,'2019-07-22 04:32:59',NULL,NULL,0,NULL,NULL),(508,3,'00058','','',NULL,0,132,'2019-07-22 04:32:59',NULL,NULL,0,NULL,NULL),(509,3,'00059','','',NULL,0,132,'2019-07-22 04:32:59',NULL,NULL,0,NULL,NULL),(510,3,'00060','','',NULL,0,132,'2019-07-22 04:32:59',NULL,NULL,0,NULL,NULL),(511,3,'00061','','',NULL,0,132,'2019-07-22 04:32:59',NULL,NULL,0,NULL,NULL),(512,3,'00062','','',NULL,0,132,'2019-07-22 04:32:59',NULL,NULL,0,NULL,NULL),(513,3,'00063','','',NULL,0,132,'2019-07-22 04:32:59',NULL,NULL,0,NULL,NULL),(514,3,'00064','','',NULL,0,132,'2019-07-22 04:32:59',NULL,NULL,0,NULL,NULL),(515,3,'00065','','',NULL,0,132,'2019-07-22 04:32:59',NULL,NULL,0,NULL,NULL),(516,3,'00066','','',NULL,0,132,'2019-07-22 04:32:59',NULL,NULL,0,NULL,NULL),(517,3,'00067','','',NULL,0,132,'2019-07-22 04:32:59',NULL,NULL,0,NULL,NULL),(518,3,'00068','','',NULL,0,132,'2019-07-22 04:32:59',NULL,NULL,0,NULL,NULL),(519,3,'00069','','',NULL,0,132,'2019-07-22 04:32:59',NULL,NULL,0,NULL,NULL),(520,3,'00070','','',NULL,0,132,'2019-07-22 04:32:59',NULL,NULL,0,NULL,NULL),(521,3,'00071','','',NULL,0,132,'2019-07-22 04:32:59',NULL,NULL,0,NULL,NULL),(522,3,'00072','','',NULL,0,132,'2019-07-22 04:32:59',NULL,NULL,0,NULL,NULL),(523,3,'00073','','',NULL,0,132,'2019-07-22 04:32:59',NULL,NULL,0,NULL,NULL),(524,3,'00074','','',NULL,0,132,'2019-07-22 04:32:59',NULL,NULL,0,NULL,NULL),(525,3,'00075','','',NULL,0,132,'2019-07-22 04:32:59',NULL,NULL,0,NULL,NULL),(526,3,'00076','','',NULL,0,132,'2019-07-22 04:32:59',NULL,NULL,0,NULL,NULL),(527,3,'00077','','',NULL,0,132,'2019-07-22 04:32:59',NULL,NULL,0,NULL,NULL),(528,3,'00078','','',NULL,0,132,'2019-07-22 04:32:59',NULL,NULL,0,NULL,NULL),(529,3,'00079','','',NULL,0,132,'2019-07-22 04:32:59',NULL,NULL,0,NULL,NULL),(530,3,'00080','','',NULL,0,132,'2019-07-22 04:32:59',NULL,NULL,0,NULL,NULL),(531,3,'00081','','',NULL,0,132,'2019-07-22 04:32:59',NULL,NULL,0,NULL,NULL),(532,3,'00082','','',NULL,0,132,'2019-07-22 04:32:59',NULL,NULL,0,NULL,NULL),(533,3,'00083','','',NULL,0,132,'2019-07-22 04:32:59',NULL,NULL,0,NULL,NULL),(534,3,'00084','','',NULL,0,132,'2019-07-22 04:32:59',NULL,NULL,0,NULL,NULL),(535,3,'00085','','',NULL,0,132,'2019-07-22 04:32:59',NULL,NULL,0,NULL,NULL),(536,3,'00086','','',NULL,0,132,'2019-07-22 04:32:59',NULL,NULL,0,NULL,NULL),(537,3,'00087','','',NULL,0,132,'2019-07-22 04:33:00',NULL,NULL,0,NULL,NULL),(538,3,'00088','','',NULL,0,132,'2019-07-22 04:33:00',NULL,NULL,0,NULL,NULL),(539,3,'00089','','',NULL,0,132,'2019-07-22 04:33:00',NULL,NULL,0,NULL,NULL),(540,3,'00090','','',NULL,0,132,'2019-07-22 04:33:00',NULL,NULL,0,NULL,NULL);

--
-- Table structure for table `kbs__company`
--

CREATE TABLE `kbs__company` (
  `id` int(11) NOT NULL AUTO_INCREMENT,
  `name` varchar(255) NOT NULL,
  `profile` text NOT NULL,
  `roc_no` varchar(255) NOT NULL,
  `status` int(11) NOT NULL DEFAULT '0',
  `created_by` int(11) NOT NULL,
  `created_ts` timestamp NOT NULL DEFAULT CURRENT_TIMESTAMP,
  `updated_by` int(11) DEFAULT NULL,
  `updated_ts` timestamp NULL DEFAULT NULL,
  `is_delete` tinyint(1) NOT NULL DEFAULT '0',
  `deleted_by` int(11) DEFAULT NULL,
  `deleted_ts` timestamp NULL DEFAULT NULL,
  PRIMARY KEY (`id`)
) ENGINE=InnoDB DEFAULT CHARSET=latin1;

--
-- Dumping data for table `kbs__company`
--


--
-- Table structure for table `kbs__document`
--

CREATE TABLE `kbs__document` (
  `id` int(11) NOT NULL AUTO_INCREMENT,
  `box_id` int(11) NOT NULL,
  `company_id` int(11) NOT NULL,
  `title` varchar(255) NOT NULL,
  `description` text NOT NULL,
  `document_date` date NOT NULL,
  `status` int(11) NOT NULL DEFAULT '0' COMMENT '0 = available, 1 = on loan, 2 = archived',
  `created_by` int(11) NOT NULL,
  `created_ts` timestamp NOT NULL DEFAULT CURRENT_TIMESTAMP,
  `updated_by` int(11) DEFAULT NULL,
  `updated_ts` timestamp NULL DEFAULT NULL,
  `is_delete` tinyint(1) DEFAULT '0' COMMENT '0 = no, 1 = yes',
  `deleted_by` int(11) DEFAULT NULL,
  `deleted_ts` timestamp NULL DEFAULT NULL,
  PRIMARY KEY (`id`)
) ENGINE=InnoDB AUTO_INCREMENT=8 DEFAULT CHARSET=latin1;

--
-- Dumping data for table `kbs__document`
--

INSERT INTO `kbs__document` VALUES (1,1,1,'Minute Meeting','Minit mesyurarat syarikat Panorerama','2019-07-24',0,132,'2019-07-22 02:51:50',NULL,NULL,0,NULL,NULL),(2,1,1,'Attachment Minute Meeting','Attachment Minute Meeting for Panorerama Sdn. Bhd.','2019-07-24',0,132,'2019-07-22 03:11:42',NULL,NULL,0,NULL,NULL),(3,2,1,'Program Mesra Panorerama','All dokumentation of Program Mesra Panorerama','2019-07-31',0,132,'2019-07-22 03:12:39',NULL,NULL,0,NULL,NULL),(4,91,1,'Doc 1','Description doc 1','2019-07-26',0,132,'2019-07-22 04:16:55',NULL,NULL,0,NULL,NULL),(5,92,1,'Doc 2','Description Doc 2','2019-07-24',0,132,'2019-07-22 04:18:17',NULL,NULL,0,NULL,NULL),(6,361,1,'doc share','shared document','2019-07-25',0,132,'2019-07-22 04:32:35',NULL,NULL,0,NULL,NULL),(7,451,1,'Doc X Share','Not shared document','2019-07-23',0,132,'2019-07-22 04:33:32',NULL,NULL,0,NULL,NULL);

--
-- Table structure for table `kbs__rack`
--

CREATE TABLE `kbs__rack` (
  `id` int(11) NOT NULL AUTO_INCREMENT,
  `room_id` int(11) NOT NULL,
  `dept_id` int(11) NOT NULL,
  `code` varchar(255) NOT NULL,
  `allocated_box_count` int(11) NOT NULL,
  `status` int(11) NOT NULL DEFAULT '0',
  `created_by` int(11) NOT NULL,
  `created_ts` timestamp NOT NULL DEFAULT CURRENT_TIMESTAMP,
  `updated_by` int(11) DEFAULT NULL,
  `updated_ts` timestamp NULL DEFAULT NULL,
  `is_delete` tinyint(1) NOT NULL DEFAULT '0',
  `deleted_by` int(11) DEFAULT NULL,
  `deleted_ts` timestamp NULL DEFAULT NULL,
  PRIMARY KEY (`id`)
) ENGINE=InnoDB AUTO_INCREMENT=5 DEFAULT CHARSET=latin1;

--
-- Dumping data for table `kbs__rack`
--

INSERT INTO `kbs__rack` VALUES (1,1,1,'Rak Serama',90,0,132,'2019-07-22 02:37:45',132,'2019-07-22 04:15:49',0,NULL,NULL),(2,1,1,'Rak Serumpun',90,0,132,'2019-07-22 04:16:09',132,'2019-07-22 04:16:28',0,NULL,NULL),(3,2,1,'Sebelah Tingkap',90,0,132,'2019-07-22 04:27:52',132,'2019-07-22 04:33:00',0,NULL,NULL),(4,2,0,'Kedua Sebelah Tingkap',90,0,132,'2019-07-22 04:28:20',132,'2019-07-22 04:31:47',0,NULL,NULL);

--
-- Table structure for table `kbs__room`
--

CREATE TABLE `kbs__room` (
  `id` int(11) NOT NULL AUTO_INCREMENT,
  `type_id` int(11) NOT NULL,
  `location_branch_id` int(11) NOT NULL,
  `dept_id` int(11) DEFAULT NULL,
  `code` varchar(255) NOT NULL,
  `status` tinyint(1) NOT NULL DEFAULT '0',
  `created_by` int(11) NOT NULL,
  `created_ts` timestamp NOT NULL DEFAULT CURRENT_TIMESTAMP,
  `updated_by` int(11) DEFAULT NULL,
  `updated_ts` timestamp NULL DEFAULT NULL,
  `is_delete` tinyint(1) NOT NULL DEFAULT '0' COMMENT '0 = no, 1 = yes',
  `deleted_by` int(11) DEFAULT NULL,
  `deleted_ts` timestamp NULL DEFAULT NULL,
  PRIMARY KEY (`id`)
) ENGINE=InnoDB AUTO_INCREMENT=3 DEFAULT CHARSET=latin1;

--
-- Dumping data for table `kbs__room`
--

INSERT INTO `kbs__room` VALUES (1,0,1,1,'Bilik Hijau',0,132,'2019-07-22 02:37:18',132,'2019-07-22 04:26:27',0,NULL,NULL),(2,0,1,0,'Bilik Biru',0,132,'2019-07-22 04:26:03',NULL,NULL,0,NULL,NULL);

--
-- Table structure for table `kbs__room_type`
--

CREATE TABLE `kbs__room_type` (
  `id` int(11) NOT NULL AUTO_INCREMENT,
  `type` varchar(255) NOT NULL,
  `status` tinyint(1) DEFAULT '0',
  `created_by` int(11) NOT NULL,
  `created_ts` timestamp NOT NULL DEFAULT CURRENT_TIMESTAMP,
  `updated_by` int(11) DEFAULT NULL,
  `updated_ts` timestamp NULL DEFAULT NULL,
  `is_delete` tinyint(1) NOT NULL DEFAULT '0',
  `deleted_by` int(11) DEFAULT NULL,
  `deleted_ts` timestamp NULL DEFAULT NULL,
  PRIMARY KEY (`id`)
) ENGINE=InnoDB AUTO_INCREMENT=3 DEFAULT CHARSET=latin1;

--
-- Dumping data for table `kbs__room_type`
--

INSERT INTO `kbs__room_type` VALUES (1,'Current',0,1,'2018-03-13 06:53:58',NULL,NULL,0,NULL,NULL),(2,'Archive',0,1,'2018-03-13 06:53:58',NULL,NULL,0,NULL,NULL);

--
-- Table structure for table `module`
--

CREATE TABLE `module` (
  `id` int(11) NOT NULL AUTO_INCREMENT,
  `parent_id` int(11) DEFAULT NULL,
  `name` varchar(255) NOT NULL,
  `description` text NOT NULL,
  `icon` varchar(255) NOT NULL,
  `background_color` varchar(255) NOT NULL,
  `status` tinyint(1) NOT NULL DEFAULT '0' COMMENT '0 = active, 1= inactive',
  `created_by` int(11) NOT NULL,
  `created_ts` timestamp NOT NULL DEFAULT CURRENT_TIMESTAMP,
  `updated_by` int(11) DEFAULT NULL,
  `updated_ts` timestamp NULL DEFAULT NULL,
  `is_delete` tinyint(1) NOT NULL DEFAULT '0' COMMENT '0 = no, 1 = yes',
  `deleted_by` int(11) DEFAULT NULL,
  `deleted_ts` timestamp NULL DEFAULT NULL,
  PRIMARY KEY (`id`)
) ENGINE=InnoDB AUTO_INCREMENT=10 DEFAULT CHARSET=latin1;

--
-- Dumping data for table `module`
--

INSERT INTO `module` VALUES (1,NULL,'Admin','Master Setting','fa fa-cogs','bg-gradient-15',0,1,'2018-02-02 18:21:59',NULL,NULL,0,NULL,NULL),(2,NULL,'CRM','Customer Relations Management','fa fa-comments','bg-gradient-3',0,1,'2018-02-06 12:54:00',NULL,NULL,0,NULL,NULL),(3,NULL,'KBS','KBS Filing Management','fa fa-archive','bg-gradient-4',0,1,'2018-02-06 12:53:55',NULL,NULL,0,NULL,NULL),(4,NULL,'HR','Human Resource Management','fas fa-users','bg-gradient-5',0,1,'2018-02-02 18:22:08',NULL,NULL,0,NULL,NULL),(5,4,'Leave','Leave Management','','bg-gradient-5',0,1,'2018-02-04 12:51:43',NULL,NULL,0,NULL,NULL),(6,4,'Claim','Claim Management','','bg-gradient-5',0,1,'2018-02-04 12:51:48',NULL,NULL,0,NULL,NULL),(7,4,'Overtime','Overtime Management','','bg-gradient-7',0,1,'2018-02-04 12:51:52',NULL,NULL,0,NULL,NULL),(8,NULL,'Training','Training Management','fab fa-slideshare','bg-gradient-8',1,1,'2018-02-04 12:51:59',NULL,NULL,1,NULL,NULL),(9,NULL,'Library','Library Management','fa fa-book','bg-gradient-2',1,1,'2018-02-02 18:22:27',NULL,NULL,1,NULL,NULL);

--
-- Table structure for table `module__link`
--

CREATE TABLE `module__link` (
  `id` int(11) NOT NULL AUTO_INCREMENT,
  `parent_id` int(11) NOT NULL,
  `module_id` int(11) NOT NULL,
  `title` varchar(255) NOT NULL,
  `link` varchar(255) NOT NULL,
  `description` text,
  `status` tinyint(1) NOT NULL DEFAULT '0' COMMENT '0 = active, 1= inactive',
  `created_by` int(11) NOT NULL,
  `created_ts` timestamp NOT NULL DEFAULT CURRENT_TIMESTAMP,
  `updated_by` int(11) DEFAULT NULL,
  `updated_ts` timestamp NULL DEFAULT NULL,
  `is_delete` tinyint(1) NOT NULL DEFAULT '0' COMMENT '0 = no, 1 = yes',
  `deleted_by` int(11) DEFAULT NULL,
  `deleted_ts` timestamp NULL DEFAULT NULL,
  PRIMARY KEY (`id`)
) ENGINE=InnoDB DEFAULT CHARSET=latin1;

--
-- Dumping data for table `module__link`
--


--
-- Table structure for table `user`
--

CREATE TABLE `user` (
  `id` int(11) NOT NULL AUTO_INCREMENT,
  `staff_id` varchar(5) NOT NULL,
  `ic_no` varchar(16) NOT NULL,
  `name` varchar(128) NOT NULL,
  `title_id` int(11) NOT NULL DEFAULT '0',
  `gender_id` int(11) NOT NULL,
  `email` varchar(128) NOT NULL,
  `email_secondary` varchar(144) NOT NULL,
  `profile` text NOT NULL,
  `marital_status` int(11) NOT NULL COMMENT '0 = single, 1 = married',
  `married_date` date NOT NULL,
  `profile_picture` varchar(128) NOT NULL,
  `profile_picture_id` int(11) NOT NULL,
  `phone` varchar(64) NOT NULL,
  `address` text NOT NULL,
  `postcode` varchar(8) NOT NULL,
  `city` varchar(32) NOT NULL,
  `state_id` int(11) NOT NULL,
  `country_id` int(11) NOT NULL,
  `citizen_id` int(11) NOT NULL,
  `race_id` int(11) NOT NULL,
  `religion_id` int(11) NOT NULL,
  `birth_date` date NOT NULL,
  `birth_place` text NOT NULL,
  `residential_id` int(11) NOT NULL,
  `status` tinyint(1) NOT NULL DEFAULT '0' COMMENT '0 = active, 1= inactive',
  `hobby` varchar(144) NOT NULL,
  `created_by` int(11) NOT NULL,
  `created_ts` timestamp NOT NULL DEFAULT CURRENT_TIMESTAMP,
  `updated_by` int(11) DEFAULT NULL,
  `updated_ts` timestamp NULL DEFAULT NULL ON UPDATE CURRENT_TIMESTAMP,
  `is_delete` tinyint(1) NOT NULL DEFAULT '0' COMMENT '0 = no, 1 = yes',
  `deleted_by` int(11) DEFAULT NULL,
  `deleted_ts` timestamp NULL DEFAULT NULL,
  `religion` int(11) NOT NULL,
  `ip` varchar(32) NOT NULL,
  `origin` varchar(128) NOT NULL,
  `originFlag` varchar(4) NOT NULL,
  PRIMARY KEY (`id`)
) ENGINE=InnoDB AUTO_INCREMENT=137 DEFAULT CHARSET=latin1;

--
-- Dumping data for table `user`
--

INSERT INTO `user` VALUES (122,'126','','Nabihah',0,2,'narabihas@gmail.com','','',0,'0000-00-00','assets/img/profile/female.png',0,'01222529985','SALIHIN Group, Jalan Samudera Utara 1, Taman Samudra, Batu Caves, Selangor, Malaysia','','',0,0,0,0,0,'0000-00-00','',0,0,'',0,'2019-06-12 06:31:32',NULL,'2019-12-03 06:26:45',0,NULL,NULL,0,'','','MY'),(131,'ST001','','Staff 131 C48',0,2,'narabihaq@gmail.com','','',0,'0000-00-00','assets/img/profile/female.png',0,'0159632585','Taman Indah Permai, Kota Kinabalu, Sabah, Malaysia','','',0,0,0,0,0,'0000-00-00','',0,0,'',0,'2019-06-12 06:38:41',NULL,'2019-07-22 02:56:41',0,NULL,NULL,0,'','','MY'),(132,'','930102015678','Nurna',0,2,'narabiha@gmail.com','','',0,'0000-00-00','assets/img/profile/431462.jpg',0,'0122252985','San Sebastián, Spain','','',0,0,0,0,0,'2019-06-27','',0,0,'',0,'2019-06-15 08:12:07',NULL,'2019-07-29 04:53:44',0,NULL,NULL,0,'','','MY'),(136,'SA159','','Taufiq Ahmad',0,1,'taupe@ichecksdqd.com','','',0,'0000-00-00','assets/img/profile/male.png',0,'0123487652','Langkawi, Kedah, Malaysia','','',0,0,0,0,0,'0000-00-00','',0,0,'',0,'2019-09-11 09:27:35',NULL,'2019-12-03 07:51:57',0,NULL,NULL,0,'','','MY');

--
-- Temporary table structure for view `user__academic_qualification`
--

/*!50001 DROP VIEW IF EXISTS `user__academic_qualification`*/;
/*!50001 CREATE TABLE `user__academic_qualification` (
  `id` tinyint NOT NULL,
  `user_id` tinyint NOT NULL,
  `level_id` tinyint NOT NULL,
  `program` tinyint NOT NULL,
  `institution` tinyint NOT NULL,
  `year` tinyint NOT NULL,
  `cgpa` tinyint NOT NULL,
  `is_delete` tinyint NOT NULL,
  `deleted_by` tinyint NOT NULL,
  `created_at` tinyint NOT NULL,
  `deleted_at` tinyint NOT NULL,
  `profiling_id` tinyint NOT NULL
) ENGINE=MyISAM */;

--
-- Temporary table structure for view `user__academic_qualification_attachment`
--

/*!50001 DROP VIEW IF EXISTS `user__academic_qualification_attachment`*/;
/*!50001 CREATE TABLE `user__academic_qualification_attachment` (
  `id` tinyint NOT NULL,
  `user_id` tinyint NOT NULL,
  `academic_qualification_id` tinyint NOT NULL,
  `attachment_name` tinyint NOT NULL,
  `location` tinyint NOT NULL,
  `file_type` tinyint NOT NULL,
  `file_ext` tinyint NOT NULL,
  `mask_id` tinyint NOT NULL,
  `is_delete` tinyint NOT NULL,
  `profiling_id` tinyint NOT NULL
) ENGINE=MyISAM */;

--
-- Table structure for table `user__academic_qualification_attachment_old`
--

CREATE TABLE `user__academic_qualification_attachment_old` (
  `id` int(11) NOT NULL AUTO_INCREMENT,
  `user_id` int(11) NOT NULL,
  `academic_qualification_id` int(11) NOT NULL,
  `attachment_name` varchar(144) NOT NULL,
  `location` varchar(144) NOT NULL,
  `file_type` varchar(144) NOT NULL,
  `file_ext` varchar(144) NOT NULL,
  `mask_id` varchar(144) NOT NULL,
  `is_delete` int(11) NOT NULL,
  PRIMARY KEY (`id`)
) ENGINE=InnoDB DEFAULT CHARSET=latin1;

--
-- Dumping data for table `user__academic_qualification_attachment_old`
--


--
-- Table structure for table `user__academic_qualification_old`
--

CREATE TABLE `user__academic_qualification_old` (
  `id` int(11) NOT NULL AUTO_INCREMENT,
  `profiling_id` int(11) DEFAULT NULL,
  `user_id` int(11) NOT NULL,
  `level_id` int(11) NOT NULL,
  `program` varchar(144) NOT NULL,
  `institution` varchar(144) NOT NULL,
  `year` year(4) NOT NULL,
  `cgpa` varchar(144) DEFAULT NULL,
  `is_delete` int(11) NOT NULL DEFAULT '0' COMMENT '0 = exist, 1 = delete',
  `deleted_by` int(11) NOT NULL,
  `created_at` timestamp NOT NULL DEFAULT CURRENT_TIMESTAMP,
  `deleted_at` timestamp NOT NULL DEFAULT '0000-00-00 00:00:00',
  PRIMARY KEY (`id`)
) ENGINE=InnoDB DEFAULT CHARSET=latin1;

--
-- Dumping data for table `user__academic_qualification_old`
--


--
-- Temporary table structure for view `user__address`
--

/*!50001 DROP VIEW IF EXISTS `user__address`*/;
/*!50001 CREATE TABLE `user__address` (
  `id` tinyint NOT NULL,
  `user_id` tinyint NOT NULL,
  `type` tinyint NOT NULL,
  `address` tinyint NOT NULL,
  `postcode` tinyint NOT NULL,
  `city` tinyint NOT NULL,
  `state_id` tinyint NOT NULL,
  `country_id` tinyint NOT NULL,
  `contact_no` tinyint NOT NULL,
  `is_delete` tinyint NOT NULL,
  `deleted_by` tinyint NOT NULL,
  `created_at` tinyint NOT NULL,
  `deleted_at` tinyint NOT NULL,
  `profiling_id` tinyint NOT NULL
) ENGINE=MyISAM */;

--
-- Table structure for table `user__address_old`
--

CREATE TABLE `user__address_old` (
  `id` int(11) NOT NULL AUTO_INCREMENT,
  `profiling_id` int(11) DEFAULT NULL,
  `user_id` int(11) NOT NULL,
  `type` int(11) NOT NULL DEFAULT '0' COMMENT '0 = permanent, 1 = temporary,2 = correspondence',
  `address` text NOT NULL,
  `postcode` varchar(8) NOT NULL,
  `city` varchar(32) NOT NULL,
  `state_id` int(11) NOT NULL,
  `country_id` int(11) NOT NULL,
  `contact_no` varchar(11) NOT NULL,
  `is_delete` int(11) NOT NULL DEFAULT '0' COMMENT '0 = exist, 1 = delete',
  `deleted_by` int(11) DEFAULT NULL,
  `created_at` timestamp NOT NULL DEFAULT CURRENT_TIMESTAMP ON UPDATE CURRENT_TIMESTAMP,
  `deleted_at` timestamp NOT NULL DEFAULT '0000-00-00 00:00:00',
  PRIMARY KEY (`id`)
) ENGINE=InnoDB DEFAULT CHARSET=latin1;

--
-- Dumping data for table `user__address_old`
--


--
-- Table structure for table `user__bank_detail`
--

CREATE TABLE `user__bank_detail` (
  `id` int(11) NOT NULL AUTO_INCREMENT,
  `profiling_id` int(11) DEFAULT NULL,
  `user_id` int(11) NOT NULL,
  `bank_id` int(11) NOT NULL,
  `branch` varchar(144) NOT NULL,
  `acc_no` varchar(144) NOT NULL,
  `status` varchar(144) NOT NULL,
  `is_delete` int(11) NOT NULL DEFAULT '0' COMMENT '0 = exist, 1 = delete',
  `created_at` timestamp NOT NULL DEFAULT CURRENT_TIMESTAMP,
  PRIMARY KEY (`id`)
) ENGINE=InnoDB DEFAULT CHARSET=latin1;

--
-- Dumping data for table `user__bank_detail`
--


--
-- Table structure for table `user__bank_detail_attachment`
--

CREATE TABLE `user__bank_detail_attachment` (
  `id` int(11) NOT NULL AUTO_INCREMENT,
  `user_id` int(11) NOT NULL,
  `bank_detail_id` int(11) NOT NULL,
  `attachment_name` int(11) NOT NULL,
  `location` varchar(144) NOT NULL,
  `file_type` varchar(144) NOT NULL,
  `file_ext` varchar(144) NOT NULL,
  `mask_id` varchar(144) NOT NULL,
  `is_delete` int(1) NOT NULL,
  PRIMARY KEY (`id`)
) ENGINE=InnoDB DEFAULT CHARSET=latin1;

--
-- Dumping data for table `user__bank_detail_attachment`
--


--
-- Table structure for table `user__basic_pay`
--

CREATE TABLE `user__basic_pay` (
  `id` int(11) NOT NULL AUTO_INCREMENT,
  `user_id` int(11) NOT NULL,
  `profiling_id` int(11) NOT NULL,
  `scale_group` int(11) NOT NULL,
  `amount` float NOT NULL,
  `start_date` date NOT NULL,
  `end_date` date DEFAULT NULL,
  `reason` text NOT NULL,
  `is_delete` int(1) NOT NULL DEFAULT '0',
  `deleted_by` int(11) NOT NULL,
  `status` int(1) NOT NULL DEFAULT '0',
  `created_at` timestamp NOT NULL DEFAULT CURRENT_TIMESTAMP,
  `deleted_at` timestamp NOT NULL DEFAULT '0000-00-00 00:00:00',
  PRIMARY KEY (`id`)
) ENGINE=InnoDB AUTO_INCREMENT=2 DEFAULT CHARSET=latin1;

--
-- Dumping data for table `user__basic_pay`
--

INSERT INTO `user__basic_pay` VALUES (1,136,4,1,0,'2019-12-03','0000-00-00','',0,0,1,'2019-12-03 07:51:57','0000-00-00 00:00:00');

--
-- Table structure for table `user__contract_element`
--

CREATE TABLE `user__contract_element` (
  `id` int(11) NOT NULL AUTO_INCREMENT,
  `profiling_id` int(11) NOT NULL,
  `contract_hiring_type_id` int(1) NOT NULL,
  `duration` int(11) NOT NULL,
  `confirmation` int(11) NOT NULL,
  `confirmation_date` date DEFAULT NULL,
  `probation` int(11) NOT NULL,
  `probation_duration` int(11) NOT NULL COMMENT '0 = days, 1 = week, 2 = months, 3 = years',
  `er_notice` int(11) NOT NULL,
  `er_notice_duration` int(11) NOT NULL COMMENT '0 = days, 1= weeks , 2 = months, 3= year',
  `ee_notice` int(11) NOT NULL,
  `ee_notice_duration` int(11) NOT NULL COMMENT '0 = days, 1= weeks , 2 = months, 3= year',
  `user_id` int(11) NOT NULL,
  `is_delete` int(11) NOT NULL,
  `created_at` timestamp NOT NULL DEFAULT CURRENT_TIMESTAMP,
  PRIMARY KEY (`id`)
) ENGINE=InnoDB AUTO_INCREMENT=2 DEFAULT CHARSET=latin1;

--
-- Dumping data for table `user__contract_element`
--

INSERT INTO `user__contract_element` VALUES (1,4,1,0,1,NULL,0,0,0,0,0,0,136,0,'2019-12-03 07:51:57');

--
-- Temporary table structure for view `user__employment_detail`
--

/*!50001 DROP VIEW IF EXISTS `user__employment_detail`*/;
/*!50001 CREATE TABLE `user__employment_detail` (
  `id` tinyint NOT NULL,
  `user_id` tinyint NOT NULL,
  `staff_id` tinyint NOT NULL,
  `name` tinyint NOT NULL,
  `profiling_id` tinyint NOT NULL,
  `company_id` tinyint NOT NULL,
  `reporting_to` tinyint NOT NULL,
  `business_entity_id` tinyint NOT NULL,
  `department_id` tinyint NOT NULL,
  `division_id` tinyint NOT NULL,
  `position_id` tinyint NOT NULL,
  `position_id_joined` tinyint NOT NULL,
  `title` tinyint NOT NULL,
  `contract_id` tinyint NOT NULL,
  `date_joined` tinyint NOT NULL,
  `basic_pay` tinyint NOT NULL,
  `basic_pay_start_date` tinyint NOT NULL,
  `date_commencement` tinyint NOT NULL,
  `date_termination` tinyint NOT NULL,
  `status` tinyint NOT NULL,
  `created_ts` tinyint NOT NULL,
  `is_delete` tinyint NOT NULL
) ENGINE=MyISAM */;

--
-- Table structure for table `user__employment_history`
--

CREATE TABLE `user__employment_history` (
  `id` int(11) NOT NULL AUTO_INCREMENT,
  `profiling_id` int(11) DEFAULT NULL,
  `user_id` int(11) NOT NULL,
  `employer_name` varchar(144) NOT NULL,
  `employer_address` text NOT NULL,
  `position` varchar(144) NOT NULL,
  `date_enter` date DEFAULT NULL,
  `date_exit` date DEFAULT NULL,
  `length_of_service` varchar(144) NOT NULL,
  `description` text NOT NULL,
  `is_delete` int(1) NOT NULL DEFAULT '0',
  `created_at` timestamp NOT NULL DEFAULT CURRENT_TIMESTAMP,
  PRIMARY KEY (`id`)
) ENGINE=InnoDB DEFAULT CHARSET=latin1;

--
-- Dumping data for table `user__employment_history`
--


--
-- Temporary table structure for view `user__family_member`
--

/*!50001 DROP VIEW IF EXISTS `user__family_member`*/;
/*!50001 CREATE TABLE `user__family_member` (
  `id` tinyint NOT NULL,
  `user_id` tinyint NOT NULL,
  `name` tinyint NOT NULL,
  `ic_no` tinyint NOT NULL,
  `relation` tinyint NOT NULL,
  `birthdate` tinyint NOT NULL,
  `phone_no` tinyint NOT NULL,
  `email` tinyint NOT NULL,
  `address` tinyint NOT NULL,
  `oku_status` tinyint NOT NULL,
  `study_status` tinyint NOT NULL,
  `academic_lavel` tinyint NOT NULL,
  `academic_institution` tinyint NOT NULL,
  `occupation` tinyint NOT NULL,
  `is_delete` tinyint NOT NULL,
  `deleted_by` tinyint NOT NULL,
  `created_at` tinyint NOT NULL,
  `deleted_at` tinyint NOT NULL,
  `profiling_id` tinyint NOT NULL
) ENGINE=MyISAM */;

--
-- Table structure for table `user__family_member_old`
--

CREATE TABLE `user__family_member_old` (
  `id` int(11) NOT NULL AUTO_INCREMENT,
  `profiling_id` int(11) DEFAULT NULL,
  `user_id` int(11) NOT NULL,
  `name` varchar(144) NOT NULL,
  `ic_no` varchar(144) NOT NULL,
  `relation` int(11) NOT NULL,
  `birthdate` date DEFAULT NULL,
  `phone_no` varchar(144) NOT NULL,
  `email` varchar(144) NOT NULL,
  `address` varchar(144) NOT NULL,
  `oku_status` int(1) NOT NULL,
  `study_status` int(1) NOT NULL,
  `academic_lavel` int(1) NOT NULL,
  `academic_institution` varchar(144) NOT NULL,
  `occupation` varchar(144) NOT NULL,
  `is_delete` int(144) NOT NULL DEFAULT '0' COMMENT '0 = exist, 1 = delete',
  `deleted_by` int(11) DEFAULT NULL,
  `created_at` timestamp NOT NULL DEFAULT CURRENT_TIMESTAMP,
  `deleted_at` timestamp NOT NULL DEFAULT '0000-00-00 00:00:00',
  PRIMARY KEY (`id`)
) ENGINE=InnoDB DEFAULT CHARSET=latin1;

--
-- Dumping data for table `user__family_member_old`
--


--
-- Table structure for table `user__joining_group`
--

CREATE TABLE `user__joining_group` (
  `id` int(11) NOT NULL AUTO_INCREMENT,
  `profiling_id` int(11) NOT NULL,
  `date_join` date DEFAULT NULL,
  `date_to` date DEFAULT NULL,
  `reason_id` int(11) DEFAULT NULL,
  `position_id` int(11) DEFAULT NULL,
  `position_information` varchar(144) NOT NULL,
  `employee_grade` int(11) NOT NULL,
  `user_reporting_id` int(11) DEFAULT NULL,
  `company_id` int(11) NOT NULL DEFAULT '1',
  `business_entity_id` int(11) NOT NULL,
  `branch_id` int(11) DEFAULT NULL,
  `personnel_area_id` int(11) DEFAULT NULL,
  `personal_subarea_id` int(11) DEFAULT NULL,
  `employee_group_id` int(11) DEFAULT NULL,
  `contract_element_id` int(11) DEFAULT NULL,
  `employee_subgroup_id` int(11) DEFAULT NULL,
  `is_active` int(1) NOT NULL DEFAULT '1' COMMENT '1 = active , 2 = inactive',
  `is_delete` int(1) NOT NULL COMMENT '0 = exist, 1 = delete',
  `created_at` timestamp NOT NULL DEFAULT CURRENT_TIMESTAMP ON UPDATE CURRENT_TIMESTAMP,
  `deleted_at` timestamp NOT NULL DEFAULT '0000-00-00 00:00:00',
  PRIMARY KEY (`id`)
) ENGINE=InnoDB AUTO_INCREMENT=4 DEFAULT CHARSET=latin1;

--
-- Dumping data for table `user__joining_group`
--

INSERT INTO `user__joining_group` VALUES (1,1,'2019-07-22',NULL,1,16,'9',12,132,1,1,1,1,1,2,1,16,1,0,'2019-07-22 02:56:41','0000-00-00 00:00:00'),(2,3,'2019-12-03',NULL,1,16,'9',16,136,1,1,1,1,0,0,0,0,0,0,'2019-12-03 07:46:50','0000-00-00 00:00:00'),(3,4,'2019-12-03',NULL,1,16,'11',15,131,1,1,1,1,1,2,1,17,1,0,'2019-12-03 07:51:57','0000-00-00 00:00:00');

--
-- Table structure for table `user__license`
--

CREATE TABLE `user__license` (
  `id` int(11) NOT NULL AUTO_INCREMENT,
  `profiling_id` int(11) DEFAULT NULL,
  `user_id` int(11) NOT NULL,
  `profession` varchar(144) NOT NULL,
  `license_no` varchar(144) NOT NULL,
  `register_date` date DEFAULT NULL,
  `renewal_date` date DEFAULT NULL,
  `is_delete` int(11) NOT NULL COMMENT '0 = exist, 1 = delete',
  `created_at` timestamp NOT NULL DEFAULT CURRENT_TIMESTAMP,
  PRIMARY KEY (`id`)
) ENGINE=InnoDB DEFAULT CHARSET=latin1;

--
-- Dumping data for table `user__license`
--


--
-- Table structure for table `user__license_attachment`
--

CREATE TABLE `user__license_attachment` (
  `id` int(11) NOT NULL AUTO_INCREMENT,
  `user_id` int(11) NOT NULL,
  `license_id` int(11) NOT NULL,
  `attachment_name` varchar(144) NOT NULL,
  `location` varchar(144) NOT NULL,
  `file_type` varchar(144) NOT NULL,
  `file_ext` varchar(144) NOT NULL,
  `mask_id` varchar(144) NOT NULL,
  `is_delete` int(11) NOT NULL,
  PRIMARY KEY (`id`)
) ENGINE=InnoDB DEFAULT CHARSET=latin1;

--
-- Dumping data for table `user__license_attachment`
--


--
-- Table structure for table `user__login`
--

CREATE TABLE `user__login` (
  `id` int(11) NOT NULL AUTO_INCREMENT,
  `user_id` int(11) NOT NULL,
  `username` varchar(255) NOT NULL,
  `pwd_hash` varchar(255) NOT NULL,
  `id_token` varchar(255) DEFAULT NULL,
  `status` tinyint(1) NOT NULL DEFAULT '0' COMMENT '0 = active, 1= inactive',
  `created_by` int(11) NOT NULL,
  `created_ts` timestamp NOT NULL DEFAULT CURRENT_TIMESTAMP,
  `updated_by` int(11) DEFAULT NULL,
  `updated_ts` timestamp NULL DEFAULT NULL,
  `is_delete` tinyint(1) NOT NULL DEFAULT '0' COMMENT '0 = no, 1 = yes',
  `deleted_by` int(11) DEFAULT NULL,
  `deleted_ts` timestamp NULL DEFAULT NULL,
  PRIMARY KEY (`id`),
  UNIQUE KEY `username` (`username`)
) ENGINE=InnoDB AUTO_INCREMENT=8 DEFAULT CHARSET=latin1;

--
-- Dumping data for table `user__login`
--

INSERT INTO `user__login` VALUES (2,122,'narabihas@gmail.com','$2y$10$3um8wwQ274iOd7aJ7xoC7ugqI3c9L4o0CdCJsHsMz7azXoJfQR9nG','cd5088f95cee1ebac120f2dddfc0369a',0,0,'2019-06-11 01:35:25',NULL,NULL,0,NULL,NULL),(3,131,'narabihaq@gmail.com','$2y$10$/1uCuZstDXiVQV5OLQeLcuGDQMxTOs0wBLOol9vG3jMYfqnFK3sbK','aad00e72a2c376ce180eb1a6f78b62a4',0,0,'2019-06-12 06:33:43',NULL,NULL,0,NULL,NULL),(5,132,'narabiha@gmail.com','$2y$10$ZgDOjraRZlOEwAvMfMv8c.krIZXDr.irmOjIMrOCpZzTqDnHdst1G','89c32bcc5ab9d7b34669d628109d346b',0,0,'2019-06-15 05:25:06',NULL,NULL,0,NULL,NULL),(7,136,'taupe@ichecksdqd.com','$2y$10$uyNLkECtc7Z6NHxriUnMHuICKhbFZPDUT.X4vcOAtvtpSSIcRZf8e','5627e47bf2995cec12d87f74f3ced733',0,0,'2019-06-24 08:53:31',NULL,NULL,0,NULL,NULL);

--
-- Table structure for table `user__module_access`
--

CREATE TABLE `user__module_access` (
  `id` int(11) NOT NULL AUTO_INCREMENT,
  `module_id` int(11) NOT NULL,
  `user_id` int(11) NOT NULL,
  `access_lvl` varchar(255) NOT NULL,
  `status` tinyint(1) NOT NULL DEFAULT '0' COMMENT '0 = active, 1= inactive',
  `created_by` int(11) NOT NULL,
  `created_ts` timestamp NOT NULL DEFAULT CURRENT_TIMESTAMP,
  `updated_by` int(11) DEFAULT NULL,
  `updated_ts` timestamp NULL DEFAULT NULL,
  `is_delete` tinyint(1) NOT NULL DEFAULT '0' COMMENT '0 = no, 1 = yes',
  `deleted_by` int(11) DEFAULT NULL,
  `deleted_ts` timestamp NULL DEFAULT NULL,
  PRIMARY KEY (`id`)
) ENGINE=InnoDB AUTO_INCREMENT=149 DEFAULT CHARSET=latin1;

--
-- Dumping data for table `user__module_access`
--

INSERT INTO `user__module_access` VALUES (21,1,122,'admin',0,0,'2019-06-12 06:31:32',132,'2019-07-23 03:08:01',0,NULL,NULL),(22,2,122,'admin',0,0,'2019-06-12 06:31:32',NULL,NULL,0,NULL,NULL),(23,3,122,'admin',0,0,'2019-06-12 06:31:32',132,'2019-07-23 03:08:02',0,NULL,NULL),(24,4,122,'admin',0,0,'2019-06-12 06:31:32',132,'2019-07-23 03:08:01',0,NULL,NULL),(25,5,122,'admin',0,0,'2019-06-12 06:31:32',132,'2019-07-23 03:08:02',0,NULL,NULL),(26,6,122,'admin',0,0,'2019-06-12 06:31:32',132,'2019-07-23 03:08:01',0,NULL,NULL),(27,7,122,'admin',0,0,'2019-06-12 06:31:32',132,'2019-07-23 03:08:02',0,NULL,NULL),(28,8,122,'admin',0,0,'2019-06-12 06:31:32',NULL,NULL,0,NULL,NULL),(29,9,122,'admin',0,0,'2019-06-12 06:31:32',NULL,NULL,0,NULL,NULL),(36,1,131,'user',0,0,'2019-06-12 06:38:41',NULL,NULL,0,NULL,NULL),(37,2,131,'user',0,0,'2019-06-12 06:38:41',NULL,NULL,0,NULL,NULL),(38,3,131,'user',0,0,'2019-06-12 06:38:41',NULL,NULL,0,NULL,NULL),(39,4,131,'user',0,0,'2019-06-12 06:38:41',NULL,NULL,0,NULL,NULL),(40,5,131,'user',0,0,'2019-06-12 06:38:41',NULL,NULL,0,NULL,NULL),(41,6,131,'user',0,0,'2019-06-12 06:38:41',NULL,NULL,0,NULL,NULL),(42,7,131,'user',0,0,'2019-06-12 06:38:41',NULL,NULL,0,NULL,NULL),(43,8,131,'user',0,0,'2019-06-12 06:38:41',NULL,NULL,0,NULL,NULL),(44,9,131,'user',0,0,'2019-06-12 06:38:41',NULL,NULL,0,NULL,NULL),(45,1,132,'user',0,0,'2019-06-15 08:12:07',NULL,NULL,0,NULL,NULL),(46,2,132,'user',0,0,'2019-06-15 08:12:07',NULL,NULL,0,NULL,NULL),(47,3,132,'user',0,0,'2019-06-15 08:12:07',NULL,NULL,0,NULL,NULL),(48,4,132,'user',0,0,'2019-06-15 08:12:07',NULL,NULL,0,NULL,NULL),(49,5,132,'user',0,0,'2019-06-15 08:12:07',NULL,NULL,0,NULL,NULL),(50,6,132,'user',0,0,'2019-06-15 08:12:07',NULL,NULL,0,NULL,NULL),(51,7,132,'user',0,0,'2019-06-15 08:12:07',NULL,NULL,0,NULL,NULL),(52,8,132,'user',0,0,'2019-06-15 08:12:07',NULL,NULL,0,NULL,NULL),(53,9,132,'user',0,0,'2019-06-15 08:12:07',NULL,NULL,0,NULL,NULL),(126,10,122,'admin',0,0,'2019-09-25 09:43:40',NULL,NULL,0,NULL,NULL),(127,10,131,'user',0,0,'2019-09-25 09:43:40',NULL,NULL,0,NULL,NULL),(128,10,132,'user',0,0,'2019-09-25 09:44:54',NULL,NULL,0,NULL,NULL),(139,1,136,'moderator',0,0,'2019-09-26 01:24:50',122,'2019-12-03 06:32:03',0,NULL,NULL),(140,2,136,'user',0,0,'2019-09-26 01:24:50',NULL,NULL,0,NULL,NULL),(141,3,136,'moderator',0,0,'2019-09-26 01:24:50',122,'2019-12-03 06:32:03',0,NULL,NULL),(142,4,136,'moderator',0,0,'2019-09-26 01:24:50',122,'2019-12-03 06:32:03',0,NULL,NULL),(143,5,136,'moderator',0,0,'2019-09-26 01:24:50',122,'2019-12-03 06:32:03',0,NULL,NULL),(144,6,136,'moderator',0,0,'2019-09-26 01:24:50',122,'2019-12-03 06:32:03',0,NULL,NULL),(145,7,136,'moderator',0,0,'2019-09-26 01:24:50',122,'2019-12-03 06:32:03',0,NULL,NULL),(146,8,136,'user',0,0,'2019-09-26 01:24:50',NULL,NULL,0,NULL,NULL),(147,9,136,'user',0,0,'2019-09-26 01:24:50',NULL,NULL,0,NULL,NULL),(148,10,136,'user',0,0,'2019-09-26 01:27:22',122,'2019-09-26 01:54:00',0,NULL,NULL);

--
-- Table structure for table `user__passport`
--

CREATE TABLE `user__passport` (
  `id` int(11) NOT NULL,
  `staff_id` int(11) NOT NULL,
  `expired_date` date NOT NULL,
  `working_expired_date` date NOT NULL,
  `issue` int(11) NOT NULL,
  `is_delete` int(11) NOT NULL DEFAULT '0' COMMENT '0 = exist, 1 = delete'
) ENGINE=InnoDB DEFAULT CHARSET=latin1;

--
-- Dumping data for table `user__passport`
--


--
-- Table structure for table `user__pcb`
--

CREATE TABLE `user__pcb` (
  `id` int(11) NOT NULL AUTO_INCREMENT,
  `user_id` int(11) NOT NULL,
  `profiling_id` int(11) NOT NULL,
  `family_id` int(11) NOT NULL,
  `responsible_id` int(11) NOT NULL,
  `status` int(11) NOT NULL,
  `is_delete` int(11) NOT NULL,
  `created_at` timestamp NOT NULL DEFAULT CURRENT_TIMESTAMP,
  PRIMARY KEY (`id`)
) ENGINE=InnoDB DEFAULT CHARSET=latin1;

--
-- Dumping data for table `user__pcb`
--


--
-- Table structure for table `user__personal_attachment`
--

CREATE TABLE `user__personal_attachment` (
  `id` int(11) NOT NULL AUTO_INCREMENT,
  `profiling_id` int(11) DEFAULT NULL,
  `user_id` int(11) NOT NULL,
  `detail` varchar(144) NOT NULL,
  `description` text NOT NULL,
  `attachment_name` varchar(144) NOT NULL,
  `location` varchar(144) NOT NULL,
  `file_type` varchar(144) NOT NULL,
  `file_ext` varchar(64) NOT NULL,
  `mask_id` varchar(144) NOT NULL,
  `is_delete` int(11) NOT NULL,
  `created_at` timestamp NOT NULL DEFAULT CURRENT_TIMESTAMP,
  PRIMARY KEY (`id`)
) ENGINE=InnoDB DEFAULT CHARSET=latin1;

--
-- Dumping data for table `user__personal_attachment`
--


--
-- Table structure for table `user__picture`
--

CREATE TABLE `user__picture` (
  `id` int(11) NOT NULL AUTO_INCREMENT,
  `user_id` int(11) NOT NULL,
  `title` varchar(128) NOT NULL,
  `description` text NOT NULL,
  `file_name` varchar(64) NOT NULL,
  `file_location` varchar(128) NOT NULL,
  `status` tinyint(1) NOT NULL DEFAULT '0',
  `created_by` int(11) NOT NULL,
  `created_ts` timestamp NOT NULL DEFAULT CURRENT_TIMESTAMP,
  `updated_by` int(11) DEFAULT NULL,
  `updated_ts` timestamp NULL DEFAULT NULL,
  `is_delete` tinyint(1) DEFAULT '0',
  `deleted_by` int(11) DEFAULT NULL,
  `deleted_ts` timestamp NULL DEFAULT NULL,
  PRIMARY KEY (`id`)
) ENGINE=InnoDB AUTO_INCREMENT=2 DEFAULT CHARSET=latin1;

--
-- Dumping data for table `user__picture`
--

INSERT INTO `user__picture` VALUES (1,11,'','Profile picture','plain-brown-paper-package-or-parcel-blue-gift-tag-or-label-and-r','assets/img/profile/',0,11,'2019-03-20 08:58:30',NULL,NULL,0,NULL,NULL);

--
-- Table structure for table `user__previous_employment_history`
--

CREATE TABLE `user__previous_employment_history` (
  `id` int(11) NOT NULL AUTO_INCREMENT,
  `user_id` int(11) NOT NULL,
  `employer_name` varchar(144) NOT NULL,
  `employer_address` varchar(144) NOT NULL,
  `position` varchar(144) NOT NULL,
  `duration` varchar(144) NOT NULL,
  `is_delete` int(11) NOT NULL DEFAULT '0' COMMENT '0 = exist, 1 = delete',
  PRIMARY KEY (`id`)
) ENGINE=InnoDB DEFAULT CHARSET=latin1;

--
-- Dumping data for table `user__previous_employment_history`
--


--
-- Table structure for table `user__profesional_membership`
--

CREATE TABLE `user__profesional_membership` (
  `id` int(11) NOT NULL AUTO_INCREMENT,
  `profiling_id` int(11) DEFAULT NULL,
  `user_id` int(11) NOT NULL,
  `professional_body` varchar(144) NOT NULL,
  `certificate` varchar(144) NOT NULL,
  `membership` varchar(144) NOT NULL,
  `membership_no` varchar(144) NOT NULL,
  `year` year(4) NOT NULL,
  `is_delete` int(11) NOT NULL DEFAULT '0' COMMENT '0 = exist, 1 = delete',
  `deleted_by` int(11) NOT NULL,
  `created_at` timestamp NOT NULL DEFAULT CURRENT_TIMESTAMP,
  `deleted_at` timestamp NOT NULL DEFAULT '0000-00-00 00:00:00',
  PRIMARY KEY (`id`)
) ENGINE=InnoDB DEFAULT CHARSET=latin1;

--
-- Dumping data for table `user__profesional_membership`
--


--
-- Table structure for table `user__profesional_membership_attachment`
--

CREATE TABLE `user__profesional_membership_attachment` (
  `id` int(11) NOT NULL AUTO_INCREMENT,
  `user_id` int(11) NOT NULL,
  `professional_membership_id` int(11) NOT NULL,
  `attachment_name` varchar(144) NOT NULL,
  `location` varchar(144) NOT NULL,
  `file_type` varchar(144) NOT NULL,
  `file_ext` varchar(144) NOT NULL,
  `mask_id` varchar(144) NOT NULL,
  `is_delete` int(1) NOT NULL,
  PRIMARY KEY (`id`)
) ENGINE=InnoDB DEFAULT CHARSET=latin1;

--
-- Dumping data for table `user__profesional_membership_attachment`
--


--
-- Table structure for table `user__profiling`
--

CREATE TABLE `user__profiling` (
  `id` int(11) NOT NULL AUTO_INCREMENT,
  `user_id` int(11) NOT NULL,
  `staff_id` varchar(128) NOT NULL,
  `title_id` int(11) DEFAULT NULL,
  `gender_id` int(11) DEFAULT NULL,
  `ic_no` varchar(16) DEFAULT NULL,
  `passport_expired_date` date DEFAULT NULL,
  `working_expired_date` date DEFAULT NULL,
  `place_issue` varchar(11) DEFAULT NULL,
  `birth_date` date DEFAULT NULL,
  `birth_place` varchar(144) DEFAULT NULL,
  `hobby` varchar(144) DEFAULT NULL,
  `citizen_id` int(11) DEFAULT NULL,
  `religion_id` int(11) DEFAULT NULL,
  `race_id` int(11) DEFAULT NULL,
  `residential_id` int(11) DEFAULT NULL,
  `marital_status` tinyint(1) DEFAULT NULL,
  `married_date` date DEFAULT NULL,
  `primary_email` varchar(128) DEFAULT NULL,
  `secondary_email` varchar(128) DEFAULT NULL,
  `action_type_id` int(11) NOT NULL,
  `action_efective_date` date NOT NULL,
  `is_delete` int(1) NOT NULL DEFAULT '0' COMMENT '0 = exist, 1 = delete',
  `created_at` timestamp NOT NULL DEFAULT CURRENT_TIMESTAMP ON UPDATE CURRENT_TIMESTAMP,
  `deleted_at` timestamp NOT NULL DEFAULT '0000-00-00 00:00:00',
  PRIMARY KEY (`id`)
) ENGINE=InnoDB AUTO_INCREMENT=5 DEFAULT CHARSET=latin1;

--
-- Dumping data for table `user__profiling`
--

INSERT INTO `user__profiling` VALUES (1,131,'ST001',NULL,NULL,NULL,NULL,NULL,NULL,NULL,NULL,NULL,NULL,NULL,NULL,NULL,NULL,NULL,NULL,NULL,0,'2019-07-22',0,'2019-07-22 02:56:41','0000-00-00 00:00:00'),(2,122,'126',4,2,'9211056218',NULL,NULL,'458','1992-11-05','Melaka',NULL,458,NULL,NULL,NULL,NULL,NULL,NULL,NULL,0,'2019-12-03',0,'2019-12-03 06:26:45','0000-00-00 00:00:00'),(3,122,'126',4,2,'9211056218',NULL,NULL,'458','1992-11-05','Melaka',NULL,458,NULL,NULL,NULL,NULL,NULL,NULL,NULL,0,'2019-12-03',0,'2019-12-03 07:46:50','0000-00-00 00:00:00'),(4,136,'SA159',NULL,NULL,NULL,NULL,NULL,NULL,NULL,NULL,NULL,NULL,NULL,NULL,NULL,NULL,NULL,NULL,NULL,0,'2019-12-03',0,'2019-12-03 07:51:57','0000-00-00 00:00:00');

--
-- Table structure for table `user__recognition`
--

CREATE TABLE `user__recognition` (
  `id` int(11) NOT NULL AUTO_INCREMENT,
  `profiling_id` int(11) DEFAULT NULL,
  `user_id` int(11) NOT NULL,
  `achievement` varchar(144) NOT NULL,
  `award` varchar(144) NOT NULL,
  `year` year(4) NOT NULL,
  `is_delete` int(11) NOT NULL COMMENT '0 = exist, 1 = delete',
  `created_at` timestamp NOT NULL DEFAULT CURRENT_TIMESTAMP,
  PRIMARY KEY (`id`)
) ENGINE=InnoDB DEFAULT CHARSET=latin1;

--
-- Dumping data for table `user__recognition`
--


--
-- Table structure for table `user__recognition_attachment`
--

CREATE TABLE `user__recognition_attachment` (
  `id` int(11) NOT NULL AUTO_INCREMENT,
  `user_id` int(11) NOT NULL,
  `recognition_id` int(11) NOT NULL,
  `attachment_name` varchar(144) NOT NULL,
  `location` varchar(144) NOT NULL,
  `file_type` varchar(144) NOT NULL,
  `file_ext` varchar(144) NOT NULL,
  `mask_id` varchar(144) NOT NULL,
  `is_delete` int(1) NOT NULL,
  PRIMARY KEY (`id`)
) ENGINE=InnoDB DEFAULT CHARSET=latin1;

--
-- Dumping data for table `user__recognition_attachment`
--


--
-- Table structure for table `user__recurring`
--

CREATE TABLE `user__recurring` (
  `id` int(11) NOT NULL AUTO_INCREMENT,
  `profiling_id` int(11) NOT NULL,
  `user_id` int(11) NOT NULL,
  `recurring_type` int(1) NOT NULL,
  `type` varchar(144) NOT NULL,
  `amount` float NOT NULL,
  `date_start` date DEFAULT NULL,
  `date_end` date DEFAULT NULL,
  `status` int(1) DEFAULT NULL,
  `is_delete` int(1) NOT NULL,
  `deleted_by` int(1) NOT NULL,
  `created_at` timestamp NOT NULL DEFAULT CURRENT_TIMESTAMP,
  `deleted_at` timestamp NOT NULL DEFAULT '0000-00-00 00:00:00',
  PRIMARY KEY (`id`)
) ENGINE=InnoDB DEFAULT CHARSET=latin1;

--
-- Dumping data for table `user__recurring`
--


--
-- Table structure for table `user__statutory_detail`
--

CREATE TABLE `user__statutory_detail` (
  `id` int(11) NOT NULL AUTO_INCREMENT,
  `profiling_id` int(11) NOT NULL,
  `user_id` int(11) NOT NULL,
  `ee_epf_no` varchar(144) NOT NULL,
  `er_rate` int(1) NOT NULL,
  `er_percent` float NOT NULL,
  `ee_rate` int(1) NOT NULL,
  `ee_percent` float NOT NULL,
  `ee_socso` varchar(144) NOT NULL,
  `ee_income_tax` varchar(144) NOT NULL,
  `ee_pcb_deduction` float NOT NULL,
  `ee_zakat_deduction` float NOT NULL,
  `year` varchar(64) NOT NULL,
  `is_deleted` int(1) NOT NULL,
  `deleted_by` int(11) NOT NULL,
  `status` int(1) NOT NULL DEFAULT '0',
  `created_at` timestamp NOT NULL DEFAULT CURRENT_TIMESTAMP,
  `deleted_at` timestamp NOT NULL DEFAULT '0000-00-00 00:00:00',
  PRIMARY KEY (`id`)
) ENGINE=InnoDB AUTO_INCREMENT=2 DEFAULT CHARSET=latin1;

--
-- Dumping data for table `user__statutory_detail`
--

INSERT INTO `user__statutory_detail` VALUES (1,4,136,'',0,0,0,0,'','',0,0,'0',0,0,1,'2019-12-03 07:51:57','0000-00-00 00:00:00');

--
-- Table structure for table `user__third_party_payment`
--

CREATE TABLE `user__third_party_payment` (
  `id` int(11) NOT NULL AUTO_INCREMENT,
  `profiling_id` int(11) NOT NULL,
  `user_id` int(11) NOT NULL,
  `date_start` date DEFAULT NULL,
  `date_end` date DEFAULT NULL,
  `type` varchar(144) NOT NULL,
  `amount` float NOT NULL,
  `status` int(1) NOT NULL,
  `is_delete` int(1) NOT NULL,
  `deleted_by` int(11) NOT NULL,
  `created_at` timestamp NOT NULL DEFAULT CURRENT_TIMESTAMP,
  `deleted_at` timestamp NOT NULL DEFAULT '0000-00-00 00:00:00',
  PRIMARY KEY (`id`)
) ENGINE=InnoDB DEFAULT CHARSET=latin1;

--
-- Dumping data for table `user__third_party_payment`
--


--
-- Temporary table structure for view `view_crm_enggagement`
--

/*!50001 DROP VIEW IF EXISTS `view_crm_enggagement`*/;
/*!50001 CREATE TABLE `view_crm_enggagement` (
  `crmID` tinyint NOT NULL,
  `deptID` tinyint NOT NULL,
  `department` tinyint NOT NULL,
  `movementID` tinyint NOT NULL,
  `customerID` tinyint NOT NULL,
  `activity` tinyint NOT NULL,
  `enggagementType` tinyint NOT NULL,
  `date` tinyint NOT NULL,
  `color_code` tinyint NOT NULL,
  `staff` tinyint NOT NULL,
  `staffID` tinyint NOT NULL,
  `contact` tinyint NOT NULL,
  `contactID` tinyint NOT NULL
) ENGINE=MyISAM */;

--
-- Temporary table structure for view `view_customer_summary`
--

/*!50001 DROP VIEW IF EXISTS `view_customer_summary`*/;
/*!50001 CREATE TABLE `view_customer_summary` (
  `customer_id` tinyint NOT NULL,
  `customer_name` tinyint NOT NULL,
  `sum_contact` tinyint NOT NULL,
  `sum_director` tinyint NOT NULL,
  `sum_other_address` tinyint NOT NULL,
  `sum_service` tinyint NOT NULL,
  `sum_accountant` tinyint NOT NULL,
  `sum_auditor` tinyint NOT NULL,
  `sum_taxation` tinyint NOT NULL,
  `sum_cosec` tinyint NOT NULL,
  `sum_cf` tinyint NOT NULL,
  `sum_gst` tinyint NOT NULL,
  `sum_IT` tinyint NOT NULL,
  `sum_shariah` tinyint NOT NULL,
  `sum_others` tinyint NOT NULL,
  `sum_attachment` tinyint NOT NULL
) ENGINE=MyISAM */;

--
-- Temporary table structure for view `view_ot`
--

/*!50001 DROP VIEW IF EXISTS `view_ot`*/;
/*!50001 CREATE TABLE `view_ot` (
  `otID` tinyint NOT NULL,
  `peopleid` tinyint NOT NULL,
  `deptID` tinyint NOT NULL,
  `department` tinyint NOT NULL,
  `branchID` tinyint NOT NULL,
  `branch` tinyint NOT NULL,
  `year` tinyint NOT NULL,
  `month` tinyint NOT NULL,
  `Pending` tinyint NOT NULL,
  `Approved` tinyint NOT NULL,
  `Rejected` tinyint NOT NULL,
  `noOfClaim` tinyint NOT NULL,
  `totalHoursApplied` tinyint NOT NULL,
  `totalHoursApproved` tinyint NOT NULL,
  `Normal` tinyint NOT NULL,
  `Rest` tinyint NOT NULL,
  `Public` tinyint NOT NULL,
  `NormalMeal` tinyint NOT NULL,
  `RestMeal` tinyint NOT NULL,
  `PublicMeal` tinyint NOT NULL
) ENGINE=MyISAM */;

--
-- Final view structure for view `user__academic_qualification`
--

/*!50001 DROP TABLE IF EXISTS `user__academic_qualification`*/;
/*!50001 DROP VIEW IF EXISTS `user__academic_qualification`*/;
/*!50001 CREATE ALGORITHM=UNDEFINED */
/*!50013 DEFINER=`root`@`localhost` SQL SECURITY DEFINER */
/*!50001 VIEW `user__academic_qualification` AS select `a`.`id` AS `id`,`a`.`user_id` AS `user_id`,`a`.`level_id` AS `level_id`,`a`.`program` AS `program`,`a`.`institution` AS `institution`,`a`.`year` AS `year`,`a`.`cgpa` AS `cgpa`,`a`.`is_delete` AS `is_delete`,`a`.`deleted_by` AS `deleted_by`,`a`.`created_at` AS `created_at`,`a`.`deleted_at` AS `deleted_at`,`c`.`id` AS `profiling_id` from (`salihin_digital`.`user__academic_qualification` `a` join (`salihin_digital`.`user__company` `b` left join `salihin_digital_48`.`user__profiling` `c` on((`b`.`user_id` = `c`.`user_id`)))) where ((`a`.`user_id` = `b`.`user_id`) and (`b`.`company_id` = 48)) */;

--
-- Final view structure for view `user__academic_qualification_attachment`
--

/*!50001 DROP TABLE IF EXISTS `user__academic_qualification_attachment`*/;
/*!50001 DROP VIEW IF EXISTS `user__academic_qualification_attachment`*/;
/*!50001 CREATE ALGORITHM=UNDEFINED */
/*!50013 DEFINER=`root`@`localhost` SQL SECURITY DEFINER */
/*!50001 VIEW `user__academic_qualification_attachment` AS select `a`.`id` AS `id`,`a`.`user_id` AS `user_id`,`a`.`academic_qualification_id` AS `academic_qualification_id`,`a`.`attachment_name` AS `attachment_name`,`a`.`location` AS `location`,`a`.`file_type` AS `file_type`,`a`.`file_ext` AS `file_ext`,`a`.`mask_id` AS `mask_id`,`a`.`is_delete` AS `is_delete`,`c`.`id` AS `profiling_id` from (`salihin_digital`.`user__academic_qualification_attachment` `a` join (`salihin_digital`.`user__company` `b` left join `salihin_digital_48`.`user__profiling` `c` on((`b`.`user_id` = `c`.`user_id`)))) where ((`a`.`user_id` = `b`.`user_id`) and (`b`.`company_id` = 48)) */;

--
-- Final view structure for view `user__address`
--

/*!50001 DROP TABLE IF EXISTS `user__address`*/;
/*!50001 DROP VIEW IF EXISTS `user__address`*/;
/*!50001 CREATE ALGORITHM=UNDEFINED */
/*!50013 DEFINER=`root`@`localhost` SQL SECURITY DEFINER */
/*!50001 VIEW `user__address` AS select `a`.`id` AS `id`,`a`.`user_id` AS `user_id`,`a`.`type` AS `type`,`a`.`address` AS `address`,`a`.`postcode` AS `postcode`,`a`.`city` AS `city`,`a`.`state_id` AS `state_id`,`a`.`country_id` AS `country_id`,`a`.`contact_no` AS `contact_no`,`a`.`is_delete` AS `is_delete`,`a`.`deleted_by` AS `deleted_by`,`a`.`created_at` AS `created_at`,`a`.`deleted_at` AS `deleted_at`,`c`.`id` AS `profiling_id` from (`salihin_digital`.`user__address` `a` join (`salihin_digital`.`user__company` `b` left join `salihin_digital_48`.`user__profiling` `c` on((`b`.`user_id` = `c`.`user_id`)))) where ((`a`.`user_id` = `b`.`user_id`) and (`b`.`company_id` = 48)) */;

--
-- Final view structure for view `user__employment_detail`
--

/*!50001 DROP TABLE IF EXISTS `user__employment_detail`*/;
/*!50001 DROP VIEW IF EXISTS `user__employment_detail`*/;
/*!50001 CREATE ALGORITHM=UNDEFINED */
/*!50013 DEFINER=`root`@`localhost` SQL SECURITY DEFINER */
/*!50001 VIEW `user__employment_detail` AS select distinct `a`.`id` AS `id`,`a`.`id` AS `user_id`,`a`.`staff_id` AS `staff_id`,`a`.`name` AS `name`,(select `up`.`id` from `user__profiling` `up` where ((`up`.`user_id` = `a`.`id`) and (`up`.`action_efective_date` <= curdate())) order by `up`.`action_efective_date` desc limit 1) AS `profiling_id`,(select `ujg`.`company_id` from (`user__joining_group` `ujg` join `user__profiling` `up` on((`up`.`id` = `ujg`.`profiling_id`))) where (`up`.`action_efective_date` <= curdate()) order by `up`.`action_efective_date` desc limit 1) AS `company_id`,(select `ujg1`.`user_reporting_id` from (`user__joining_group` `ujg1` join `user__profiling` `up1` on((`up1`.`id` = `ujg1`.`profiling_id`))) where (`up1`.`action_efective_date` <= curdate()) order by `up1`.`action_efective_date` desc limit 1) AS `reporting_to`,(select `ujg`.`business_entity_id` from ((`user__joining_group` `ujg` left join `user__profiling` `up` on((`up`.`id` = `ujg`.`profiling_id`))) left join `user` `u` on((`u`.`id` = `up`.`user_id`))) where ((`up`.`action_efective_date` <= curdate()) and (`up`.`user_id` = `a`.`id`)) order by `up`.`action_efective_date` desc limit 1) AS `business_entity_id`,(select `ujg`.`personnel_area_id` from ((`user__joining_group` `ujg` left join `user__profiling` `up` on((`up`.`id` = `ujg`.`profiling_id`))) left join `user` `u` on((`u`.`id` = `up`.`user_id`))) where ((`up`.`action_efective_date` <= curdate()) and (`up`.`user_id` = `a`.`id`)) order by `up`.`action_efective_date` desc limit 1) AS `department_id`,(select `ujg`.`personal_subarea_id` from ((`user__joining_group` `ujg` left join `user__profiling` `up` on((`up`.`id` = `ujg`.`profiling_id`))) left join `user` `u` on((`u`.`id` = `up`.`user_id`))) where ((`up`.`action_efective_date` <= curdate()) and (`up`.`user_id` = `a`.`id`)) order by `up`.`action_efective_date` desc limit 1) AS `division_id`,(select `ujg`.`position_id` from ((`user__joining_group` `ujg` left join `user__profiling` `up` on((`up`.`id` = `ujg`.`profiling_id`))) left join `user` `u` on((`u`.`id` = `up`.`user_id`))) where ((`up`.`action_efective_date` <= curdate()) and (`up`.`user_id` = `a`.`id`)) order by `up`.`action_efective_date` desc limit 1) AS `position_id`,(select `ujg`.`position_id` from ((`user__joining_group` `ujg` left join `user__profiling` `up` on((`up`.`id` = `ujg`.`profiling_id`))) left join `user` `u` on((`u`.`id` = `up`.`user_id`))) where ((`up`.`action_efective_date` <= curdate()) and (`up`.`user_id` = `a`.`id`) and (`ujg`.`position_id` > 0)) order by `up`.`action_efective_date` limit 1) AS `position_id_joined`,(select `des`.`designation` from (((`_ref__designation` `des` left join `user__joining_group` `ujg` on((`ujg`.`position_information` = `des`.`id`))) left join `user__profiling` `up` on((`up`.`id` = `ujg`.`profiling_id`))) left join `user` `u` on((`u`.`id` = `up`.`user_id`))) where ((`up`.`action_efective_date` <= curdate()) and (`up`.`user_id` = `a`.`id`)) order by `up`.`action_efective_date` desc limit 1) AS `title`,`g`.`id` AS `contract_id`,ifnull((select min(`ujg`.`date_join`) from (`user__joining_group` `ujg` join `user__profiling` `up` on((`ujg`.`profiling_id` = `up`.`id`))) where ((`ujg`.`profiling_id` = `up`.`id`) and (`up`.`user_id` = `a`.`id`))),(select `up`.`action_efective_date` from `user__profiling` `up` where ((`up`.`user_id` = `a`.`id`) and (`up`.`action_efective_date` <= curdate())) order by `up`.`action_efective_date` desc limit 1)) AS `date_joined`,(select `ubp`.`amount` from (`user__basic_pay` `ubp` join `user__profiling` `up` on((`ubp`.`profiling_id` = `up`.`id`))) where ((`up`.`action_efective_date` <= curdate()) and (`up`.`user_id` = `a`.`id`)) order by `up`.`action_efective_date` desc limit 1) AS `basic_pay`,(select `ubp`.`start_date` from (`user__basic_pay` `ubp` join `user__profiling` `up` on((`ubp`.`profiling_id` = `up`.`id`))) where ((`up`.`action_efective_date` <= curdate()) and (`up`.`user_id` = `a`.`id`)) order by `up`.`action_efective_date` desc limit 1) AS `basic_pay_start_date`,(select `up`.`action_efective_date` from `user__profiling` `up` where ((`up`.`user_id` = `a`.`id`) and (`up`.`action_efective_date` <= curdate())) order by `up`.`action_efective_date` desc limit 1) AS `date_commencement`,NULL AS `date_termination`,`a`.`status` AS `status`,`a`.`created_ts` AS `created_ts`,`a`.`is_delete` AS `is_delete` from ((((((`user` `a` left join `user__profiling` `b` on((`b`.`user_id` = `a`.`id`))) left join `user__joining_group` `c` on((`c`.`profiling_id` = `b`.`id`))) left join `company__department` `d` on((`d`.`id` = `c`.`personal_subarea_id`))) left join `user__basic_pay` `e` on((`e`.`user_id` = `a`.`id`))) left join `company__branch` `f` on((`f`.`id` = `c`.`branch_id`))) left join `user__contract_element` `g` on((`g`.`profiling_id` = `b`.`id`))) group by `a`.`id` order by `a`.`id` */;

--
-- Final view structure for view `user__family_member`
--

/*!50001 DROP TABLE IF EXISTS `user__family_member`*/;
/*!50001 DROP VIEW IF EXISTS `user__family_member`*/;
/*!50001 CREATE ALGORITHM=UNDEFINED */
/*!50013 DEFINER=`root`@`localhost` SQL SECURITY DEFINER */
/*!50001 VIEW `user__family_member` AS select `a`.`id` AS `id`,`a`.`user_id` AS `user_id`,`a`.`name` AS `name`,`a`.`ic_no` AS `ic_no`,`a`.`relation` AS `relation`,`a`.`birthdate` AS `birthdate`,`a`.`phone_no` AS `phone_no`,`a`.`email` AS `email`,`a`.`address` AS `address`,`a`.`oku_status` AS `oku_status`,`a`.`study_status` AS `study_status`,`a`.`academic_lavel` AS `academic_lavel`,`a`.`academic_institution` AS `academic_institution`,`a`.`occupation` AS `occupation`,`a`.`is_delete` AS `is_delete`,`a`.`deleted_by` AS `deleted_by`,`a`.`created_at` AS `created_at`,`a`.`deleted_at` AS `deleted_at`,`c`.`id` AS `profiling_id` from (`salihin_digital`.`user__family_member` `a` join (`salihin_digital`.`user__company` `b` left join `salihin_digital_48`.`user__profiling` `c` on((`b`.`user_id` = `c`.`user_id`)))) where ((`a`.`user_id` = `b`.`user_id`) and (`b`.`company_id` = 48)) */;

--
-- Final view structure for view `view_crm_enggagement`
--

/*!50001 DROP TABLE IF EXISTS `view_crm_enggagement`*/;
/*!50001 DROP VIEW IF EXISTS `view_crm_enggagement`*/;
/*!50001 CREATE ALGORITHM=UNDEFINED */
/*!50013 DEFINER=`root`@`localhost` SQL SECURITY DEFINER */
/*!50001 VIEW `view_crm_enggagement` AS select `crm`.`ID` AS `crmID`,`crm`.`deptID` AS `deptID`,`c`.`name` AS `department`,`a`.`id` AS `movementID`,`a`.`customerid` AS `customerID`,concat(`a`.`description`,'<br>Location ',`a`.`destination`) AS `activity`,`b`.`movementType` AS `enggagementType`,`a`.`date` AS `date`,`b`.`color_code` AS `color_code`,(select group_concat(`bb`.`name` separator ',') from (`hr__movement_group_detail` `aa` left join `user` `bb` on((`aa`.`staffid` = `bb`.`id`))) where (`aa`.`groupid` = `a`.`id`)) AS `staff`,(select group_concat(`bb`.`id` separator ',') from (`hr__movement_group_detail` `aa` left join `user` `bb` on((`aa`.`staffid` = `bb`.`id`))) where (`aa`.`groupid` = `a`.`id`)) AS `staffID`,(select group_concat(concat(`bb`.`name`,'(',`bb`.`position`,')') separator ',') from (`crm__enggagement_contact` `aa` left join `customer__contact` `bb` on((`aa`.`contactid` = `bb`.`id`))) where ((`aa`.`enggagementid` = `crm`.`ID`) and (`aa`.`is_delete` = 0))) AS `contact`,(select group_concat(`bb`.`id` separator ',') from (`crm__enggagement_contact` `aa` left join `customer__contact` `bb` on((`aa`.`contactid` = `bb`.`id`))) where ((`aa`.`enggagementid` = `crm`.`ID`) and (`aa`.`is_delete` = 0))) AS `contactID` from (((`hr__movement_group` `a` left join `hr__movement_type` `b` on((`a`.`movementType` = `b`.`id`))) left join `crm__enggagement` `crm` on(((`crm`.`movementID` = `a`.`id`) and (`crm`.`is_delete` = 0)))) left join `company__department` `c` on((`c`.`id` = `crm`.`deptID`))) union select `a`.`ID` AS `ID`,`a`.`deptID` AS `deptID`,`c`.`name` AS `department`,0 AS `movementID`,`a`.`customerID` AS `customerID`,`a`.`activity` AS `activity`,`b`.`name` AS `name`,`a`.`date` AS `date`,`b`.`color_code` AS `color_code`,(select group_concat(`bb`.`name` separator ',') from (`crm__enggagement_staff` `aa` left join `user` `bb` on((`aa`.`staffid` = `bb`.`id`))) where ((`aa`.`enggagementid` = `a`.`ID`) and (`aa`.`is_delete` = 0))) AS `staff`,(select group_concat(`bb`.`id` separator ',') from (`crm__enggagement_staff` `aa` left join `user` `bb` on((`aa`.`staffid` = `bb`.`id`))) where ((`aa`.`enggagementid` = `a`.`ID`) and (`aa`.`is_delete` = 0))) AS `staffID`,(select group_concat(concat(`bb`.`name`,'(',`bb`.`position`,')') separator ',') from (`crm__enggagement_contact` `aa` left join `customer__contact` `bb` on((`aa`.`contactid` = `bb`.`id`))) where ((`aa`.`enggagementid` = `a`.`ID`) and (`aa`.`is_delete` = 0))) AS `contact`,(select group_concat(`bb`.`id` separator ',') from (`crm__enggagement_contact` `aa` left join `customer__contact` `bb` on((`aa`.`contactid` = `bb`.`id`))) where ((`aa`.`enggagementid` = `a`.`ID`) and (`aa`.`is_delete` = 0))) AS `contactID` from (((`crm__enggagement` `a` left join `crm__process` `b` on((`b`.`ID` = `a`.`crm_processID`))) left join `company__department` `c` on((`c`.`id` = `a`.`deptID`))) left join `hr__movement_group` `d` on((`a`.`movementID` = `d`.`id`))) where (`a`.`is_delete` = 0) */;

--
-- Final view structure for view `view_customer_summary`
--

/*!50001 DROP TABLE IF EXISTS `view_customer_summary`*/;
/*!50001 DROP VIEW IF EXISTS `view_customer_summary`*/;
/*!50001 CREATE ALGORITHM=UNDEFINED */
/*!50013 DEFINER=`root`@`localhost` SQL SECURITY DEFINER */
/*!50001 VIEW `view_customer_summary` AS select `customer`.`id` AS `customer_id`,`customer`.`name` AS `customer_name`,(select count(`customer__contact`.`id`) AS `sum_contact` from `customer__contact` where ((`customer__contact`.`customer_id` = `customer`.`id`) and (`customer__contact`.`is_delete` = 0))) AS `sum_contact`,(select count(`customer__contact`.`id`) AS `sum_director` from `customer__contact` where ((`customer__contact`.`customer_id` = `customer`.`id`) and ((`customer__contact`.`director` = 1) or (`customer__contact`.`shareholder` = 1)) and (`customer__contact`.`is_delete` = 0))) AS `sum_director`,(select count(`customer__other_address`.`id`) AS `sum_other_address` from `customer__other_address` where ((`customer__other_address`.`customer_id` = `customer`.`id`) and (`customer__other_address`.`is_delete` = 0))) AS `sum_other_address`,(select count(`customer__service`.`id`) AS `sum_service` from `customer__service` where ((`customer__service`.`customer_id` = `customer`.`id`) and (`customer__service`.`is_delete` = 0))) AS `sum_service`,(select count(`customer__accountant`.`id`) AS `sum_accountant` from `customer__accountant` where ((`customer__accountant`.`customer_id` = `customer`.`id`) and (`customer__accountant`.`is_delete` = 0))) AS `sum_accountant`,(select count(`customer__auditor`.`id`) AS `sum_auditor` from `customer__auditor` where ((`customer__auditor`.`customer_id` = `customer`.`id`) and (`customer__auditor`.`is_delete` = 0))) AS `sum_auditor`,(select count(`customer__taxation`.`id`) AS `sum_taxation` from `customer__taxation` where ((`customer__taxation`.`customer_id` = `customer`.`id`) and (`customer__taxation`.`is_delete` = 0))) AS `sum_taxation`,(select count(`customer__cosec`.`id`) AS `sum_cosec` from `customer__cosec` where ((`customer__cosec`.`customer_id` = `customer`.`id`) and (`customer__cosec`.`is_delete` = 0))) AS `sum_cosec`,NULL AS `sum_cf`,(select count(`customer__gst`.`id`) AS `sum_gst` from `customer__gst` where ((`customer__gst`.`customer_id` = `customer`.`id`) and (`customer__gst`.`is_delete` = 0))) AS `sum_gst`,NULL AS `sum_IT`,NULL AS `sum_shariah`,NULL AS `sum_others`,(select count(`customer__attachment`.`id`) AS `sum_attachment` from `customer__attachment` where ((`customer__attachment`.`customer_id` = `customer`.`id`) and (`customer__attachment`.`is_delete` = 0))) AS `sum_attachment` from `customer` where (`customer`.`is_delete` = 0) order by `customer`.`name` */;

--
-- Final view structure for view `view_ot`
--

/*!50001 DROP TABLE IF EXISTS `view_ot`*/;
/*!50001 DROP VIEW IF EXISTS `view_ot`*/;
/*!50001 CREATE ALGORITHM=UNDEFINED */
/*!50013 DEFINER=`root`@`localhost` SQL SECURITY DEFINER */
/*!50001 VIEW `view_ot` AS select `a`.`ID` AS `otID`,`a`.`peopleID` AS `peopleid`,(select `user__joining_group`.`personnel_area_id` from (`user__profiling` left join `user__joining_group` on((`user__profiling`.`id` = `user__joining_group`.`profiling_id`))) where ((`user__profiling`.`user_id` = `a`.`peopleID`) and (concat(`a`.`year`,'-',`a`.`month`,'-31') >= `user__profiling`.`action_efective_date`)) order by `user__joining_group`.`profiling_id` desc limit 1) AS `deptID`,(select `company__department`.`name` from ((`user__profiling` left join `user__joining_group` on((`user__profiling`.`id` = `user__joining_group`.`profiling_id`))) left join `company__department` on((`company__department`.`id` = `user__joining_group`.`personnel_area_id`))) where ((`user__profiling`.`user_id` = `a`.`peopleID`) and (concat(`a`.`year`,'-',`a`.`month`,'-31') >= `user__profiling`.`action_efective_date`)) order by `user__joining_group`.`profiling_id` desc limit 1) AS `department`,(select `company__department`.`branch_id` from `company__department` where (`company__department`.`id` = `deptID`)) AS `branchID`,(select `company__branch`.`name` from `company__branch` where (`company__branch`.`id` = `branchID`)) AS `branch`,`a`.`year` AS `year`,`a`.`month` AS `month`,(select count(`hr__ot__detail`.`ID`) AS `Pending` from `hr__ot__detail` where ((`hr__ot__detail`.`otID` = `a`.`ID`) and (`hr__ot__detail`.`is_delete` = 0) and (`hr__ot__detail`.`status` = 0))) AS `Pending`,(select count(`hr__ot__detail`.`ID`) AS `Approved` from `hr__ot__detail` where ((`hr__ot__detail`.`otID` = `a`.`ID`) and (`hr__ot__detail`.`is_delete` = 0) and (`hr__ot__detail`.`status` = 1))) AS `Approved`,(select count(`hr__ot__detail`.`ID`) AS `Rejected` from `hr__ot__detail` where ((`hr__ot__detail`.`otID` = `a`.`ID`) and (`hr__ot__detail`.`is_delete` = 0) and (`hr__ot__detail`.`status` = 2))) AS `Rejected`,(select count(`hr__ot__detail`.`ID`) from `hr__ot__detail` where ((`hr__ot__detail`.`otID` = `a`.`ID`) and (`hr__ot__detail`.`is_delete` = 0))) AS `noOfClaim`,(select sum(`hr__ot__detail`.`totalHoursApplied`) from `hr__ot__detail` where ((`hr__ot__detail`.`otID` = `a`.`ID`) and (`hr__ot__detail`.`is_delete` = 0))) AS `totalHoursApplied`,(select sum(`hr__ot__detail`.`totalHoursApplied`) from `hr__ot__detail` where ((`hr__ot__detail`.`status` = 1) and (`hr__ot__detail`.`is_delete` = 0) and (`hr__ot__detail`.`otID` = `a`.`ID`))) AS `totalHoursApproved`,(select sum(`hr__ot__detail`.`totalHoursApplied`) from `hr__ot__detail` where ((`hr__ot__detail`.`status` = 1) and (`hr__ot__detail`.`is_delete` = 0) and (`hr__ot__detail`.`dayType` = 1) and (`hr__ot__detail`.`otID` = `a`.`ID`))) AS `Normal`,(select sum(`hr__ot__detail`.`totalHoursApplied`) from `hr__ot__detail` where ((`hr__ot__detail`.`status` = 1) and (`hr__ot__detail`.`is_delete` = 0) and (`hr__ot__detail`.`dayType` = 2) and (`hr__ot__detail`.`otID` = `a`.`ID`))) AS `Rest`,(select sum(`hr__ot__detail`.`totalHoursApplied`) from `hr__ot__detail` where ((`hr__ot__detail`.`status` = 1) and (`hr__ot__detail`.`is_delete` = 0) and (`hr__ot__detail`.`dayType` = 3) and (`hr__ot__detail`.`otID` = `a`.`ID`))) AS `Public`,(select sum(if(((`hr__ot__detail`.`dayType` = 1) and (`hr__ot__detail`.`mealAllowance` = 2) and (`hr__ot__detail`.`status` = 1) and (`hr__ot__detail`.`is_delete` = 0)),1,0)) from `hr__ot__detail` where (`hr__ot__detail`.`otID` = `a`.`ID`)) AS `NormalMeal`,(select sum(if(((`hr__ot__detail`.`dayType` = 2) and (`hr__ot__detail`.`mealAllowance` = 2) and (`hr__ot__detail`.`status` = 1) and (`hr__ot__detail`.`is_delete` = 0)),1,0)) from `hr__ot__detail` where (`hr__ot__detail`.`otID` = `a`.`ID`)) AS `RestMeal`,(select sum(if(((`hr__ot__detail`.`dayType` = 3) and (`hr__ot__detail`.`mealAllowance` = 2) and (`hr__ot__detail`.`status` = 1) and (`hr__ot__detail`.`is_delete` = 0)),1,0)) from `hr__ot__detail` where (`hr__ot__detail`.`otID` = `a`.`ID`)) AS `PublicMeal` from `hr__ot` `a` where (`a`.`is_delete` = 0) group by `a`.`ID` */;


